[INFO] fetching crate waifu-diffuser-types 0.0.0...
[INFO] documenting waifu-diffuser-types-0.0.0 against 1.75.0 for beta-1.76-rustdoc-1
[INFO] extracting crate waifu-diffuser-types 0.0.0 into /workspace/builds/worker-3-tc1/source
[INFO] validating manifest of crates.io crate waifu-diffuser-types 0.0.0 on toolchain 1.75.0
[INFO] running `Command { std: CARGO_HOME="/workspace/cargo-home" RUSTUP_HOME="/workspace/rustup-home" "/workspace/cargo-home/bin/cargo" "+1.75.0" "metadata" "--manifest-path" "Cargo.toml" "--no-deps", kill_on_drop: false }`
[INFO] started tweaking crates.io crate waifu-diffuser-types 0.0.0
[INFO] finished tweaking crates.io crate waifu-diffuser-types 0.0.0
[INFO] tweaked toml for crates.io crate waifu-diffuser-types 0.0.0 written to /workspace/builds/worker-3-tc1/source/Cargo.toml
[INFO] running `Command { std: CARGO_HOME="/workspace/cargo-home" RUSTUP_HOME="/workspace/rustup-home" "/workspace/cargo-home/bin/cargo" "+1.75.0" "generate-lockfile" "--manifest-path" "Cargo.toml", kill_on_drop: false }`
[INFO] [stderr]     Updating crates.io index
[INFO] running `Command { std: CARGO_HOME="/workspace/cargo-home" RUSTUP_HOME="/workspace/rustup-home" "/workspace/cargo-home/bin/cargo" "+1.75.0" "fetch" "--manifest-path" "Cargo.toml", kill_on_drop: false }`
[INFO] [stderr]  Downloading crates ...
[INFO] [stderr]   Downloaded diagnostic-quick v0.3.6
[INFO] [stderr]   Downloaded filetime_creation v0.1.6
[INFO] [stderr]   Downloaded diagnostic v0.5.10
[INFO] [stderr]   Downloaded serde_json5 v0.1.0
[INFO] [stderr]   Downloaded lzma-rust v0.1.5
[INFO] [stderr]   Downloaded torch-sys v0.10.3
[INFO] [stderr]   Downloaded tch v0.10.3
[INFO] [stderr]   Downloaded nt-time v0.4.1
[INFO] [stderr]   Downloaded diffusers v0.2.1
[INFO] [stderr]   Downloaded sevenz-rust v0.2.11
[INFO] running `Command { std: "docker" "create" "-v" "/var/lib/crater-agent-workspace/builds/worker-3-tc1/target:/opt/rustwide/target:rw,Z" "-v" "/var/lib/crater-agent-workspace/builds/worker-3-tc1/source:/opt/rustwide/workdir:ro,Z" "-v" "/var/lib/crater-agent-workspace/cargo-home:/opt/rustwide/cargo-home:ro,Z" "-v" "/var/lib/crater-agent-workspace/rustup-home:/opt/rustwide/rustup-home:ro,Z" "-e" "SOURCE_DIR=/opt/rustwide/workdir" "-e" "CARGO_TARGET_DIR=/opt/rustwide/target" "-e" "CARGO_HOME=/opt/rustwide/cargo-home" "-e" "RUSTUP_HOME=/opt/rustwide/rustup-home" "-w" "/opt/rustwide/workdir" "-m" "1610612736" "--user" "0:0" "--network" "none" "ghcr.io/rust-lang/crates-build-env/linux@sha256:2788e3201cd34a07e3172128adcd8b3090168a8e3bcc40d7c032b9dda1df7d1c" "/opt/rustwide/cargo-home/bin/cargo" "+1.75.0" "metadata" "--no-deps" "--format-version=1", kill_on_drop: false }`
[INFO] [stdout] 163cc47380e35c05f1634d1ea092439183489cb042b4ab8f7c46e71134385029
[INFO] running `Command { std: "docker" "start" "-a" "163cc47380e35c05f1634d1ea092439183489cb042b4ab8f7c46e71134385029", kill_on_drop: false }`
[INFO] running `Command { std: "docker" "inspect" "163cc47380e35c05f1634d1ea092439183489cb042b4ab8f7c46e71134385029", kill_on_drop: false }`
[INFO] running `Command { std: "docker" "rm" "-f" "163cc47380e35c05f1634d1ea092439183489cb042b4ab8f7c46e71134385029", kill_on_drop: false }`
[INFO] [stdout] 163cc47380e35c05f1634d1ea092439183489cb042b4ab8f7c46e71134385029
[INFO] running `Command { std: "docker" "create" "-v" "/var/lib/crater-agent-workspace/builds/worker-3-tc1/target:/opt/rustwide/target:rw,Z" "-v" "/var/lib/crater-agent-workspace/builds/worker-3-tc1/source:/opt/rustwide/workdir:ro,Z" "-v" "/var/lib/crater-agent-workspace/cargo-home:/opt/rustwide/cargo-home:ro,Z" "-v" "/var/lib/crater-agent-workspace/rustup-home:/opt/rustwide/rustup-home:ro,Z" "-e" "SOURCE_DIR=/opt/rustwide/workdir" "-e" "CARGO_TARGET_DIR=/opt/rustwide/target" "-e" "CARGO_INCREMENTAL=0" "-e" "RUST_BACKTRACE=full" "-e" "RUSTFLAGS=--cap-lints=warn" "-e" "RUSTDOCFLAGS=--cap-lints=warn" "-e" "CARGO_HOME=/opt/rustwide/cargo-home" "-e" "RUSTUP_HOME=/opt/rustwide/rustup-home" "-w" "/opt/rustwide/workdir" "-m" "1610612736" "--user" "0:0" "--network" "none" "ghcr.io/rust-lang/crates-build-env/linux@sha256:2788e3201cd34a07e3172128adcd8b3090168a8e3bcc40d7c032b9dda1df7d1c" "/opt/rustwide/cargo-home/bin/cargo" "+1.75.0" "doc" "--frozen" "--no-deps" "--document-private-items" "--message-format=json", kill_on_drop: false }`
[INFO] [stdout] 333710a16a9dd7b652301cc8ddb20d172205a8f495c31d8a5fe640c2a6cdb81b
[INFO] running `Command { std: "docker" "start" "-a" "333710a16a9dd7b652301cc8ddb20d172205a8f495c31d8a5fe640c2a6cdb81b", kill_on_drop: false }`
[INFO] [stderr]    Compiling typenum v1.17.0
[INFO] [stderr]    Compiling pkg-config v0.3.28
[INFO] [stderr]    Compiling cfg-if v1.0.0
[INFO] [stderr]    Compiling libc v0.2.151
[INFO] [stderr]    Compiling generic-array v0.14.7
[INFO] [stderr]    Compiling proc-macro2 v1.0.76
[INFO] [stderr]    Compiling crc32fast v1.3.2
[INFO] [stderr]    Compiling time-core v0.1.2
[INFO] [stderr]    Compiling zstd-safe v5.0.2+zstd.1.5.2
[INFO] [stderr]    Compiling subtle v2.5.0
[INFO] [stderr]    Compiling time-macros v0.2.16
[INFO] [stderr]    Compiling thiserror v1.0.56
[INFO] [stderr]    Compiling once_cell v1.19.0
[INFO] [stderr]    Compiling cpufeatures v0.2.12
[INFO] [stderr]    Compiling tinyvec_macros v0.1.1
[INFO] [stderr]    Compiling spin v0.9.8
[INFO] [stderr]    Compiling untrusted v0.9.0
[INFO] [stderr]    Compiling tinyvec v1.6.0
[INFO] [stderr]    Compiling adler v1.0.2
[INFO] [stderr]    Compiling jobserver v0.1.27
[INFO] [stderr]    Compiling getrandom v0.2.11
[INFO] [stderr]    Compiling miniz_oxide v0.7.1
[INFO] [stderr]    Compiling quote v1.0.35
[INFO] [stderr]    Compiling rand_core v0.6.4
[INFO] [stderr]    Compiling cc v1.0.83
[INFO] [stderr]    Compiling syn v2.0.48
[INFO] [stderr]    Compiling anyhow v1.0.79
[INFO] [stderr]    Compiling rustls v0.21.10
[INFO] [stderr]    Compiling unicode-bidi v0.3.14
[INFO] [stderr]    Compiling percent-encoding v2.3.1
[INFO] [stderr]    Compiling powerfmt v0.2.0
[INFO] [stderr]    Compiling unicode-normalization v0.1.22
[INFO] [stderr]    Compiling base64ct v1.6.0
[INFO] [stderr]    Compiling deranged v0.3.11
[INFO] [stderr]    Compiling password-hash v0.4.2
[INFO] [stderr]     Checking crypto-common v0.1.6
[INFO] [stderr]     Checking block-buffer v0.10.4
[INFO] [stderr]    Compiling idna v0.5.0
[INFO] [stderr]    Compiling form_urlencoded v1.2.1
[INFO] [stderr]     Checking digest v0.10.7
[INFO] [stderr]    Compiling flate2 v1.0.28
[INFO] [stderr]    Compiling num-traits v0.2.17
[INFO] [stderr]    Compiling zstd-sys v2.0.9+zstd.1.5.5
[INFO] [stderr]    Compiling bzip2-sys v0.1.11+1.0.8
[INFO] [stderr]    Compiling ring v0.17.7
[INFO] [stderr]    Compiling inout v0.1.3
[INFO] [stderr]    Compiling cipher v0.4.4
[INFO] [stderr]    Compiling log v0.4.20
[INFO] [stderr]    Compiling sha2 v0.10.8
[INFO] [stderr]    Compiling hmac v0.12.1
[INFO] [stderr]    Compiling aes v0.8.3
[INFO] [stderr]    Compiling sha1 v0.10.6
[INFO] [stderr]    Compiling time v0.3.31
[INFO] [stderr]    Compiling pbkdf2 v0.11.0
[INFO] [stderr]    Compiling url v2.5.0
[INFO] [stderr]    Compiling base64 v0.21.5
[INFO] [stderr]    Compiling byteorder v1.5.0
[INFO] [stderr]    Compiling constant_time_eq v0.1.5
[INFO] [stderr]    Compiling webpki-roots v0.25.3
[INFO] [stderr]    Compiling matrixmultiply v0.3.8
[INFO] [stderr]    Compiling num-integer v0.1.45
[INFO] [stderr]    Compiling memchr v2.7.1
[INFO] [stderr]    Compiling ucd-trie v0.1.6
[INFO] [stderr]    Compiling serde v1.0.195
[INFO] [stderr]     Checking ppv-lite86 v0.2.17
[INFO] [stderr]     Checking rawpointer v0.2.1
[INFO] [stderr]     Checking num-complex v0.4.4
[INFO] [stderr]     Checking rand_chacha v0.3.1
[INFO] [stderr]     Checking block-buffer v0.9.0
[INFO] [stderr]     Checking digest v0.9.0
[INFO] [stderr]     Checking filetime v0.2.23
[INFO] [stderr]     Checking crc-catalog v2.4.0
[INFO] [stderr]     Checking rand v0.8.5
[INFO] [stderr]     Checking bit-vec v0.6.3
[INFO] [stderr]     Checking opaque-debug v0.3.0
[INFO] [stderr]     Checking half v1.8.2
[INFO] [stderr]     Checking filetime_creation v0.1.6
[INFO] [stderr]     Checking sha2 v0.9.9
[INFO] [stderr]     Checking diagnostic v0.5.10
[INFO] [stderr]     Checking crc v3.0.1
[INFO] [stderr]     Checking ndarray v0.15.6
[INFO] [stderr]     Checking bit-set v0.5.3
[INFO] [stderr]     Checking nt-time v0.4.1
[INFO] [stderr]     Checking lzma-rust v0.1.5
[INFO] [stderr]     Checking sevenz-rust v0.2.11
[INFO] [stderr]    Compiling thiserror-impl v1.0.56
[INFO] [stderr]    Compiling bzip2 v0.4.4
[INFO] [stderr]    Compiling serde_derive v1.0.195
[INFO] [stderr]    Compiling pest v2.7.6
[INFO] [stderr]    Compiling pest_meta v2.7.6
[INFO] [stderr]    Compiling pest_generator v2.7.6
[INFO] [stderr]    Compiling rustls-webpki v0.101.7
[INFO] [stderr]    Compiling sct v0.7.1
[INFO] [stderr]    Compiling pest_derive v2.7.6
[INFO] [stderr]    Compiling zstd v0.11.2+zstd.1.5.2
[INFO] [stderr]     Checking zip v0.6.6
[INFO] [stderr]     Checking diagnostic-quick v0.3.6
[INFO] [stdout] error[E0432]: unresolved imports `diagnostic::DiagnosticLevel`, `diagnostic::Span`, `diagnostic::TextStorage`, `diagnostic::Validation`
[INFO] [stdout]  --> /opt/rustwide/cargo-home/registry/src/index.crates.io-6f17d22bba15001f/diagnostic-quick-0.3.6/src/lib.rs:5:5
[INFO] [stdout]   |
[INFO] [stdout] 5 |     DiagnosticLevel, FileID, Span, TextStorage,
[INFO] [stdout]   |     ^^^^^^^^^^^^^^^          ^^^^  ^^^^^^^^^^^ no `TextStorage` in the root
[INFO] [stdout]   |     |                        |
[INFO] [stdout]   |     |                        no `Span` in the root
[INFO] [stdout]   |     no `DiagnosticLevel` in the root
[INFO] [stdout]   |     help: a similar name exists in the module: `Diagnostic`
[INFO] [stdout] 6 |     Validation::{Failure, Success},
[INFO] [stdout]   |     ^^^^^^^^^^ could not find `Validation` in `diagnostic`
[INFO] [stdout] 
[INFO] [stdout] 
[INFO] [stderr]     Checking serde_json5 v0.1.0
[INFO] [stdout] error[E0433]: failed to resolve: could not find `term` in `diagnostic`
[INFO] [stdout]  --> /opt/rustwide/cargo-home/registry/src/index.crates.io-6f17d22bba15001f/diagnostic-quick-0.3.6/src/errors/mod.rs:8:5
[INFO] [stdout]   |
[INFO] [stdout] 8 |     term::{
[INFO] [stdout]   |     ^^^^ could not find `term` in `diagnostic`
[INFO] [stdout] 
[INFO] [stdout] 
[INFO] [stdout] error[E0432]: unresolved imports `diagnostic::term`, `diagnostic::DiagnosticLevel`, `diagnostic::Span`, `diagnostic::TextStorage`
[INFO] [stdout]   --> /opt/rustwide/cargo-home/registry/src/index.crates.io-6f17d22bba15001f/diagnostic-quick-0.3.6/src/errors/mod.rs:8:5
[INFO] [stdout]    |
[INFO] [stdout] 8  |     term::{
[INFO] [stdout]    |     ^^^^ could not find `term` in `diagnostic`
[INFO] [stdout] ...
[INFO] [stdout] 13 |     DiagnosticLevel, FileID, Span, TextStorage,
[INFO] [stdout]    |     ^^^^^^^^^^^^^^^          ^^^^  ^^^^^^^^^^^ no `TextStorage` in the root
[INFO] [stdout]    |     |                        |
[INFO] [stdout]    |     |                        no `Span` in the root
[INFO] [stdout]    |     no `DiagnosticLevel` in the root
[INFO] [stdout]    |     help: a similar name exists in the module: `Diagnostic`
[INFO] [stdout]    |
[INFO] [stdout]    = help: consider importing this unresolved item through its public re-export instead:
[INFO] [stdout]            crate::DiagnosticLevel
[INFO] [stdout]    = help: consider importing this unresolved item through its public re-export instead:
[INFO] [stdout]            crate::Span
[INFO] [stdout]    = help: consider importing this unresolved item through its public re-export instead:
[INFO] [stdout]            crate::TextStorage
[INFO] [stdout] 
[INFO] [stdout] 
[INFO] [stdout] error[E0432]: unresolved import `diagnostic::DiagnosticError`
[INFO] [stdout]  --> /opt/rustwide/cargo-home/registry/src/index.crates.io-6f17d22bba15001f/diagnostic-quick-0.3.6/src/errors/display.rs:1:30
[INFO] [stdout]   |
[INFO] [stdout] 1 | use diagnostic::{Diagnostic, DiagnosticError};
[INFO] [stdout]   |                              ^^^^^^^^^^^^^^^
[INFO] [stdout]   |                              |
[INFO] [stdout]   |                              no `DiagnosticError` in the root
[INFO] [stdout]   |                              help: a similar name exists in the module: `Diagnostic`
[INFO] [stdout] 
[INFO] [stdout] 
[INFO] [stdout] error[E0432]: unresolved import `diagnostic::DiagnosticLevel`
[INFO] [stdout]  --> /opt/rustwide/cargo-home/registry/src/index.crates.io-6f17d22bba15001f/diagnostic-quick-0.3.6/src/errors/error_runtime.rs:3:5
[INFO] [stdout]   |
[INFO] [stdout] 3 | use diagnostic::DiagnosticLevel;
[INFO] [stdout]   |     ^^^^^^^^^^^^^^^^^^^^^^^^^^^ no `DiagnosticLevel` in the root
[INFO] [stdout]   |
[INFO] [stdout] help: a similar name exists in the module
[INFO] [stdout]   |
[INFO] [stdout] 3 | use diagnostic::Diagnostic;
[INFO] [stdout]   |                 ~~~~~~~~~~
[INFO] [stdout] help: consider importing this unresolved item through its public re-export instead
[INFO] [stdout]   |
[INFO] [stdout] 3 | use crate::DiagnosticLevel;
[INFO] [stdout]   |     ~~~~~~~~~~~~~~~~~~~~~~
[INFO] [stdout] 
[INFO] [stdout] 
[INFO] [stdout] error[E0432]: unresolved import `diagnostic::DiagnosticLevel`
[INFO] [stdout]  --> /opt/rustwide/cargo-home/registry/src/index.crates.io-6f17d22bba15001f/diagnostic-quick-0.3.6/src/errors/error_syntax.rs:7:5
[INFO] [stdout]   |
[INFO] [stdout] 7 | use diagnostic::DiagnosticLevel;
[INFO] [stdout]   |     ^^^^^^^^^^^^^^^^^^^^^^^^^^^ no `DiagnosticLevel` in the root
[INFO] [stdout]   |
[INFO] [stdout] help: a similar name exists in the module
[INFO] [stdout]   |
[INFO] [stdout] 7 | use diagnostic::Diagnostic;
[INFO] [stdout]   |                 ~~~~~~~~~~
[INFO] [stdout] help: consider importing this unresolved item through its public re-export instead
[INFO] [stdout]   |
[INFO] [stdout] 7 | use crate::DiagnosticLevel;
[INFO] [stdout]   |     ~~~~~~~~~~~~~~~~~~~~~~
[INFO] [stdout] 
[INFO] [stdout] 
[INFO] [stdout] error[E0412]: cannot find type `Validation` in crate `diagnostic`
[INFO] [stdout]   --> /opt/rustwide/cargo-home/registry/src/index.crates.io-6f17d22bba15001f/diagnostic-quick-0.3.6/src/errors/mod.rs:23:38
[INFO] [stdout]    |
[INFO] [stdout] 23 | pub type Validation<T> = diagnostic::Validation<T, QError>;
[INFO] [stdout]    |                                      ^^^^^^^^^^ not found in `diagnostic`
[INFO] [stdout]    |
[INFO] [stdout] help: consider importing this type alias through its public re-export
[INFO] [stdout]    |
[INFO] [stdout] 1  + use crate::Validation;
[INFO] [stdout]    |
[INFO] [stdout] help: if you import `Validation`, refer to it directly
[INFO] [stdout]    |
[INFO] [stdout] 23 - pub type Validation<T> = diagnostic::Validation<T, QError>;
[INFO] [stdout] 23 + pub type Validation<T> = Validation<T, QError>;
[INFO] [stdout]    |
[INFO] [stdout] 
[INFO] [stdout] 
[INFO] [stdout] error: aborting due to 7 previous errors
[INFO] [stdout] 
[INFO] [stdout] 
[INFO] [stdout] Some errors have detailed explanations: E0412, E0432, E0433.
[INFO] [stdout] 
[INFO] [stdout] For more information about an error, try `rustc --explain E0412`.
[INFO] [stdout] 
[INFO] [stderr] error: could not compile `diagnostic-quick` (lib) due to 8 previous errors
[INFO] [stderr] warning: build failed, waiting for other jobs to finish...
[INFO] running `Command { std: "docker" "inspect" "333710a16a9dd7b652301cc8ddb20d172205a8f495c31d8a5fe640c2a6cdb81b", kill_on_drop: false }`
[INFO] running `Command { std: "docker" "rm" "-f" "333710a16a9dd7b652301cc8ddb20d172205a8f495c31d8a5fe640c2a6cdb81b", kill_on_drop: false }`
[INFO] [stdout] 333710a16a9dd7b652301cc8ddb20d172205a8f495c31d8a5fe640c2a6cdb81b
