[INFO] fetching crate waffles-solana-tpu-client 1.16.0-alpha.10...
[INFO] documenting waffles-solana-tpu-client-1.16.0-alpha.10 against 1.75.0 for beta-1.76-rustdoc-1
[INFO] extracting crate waffles-solana-tpu-client 1.16.0-alpha.10 into /workspace/builds/worker-1-tc1/source
[INFO] validating manifest of crates.io crate waffles-solana-tpu-client 1.16.0-alpha.10 on toolchain 1.75.0
[INFO] running `Command { std: CARGO_HOME="/workspace/cargo-home" RUSTUP_HOME="/workspace/rustup-home" "/workspace/cargo-home/bin/cargo" "+1.75.0" "metadata" "--manifest-path" "Cargo.toml" "--no-deps", kill_on_drop: false }`
[INFO] started tweaking crates.io crate waffles-solana-tpu-client 1.16.0-alpha.10
[INFO] finished tweaking crates.io crate waffles-solana-tpu-client 1.16.0-alpha.10
[INFO] tweaked toml for crates.io crate waffles-solana-tpu-client 1.16.0-alpha.10 written to /workspace/builds/worker-1-tc1/source/Cargo.toml
[INFO] running `Command { std: CARGO_HOME="/workspace/cargo-home" RUSTUP_HOME="/workspace/rustup-home" "/workspace/cargo-home/bin/cargo" "+1.75.0" "generate-lockfile" "--manifest-path" "Cargo.toml", kill_on_drop: false }`
[INFO] [stderr]     Blocking waiting for file lock on package cache
[INFO] [stderr]     Updating crates.io index
[INFO] running `Command { std: CARGO_HOME="/workspace/cargo-home" RUSTUP_HOME="/workspace/rustup-home" "/workspace/cargo-home/bin/cargo" "+1.75.0" "fetch" "--manifest-path" "Cargo.toml", kill_on_drop: false }`
[INFO] [stderr]     Blocking waiting for file lock on package cache
[INFO] [stderr]     Blocking waiting for file lock on package cache
[INFO] running `Command { std: "docker" "create" "-v" "/var/lib/crater-agent-workspace/builds/worker-1-tc1/target:/opt/rustwide/target:rw,Z" "-v" "/var/lib/crater-agent-workspace/builds/worker-1-tc1/source:/opt/rustwide/workdir:ro,Z" "-v" "/var/lib/crater-agent-workspace/cargo-home:/opt/rustwide/cargo-home:ro,Z" "-v" "/var/lib/crater-agent-workspace/rustup-home:/opt/rustwide/rustup-home:ro,Z" "-e" "SOURCE_DIR=/opt/rustwide/workdir" "-e" "CARGO_TARGET_DIR=/opt/rustwide/target" "-e" "CARGO_HOME=/opt/rustwide/cargo-home" "-e" "RUSTUP_HOME=/opt/rustwide/rustup-home" "-w" "/opt/rustwide/workdir" "-m" "1610612736" "--user" "0:0" "--network" "none" "ghcr.io/rust-lang/crates-build-env/linux@sha256:2788e3201cd34a07e3172128adcd8b3090168a8e3bcc40d7c032b9dda1df7d1c" "/opt/rustwide/cargo-home/bin/cargo" "+1.75.0" "metadata" "--no-deps" "--format-version=1", kill_on_drop: false }`
[INFO] [stdout] 220309753e23d383aa824195afd153691646e5de22bed77a26df39125cb0c5b9
[INFO] running `Command { std: "docker" "start" "-a" "220309753e23d383aa824195afd153691646e5de22bed77a26df39125cb0c5b9", kill_on_drop: false }`
[INFO] running `Command { std: "docker" "inspect" "220309753e23d383aa824195afd153691646e5de22bed77a26df39125cb0c5b9", kill_on_drop: false }`
[INFO] running `Command { std: "docker" "rm" "-f" "220309753e23d383aa824195afd153691646e5de22bed77a26df39125cb0c5b9", kill_on_drop: false }`
[INFO] [stdout] 220309753e23d383aa824195afd153691646e5de22bed77a26df39125cb0c5b9
[INFO] running `Command { std: "docker" "create" "-v" "/var/lib/crater-agent-workspace/builds/worker-1-tc1/target:/opt/rustwide/target:rw,Z" "-v" "/var/lib/crater-agent-workspace/builds/worker-1-tc1/source:/opt/rustwide/workdir:ro,Z" "-v" "/var/lib/crater-agent-workspace/cargo-home:/opt/rustwide/cargo-home:ro,Z" "-v" "/var/lib/crater-agent-workspace/rustup-home:/opt/rustwide/rustup-home:ro,Z" "-e" "SOURCE_DIR=/opt/rustwide/workdir" "-e" "CARGO_TARGET_DIR=/opt/rustwide/target" "-e" "CARGO_INCREMENTAL=0" "-e" "RUST_BACKTRACE=full" "-e" "RUSTFLAGS=--cap-lints=warn" "-e" "RUSTDOCFLAGS=--cap-lints=warn" "-e" "CARGO_HOME=/opt/rustwide/cargo-home" "-e" "RUSTUP_HOME=/opt/rustwide/rustup-home" "-w" "/opt/rustwide/workdir" "-m" "1610612736" "--user" "0:0" "--network" "none" "ghcr.io/rust-lang/crates-build-env/linux@sha256:2788e3201cd34a07e3172128adcd8b3090168a8e3bcc40d7c032b9dda1df7d1c" "/opt/rustwide/cargo-home/bin/cargo" "+1.75.0" "doc" "--frozen" "--no-deps" "--document-private-items" "--message-format=json", kill_on_drop: false }`
[INFO] [stdout] 121ee4b622ebfe90177ccfd3346e06ccc474e25fddfee5d5b8e9937307519108
[INFO] running `Command { std: "docker" "start" "-a" "121ee4b622ebfe90177ccfd3346e06ccc474e25fddfee5d5b8e9937307519108", kill_on_drop: false }`
[INFO] [stderr]    Compiling proc-macro2 v1.0.76
[INFO] [stderr]    Compiling libc v0.2.151
[INFO] [stderr]    Compiling serde v1.0.195
[INFO] [stderr]    Compiling typenum v1.17.0
[INFO] [stderr]    Compiling generic-array v0.14.7
[INFO] [stderr]    Compiling syn v1.0.109
[INFO] [stderr]    Compiling semver v1.0.21
[INFO] [stderr]     Checking subtle v2.4.1
[INFO] [stderr]     Checking once_cell v1.19.0
[INFO] [stderr]    Compiling thiserror v1.0.56
[INFO] [stderr]    Compiling rustc_version v0.4.0
[INFO] [stderr]    Compiling num-traits v0.2.17
[INFO] [stderr]     Checking log v0.4.20
[INFO] [stderr]     Checking memchr v2.7.1
[INFO] [stderr]    Compiling quote v1.0.35
[INFO] [stderr]    Compiling syn v2.0.48
[INFO] [stderr]     Checking cpufeatures v0.2.12
[INFO] [stderr]    Compiling jobserver v0.1.27
[INFO] [stderr]    Compiling num-integer v0.1.45
[INFO] [stderr]     Checking itoa v1.0.10
[INFO] [stderr]    Compiling cc v1.0.83
[INFO] [stderr]    Compiling num-bigint v0.4.4
[INFO] [stderr]     Checking either v1.9.0
[INFO] [stderr]    Compiling getrandom v0.1.16
[INFO] [stderr]     Checking getrandom v0.2.11
[INFO] [stderr]     Checking byteorder v1.5.0
[INFO] [stderr]     Checking rand_core v0.6.4
[INFO] [stderr]    Compiling crunchy v0.2.2
[INFO] [stderr]     Checking rand_chacha v0.3.1
[INFO] [stderr]    Compiling crossbeam-utils v0.8.18
[INFO] [stderr]    Compiling paste v1.0.14
[INFO] [stderr]     Checking rand v0.8.5
[INFO] [stderr]    Compiling ahash v0.7.7
[INFO] [stderr]     Checking block-padding v0.2.1
[INFO] [stderr]     Checking rand_core v0.5.1
[INFO] [stderr]     Checking unicode-normalization v0.1.22
[INFO] [stderr]     Checking crossbeam-epoch v0.9.17
[INFO] [stderr]    Compiling rayon-core v1.12.0
[INFO] [stderr]    Compiling serde_json v1.0.111
[INFO] [stderr]     Checking pin-project-lite v0.2.13
[INFO] [stderr]    Compiling wasm-bindgen-shared v0.2.89
[INFO] [stderr]     Checking ryu v1.0.16
[INFO] [stderr]    Compiling digest v0.9.0
[INFO] [stderr]    Compiling libsecp256k1-core v0.2.2
[INFO] [stderr]     Checking crossbeam-deque v0.8.4
[INFO] [stderr]     Checking rand_chacha v0.2.2
[INFO] [stderr]     Checking itertools v0.10.5
[INFO] [stderr]    Compiling feature-probe v0.1.1
[INFO] [stderr]     Checking rand v0.7.3
[INFO] [stderr]    Compiling bv v0.11.1
[INFO] [stderr]    Compiling blake3 v1.5.0
[INFO] [stderr]     Checking bitmaps v2.1.0
[INFO] [stderr]    Compiling im v15.1.0
[INFO] [stderr]     Checking arrayref v0.3.7
[INFO] [stderr]    Compiling bumpalo v3.14.0
[INFO] [stderr]    Compiling rustversion v1.0.14
[INFO] [stderr]    Compiling equivalent v1.0.1
[INFO] [stderr]    Compiling hashbrown v0.14.3
[INFO] [stderr]    Compiling libsecp256k1-gen-ecmult v0.2.1
[INFO] [stderr]    Compiling libsecp256k1-gen-genmult v0.2.1
[INFO] [stderr]     Checking sized-chunks v0.6.5
[INFO] [stderr]    Compiling wasm-bindgen-backend v0.2.89
[INFO] [stderr]     Checking rayon v1.8.0
[INFO] [stderr]    Compiling ring v0.17.7
[INFO] [stderr]    Compiling indexmap v2.1.0
[INFO] [stderr]    Compiling toml v0.5.11
[INFO] [stderr]     Checking rand_xoshiro v0.6.0
[INFO] [stderr]     Checking arrayvec v0.7.4
[INFO] [stderr]     Checking keccak v0.1.4
[INFO] [stderr]    Compiling toml_datetime v0.6.5
[INFO] [stderr]     Checking bytes v1.5.0
[INFO] [stderr]    Compiling parking_lot_core v0.9.9
[INFO] [stderr]    Compiling winnow v0.5.33
[INFO] [stderr]    Compiling serde_derive v1.0.195
[INFO] [stderr]    Compiling thiserror-impl v1.0.56
[INFO] [stderr]    Compiling zeroize_derive v1.4.2
[INFO] [stderr]     Checking constant_time_eq v0.3.0
[INFO] [stderr]     Checking percent-encoding v2.3.1
[INFO] [stderr]    Compiling proc-macro-crate v0.1.5
[INFO] [stderr]    Compiling anyhow v1.0.79
[INFO] [stderr]    Compiling wasm-bindgen-macro-support v0.2.89
[INFO] [stderr]    Compiling derivative v2.2.0
[INFO] [stderr]    Compiling libsecp256k1 v0.6.0
[INFO] [stderr]     Checking zeroize v1.3.0
[INFO] [stderr]    Compiling borsh-derive-internal v0.9.3
[INFO] [stderr]    Compiling borsh-schema-derive-internal v0.9.3
[INFO] [stderr]     Checking memmap2 v0.5.10
[INFO] [stderr]     Checking aho-corasick v1.1.2
[INFO] [stderr]     Checking bs58 v0.4.0
[INFO] [stderr]    Compiling toml_edit v0.19.15
[INFO] [stderr]    Compiling wasm-bindgen v0.2.89
[INFO] [stderr]     Checking regex-syntax v0.8.2
[INFO] [stderr]     Checking smallvec v1.11.2
[INFO] [stderr]    Compiling ucd-trie v0.1.6
[INFO] [stderr]    Compiling wasm-bindgen-macro v0.2.89
[INFO] [stderr]    Compiling borsh-derive v0.9.3
[INFO] [stderr]    Compiling pest v2.7.6
[INFO] [stderr]    Compiling bytemuck_derive v1.5.0
[INFO] [stderr]     Checking hashbrown v0.11.2
[INFO] [stderr]     Checking base64 v0.12.3
[INFO] [stderr]    Compiling proc-macro-crate v1.3.1
[INFO] [stderr]    Compiling strsim v0.10.0
[INFO] [stderr]     Checking regex-automata v0.4.3
[INFO] [stderr]     Checking rustc-hash v1.1.0
[INFO] [stderr]     Checking spin v0.9.8
[INFO] [stderr]     Checking futures-core v0.3.30
[INFO] [stderr]     Checking untrusted v0.9.0
[INFO] [stderr]    Compiling fnv v1.0.7
[INFO] [stderr]    Compiling ident_case v1.0.1
[INFO] [stderr]    Compiling semver-parser v0.10.2
[INFO] [stderr]    Compiling darling_core v0.20.3
[INFO] [stderr]     Checking borsh v0.9.3
[INFO] [stderr]     Checking bytemuck v1.14.0
[INFO] [stderr]     Checking parking_lot v0.12.1
[INFO] [stderr]    Compiling num-derive v0.3.3
[INFO] [stderr]    Compiling tokio-macros v2.2.0
[INFO] [stderr]     Checking signal-hook-registry v1.4.1
[INFO] [stderr]     Checking atty v0.2.14
[INFO] [stderr]     Checking socket2 v0.5.5
[INFO] [stderr]     Checking num_cpus v1.16.0
[INFO] [stderr]     Checking mio v0.8.10
[INFO] [stderr]     Checking termcolor v1.4.0
[INFO] [stderr]    Compiling semver v0.11.0
[INFO] [stderr]     Checking futures-sink v0.3.30
[INFO] [stderr]     Checking humantime v2.1.0
[INFO] [stderr]     Checking ed25519 v1.5.3
[INFO] [stderr]    Compiling rustc_version v0.3.3
[INFO] [stderr]    Compiling slab v0.4.9
[INFO] [stderr]    Compiling ahash v0.8.7
[INFO] [stderr]     Checking regex v1.10.2
[INFO] [stderr]     Checking futures-channel v0.3.30
[INFO] [stderr]    Compiling ark-ff v0.3.0
[INFO] [stderr]     Checking env_logger v0.9.3
[INFO] [stderr]    Compiling futures-macro v0.3.30
[INFO] [stderr]     Checking tokio v1.35.1
[INFO] [stderr]     Checking ark-std v0.3.0
[INFO] [stderr]     Checking futures-task v0.3.30
[INFO] [stderr]     Checking derivation-path v0.2.0
[INFO] [stderr]     Checking zerocopy v0.7.32
[INFO] [stderr]     Checking futures-io v0.3.30
[INFO] [stderr]     Checking iana-time-zone v0.1.59
[INFO] [stderr]     Checking base64 v0.21.5
[INFO] [stderr]    Compiling num_enum_derive v0.5.11
[INFO] [stderr]    Compiling ark-ff-macros v0.3.0
[INFO] [stderr]    Compiling darling_macro v0.20.3
[INFO] [stderr]    Compiling ark-ff-asm v0.3.0
[INFO] [stderr]     Checking qstring v0.7.2
[INFO] [stderr]     Checking uriparse v0.6.4
[INFO] [stderr]     Checking serde_bytes v0.11.14
[INFO] [stderr]     Checking crypto-common v0.1.6
[INFO] [stderr]     Checking block-buffer v0.10.4
[INFO] [stderr]     Checking block-buffer v0.9.0
[INFO] [stderr]     Checking crypto-mac v0.8.0
[INFO] [stderr]     Checking sha2 v0.9.9
[INFO] [stderr]     Checking hmac v0.8.1
[INFO] [stderr]     Checking digest v0.10.7
[INFO] [stderr]     Checking curve25519-dalek v3.2.1
[INFO] [stderr]     Checking hmac-drbg v0.3.0
[INFO] [stderr]     Checking pbkdf2 v0.4.0
[INFO] [stderr]     Checking sha2 v0.10.8
[INFO] [stderr]     Checking tiny-bip39 v0.8.2
[INFO] [stderr]     Checking sha3 v0.10.8
[INFO] [stderr]     Checking bincode v1.3.3
[INFO] [stderr]    Compiling darling v0.20.3
[INFO] [stderr]    Compiling serde_with_macros v2.3.3
[INFO] [stderr]     Checking hmac v0.12.1
[INFO] [stderr]     Checking pbkdf2 v0.11.0
[INFO] [stderr]     Checking ark-serialize v0.3.0
[INFO] [stderr]     Checking futures-util v0.3.30
[INFO] [stderr]     Checking ed25519-dalek v1.0.1
[INFO] [stderr]     Checking chrono v0.4.31
[INFO] [stderr]     Checking hashbrown v0.12.3
[INFO] [stderr]     Checking ed25519-dalek-bip32 v0.2.0
[INFO] [stderr]    Compiling waffles-solana-frozen-abi-macro v1.16.0-alpha.10
[INFO] [stderr]     Checking assert_matches v1.5.0
[INFO] [stderr]     Checking num_enum v0.5.11
[INFO] [stderr]    Compiling ark-serialize-derive v0.4.2
[INFO] [stderr]     Checking http v0.2.11
[INFO] [stderr]     Checking ark-std v0.4.0
[INFO] [stderr]    Compiling waffles-solana-frozen-abi v1.16.0-alpha.10
[INFO] [stderr]    Compiling memoffset v0.8.0
[INFO] [stderr]     Checking serde_with v2.3.3
[INFO] [stderr]     Checking base64 v0.13.1
[INFO] [stderr]     Checking ark-serialize v0.4.2
[INFO] [stderr]     Checking hashbrown v0.13.2
[INFO] [stderr]    Compiling ark-ff-macros v0.4.2
[INFO] [stderr]    Compiling ark-ff-asm v0.4.2
[INFO] [stderr]     Checking form_urlencoded v1.2.1
[INFO] [stderr]    Compiling waffles-solana-program v1.16.0-alpha.10
[INFO] [stderr]     Checking tracing-core v0.1.32
[INFO] [stderr]     Checking unicode-bidi v0.3.14
[INFO] [stderr]    Compiling waffles-solana-sdk-macro v1.16.0-alpha.10
[INFO] [stderr]     Checking idna v0.5.0
[INFO] [stderr]     Checking tracing v0.1.40
[INFO] [stderr]    Compiling waffles-solana-sdk v1.16.0-alpha.10
[INFO] [stderr]     Checking alloc-no-stdlib v2.0.4
[INFO] [stderr]    Compiling rustls v0.21.10
[INFO] [stderr]     Checking array-bytes v1.4.1
[INFO] [stderr]    Compiling crc32fast v1.3.2
[INFO] [stderr]     Checking url v2.5.0
[INFO] [stderr]     Checking ark-ff v0.4.2
[INFO] [stderr]     Checking alloc-stdlib v0.2.2
[INFO] [stderr]     Checking tokio-util v0.7.10
[INFO] [stderr]     Checking waffles-solana-logger v1.16.0-alpha.10
[INFO] [stderr]    Compiling solana-frozen-abi-macro v1.17.14
[INFO] [stderr]     Checking try-lock v0.2.5
[INFO] [stderr]     Checking adler v1.0.2
[INFO] [stderr]     Checking miniz_oxide v0.7.1
[INFO] [stderr]     Checking want v0.3.1
[INFO] [stderr]     Checking brotli-decompressor v2.5.1
[INFO] [stderr]     Checking http-body v0.4.6
[INFO] [stderr]    Compiling borsh-schema-derive-internal v0.10.3
[INFO] [stderr]    Compiling borsh-derive-internal v0.10.3
[INFO] [stderr]    Compiling solana-frozen-abi v1.17.14
[INFO] [stderr]    Compiling memoffset v0.9.0
[INFO] [stderr]     Checking h2 v0.3.22
[INFO] [stderr]     Checking httpdate v1.0.3
[INFO] [stderr]    Compiling borsh-derive v0.10.3
[INFO] [stderr]     Checking flate2 v1.0.28
[INFO] [stderr]    Compiling solana-program v1.17.14
[INFO] [stderr]     Checking brotli v3.4.0
[INFO] [stderr]     Checking serde_urlencoded v0.7.1
[INFO] [stderr]     Checking bitflags v2.4.1
[INFO] [stderr]     Checking rustls-pemfile v1.0.4
[INFO] [stderr]    Compiling solana-sdk-macro v1.17.14
[INFO] [stderr]    Compiling scroll_derive v0.11.1
[INFO] [stderr]     Checking crossbeam-channel v0.5.10
[INFO] [stderr]     Checking borsh v0.10.3
[INFO] [stderr]     Checking encoding_rs v0.8.33
[INFO] [stderr]     Checking void v1.0.2
[INFO] [stderr]     Checking ipnet v2.9.0
[INFO] [stderr]     Checking webpki-roots v0.25.3
[INFO] [stderr]    Compiling winapi v0.3.9
[INFO] [stderr]     Checking mime v0.3.17
[INFO] [stderr]     Checking scroll v0.11.0
[INFO] [stderr]     Checking unreachable v1.0.0
[INFO] [stderr]     Checking cipher v0.3.0
[INFO] [stderr]     Checking gethostname v0.2.3
[INFO] [stderr]     Checking ascii v0.9.3
[INFO] [stderr]    Compiling pkg-config v0.3.28
[INFO] [stderr]     Checking plain v0.2.3
[INFO] [stderr]     Checking combine v3.8.1
[INFO] [stderr]     Checking goblin v0.5.4
[INFO] [stderr]     Checking hyper v0.14.28
[INFO] [stderr]     Checking universal-hash v0.4.1
[INFO] [stderr]    Compiling num_enum_derive v0.6.1
[INFO] [stderr]    Compiling zstd-sys v2.0.9+zstd.1.5.5
[INFO] [stderr]    Compiling enum-iterator-derive v1.2.1
[INFO] [stderr]     Checking async-compression v0.4.5
[INFO] [stderr]     Checking ark-ec v0.3.0
[INFO] [stderr]     Checking hash32 v0.2.1
[INFO] [stderr]    Compiling solana-sdk v1.17.14
[INFO] [stderr]    Compiling waffles-solana-program-runtime v1.16.0-alpha.10
[INFO] [stderr]     Checking rustc-demangle v0.1.23
[INFO] [stderr]     Checking num_enum v0.6.1
[INFO] [stderr]     Checking polyval v0.5.3
[INFO] [stderr]     Checking aes v0.7.5
[INFO] [stderr]     Checking ctr v0.8.0
[INFO] [stderr]     Checking aead v0.4.3
[INFO] [stderr]     Checking solana-logger v1.17.14
[INFO] [stderr]    Compiling qualifier_attr v0.2.2
[INFO] [stderr]     Checking ark-bn254 v0.3.0
[INFO] [stderr]     Checking enum-iterator v1.4.1
[INFO] [stderr]     Checking libloading v0.7.4
[INFO] [stderr]     Checking eager v0.1.0
[INFO] [stderr]     Checking sha3 v0.9.1
[INFO] [stderr]     Checking merlin v3.0.0
[INFO] [stderr]     Checking aes-gcm-siv v0.10.3
[INFO] [stderr]    Compiling ring v0.16.20
[INFO] [stderr]    Compiling zstd-safe v5.0.2+zstd.1.5.2
[INFO] [stderr]    Compiling waffles-solana-version v1.16.0-alpha.10
[INFO] [stderr]    Compiling waffles-solana-address-lookup-table-program v1.16.0-alpha.10
[INFO] [stderr]     Checking spin v0.5.2
[INFO] [stderr]    Compiling rustls v0.20.9
[INFO] [stderr]     Checking untrusted v0.7.1
[INFO] [stderr]     Checking futures-executor v0.3.30
[INFO] [stderr]     Checking Inflector v0.11.4
[INFO] [stderr]    Compiling async-trait v0.1.77
[INFO] [stderr]     Checking futures v0.3.30
[INFO] [stderr]    Compiling portable-atomic v1.6.0
[INFO] [stderr]     Checking os_str_bytes v6.6.1
[INFO] [stderr]     Checking jsonrpc-core v18.0.0
[INFO] [stderr]     Checking solana_rbpf v0.2.38
[INFO] [stderr]     Checking indexmap v1.9.3
[INFO] [stderr]     Checking clap_lex v0.2.4
[INFO] [stderr]     Checking sha-1 v0.10.1
[INFO] [stderr]    Compiling waffles-solana-vote-program v1.16.0-alpha.10
[INFO] [stderr]     Checking unicode-width v0.1.11
[INFO] [stderr]     Checking textwrap v0.16.0
[INFO] [stderr]     Checking nix v0.25.1
[INFO] [stderr]     Checking console v0.15.7
[INFO] [stderr]     Checking clap v3.2.25
[INFO] [stderr]     Checking socket2 v0.4.10
[INFO] [stderr]     Checking number_prefix v0.4.0
[INFO] [stderr]     Checking tokio-stream v0.1.14
[INFO] [stderr]     Checking ark-poly v0.4.2
[INFO] [stderr]     Checking indicatif v0.17.7
[INFO] [stderr]     Checking ark-ec v0.4.2
[INFO] [stderr]     Checking ark-bn254 v0.4.0
[INFO] [stderr]     Checking light-poseidon v0.2.0
[INFO] [stderr]     Checking sct v0.7.1
[INFO] [stderr]     Checking rustls-webpki v0.101.7
[INFO] [stderr]     Checking webpki v0.22.4
[INFO] [stderr]     Checking webpki-roots v0.22.6
[INFO] [stderr]     Checking zstd v0.11.2+zstd.1.5.2
[INFO] [stderr]     Checking waffles-solana-measure v1.16.0-alpha.10
[INFO] [stderr]     Checking waffles-solana-net-utils v1.16.0-alpha.10
[INFO] [stderr]     Checking tungstenite v0.17.3
[INFO] [stderr]     Checking tokio-rustls v0.23.4
[INFO] [stderr]     Checking tokio-rustls v0.24.1
[INFO] [stderr]     Checking hyper-rustls v0.24.2
[INFO] [stderr]     Checking tokio-tungstenite v0.17.2
[INFO] [stderr]     Checking reqwest v0.11.23
[INFO] [stderr]     Checking waffles-solana-metrics v1.16.0-alpha.10
[INFO] [stderr]     Checking waffles-solana-connection-cache v1.16.0-alpha.10
[INFO] [stderr]     Checking spl-token v3.5.0
[INFO] [stderr]     Checking spl-memo v3.0.1
[INFO] [stderr]     Checking waffles-solana-config-program v1.16.0-alpha.10
[INFO] [stderr]     Checking solana-zk-token-sdk v1.17.14
[INFO] [stderr]     Checking spl-token-2022 v0.5.0
[INFO] [stdout] error[E0412]: cannot find type `CloseAccountData` in this scope
[INFO] [stdout]    --> /opt/rustwide/cargo-home/registry/src/index.crates.io-6f17d22bba15001f/spl-token-2022-0.5.0/src/extension/confidential_transfer/instruction.rs:688:18
[INFO] [stdout]     |
[INFO] [stdout] 688 |     proof_data: &CloseAccountData,
[INFO] [stdout]     |                  ^^^^^^^^^^^^^^^^ not found in this scope
[INFO] [stdout] 
[INFO] [stdout] 
[INFO] [stdout] error[E0412]: cannot find type `WithdrawWithheldTokensData` in this scope
[INFO] [stdout]     --> /opt/rustwide/cargo-home/registry/src/index.crates.io-6f17d22bba15001f/spl-token-2022-0.5.0/src/extension/confidential_transfer/instruction.rs:1086:18
[INFO] [stdout]      |
[INFO] [stdout] 497  | pub struct WithdrawWithheldTokensFromMintData {
[INFO] [stdout]      | --------------------------------------------- similarly named struct `WithdrawWithheldTokensFromMintData` defined here
[INFO] [stdout] ...
[INFO] [stdout] 1086 |     proof_data: &WithdrawWithheldTokensData,
[INFO] [stdout]      |                  ^^^^^^^^^^^^^^^^^^^^^^^^^^ help: a struct with a similar name exists: `WithdrawWithheldTokensFromMintData`
[INFO] [stdout] 
[INFO] [stdout] 
[INFO] [stdout] error[E0412]: cannot find type `WithdrawWithheldTokensData` in this scope
[INFO] [stdout]     --> /opt/rustwide/cargo-home/registry/src/index.crates.io-6f17d22bba15001f/spl-token-2022-0.5.0/src/extension/confidential_transfer/instruction.rs:1151:18
[INFO] [stdout]      |
[INFO] [stdout] 497  | pub struct WithdrawWithheldTokensFromMintData {
[INFO] [stdout]      | --------------------------------------------- similarly named struct `WithdrawWithheldTokensFromMintData` defined here
[INFO] [stdout] ...
[INFO] [stdout] 1151 |     proof_data: &WithdrawWithheldTokensData,
[INFO] [stdout]      |                  ^^^^^^^^^^^^^^^^^^^^^^^^^^ help: a struct with a similar name exists: `WithdrawWithheldTokensFromMintData`
[INFO] [stdout] 
[INFO] [stdout] 
[INFO] [stdout] error[E0412]: cannot find type `CloseAccountData` in this scope
[INFO] [stdout]    --> /opt/rustwide/cargo-home/registry/src/index.crates.io-6f17d22bba15001f/spl-token-2022-0.5.0/src/extension/confidential_transfer/processor.rs:283:49
[INFO] [stdout]     |
[INFO] [stdout] 283 |     let proof_data = decode_proof_instruction::<CloseAccountData>(
[INFO] [stdout]     |                                                 ^^^^^^^^^^^^^^^^ not found in this scope
[INFO] [stdout]     |
[INFO] [stdout] help: you might be missing a type parameter
[INFO] [stdout]     |
[INFO] [stdout] 255 | fn process_empty_account<CloseAccountData>(
[INFO] [stdout]     |                         ++++++++++++++++++
[INFO] [stdout] 
[INFO] [stdout] 
[INFO] [stdout] error[E0412]: cannot find type `WithdrawWithheldTokensData` in this scope
[INFO] [stdout]    --> /opt/rustwide/cargo-home/registry/src/index.crates.io-6f17d22bba15001f/spl-token-2022-0.5.0/src/extension/confidential_transfer/processor.rs:985:49
[INFO] [stdout]     |
[INFO] [stdout] 985 |     let proof_data = decode_proof_instruction::<WithdrawWithheldTokensData>(
[INFO] [stdout]     |                                                 ^^^^^^^^^^^^^^^^^^^^^^^^^^
[INFO] [stdout]     |
[INFO] [stdout]    ::: /opt/rustwide/cargo-home/registry/src/index.crates.io-6f17d22bba15001f/spl-token-2022-0.5.0/src/extension/confidential_transfer/instruction.rs:497:1
[INFO] [stdout]     |
[INFO] [stdout] 497 | pub struct WithdrawWithheldTokensFromMintData {
[INFO] [stdout]     | --------------------------------------------- similarly named struct `WithdrawWithheldTokensFromMintData` defined here
[INFO] [stdout]     |
[INFO] [stdout] help: a struct with a similar name exists
[INFO] [stdout]     |
[INFO] [stdout] 985 |     let proof_data = decode_proof_instruction::<WithdrawWithheldTokensFromMintData>(
[INFO] [stdout]     |                                                 ~~~~~~~~~~~~~~~~~~~~~~~~~~~~~~~~~~
[INFO] [stdout] help: you might be missing a type parameter
[INFO] [stdout]     |
[INFO] [stdout] 933 | fn process_withdraw_withheld_tokens_from_mint<WithdrawWithheldTokensData>(
[INFO] [stdout]     |                                              ++++++++++++++++++++++++++++
[INFO] [stdout] 
[INFO] [stdout] 
[INFO] [stdout] error[E0412]: cannot find type `WithdrawWithheldTokensData` in this scope
[INFO] [stdout]     --> /opt/rustwide/cargo-home/registry/src/index.crates.io-6f17d22bba15001f/spl-token-2022-0.5.0/src/extension/confidential_transfer/processor.rs:1116:49
[INFO] [stdout]      |
[INFO] [stdout] 1116 |     let proof_data = decode_proof_instruction::<WithdrawWithheldTokensData>(
[INFO] [stdout]      |                                                 ^^^^^^^^^^^^^^^^^^^^^^^^^^
[INFO] [stdout]      |
[INFO] [stdout]     ::: /opt/rustwide/cargo-home/registry/src/index.crates.io-6f17d22bba15001f/spl-token-2022-0.5.0/src/extension/confidential_transfer/instruction.rs:497:1
[INFO] [stdout]      |
[INFO] [stdout] 497  | pub struct WithdrawWithheldTokensFromMintData {
[INFO] [stdout]      | --------------------------------------------- similarly named struct `WithdrawWithheldTokensFromMintData` defined here
[INFO] [stdout]      |
[INFO] [stdout] help: a struct with a similar name exists
[INFO] [stdout]      |
[INFO] [stdout] 1116 |     let proof_data = decode_proof_instruction::<WithdrawWithheldTokensFromMintData>(
[INFO] [stdout]      |                                                 ~~~~~~~~~~~~~~~~~~~~~~~~~~~~~~~~~~
[INFO] [stdout] help: you might be missing a type parameter
[INFO] [stdout]      |
[INFO] [stdout] 1033 | fn process_withdraw_withheld_tokens_from_accounts<WithdrawWithheldTokensData>(
[INFO] [stdout]      |                                                  ++++++++++++++++++++++++++++
[INFO] [stdout] 
[INFO] [stdout] 
[INFO] [stdout] error[E0061]: this function takes 2 arguments but 1 argument was supplied
[INFO] [stdout]    --> /opt/rustwide/cargo-home/registry/src/index.crates.io-6f17d22bba15001f/spl-token-2022-0.5.0/src/extension/confidential_transfer/instruction.rs:624:9
[INFO] [stdout]     |
[INFO] [stdout] 624 |         verify_pubkey_validity(proof_data),
[INFO] [stdout]     |         ^^^^^^^^^^^^^^^^^^^^^^ ---------- an argument of type `Option<ContextStateInfo<'_>>` is missing
[INFO] [stdout]     |
[INFO] [stdout] note: function defined here
[INFO] [stdout]    --> /opt/rustwide/cargo-home/registry/src/index.crates.io-6f17d22bba15001f/solana-zk-token-sdk-1.17.14/src/zk_token_proof_instruction.rs:398:8
[INFO] [stdout]     |
[INFO] [stdout] 398 | pub fn verify_pubkey_validity(
[INFO] [stdout]     |        ^^^^^^^^^^^^^^^^^^^^^^
[INFO] [stdout] help: provide the argument
[INFO] [stdout]     |
[INFO] [stdout] 624 |         verify_pubkey_validity(/* Option<ContextStateInfo<'_>> */, proof_data),
[INFO] [stdout]     |                               ~~~~~~~~~~~~~~~~~~~~~~~~~~~~~~~~~~~~~~~~~~~~~~~~
[INFO] [stdout] 
[INFO] [stdout] 
[INFO] [stdout] error[E0425]: cannot find function `verify_close_account` in this scope
[INFO] [stdout]    --> /opt/rustwide/cargo-home/registry/src/index.crates.io-6f17d22bba15001f/spl-token-2022-0.5.0/src/extension/confidential_transfer/instruction.rs:698:9
[INFO] [stdout]     |
[INFO] [stdout] 698 |         verify_close_account(proof_data),
[INFO] [stdout]     |         ^^^^^^^^^^^^^^^^^^^^ not found in this scope
[INFO] [stdout] 
[INFO] [stdout] 
[INFO] [stdout] error[E0061]: this function takes 2 arguments but 1 argument was supplied
[INFO] [stdout]    --> /opt/rustwide/cargo-home/registry/src/index.crates.io-6f17d22bba15001f/spl-token-2022-0.5.0/src/extension/confidential_transfer/instruction.rs:803:9
[INFO] [stdout]     |
[INFO] [stdout] 803 |         verify_withdraw(proof_data),
[INFO] [stdout]     |         ^^^^^^^^^^^^^^^ ---------- an argument of type `Option<ContextStateInfo<'_>>` is missing
[INFO] [stdout]     |
[INFO] [stdout] note: function defined here
[INFO] [stdout]    --> /opt/rustwide/cargo-home/registry/src/index.crates.io-6f17d22bba15001f/solana-zk-token-sdk-1.17.14/src/zk_token_proof_instruction.rs:365:8
[INFO] [stdout]     |
[INFO] [stdout] 365 | pub fn verify_withdraw(
[INFO] [stdout]     |        ^^^^^^^^^^^^^^^
[INFO] [stdout] help: provide the argument
[INFO] [stdout]     |
[INFO] [stdout] 803 |         verify_withdraw(/* Option<ContextStateInfo<'_>> */, proof_data),
[INFO] [stdout]     |                        ~~~~~~~~~~~~~~~~~~~~~~~~~~~~~~~~~~~~~~~~~~~~~~~~
[INFO] [stdout] 
[INFO] [stdout] 
[INFO] [stdout] error[E0061]: this function takes 2 arguments but 1 argument was supplied
[INFO] [stdout]    --> /opt/rustwide/cargo-home/registry/src/index.crates.io-6f17d22bba15001f/spl-token-2022-0.5.0/src/extension/confidential_transfer/instruction.rs:870:9
[INFO] [stdout]     |
[INFO] [stdout] 870 |         verify_transfer(proof_data),
[INFO] [stdout]     |         ^^^^^^^^^^^^^^^ ---------- an argument of type `Option<ContextStateInfo<'_>>` is missing
[INFO] [stdout]     |
[INFO] [stdout] note: function defined here
[INFO] [stdout]    --> /opt/rustwide/cargo-home/registry/src/index.crates.io-6f17d22bba15001f/solana-zk-token-sdk-1.17.14/src/zk_token_proof_instruction.rs:382:8
[INFO] [stdout]     |
[INFO] [stdout] 382 | pub fn verify_transfer(
[INFO] [stdout]     |        ^^^^^^^^^^^^^^^
[INFO] [stdout] help: provide the argument
[INFO] [stdout]     |
[INFO] [stdout] 870 |         verify_transfer(/* Option<ContextStateInfo<'_>> */, proof_data),
[INFO] [stdout]     |                        ~~~~~~~~~~~~~~~~~~~~~~~~~~~~~~~~~~~~~~~~~~~~~~~~
[INFO] [stdout] 
[INFO] [stdout] 
[INFO] [stdout] error[E0061]: this function takes 2 arguments but 1 argument was supplied
[INFO] [stdout]    --> /opt/rustwide/cargo-home/registry/src/index.crates.io-6f17d22bba15001f/spl-token-2022-0.5.0/src/extension/confidential_transfer/instruction.rs:898:9
[INFO] [stdout]     |
[INFO] [stdout] 898 |         verify_transfer_with_fee(proof_data),
[INFO] [stdout]     |         ^^^^^^^^^^^^^^^^^^^^^^^^ ---------- an argument of type `Option<ContextStateInfo<'_>>` is missing
[INFO] [stdout]     |
[INFO] [stdout] note: function defined here
[INFO] [stdout]    --> /opt/rustwide/cargo-home/registry/src/index.crates.io-6f17d22bba15001f/solana-zk-token-sdk-1.17.14/src/zk_token_proof_instruction.rs:390:8
[INFO] [stdout]     |
[INFO] [stdout] 390 | pub fn verify_transfer_with_fee(
[INFO] [stdout]     |        ^^^^^^^^^^^^^^^^^^^^^^^^
[INFO] [stdout] help: provide the argument
[INFO] [stdout]     |
[INFO] [stdout] 898 |         verify_transfer_with_fee(/* Option<ContextStateInfo<'_>> */, proof_data),
[INFO] [stdout]     |                                 ~~~~~~~~~~~~~~~~~~~~~~~~~~~~~~~~~~~~~~~~~~~~~~~~
[INFO] [stdout] 
[INFO] [stdout] 
[INFO] [stdout] error[E0425]: cannot find function `verify_withdraw_withheld_tokens` in this scope
[INFO] [stdout]     --> /opt/rustwide/cargo-home/registry/src/index.crates.io-6f17d22bba15001f/spl-token-2022-0.5.0/src/extension/confidential_transfer/instruction.rs:1097:9
[INFO] [stdout]      |
[INFO] [stdout] 1097 |         verify_withdraw_withheld_tokens(proof_data),
[INFO] [stdout]      |         ^^^^^^^^^^^^^^^^^^^^^^^^^^^^^^^ not found in this scope
[INFO] [stdout] 
[INFO] [stdout] 
[INFO] [stdout] error[E0425]: cannot find function `verify_withdraw_withheld_tokens` in this scope
[INFO] [stdout]     --> /opt/rustwide/cargo-home/registry/src/index.crates.io-6f17d22bba15001f/spl-token-2022-0.5.0/src/extension/confidential_transfer/instruction.rs:1163:9
[INFO] [stdout]      |
[INFO] [stdout] 1163 |         verify_withdraw_withheld_tokens(proof_data),
[INFO] [stdout]      |         ^^^^^^^^^^^^^^^^^^^^^^^^^^^^^^^ not found in this scope
[INFO] [stdout] 
[INFO] [stdout] 
[INFO] [stdout] error[E0599]: no variant or associated item named `decode_type` found for enum `solana_zk_token_sdk::zk_token_proof_instruction::ProofInstruction` in the current scope
[INFO] [stdout]    --> /opt/rustwide/cargo-home/registry/src/index.crates.io-6f17d22bba15001f/spl-token-2022-0.5.0/src/extension/confidential_transfer/processor.rs:41:30
[INFO] [stdout]     |
[INFO] [stdout] 41  |         || ProofInstruction::decode_type(&instruction.data) != Some(expected)
[INFO] [stdout]     |                              ^^^^^^^^^^^ variant or associated item not found in `ProofInstruction`
[INFO] [stdout]     |
[INFO] [stdout] note: if you're trying to build a new `solana_zk_token_sdk::zk_token_proof_instruction::ProofInstruction`, consider using `solana_zk_token_sdk::zk_token_proof_instruction::ProofInstruction::instruction_type` which returns `Option<solana_zk_token_sdk::zk_token_proof_instruction::ProofInstruction>`
[INFO] [stdout]    --> /opt/rustwide/cargo-home/registry/src/index.crates.io-6f17d22bba15001f/solana-zk-token-sdk-1.17.14/src/zk_token_proof_instruction.rs:477:5
[INFO] [stdout]     |
[INFO] [stdout] 477 |     pub fn instruction_type(input: &[u8]) -> Option<Self> {
[INFO] [stdout]     |     ^^^^^^^^^^^^^^^^^^^^^^^^^^^^^^^^^^^^^^^^^^^^^^^^^^^^^
[INFO] [stdout] 
[INFO] [stdout] 
[INFO] [stdout] error[E0599]: no variant or associated item named `decode_data` found for enum `solana_zk_token_sdk::zk_token_proof_instruction::ProofInstruction` in the current scope
[INFO] [stdout]    --> /opt/rustwide/cargo-home/registry/src/index.crates.io-6f17d22bba15001f/spl-token-2022-0.5.0/src/extension/confidential_transfer/processor.rs:47:23
[INFO] [stdout]     |
[INFO] [stdout] 47  |     ProofInstruction::decode_data(&instruction.data).ok_or(ProgramError::InvalidInstructionData)
[INFO] [stdout]     |                       ^^^^^^^^^^^ variant or associated item not found in `ProofInstruction`
[INFO] [stdout]     |
[INFO] [stdout] note: if you're trying to build a new `solana_zk_token_sdk::zk_token_proof_instruction::ProofInstruction`, consider using `solana_zk_token_sdk::zk_token_proof_instruction::ProofInstruction::instruction_type` which returns `Option<solana_zk_token_sdk::zk_token_proof_instruction::ProofInstruction>`
[INFO] [stdout]    --> /opt/rustwide/cargo-home/registry/src/index.crates.io-6f17d22bba15001f/solana-zk-token-sdk-1.17.14/src/zk_token_proof_instruction.rs:477:5
[INFO] [stdout]     |
[INFO] [stdout] 477 |     pub fn instruction_type(input: &[u8]) -> Option<Self> {
[INFO] [stdout]     |     ^^^^^^^^^^^^^^^^^^^^^^^^^^^^^^^^^^^^^^^^^^^^^^^^^^^^^
[INFO] [stdout] 
[INFO] [stdout] 
[INFO] [stdout] error[E0609]: no field `pubkey` on type `&solana_zk_token_sdk::instruction::PubkeyValidityData`
[INFO] [stdout]    --> /opt/rustwide/cargo-home/registry/src/index.crates.io-6f17d22bba15001f/spl-token-2022-0.5.0/src/extension/confidential_transfer/processor.rs:171:19
[INFO] [stdout]     |
[INFO] [stdout] 171 |     if proof_data.pubkey != *encryption_pubkey {
[INFO] [stdout]     |                   ^^^^^^ unknown field
[INFO] [stdout]     |
[INFO] [stdout]     = note: available fields are: `context`, `proof`
[INFO] [stdout] help: one of the expressions' fields has a field of the same name
[INFO] [stdout]     |
[INFO] [stdout] 171 |     if proof_data.context.pubkey != *encryption_pubkey {
[INFO] [stdout]     |                   ++++++++
[INFO] [stdout] 
[INFO] [stdout] 
[INFO] [stdout] error[E0599]: no variant or associated item named `VerifyCloseAccount` found for enum `solana_zk_token_sdk::zk_token_proof_instruction::ProofInstruction` in the current scope
[INFO] [stdout]    --> /opt/rustwide/cargo-home/registry/src/index.crates.io-6f17d22bba15001f/spl-token-2022-0.5.0/src/extension/confidential_transfer/processor.rs:284:27
[INFO] [stdout]     |
[INFO] [stdout] 284 |         ProofInstruction::VerifyCloseAccount,
[INFO] [stdout]     |                           ^^^^^^^^^^^^^^^^^^ variant or associated item not found in `ProofInstruction`
[INFO] [stdout]     |
[INFO] [stdout] note: if you're trying to build a new `solana_zk_token_sdk::zk_token_proof_instruction::ProofInstruction`, consider using `solana_zk_token_sdk::zk_token_proof_instruction::ProofInstruction::instruction_type` which returns `Option<solana_zk_token_sdk::zk_token_proof_instruction::ProofInstruction>`
[INFO] [stdout]    --> /opt/rustwide/cargo-home/registry/src/index.crates.io-6f17d22bba15001f/solana-zk-token-sdk-1.17.14/src/zk_token_proof_instruction.rs:477:5
[INFO] [stdout]     |
[INFO] [stdout] 477 |     pub fn instruction_type(input: &[u8]) -> Option<Self> {
[INFO] [stdout]     |     ^^^^^^^^^^^^^^^^^^^^^^^^^^^^^^^^^^^^^^^^^^^^^^^^^^^^^
[INFO] [stdout] 
[INFO] [stdout] 
[INFO] [stdout] error[E0609]: no field `pubkey` on type `&solana_zk_token_sdk::instruction::WithdrawData`
[INFO] [stdout]    --> /opt/rustwide/cargo-home/registry/src/index.crates.io-6f17d22bba15001f/spl-token-2022-0.5.0/src/extension/confidential_transfer/processor.rs:466:70
[INFO] [stdout]     |
[INFO] [stdout] 466 |     if confidential_transfer_account.encryption_pubkey != proof_data.pubkey {
[INFO] [stdout]     |                                                                      ^^^^^^ unknown field
[INFO] [stdout]     |
[INFO] [stdout]     = note: available fields are: `context`, `proof`
[INFO] [stdout] help: one of the expressions' fields has a field of the same name
[INFO] [stdout]     |
[INFO] [stdout] 466 |     if confidential_transfer_account.encryption_pubkey != proof_data.context.pubkey {
[INFO] [stdout]     |                                                                      ++++++++
[INFO] [stdout] 
[INFO] [stdout] 
[INFO] [stdout] error[E0609]: no field `final_ciphertext` on type `&solana_zk_token_sdk::instruction::WithdrawData`
[INFO] [stdout]    --> /opt/rustwide/cargo-home/registry/src/index.crates.io-6f17d22bba15001f/spl-token-2022-0.5.0/src/extension/confidential_transfer/processor.rs:474:70
[INFO] [stdout]     |
[INFO] [stdout] 474 |     if confidential_transfer_account.available_balance != proof_data.final_ciphertext {
[INFO] [stdout]     |                                                                      ^^^^^^^^^^^^^^^^ unknown field
[INFO] [stdout]     |
[INFO] [stdout]     = note: available fields are: `context`, `proof`
[INFO] [stdout] help: one of the expressions' fields has a field of the same name
[INFO] [stdout]     |
[INFO] [stdout] 474 |     if confidential_transfer_account.available_balance != proof_data.context.final_ciphertext {
[INFO] [stdout]     |                                                                      ++++++++
[INFO] [stdout] 
[INFO] [stdout] 
[INFO] [stdout] error[E0609]: no field `transfer_with_fee_pubkeys` on type `&solana_zk_token_sdk::instruction::TransferWithFeeData`
[INFO] [stdout]    --> /opt/rustwide/cargo-home/registry/src/index.crates.io-6f17d22bba15001f/spl-token-2022-0.5.0/src/extension/confidential_transfer/processor.rs:525:23
[INFO] [stdout]     |
[INFO] [stdout] 525 |         if proof_data.transfer_with_fee_pubkeys.auditor_pubkey
[INFO] [stdout]     |                       ^^^^^^^^^^^^^^^^^^^^^^^^^ unknown field
[INFO] [stdout]     |
[INFO] [stdout]     = note: available fields are: `context`, `proof`
[INFO] [stdout] help: one of the expressions' fields has a field of the same name
[INFO] [stdout]     |
[INFO] [stdout] 525 |         if proof_data.context.transfer_with_fee_pubkeys.auditor_pubkey
[INFO] [stdout]     |                       ++++++++
[INFO] [stdout] 
[INFO] [stdout] 
[INFO] [stdout] error[E0609]: no field `transfer_with_fee_pubkeys` on type `&solana_zk_token_sdk::instruction::TransferWithFeeData`
[INFO] [stdout]    --> /opt/rustwide/cargo-home/registry/src/index.crates.io-6f17d22bba15001f/spl-token-2022-0.5.0/src/extension/confidential_transfer/processor.rs:533:14
[INFO] [stdout]     |
[INFO] [stdout] 533 |             .transfer_with_fee_pubkeys
[INFO] [stdout]     |              ^^^^^^^^^^^^^^^^^^^^^^^^^ unknown field
[INFO] [stdout]     |
[INFO] [stdout]     = note: available fields are: `context`, `proof`
[INFO] [stdout] help: one of the expressions' fields has a field of the same name
[INFO] [stdout]     |
[INFO] [stdout] 533 |             .context.transfer_with_fee_pubkeys
[INFO] [stdout]     |              ++++++++
[INFO] [stdout] 
[INFO] [stdout] 
[INFO] [stdout] error[E0609]: no field `fee_parameters` on type `&solana_zk_token_sdk::instruction::TransferWithFeeData`
[INFO] [stdout]    --> /opt/rustwide/cargo-home/registry/src/index.crates.io-6f17d22bba15001f/spl-token-2022-0.5.0/src/extension/confidential_transfer/processor.rs:563:33
[INFO] [stdout]     |
[INFO] [stdout] 563 |         if u64::from(proof_data.fee_parameters.maximum_fee) != maximum_fee
[INFO] [stdout]     |                                 ^^^^^^^^^^^^^^ unknown field
[INFO] [stdout]     |
[INFO] [stdout]     = note: available fields are: `context`, `proof`
[INFO] [stdout] help: one of the expressions' fields has a field of the same name
[INFO] [stdout]     |
[INFO] [stdout] 563 |         if u64::from(proof_data.context.fee_parameters.maximum_fee) != maximum_fee
[INFO] [stdout]     |                                 ++++++++
[INFO] [stdout] 
[INFO] [stdout] 
[INFO] [stdout] error[E0609]: no field `fee_parameters` on type `&solana_zk_token_sdk::instruction::TransferWithFeeData`
[INFO] [stdout]    --> /opt/rustwide/cargo-home/registry/src/index.crates.io-6f17d22bba15001f/spl-token-2022-0.5.0/src/extension/confidential_transfer/processor.rs:564:37
[INFO] [stdout]     |
[INFO] [stdout] 564 |             || u16::from(proof_data.fee_parameters.fee_rate_basis_points)
[INFO] [stdout]     |                                     ^^^^^^^^^^^^^^ unknown field
[INFO] [stdout]     |
[INFO] [stdout]     = note: available fields are: `context`, `proof`
[INFO] [stdout] help: one of the expressions' fields has a field of the same name
[INFO] [stdout]     |
[INFO] [stdout] 564 |             || u16::from(proof_data.context.fee_parameters.fee_rate_basis_points)
[INFO] [stdout]     |                                     ++++++++
[INFO] [stdout] 
[INFO] [stdout] 
[INFO] [stdout] error[E0609]: no field `ciphertext_lo` on type `&solana_zk_token_sdk::instruction::TransferWithFeeData`
[INFO] [stdout]    --> /opt/rustwide/cargo-home/registry/src/index.crates.io-6f17d22bba15001f/spl-token-2022-0.5.0/src/extension/confidential_transfer/processor.rs:571:24
[INFO] [stdout]     |
[INFO] [stdout] 571 |             proof_data.ciphertext_lo.commitment,
[INFO] [stdout]     |                        ^^^^^^^^^^^^^ unknown field
[INFO] [stdout]     |
[INFO] [stdout]     = note: available fields are: `context`, `proof`
[INFO] [stdout] help: one of the expressions' fields has a field of the same name
[INFO] [stdout]     |
[INFO] [stdout] 571 |             proof_data.context.ciphertext_lo.commitment,
[INFO] [stdout]     |                        ++++++++
[INFO] [stdout] 
[INFO] [stdout] 
[INFO] [stdout] error[E0609]: no field `ciphertext_lo` on type `&solana_zk_token_sdk::instruction::TransferWithFeeData`
[INFO] [stdout]    --> /opt/rustwide/cargo-home/registry/src/index.crates.io-6f17d22bba15001f/spl-token-2022-0.5.0/src/extension/confidential_transfer/processor.rs:572:24
[INFO] [stdout]     |
[INFO] [stdout] 572 |             proof_data.ciphertext_lo.source_handle,
[INFO] [stdout]     |                        ^^^^^^^^^^^^^ unknown field
[INFO] [stdout]     |
[INFO] [stdout]     = note: available fields are: `context`, `proof`
[INFO] [stdout] help: one of the expressions' fields has a field of the same name
[INFO] [stdout]     |
[INFO] [stdout] 572 |             proof_data.context.ciphertext_lo.source_handle,
[INFO] [stdout]     |                        ++++++++
[INFO] [stdout] 
[INFO] [stdout] 
[INFO] [stdout] error[E0609]: no field `ciphertext_hi` on type `&solana_zk_token_sdk::instruction::TransferWithFeeData`
[INFO] [stdout]    --> /opt/rustwide/cargo-home/registry/src/index.crates.io-6f17d22bba15001f/spl-token-2022-0.5.0/src/extension/confidential_transfer/processor.rs:575:24
[INFO] [stdout]     |
[INFO] [stdout] 575 |             proof_data.ciphertext_hi.commitment,
[INFO] [stdout]     |                        ^^^^^^^^^^^^^ unknown field
[INFO] [stdout]     |
[INFO] [stdout]     = note: available fields are: `context`, `proof`
[INFO] [stdout] help: one of the expressions' fields has a field of the same name
[INFO] [stdout]     |
[INFO] [stdout] 575 |             proof_data.context.ciphertext_hi.commitment,
[INFO] [stdout]     |                        ++++++++
[INFO] [stdout] 
[INFO] [stdout] 
[INFO] [stdout] error[E0609]: no field `ciphertext_hi` on type `&solana_zk_token_sdk::instruction::TransferWithFeeData`
[INFO] [stdout]    --> /opt/rustwide/cargo-home/registry/src/index.crates.io-6f17d22bba15001f/spl-token-2022-0.5.0/src/extension/confidential_transfer/processor.rs:576:24
[INFO] [stdout]     |
[INFO] [stdout] 576 |             proof_data.ciphertext_hi.source_handle,
[INFO] [stdout]     |                        ^^^^^^^^^^^^^ unknown field
[INFO] [stdout]     |
[INFO] [stdout]     = note: available fields are: `context`, `proof`
[INFO] [stdout] help: one of the expressions' fields has a field of the same name
[INFO] [stdout]     |
[INFO] [stdout] 576 |             proof_data.context.ciphertext_hi.source_handle,
[INFO] [stdout]     |                        ++++++++
[INFO] [stdout] 
[INFO] [stdout] 
[INFO] [stdout] error[E0609]: no field `transfer_with_fee_pubkeys` on type `&solana_zk_token_sdk::instruction::TransferWithFeeData`
[INFO] [stdout]    --> /opt/rustwide/cargo-home/registry/src/index.crates.io-6f17d22bba15001f/spl-token-2022-0.5.0/src/extension/confidential_transfer/processor.rs:585:25
[INFO] [stdout]     |
[INFO] [stdout] 585 |             &proof_data.transfer_with_fee_pubkeys.source_pubkey,
[INFO] [stdout]     |                         ^^^^^^^^^^^^^^^^^^^^^^^^^ unknown field
[INFO] [stdout]     |
[INFO] [stdout]     = note: available fields are: `context`, `proof`
[INFO] [stdout] help: one of the expressions' fields has a field of the same name
[INFO] [stdout]     |
[INFO] [stdout] 585 |             &proof_data.context.transfer_with_fee_pubkeys.source_pubkey,
[INFO] [stdout]     |                         ++++++++
[INFO] [stdout] 
[INFO] [stdout] 
[INFO] [stdout] error[E0609]: no field `ciphertext_lo` on type `&solana_zk_token_sdk::instruction::TransferWithFeeData`
[INFO] [stdout]    --> /opt/rustwide/cargo-home/registry/src/index.crates.io-6f17d22bba15001f/spl-token-2022-0.5.0/src/extension/confidential_transfer/processor.rs:592:24
[INFO] [stdout]     |
[INFO] [stdout] 592 |             proof_data.ciphertext_lo.commitment,
[INFO] [stdout]     |                        ^^^^^^^^^^^^^ unknown field
[INFO] [stdout]     |
[INFO] [stdout]     = note: available fields are: `context`, `proof`
[INFO] [stdout] help: one of the expressions' fields has a field of the same name
[INFO] [stdout]     |
[INFO] [stdout] 592 |             proof_data.context.ciphertext_lo.commitment,
[INFO] [stdout]     |                        ++++++++
[INFO] [stdout] 
[INFO] [stdout] 
[INFO] [stdout] error[E0609]: no field `ciphertext_lo` on type `&solana_zk_token_sdk::instruction::TransferWithFeeData`
[INFO] [stdout]    --> /opt/rustwide/cargo-home/registry/src/index.crates.io-6f17d22bba15001f/spl-token-2022-0.5.0/src/extension/confidential_transfer/processor.rs:593:24
[INFO] [stdout]     |
[INFO] [stdout] 593 |             proof_data.ciphertext_lo.destination_handle,
[INFO] [stdout]     |                        ^^^^^^^^^^^^^ unknown field
[INFO] [stdout]     |
[INFO] [stdout]     = note: available fields are: `context`, `proof`
[INFO] [stdout] help: one of the expressions' fields has a field of the same name
[INFO] [stdout]     |
[INFO] [stdout] 593 |             proof_data.context.ciphertext_lo.destination_handle,
[INFO] [stdout]     |                        ++++++++
[INFO] [stdout] 
[INFO] [stdout] 
[INFO] [stdout] error[E0609]: no field `ciphertext_hi` on type `&solana_zk_token_sdk::instruction::TransferWithFeeData`
[INFO] [stdout]    --> /opt/rustwide/cargo-home/registry/src/index.crates.io-6f17d22bba15001f/spl-token-2022-0.5.0/src/extension/confidential_transfer/processor.rs:596:24
[INFO] [stdout]     |
[INFO] [stdout] 596 |             proof_data.ciphertext_hi.commitment,
[INFO] [stdout]     |                        ^^^^^^^^^^^^^ unknown field
[INFO] [stdout]     |
[INFO] [stdout]     = note: available fields are: `context`, `proof`
[INFO] [stdout] help: one of the expressions' fields has a field of the same name
[INFO] [stdout]     |
[INFO] [stdout] 596 |             proof_data.context.ciphertext_hi.commitment,
[INFO] [stdout]     |                        ++++++++
[INFO] [stdout] 
[INFO] [stdout] 
[INFO] [stdout] error[E0609]: no field `ciphertext_hi` on type `&solana_zk_token_sdk::instruction::TransferWithFeeData`
[INFO] [stdout]    --> /opt/rustwide/cargo-home/registry/src/index.crates.io-6f17d22bba15001f/spl-token-2022-0.5.0/src/extension/confidential_transfer/processor.rs:597:24
[INFO] [stdout]     |
[INFO] [stdout] 597 |             proof_data.ciphertext_hi.destination_handle,
[INFO] [stdout]     |                        ^^^^^^^^^^^^^ unknown field
[INFO] [stdout]     |
[INFO] [stdout]     = note: available fields are: `context`, `proof`
[INFO] [stdout] help: one of the expressions' fields has a field of the same name
[INFO] [stdout]     |
[INFO] [stdout] 597 |             proof_data.context.ciphertext_hi.destination_handle,
[INFO] [stdout]     |                        ++++++++
[INFO] [stdout] 
[INFO] [stdout] 
[INFO] [stdout] error[E0609]: no field `transfer_with_fee_pubkeys` on type `&solana_zk_token_sdk::instruction::TransferWithFeeData`
[INFO] [stdout]    --> /opt/rustwide/cargo-home/registry/src/index.crates.io-6f17d22bba15001f/spl-token-2022-0.5.0/src/extension/confidential_transfer/processor.rs:610:25
[INFO] [stdout]     |
[INFO] [stdout] 610 |             &proof_data.transfer_with_fee_pubkeys.destination_pubkey,
[INFO] [stdout]     |                         ^^^^^^^^^^^^^^^^^^^^^^^^^ unknown field
[INFO] [stdout]     |
[INFO] [stdout]     = note: available fields are: `context`, `proof`
[INFO] [stdout] help: one of the expressions' fields has a field of the same name
[INFO] [stdout]     |
[INFO] [stdout] 610 |             &proof_data.context.transfer_with_fee_pubkeys.destination_pubkey,
[INFO] [stdout]     |                         ++++++++
[INFO] [stdout] 
[INFO] [stdout] 
[INFO] [stdout] error[E0609]: no field `transfer_pubkeys` on type `&solana_zk_token_sdk::instruction::TransferData`
[INFO] [stdout]    --> /opt/rustwide/cargo-home/registry/src/index.crates.io-6f17d22bba15001f/spl-token-2022-0.5.0/src/extension/confidential_transfer/processor.rs:622:23
[INFO] [stdout]     |
[INFO] [stdout] 622 |         if proof_data.transfer_pubkeys.auditor_pubkey
[INFO] [stdout]     |                       ^^^^^^^^^^^^^^^^ unknown field
[INFO] [stdout]     |
[INFO] [stdout]     = note: available fields are: `context`, `proof`
[INFO] [stdout] help: one of the expressions' fields has a field of the same name
[INFO] [stdout]     |
[INFO] [stdout] 622 |         if proof_data.context.transfer_pubkeys.auditor_pubkey
[INFO] [stdout]     |                       ++++++++
[INFO] [stdout] 
[INFO] [stdout] 
[INFO] [stdout] error[E0609]: no field `ciphertext_lo` on type `&solana_zk_token_sdk::instruction::TransferData`
[INFO] [stdout]    --> /opt/rustwide/cargo-home/registry/src/index.crates.io-6f17d22bba15001f/spl-token-2022-0.5.0/src/extension/confidential_transfer/processor.rs:629:24
[INFO] [stdout]     |
[INFO] [stdout] 629 |             proof_data.ciphertext_lo.commitment,
[INFO] [stdout]     |                        ^^^^^^^^^^^^^ unknown field
[INFO] [stdout]     |
[INFO] [stdout]     = note: available fields are: `context`, `proof`
[INFO] [stdout] help: one of the expressions' fields has a field of the same name
[INFO] [stdout]     |
[INFO] [stdout] 629 |             proof_data.context.ciphertext_lo.commitment,
[INFO] [stdout]     |                        ++++++++
[INFO] [stdout] 
[INFO] [stdout] 
[INFO] [stdout] error[E0609]: no field `ciphertext_lo` on type `&solana_zk_token_sdk::instruction::TransferData`
[INFO] [stdout]    --> /opt/rustwide/cargo-home/registry/src/index.crates.io-6f17d22bba15001f/spl-token-2022-0.5.0/src/extension/confidential_transfer/processor.rs:630:24
[INFO] [stdout]     |
[INFO] [stdout] 630 |             proof_data.ciphertext_lo.source_handle,
[INFO] [stdout]     |                        ^^^^^^^^^^^^^ unknown field
[INFO] [stdout]     |
[INFO] [stdout]     = note: available fields are: `context`, `proof`
[INFO] [stdout] help: one of the expressions' fields has a field of the same name
[INFO] [stdout]     |
[INFO] [stdout] 630 |             proof_data.context.ciphertext_lo.source_handle,
[INFO] [stdout]     |                        ++++++++
[INFO] [stdout] 
[INFO] [stdout] 
[INFO] [stdout] error[E0609]: no field `ciphertext_hi` on type `&solana_zk_token_sdk::instruction::TransferData`
[INFO] [stdout]    --> /opt/rustwide/cargo-home/registry/src/index.crates.io-6f17d22bba15001f/spl-token-2022-0.5.0/src/extension/confidential_transfer/processor.rs:633:24
[INFO] [stdout]     |
[INFO] [stdout] 633 |             proof_data.ciphertext_hi.commitment,
[INFO] [stdout]     |                        ^^^^^^^^^^^^^ unknown field
[INFO] [stdout]     |
[INFO] [stdout]     = note: available fields are: `context`, `proof`
[INFO] [stdout] help: one of the expressions' fields has a field of the same name
[INFO] [stdout]     |
[INFO] [stdout] 633 |             proof_data.context.ciphertext_hi.commitment,
[INFO] [stdout]     |                        ++++++++
[INFO] [stdout] 
[INFO] [stdout] 
[INFO] [stdout] error[E0609]: no field `ciphertext_hi` on type `&solana_zk_token_sdk::instruction::TransferData`
[INFO] [stdout]    --> /opt/rustwide/cargo-home/registry/src/index.crates.io-6f17d22bba15001f/spl-token-2022-0.5.0/src/extension/confidential_transfer/processor.rs:634:24
[INFO] [stdout]     |
[INFO] [stdout] 634 |             proof_data.ciphertext_hi.source_handle,
[INFO] [stdout]     |                        ^^^^^^^^^^^^^ unknown field
[INFO] [stdout]     |
[INFO] [stdout]     = note: available fields are: `context`, `proof`
[INFO] [stdout] help: one of the expressions' fields has a field of the same name
[INFO] [stdout]     |
[INFO] [stdout] 634 |             proof_data.context.ciphertext_hi.source_handle,
[INFO] [stdout]     |                        ++++++++
[INFO] [stdout] 
[INFO] [stdout] 
[INFO] [stdout] error[E0609]: no field `transfer_pubkeys` on type `&solana_zk_token_sdk::instruction::TransferData`
[INFO] [stdout]    --> /opt/rustwide/cargo-home/registry/src/index.crates.io-6f17d22bba15001f/spl-token-2022-0.5.0/src/extension/confidential_transfer/processor.rs:643:25
[INFO] [stdout]     |
[INFO] [stdout] 643 |             &proof_data.transfer_pubkeys.source_pubkey,
[INFO] [stdout]     |                         ^^^^^^^^^^^^^^^^ unknown field
[INFO] [stdout]     |
[INFO] [stdout]     = note: available fields are: `context`, `proof`
[INFO] [stdout] help: one of the expressions' fields has a field of the same name
[INFO] [stdout]     |
[INFO] [stdout] 643 |             &proof_data.context.transfer_pubkeys.source_pubkey,
[INFO] [stdout]     |                         ++++++++
[INFO] [stdout] 
[INFO] [stdout] 
[INFO] [stdout] error[E0609]: no field `ciphertext_lo` on type `&solana_zk_token_sdk::instruction::TransferData`
[INFO] [stdout]    --> /opt/rustwide/cargo-home/registry/src/index.crates.io-6f17d22bba15001f/spl-token-2022-0.5.0/src/extension/confidential_transfer/processor.rs:650:24
[INFO] [stdout]     |
[INFO] [stdout] 650 |             proof_data.ciphertext_lo.commitment,
[INFO] [stdout]     |                        ^^^^^^^^^^^^^ unknown field
[INFO] [stdout]     |
[INFO] [stdout]     = note: available fields are: `context`, `proof`
[INFO] [stdout] help: one of the expressions' fields has a field of the same name
[INFO] [stdout]     |
[INFO] [stdout] 650 |             proof_data.context.ciphertext_lo.commitment,
[INFO] [stdout]     |                        ++++++++
[INFO] [stdout] 
[INFO] [stdout] 
[INFO] [stdout] error[E0609]: no field `ciphertext_lo` on type `&solana_zk_token_sdk::instruction::TransferData`
[INFO] [stdout]    --> /opt/rustwide/cargo-home/registry/src/index.crates.io-6f17d22bba15001f/spl-token-2022-0.5.0/src/extension/confidential_transfer/processor.rs:651:24
[INFO] [stdout]     |
[INFO] [stdout] 651 |             proof_data.ciphertext_lo.destination_handle,
[INFO] [stdout]     |                        ^^^^^^^^^^^^^ unknown field
[INFO] [stdout]     |
[INFO] [stdout]     = note: available fields are: `context`, `proof`
[INFO] [stdout] help: one of the expressions' fields has a field of the same name
[INFO] [stdout]     |
[INFO] [stdout] 651 |             proof_data.context.ciphertext_lo.destination_handle,
[INFO] [stdout]     |                        ++++++++
[INFO] [stdout] 
[INFO] [stdout] 
[INFO] [stdout] error[E0609]: no field `ciphertext_hi` on type `&solana_zk_token_sdk::instruction::TransferData`
[INFO] [stdout]    --> /opt/rustwide/cargo-home/registry/src/index.crates.io-6f17d22bba15001f/spl-token-2022-0.5.0/src/extension/confidential_transfer/processor.rs:654:24
[INFO] [stdout]     |
[INFO] [stdout] 654 |             proof_data.ciphertext_hi.commitment,
[INFO] [stdout]     |                        ^^^^^^^^^^^^^ unknown field
[INFO] [stdout]     |
[INFO] [stdout]     = note: available fields are: `context`, `proof`
[INFO] [stdout] help: one of the expressions' fields has a field of the same name
[INFO] [stdout]     |
[INFO] [stdout] 654 |             proof_data.context.ciphertext_hi.commitment,
[INFO] [stdout]     |                        ++++++++
[INFO] [stdout] 
[INFO] [stdout] 
[INFO] [stdout] error[E0609]: no field `ciphertext_hi` on type `&solana_zk_token_sdk::instruction::TransferData`
[INFO] [stdout]    --> /opt/rustwide/cargo-home/registry/src/index.crates.io-6f17d22bba15001f/spl-token-2022-0.5.0/src/extension/confidential_transfer/processor.rs:655:24
[INFO] [stdout]     |
[INFO] [stdout] 655 |             proof_data.ciphertext_hi.destination_handle,
[INFO] [stdout]     |                        ^^^^^^^^^^^^^ unknown field
[INFO] [stdout]     |
[INFO] [stdout]     = note: available fields are: `context`, `proof`
[INFO] [stdout] help: one of the expressions' fields has a field of the same name
[INFO] [stdout]     |
[INFO] [stdout] 655 |             proof_data.context.ciphertext_hi.destination_handle,
[INFO] [stdout]     |                        ++++++++
[INFO] [stdout] 
[INFO] [stdout] 
[INFO] [stdout] error[E0609]: no field `transfer_pubkeys` on type `&solana_zk_token_sdk::instruction::TransferData`
[INFO] [stdout]    --> /opt/rustwide/cargo-home/registry/src/index.crates.io-6f17d22bba15001f/spl-token-2022-0.5.0/src/extension/confidential_transfer/processor.rs:661:25
[INFO] [stdout]     |
[INFO] [stdout] 661 |             &proof_data.transfer_pubkeys.destination_pubkey,
[INFO] [stdout]     |                         ^^^^^^^^^^^^^^^^ unknown field
[INFO] [stdout]     |
[INFO] [stdout]     = note: available fields are: `context`, `proof`
[INFO] [stdout] help: one of the expressions' fields has a field of the same name
[INFO] [stdout]     |
[INFO] [stdout] 661 |             &proof_data.context.transfer_pubkeys.destination_pubkey,
[INFO] [stdout]     |                         ++++++++
[INFO] [stdout] 
[INFO] [stdout] 
[INFO] [stdout] error[E0609]: no field `commitment` on type `solana_zk_token_sdk::zk_token_elgamal::pod::FeeEncryption`
[INFO] [stdout]    --> /opt/rustwide/cargo-home/registry/src/index.crates.io-6f17d22bba15001f/spl-token-2022-0.5.0/src/extension/confidential_transfer/processor.rs:791:29
[INFO] [stdout]     |
[INFO] [stdout] 791 |             (ciphertext_fee.commitment, ciphertext_fee.destination_handle).into();
[INFO] [stdout]     |                             ^^^^^^^^^^ unknown field
[INFO] [stdout]     |
[INFO] [stdout]     = note: available fields are: `0`
[INFO] [stdout] 
[INFO] [stdout] 
[INFO] [stdout] error[E0609]: no field `destination_handle` on type `solana_zk_token_sdk::zk_token_elgamal::pod::FeeEncryption`
[INFO] [stdout]    --> /opt/rustwide/cargo-home/registry/src/index.crates.io-6f17d22bba15001f/spl-token-2022-0.5.0/src/extension/confidential_transfer/processor.rs:791:56
[INFO] [stdout]     |
[INFO] [stdout] 791 |             (ciphertext_fee.commitment, ciphertext_fee.destination_handle).into();
[INFO] [stdout]     |                                                        ^^^^^^^^^^^^^^^^^^ unknown field
[INFO] [stdout]     |
[INFO] [stdout]     = note: available fields are: `0`
[INFO] [stdout] 
[INFO] [stdout] 
[INFO] [stdout] error[E0609]: no field `commitment` on type `solana_zk_token_sdk::zk_token_elgamal::pod::FeeEncryption`
[INFO] [stdout]    --> /opt/rustwide/cargo-home/registry/src/index.crates.io-6f17d22bba15001f/spl-token-2022-0.5.0/src/extension/confidential_transfer/processor.rs:793:28
[INFO] [stdout]     |
[INFO] [stdout] 793 |             ciphertext_fee.commitment,
[INFO] [stdout]     |                            ^^^^^^^^^^ unknown field
[INFO] [stdout]     |
[INFO] [stdout]     = note: available fields are: `0`
[INFO] [stdout] 
[INFO] [stdout] 
[INFO] [stdout] error[E0609]: no field `withdraw_withheld_authority_handle` on type `solana_zk_token_sdk::zk_token_elgamal::pod::FeeEncryption`
[INFO] [stdout]    --> /opt/rustwide/cargo-home/registry/src/index.crates.io-6f17d22bba15001f/spl-token-2022-0.5.0/src/extension/confidential_transfer/processor.rs:794:28
[INFO] [stdout]     |
[INFO] [stdout] 794 |             ciphertext_fee.withdraw_withheld_authority_handle,
[INFO] [stdout]     |                            ^^^^^^^^^^^^^^^^^^^^^^^^^^^^^^^^^^ unknown field
[INFO] [stdout]     |
[INFO] [stdout]     = note: available fields are: `0`
[INFO] [stdout] 
[INFO] [stdout] 
[INFO] [stdout] error[E0599]: no variant or associated item named `VerifyWithdrawWithheldTokens` found for enum `solana_zk_token_sdk::zk_token_proof_instruction::ProofInstruction` in the current scope
[INFO] [stdout]    --> /opt/rustwide/cargo-home/registry/src/index.crates.io-6f17d22bba15001f/spl-token-2022-0.5.0/src/extension/confidential_transfer/processor.rs:986:27
[INFO] [stdout]     |
[INFO] [stdout] 986 |         ProofInstruction::VerifyWithdrawWithheldTokens,
[INFO] [stdout]     |                           ^^^^^^^^^^^^^^^^^^^^^^^^^^^^ variant or associated item not found in `ProofInstruction`
[INFO] [stdout]     |
[INFO] [stdout] note: if you're trying to build a new `solana_zk_token_sdk::zk_token_proof_instruction::ProofInstruction`, consider using `solana_zk_token_sdk::zk_token_proof_instruction::ProofInstruction::instruction_type` which returns `Option<solana_zk_token_sdk::zk_token_proof_instruction::ProofInstruction>`
[INFO] [stdout]    --> /opt/rustwide/cargo-home/registry/src/index.crates.io-6f17d22bba15001f/solana-zk-token-sdk-1.17.14/src/zk_token_proof_instruction.rs:477:5
[INFO] [stdout]     |
[INFO] [stdout] 477 |     pub fn instruction_type(input: &[u8]) -> Option<Self> {
[INFO] [stdout]     |     ^^^^^^^^^^^^^^^^^^^^^^^^^^^^^^^^^^^^^^^^^^^^^^^^^^^^^
[INFO] [stdout] 
[INFO] [stdout] 
[INFO] [stdout] error[E0599]: no variant or associated item named `VerifyWithdrawWithheldTokens` found for enum `solana_zk_token_sdk::zk_token_proof_instruction::ProofInstruction` in the current scope
[INFO] [stdout]     --> /opt/rustwide/cargo-home/registry/src/index.crates.io-6f17d22bba15001f/spl-token-2022-0.5.0/src/extension/confidential_transfer/processor.rs:1117:27
[INFO] [stdout]      |
[INFO] [stdout] 1117 |         ProofInstruction::VerifyWithdrawWithheldTokens,
[INFO] [stdout]      |                           ^^^^^^^^^^^^^^^^^^^^^^^^^^^^ variant or associated item not found in `ProofInstruction`
[INFO] [stdout]      |
[INFO] [stdout] note: if you're trying to build a new `solana_zk_token_sdk::zk_token_proof_instruction::ProofInstruction`, consider using `solana_zk_token_sdk::zk_token_proof_instruction::ProofInstruction::instruction_type` which returns `Option<solana_zk_token_sdk::zk_token_proof_instruction::ProofInstruction>`
[INFO] [stdout]     --> /opt/rustwide/cargo-home/registry/src/index.crates.io-6f17d22bba15001f/solana-zk-token-sdk-1.17.14/src/zk_token_proof_instruction.rs:477:5
[INFO] [stdout]      |
[INFO] [stdout] 477  |     pub fn instruction_type(input: &[u8]) -> Option<Self> {
[INFO] [stdout]      |     ^^^^^^^^^^^^^^^^^^^^^^^^^^^^^^^^^^^^^^^^^^^^^^^^^^^^^
[INFO] [stdout] 
[INFO] [stdout] 
[INFO] [stdout] error: aborting due to 50 previous errors
[INFO] [stdout] 
[INFO] [stdout] 
[INFO] [stdout] Some errors have detailed explanations: E0061, E0412, E0425, E0599, E0609.
[INFO] [stdout] 
[INFO] [stdout] For more information about an error, try `rustc --explain E0061`.
[INFO] [stdout] 
[INFO] [stderr] error: could not compile `spl-token-2022` (lib) due to 51 previous errors
[INFO] running `Command { std: "docker" "inspect" "121ee4b622ebfe90177ccfd3346e06ccc474e25fddfee5d5b8e9937307519108", kill_on_drop: false }`
[INFO] running `Command { std: "docker" "rm" "-f" "121ee4b622ebfe90177ccfd3346e06ccc474e25fddfee5d5b8e9937307519108", kill_on_drop: false }`
[INFO] [stdout] 121ee4b622ebfe90177ccfd3346e06ccc474e25fddfee5d5b8e9937307519108
