[INFO] fetching crate waffles-solana-storage-proto 1.16.0-alpha.10...
[INFO] documenting waffles-solana-storage-proto-1.16.0-alpha.10 against 1.75.0 for beta-1.76-rustdoc-1
[INFO] extracting crate waffles-solana-storage-proto 1.16.0-alpha.10 into /workspace/builds/worker-3-tc1/source
[INFO] validating manifest of crates.io crate waffles-solana-storage-proto 1.16.0-alpha.10 on toolchain 1.75.0
[INFO] running `Command { std: CARGO_HOME="/workspace/cargo-home" RUSTUP_HOME="/workspace/rustup-home" "/workspace/cargo-home/bin/cargo" "+1.75.0" "metadata" "--manifest-path" "Cargo.toml" "--no-deps", kill_on_drop: false }`
[INFO] started tweaking crates.io crate waffles-solana-storage-proto 1.16.0-alpha.10
[INFO] finished tweaking crates.io crate waffles-solana-storage-proto 1.16.0-alpha.10
[INFO] tweaked toml for crates.io crate waffles-solana-storage-proto 1.16.0-alpha.10 written to /workspace/builds/worker-3-tc1/source/Cargo.toml
[INFO] running `Command { std: CARGO_HOME="/workspace/cargo-home" RUSTUP_HOME="/workspace/rustup-home" "/workspace/cargo-home/bin/cargo" "+1.75.0" "generate-lockfile" "--manifest-path" "Cargo.toml", kill_on_drop: false }`
[INFO] [stderr]     Updating crates.io index
[INFO] running `Command { std: CARGO_HOME="/workspace/cargo-home" RUSTUP_HOME="/workspace/rustup-home" "/workspace/cargo-home/bin/cargo" "+1.75.0" "fetch" "--manifest-path" "Cargo.toml", kill_on_drop: false }`
[INFO] running `Command { std: "docker" "create" "-v" "/var/lib/crater-agent-workspace/builds/worker-3-tc1/target:/opt/rustwide/target:rw,Z" "-v" "/var/lib/crater-agent-workspace/builds/worker-3-tc1/source:/opt/rustwide/workdir:ro,Z" "-v" "/var/lib/crater-agent-workspace/cargo-home:/opt/rustwide/cargo-home:ro,Z" "-v" "/var/lib/crater-agent-workspace/rustup-home:/opt/rustwide/rustup-home:ro,Z" "-e" "SOURCE_DIR=/opt/rustwide/workdir" "-e" "CARGO_TARGET_DIR=/opt/rustwide/target" "-e" "CARGO_HOME=/opt/rustwide/cargo-home" "-e" "RUSTUP_HOME=/opt/rustwide/rustup-home" "-w" "/opt/rustwide/workdir" "-m" "1610612736" "--user" "0:0" "--network" "none" "ghcr.io/rust-lang/crates-build-env/linux@sha256:2788e3201cd34a07e3172128adcd8b3090168a8e3bcc40d7c032b9dda1df7d1c" "/opt/rustwide/cargo-home/bin/cargo" "+1.75.0" "metadata" "--no-deps" "--format-version=1", kill_on_drop: false }`
[INFO] [stdout] 2e0d0e544488a052cb31ff0df215fab6a76d6c8c94809baa708c13f3b520e872
[INFO] running `Command { std: "docker" "start" "-a" "2e0d0e544488a052cb31ff0df215fab6a76d6c8c94809baa708c13f3b520e872", kill_on_drop: false }`
[INFO] running `Command { std: "docker" "inspect" "2e0d0e544488a052cb31ff0df215fab6a76d6c8c94809baa708c13f3b520e872", kill_on_drop: false }`
[INFO] running `Command { std: "docker" "rm" "-f" "2e0d0e544488a052cb31ff0df215fab6a76d6c8c94809baa708c13f3b520e872", kill_on_drop: false }`
[INFO] [stdout] 2e0d0e544488a052cb31ff0df215fab6a76d6c8c94809baa708c13f3b520e872
[INFO] running `Command { std: "docker" "create" "-v" "/var/lib/crater-agent-workspace/builds/worker-3-tc1/target:/opt/rustwide/target:rw,Z" "-v" "/var/lib/crater-agent-workspace/builds/worker-3-tc1/source:/opt/rustwide/workdir:ro,Z" "-v" "/var/lib/crater-agent-workspace/cargo-home:/opt/rustwide/cargo-home:ro,Z" "-v" "/var/lib/crater-agent-workspace/rustup-home:/opt/rustwide/rustup-home:ro,Z" "-e" "SOURCE_DIR=/opt/rustwide/workdir" "-e" "CARGO_TARGET_DIR=/opt/rustwide/target" "-e" "CARGO_INCREMENTAL=0" "-e" "RUST_BACKTRACE=full" "-e" "RUSTFLAGS=--cap-lints=warn" "-e" "RUSTDOCFLAGS=--cap-lints=warn" "-e" "CARGO_HOME=/opt/rustwide/cargo-home" "-e" "RUSTUP_HOME=/opt/rustwide/rustup-home" "-w" "/opt/rustwide/workdir" "-m" "1610612736" "--user" "0:0" "--network" "none" "ghcr.io/rust-lang/crates-build-env/linux@sha256:2788e3201cd34a07e3172128adcd8b3090168a8e3bcc40d7c032b9dda1df7d1c" "/opt/rustwide/cargo-home/bin/cargo" "+1.75.0" "doc" "--frozen" "--no-deps" "--document-private-items" "--message-format=json", kill_on_drop: false }`
[INFO] [stdout] d53674589d15dff36ed4ee8df1ed1ebcbdc24a2dcb44e3f05b671f093b824d18
[INFO] running `Command { std: "docker" "start" "-a" "d53674589d15dff36ed4ee8df1ed1ebcbdc24a2dcb44e3f05b671f093b824d18", kill_on_drop: false }`
[INFO] [stderr]    Compiling proc-macro2 v1.0.76
[INFO] [stderr]    Compiling version_check v0.9.4
[INFO] [stderr]    Compiling typenum v1.17.0
[INFO] [stderr]    Compiling serde v1.0.195
[INFO] [stderr]    Compiling syn v1.0.109
[INFO] [stderr]    Compiling semver v1.0.21
[INFO] [stderr]     Checking subtle v2.4.1
[INFO] [stderr]     Checking ppv-lite86 v0.2.17
[INFO] [stderr]     Checking either v1.9.0
[INFO] [stderr]    Compiling num-traits v0.2.17
[INFO] [stderr]    Compiling thiserror v1.0.56
[INFO] [stderr]    Compiling num-integer v0.1.45
[INFO] [stderr]    Compiling libc v0.2.151
[INFO] [stderr]     Checking getrandom v0.2.11
[INFO] [stderr]    Compiling num-bigint v0.4.4
[INFO] [stderr]    Compiling anyhow v1.0.79
[INFO] [stderr]     Checking rand_core v0.6.4
[INFO] [stderr]     Checking memchr v2.7.1
[INFO] [stderr]     Checking cpufeatures v0.2.12
[INFO] [stderr]     Checking log v0.4.20
[INFO] [stderr]    Compiling generic-array v0.14.7
[INFO] [stderr]    Compiling getrandom v0.1.16
[INFO] [stderr]    Compiling crunchy v0.2.2
[INFO] [stderr]    Compiling crossbeam-utils v0.8.18
[INFO] [stderr]    Compiling paste v1.0.14
[INFO] [stderr]     Checking rand_chacha v0.3.1
[INFO] [stderr]    Compiling rustc_version v0.4.0
[INFO] [stderr]    Compiling equivalent v1.0.1
[INFO] [stderr]    Compiling quote v1.0.35
[INFO] [stderr]     Checking opaque-debug v0.3.0
[INFO] [stderr]    Compiling hashbrown v0.14.3
[INFO] [stderr]     Checking rand v0.8.5
[INFO] [stderr]     Checking byteorder v1.5.0
[INFO] [stderr]     Checking block-padding v0.2.1
[INFO] [stderr]    Compiling jobserver v0.1.27
[INFO] [stderr]     Checking rand_core v0.5.1
[INFO] [stderr]    Compiling syn v2.0.48
[INFO] [stderr]    Compiling ahash v0.7.7
[INFO] [stderr]     Checking tinyvec_macros v0.1.1
[INFO] [stderr]    Compiling wasm-bindgen-shared v0.2.89
[INFO] [stderr]     Checking lazy_static v1.4.0
[INFO] [stderr]    Compiling rayon-core v1.12.0
[INFO] [stderr]     Checking tinyvec v1.6.0
[INFO] [stderr]    Compiling cc v1.0.83
[INFO] [stderr]    Compiling indexmap v2.1.0
[INFO] [stderr]     Checking crossbeam-epoch v0.9.17
[INFO] [stderr]     Checking rand_chacha v0.2.2
[INFO] [stderr]     Checking itertools v0.10.5
[INFO] [stderr]    Compiling feature-probe v0.1.1
[INFO] [stderr]     Checking rand v0.7.3
[INFO] [stderr]     Checking bitmaps v2.1.0
[INFO] [stderr]    Compiling bv v0.11.1
[INFO] [stderr]    Compiling im v15.1.0
[INFO] [stderr]     Checking crossbeam-deque v0.8.4
[INFO] [stderr]     Checking arrayref v0.3.7
[INFO] [stderr]    Compiling rustversion v1.0.14
[INFO] [stderr]    Compiling bumpalo v3.14.0
[INFO] [stderr]    Compiling digest v0.9.0
[INFO] [stderr]    Compiling libsecp256k1-core v0.2.2
[INFO] [stderr]     Checking unicode-normalization v0.1.22
[INFO] [stderr]     Checking rand_xoshiro v0.6.0
[INFO] [stderr]     Checking arrayvec v0.7.4
[INFO] [stderr]    Compiling toml_datetime v0.6.5
[INFO] [stderr]     Checking fnv v1.0.7
[INFO] [stderr]     Checking keccak v0.1.4
[INFO] [stderr]    Compiling winnow v0.5.33
[INFO] [stderr]     Checking rayon v1.8.0
[INFO] [stderr]     Checking constant_time_eq v0.3.0
[INFO] [stderr]     Checking sized-chunks v0.6.5
[INFO] [stderr]     Checking aho-corasick v1.1.2
[INFO] [stderr]    Compiling blake3 v1.5.0
[INFO] [stderr]    Compiling ahash v0.8.7
[INFO] [stderr]     Checking memmap2 v0.5.10
[INFO] [stderr]    Compiling wasm-bindgen v0.2.89
[INFO] [stderr]     Checking regex-syntax v0.8.2
[INFO] [stderr]     Checking bs58 v0.4.0
[INFO] [stderr]    Compiling libsecp256k1-gen-genmult v0.2.1
[INFO] [stderr]    Compiling libsecp256k1-gen-ecmult v0.2.1
[INFO] [stderr]     Checking hashbrown v0.11.2
[INFO] [stderr]    Compiling ident_case v1.0.1
[INFO] [stderr]    Compiling strsim v0.10.0
[INFO] [stderr]     Checking bytes v1.5.0
[INFO] [stderr]     Checking base64 v0.12.3
[INFO] [stderr]     Checking percent-encoding v2.3.1
[INFO] [stderr]     Checking zerocopy v0.7.32
[INFO] [stderr]     Checking rustc-hash v1.1.0
[INFO] [stderr]    Compiling ring v0.17.7
[INFO] [stderr]    Compiling libsecp256k1 v0.6.0
[INFO] [stderr]     Checking ark-std v0.4.0
[INFO] [stderr]     Checking atty v0.2.14
[INFO] [stderr]     Checking termcolor v1.4.0
[INFO] [stderr]     Checking signature v1.6.4
[INFO] [stderr]     Checking humantime v2.1.0
[INFO] [stderr]     Checking mio v0.8.10
[INFO] [stderr]     Checking socket2 v0.5.5
[INFO] [stderr]     Checking num_cpus v1.16.0
[INFO] [stderr]     Checking ed25519 v1.5.3
[INFO] [stderr]     Checking ark-std v0.3.0
[INFO] [stderr]    Compiling slab v0.4.9
[INFO] [stderr]     Checking derivation-path v0.2.0
[INFO] [stderr]     Checking iana-time-zone v0.1.59
[INFO] [stderr]     Checking qstring v0.7.2
[INFO] [stderr]     Checking uriparse v0.6.4
[INFO] [stderr]    Compiling waffles-solana-frozen-abi-macro v1.16.0-alpha.10
[INFO] [stderr]    Compiling solana-frozen-abi-macro v1.17.14
[INFO] [stderr]     Checking assert_matches v1.5.0
[INFO] [stderr]     Checking tracing v0.1.40
[INFO] [stderr]     Checking tokio v1.35.1
[INFO] [stderr]     Checking http v0.2.11
[INFO] [stderr]    Compiling solana-frozen-abi v1.17.14
[INFO] [stderr]    Compiling waffles-solana-frozen-abi v1.16.0-alpha.10
[INFO] [stderr]     Checking hashbrown v0.13.2
[INFO] [stderr]    Compiling memoffset v0.9.0
[INFO] [stderr]    Compiling memoffset v0.8.0
[INFO] [stderr]    Compiling toml_edit v0.19.15
[INFO] [stderr]     Checking pin-utils v0.1.0
[INFO] [stderr]     Checking regex-automata v0.4.3
[INFO] [stderr]    Compiling httparse v1.8.0
[INFO] [stderr]    Compiling rustls v0.21.10
[INFO] [stderr]     Checking futures-io v0.3.30
[INFO] [stderr]     Checking futures-task v0.3.30
[INFO] [stderr]     Checking futures-sink v0.3.30
[INFO] [stderr]     Checking alloc-no-stdlib v2.0.4
[INFO] [stderr]    Compiling crc32fast v1.3.2
[INFO] [stderr]     Checking futures-util v0.3.30
[INFO] [stderr]     Checking alloc-stdlib v0.2.2
[INFO] [stderr]    Compiling wasm-bindgen-backend v0.2.89
[INFO] [stderr]    Compiling darling_core v0.20.3
[INFO] [stderr]    Compiling solana-program v1.17.14
[INFO] [stderr]    Compiling waffles-solana-program v1.16.0-alpha.10
[INFO] [stderr]     Checking hashbrown v0.12.3
[INFO] [stderr]    Compiling toml v0.5.11
[INFO] [stderr]     Checking adler v1.0.2
[INFO] [stderr]     Checking try-lock v0.2.5
[INFO] [stderr]     Checking want v0.3.1
[INFO] [stderr]    Compiling borsh-schema-derive-internal v0.9.3
[INFO] [stderr]    Compiling borsh-derive-internal v0.9.3
[INFO] [stderr]    Compiling borsh-derive-internal v0.10.3
[INFO] [stderr]    Compiling borsh-schema-derive-internal v0.10.3
[INFO] [stderr]     Checking miniz_oxide v0.7.1
[INFO] [stderr]     Checking brotli-decompressor v2.5.1
[INFO] [stderr]     Checking http-body v0.4.6
[INFO] [stderr]     Checking futures-channel v0.3.30
[INFO] [stderr]    Compiling proc-macro-crate v0.1.5
[INFO] [stderr]     Checking form_urlencoded v1.2.1
[INFO] [stderr]    Compiling waffles-solana-sdk v1.16.0-alpha.10
[INFO] [stderr]    Compiling proc-macro-crate v1.3.1
[INFO] [stderr]     Checking unicode-bidi v0.3.14
[INFO] [stderr]     Checking httpdate v1.0.3
[INFO] [stderr]    Compiling wasm-bindgen-macro-support v0.2.89
[INFO] [stderr]     Checking array-bytes v1.4.1
[INFO] [stderr]     Checking tower-service v0.3.2
[INFO] [stderr]     Checking base64 v0.13.1
[INFO] [stderr]     Checking idna v0.5.0
[INFO] [stderr]     Checking flate2 v1.0.28
[INFO] [stderr]     Checking regex v1.10.2
[INFO] [stderr]     Checking env_logger v0.9.3
[INFO] [stderr]    Compiling pkg-config v0.3.28
[INFO] [stderr]    Compiling winapi v0.3.9
[INFO] [stderr]     Checking void v1.0.2
[INFO] [stderr]     Checking waffles-solana-logger v1.16.0-alpha.10
[INFO] [stderr]    Compiling rustix v0.38.28
[INFO] [stderr]     Checking unreachable v1.0.0
[INFO] [stderr]     Checking url v2.5.0
[INFO] [stderr]     Checking brotli v3.4.0
[INFO] [stderr]    Compiling solana-sdk v1.17.14
[INFO] [stderr]     Checking encoding_rs v0.8.33
[INFO] [stderr]     Checking ipnet v2.9.0
[INFO] [stderr]     Checking webpki-roots v0.25.3
[INFO] [stderr]     Checking ascii v0.9.3
[INFO] [stderr]    Compiling bitflags v2.4.1
[INFO] [stderr]    Compiling zstd-sys v2.0.9+zstd.1.5.5
[INFO] [stderr]     Checking plain v0.2.3
[INFO] [stderr]     Checking mime v0.3.17
[INFO] [stderr]    Compiling linux-raw-sys v0.4.12
[INFO] [stderr]     Checking combine v3.8.1
[INFO] [stderr]     Checking solana-logger v1.17.14
[INFO] [stderr]     Checking crossbeam-channel v0.5.10
[INFO] [stderr]     Checking hash32 v0.2.1
[INFO] [stderr]    Compiling waffles-solana-program-runtime v1.16.0-alpha.10
[INFO] [stderr]     Checking gethostname v0.2.3
[INFO] [stderr]    Compiling prettyplease v0.1.25
[INFO] [stderr]     Checking rustc-demangle v0.1.23
[INFO] [stderr]    Compiling autotools v0.2.6
[INFO] [stderr]     Checking tokio-util v0.7.10
[INFO] [stderr]     Checking libloading v0.7.4
[INFO] [stderr]    Compiling home v0.5.9
[INFO] [stderr]     Checking eager v0.1.0
[INFO] [stderr]    Compiling fixedbitset v0.4.2
[INFO] [stderr]    Compiling cfg-if v1.0.0
[INFO] [stderr]    Compiling fastrand v2.0.1
[INFO] [stderr]    Compiling zstd-safe v5.0.2+zstd.1.5.2
[INFO] [stderr]    Compiling protobuf-src v1.1.0+21.5
[INFO] [stderr]    Compiling waffles-solana-address-lookup-table-program v1.16.0-alpha.10
[INFO] [stderr]    Compiling serde_derive v1.0.195
[INFO] [stderr]    Compiling thiserror-impl v1.0.56
[INFO] [stderr]    Compiling zeroize_derive v1.4.2
[INFO] [stderr]    Compiling wasm-bindgen-macro v0.2.89
[INFO] [stderr]    Compiling bytemuck_derive v1.5.0
[INFO] [stderr]    Compiling darling_macro v0.20.3
[INFO] [stderr]     Checking h2 v0.3.22
[INFO] [stderr]    Compiling derivative v2.2.0
[INFO] [stderr]    Compiling borsh-derive v0.9.3
[INFO] [stderr]    Compiling num-derive v0.3.3
[INFO] [stderr]    Compiling ark-serialize-derive v0.4.2
[INFO] [stderr]    Compiling ark-ff-asm v0.4.2
[INFO] [stderr]     Checking zeroize v1.3.0
[INFO] [stderr]    Compiling ark-ff-macros v0.4.2
[INFO] [stderr]    Compiling darling v0.20.3
[INFO] [stderr]     Checking borsh v0.9.3
[INFO] [stderr]    Compiling serde_with_macros v2.3.3
[INFO] [stderr]    Compiling num_enum_derive v0.5.11
[INFO] [stderr]    Compiling ark-ff-asm v0.3.0
[INFO] [stderr]    Compiling ark-ff-macros v0.3.0
[INFO] [stderr]     Checking bytemuck v1.14.0
[INFO] [stderr]    Compiling borsh-derive v0.10.3
[INFO] [stderr]    Compiling waffles-solana-sdk-macro v1.16.0-alpha.10
[INFO] [stderr]    Compiling solana-sdk-macro v1.17.14
[INFO] [stderr]    Compiling pest v2.7.6
[INFO] [stderr]    Compiling scroll_derive v0.11.1
[INFO] [stderr]     Checking async-compression v0.4.5
[INFO] [stderr]    Compiling prost-derive v0.11.9
[INFO] [stderr]    Compiling num_enum_derive v0.6.1
[INFO] [stderr]     Checking hyper v0.14.28
[INFO] [stderr]    Compiling qualifier_attr v0.2.2
[INFO] [stderr]    Compiling enum-iterator-derive v1.2.1
[INFO] [stderr]     Checking merlin v3.0.0
[INFO] [stderr]     Checking borsh v0.10.3
[INFO] [stderr]    Compiling which v4.4.2
[INFO] [stderr]    Compiling tempfile v3.9.0
[INFO] [stderr]     Checking scroll v0.11.0
[INFO] [stderr]    Compiling semver-parser v0.10.2
[INFO] [stderr]    Compiling petgraph v0.6.4
[INFO] [stderr]    Compiling heck v0.4.1
[INFO] [stderr]    Compiling multimap v0.8.3
[INFO] [stderr]     Checking goblin v0.5.4
[INFO] [stderr]     Checking Inflector v0.11.4
[INFO] [stderr]     Checking num_enum v0.5.11
[INFO] [stderr]    Compiling semver v0.11.0
[INFO] [stderr]     Checking enum-iterator v1.4.1
[INFO] [stderr]    Compiling rustc_version v0.3.3
[INFO] [stderr]     Checking num_enum v0.6.1
[INFO] [stderr]    Compiling ark-ff v0.3.0
[INFO] [stderr]    Compiling prost v0.11.9
[INFO] [stderr]    Compiling prost-types v0.11.9
[INFO] [stderr]     Checking solana_rbpf v0.2.38
[INFO] [stderr]    Compiling prost-build v0.11.9
[INFO] [stderr]     Checking serde_json v1.0.111
[INFO] [stderr]     Checking serde_bytes v0.11.14
[INFO] [stderr]     Checking bincode v1.3.3
[INFO] [stderr]     Checking chrono v0.4.31
[INFO] [stderr]     Checking serde_with v2.3.3
[INFO] [stderr]     Checking serde_urlencoded v0.7.1
[INFO] [stderr]    Compiling tonic-build v0.8.4
[INFO] [stderr]     Checking sct v0.7.1
[INFO] [stderr]     Checking rustls-webpki v0.101.7
[INFO] [stderr]     Checking block-buffer v0.10.4
[INFO] [stderr]     Checking crypto-common v0.1.6
[INFO] [stderr]     Checking block-buffer v0.9.0
[INFO] [stderr]     Checking crypto-mac v0.8.0
[INFO] [stderr]     Checking cipher v0.3.0
[INFO] [stderr]     Checking universal-hash v0.4.1
[INFO] [stderr]     Checking pbkdf2 v0.4.0
[INFO] [stderr]     Checking digest v0.10.7
[INFO] [stderr]     Checking aead v0.4.3
[INFO] [stderr]     Checking sha2 v0.9.9
[INFO] [stderr]     Checking hmac v0.8.1
[INFO] [stderr]     Checking curve25519-dalek v3.2.1
[INFO] [stderr]     Checking ark-serialize v0.3.0
[INFO] [stderr]     Checking ctr v0.8.0
[INFO] [stderr]     Checking polyval v0.5.3
[INFO] [stderr]     Checking aes v0.7.5
[INFO] [stderr]     Checking hmac-drbg v0.3.0
[INFO] [stderr]     Checking sha3 v0.9.1
[INFO] [stderr]     Checking sha2 v0.10.8
[INFO] [stderr]     Checking sha3 v0.10.8
[INFO] [stderr]     Checking ark-serialize v0.4.2
[INFO] [stderr]     Checking hmac v0.12.1
[INFO] [stderr]     Checking pbkdf2 v0.11.0
[INFO] [stderr]     Checking tiny-bip39 v0.8.2
[INFO] [stderr]     Checking aes-gcm-siv v0.10.3
[INFO] [stderr]     Checking ark-ff v0.4.2
[INFO] [stderr]     Checking zstd v0.11.2+zstd.1.5.2
[INFO] [stderr]     Checking ed25519-dalek v1.0.1
[INFO] [stderr]     Checking ed25519-dalek-bip32 v0.2.0
[INFO] [stderr]     Checking tokio-rustls v0.24.1
[INFO] [stderr]     Checking hyper-rustls v0.24.2
[INFO] [stderr]     Checking reqwest v0.11.23
[INFO] [stderr]     Checking ark-ec v0.3.0
[INFO] [stderr]     Checking ark-bn254 v0.3.0
[INFO] [stderr]     Checking ark-poly v0.4.2
[INFO] [stderr]     Checking ark-ec v0.4.2
[INFO] [stderr]     Checking ark-bn254 v0.4.0
[INFO] [stderr]     Checking light-poseidon v0.2.0
[INFO] [stderr]     Checking waffles-solana-metrics v1.16.0-alpha.10
[INFO] [stderr]     Checking waffles-solana-measure v1.16.0-alpha.10
[INFO] [stderr]     Checking waffles-solana-config-program v1.16.0-alpha.10
[INFO] [stderr]     Checking spl-token v3.5.0
[INFO] [stderr]     Checking spl-memo v3.0.1
[INFO] [stderr]     Checking solana-zk-token-sdk v1.17.14
[INFO] [stderr]     Checking spl-token-2022 v0.5.0
[INFO] [stdout] error[E0412]: cannot find type `CloseAccountData` in this scope
[INFO] [stdout]    --> /opt/rustwide/cargo-home/registry/src/index.crates.io-6f17d22bba15001f/spl-token-2022-0.5.0/src/extension/confidential_transfer/instruction.rs:688:18
[INFO] [stdout]     |
[INFO] [stdout] 688 |     proof_data: &CloseAccountData,
[INFO] [stdout]     |                  ^^^^^^^^^^^^^^^^ not found in this scope
[INFO] [stdout] 
[INFO] [stdout] 
[INFO] [stdout] error[E0412]: cannot find type `WithdrawWithheldTokensData` in this scope
[INFO] [stdout]     --> /opt/rustwide/cargo-home/registry/src/index.crates.io-6f17d22bba15001f/spl-token-2022-0.5.0/src/extension/confidential_transfer/instruction.rs:1086:18
[INFO] [stdout]      |
[INFO] [stdout] 497  | pub struct WithdrawWithheldTokensFromMintData {
[INFO] [stdout]      | --------------------------------------------- similarly named struct `WithdrawWithheldTokensFromMintData` defined here
[INFO] [stdout] ...
[INFO] [stdout] 1086 |     proof_data: &WithdrawWithheldTokensData,
[INFO] [stdout]      |                  ^^^^^^^^^^^^^^^^^^^^^^^^^^ help: a struct with a similar name exists: `WithdrawWithheldTokensFromMintData`
[INFO] [stdout] 
[INFO] [stdout] 
[INFO] [stdout] error[E0412]: cannot find type `WithdrawWithheldTokensData` in this scope
[INFO] [stdout]     --> /opt/rustwide/cargo-home/registry/src/index.crates.io-6f17d22bba15001f/spl-token-2022-0.5.0/src/extension/confidential_transfer/instruction.rs:1151:18
[INFO] [stdout]      |
[INFO] [stdout] 497  | pub struct WithdrawWithheldTokensFromMintData {
[INFO] [stdout]      | --------------------------------------------- similarly named struct `WithdrawWithheldTokensFromMintData` defined here
[INFO] [stdout] ...
[INFO] [stdout] 1151 |     proof_data: &WithdrawWithheldTokensData,
[INFO] [stdout]      |                  ^^^^^^^^^^^^^^^^^^^^^^^^^^ help: a struct with a similar name exists: `WithdrawWithheldTokensFromMintData`
[INFO] [stdout] 
[INFO] [stdout] 
[INFO] [stdout] error[E0412]: cannot find type `CloseAccountData` in this scope
[INFO] [stdout]    --> /opt/rustwide/cargo-home/registry/src/index.crates.io-6f17d22bba15001f/spl-token-2022-0.5.0/src/extension/confidential_transfer/processor.rs:283:49
[INFO] [stdout]     |
[INFO] [stdout] 283 |     let proof_data = decode_proof_instruction::<CloseAccountData>(
[INFO] [stdout]     |                                                 ^^^^^^^^^^^^^^^^ not found in this scope
[INFO] [stdout]     |
[INFO] [stdout] help: you might be missing a type parameter
[INFO] [stdout]     |
[INFO] [stdout] 255 | fn process_empty_account<CloseAccountData>(
[INFO] [stdout]     |                         ++++++++++++++++++
[INFO] [stdout] 
[INFO] [stdout] 
[INFO] [stdout] error[E0412]: cannot find type `WithdrawWithheldTokensData` in this scope
[INFO] [stdout]    --> /opt/rustwide/cargo-home/registry/src/index.crates.io-6f17d22bba15001f/spl-token-2022-0.5.0/src/extension/confidential_transfer/processor.rs:985:49
[INFO] [stdout]     |
[INFO] [stdout] 985 |     let proof_data = decode_proof_instruction::<WithdrawWithheldTokensData>(
[INFO] [stdout]     |                                                 ^^^^^^^^^^^^^^^^^^^^^^^^^^
[INFO] [stdout]     |
[INFO] [stdout]    ::: /opt/rustwide/cargo-home/registry/src/index.crates.io-6f17d22bba15001f/spl-token-2022-0.5.0/src/extension/confidential_transfer/instruction.rs:497:1
[INFO] [stdout]     |
[INFO] [stdout] 497 | pub struct WithdrawWithheldTokensFromMintData {
[INFO] [stdout]     | --------------------------------------------- similarly named struct `WithdrawWithheldTokensFromMintData` defined here
[INFO] [stdout]     |
[INFO] [stdout] help: a struct with a similar name exists
[INFO] [stdout]     |
[INFO] [stdout] 985 |     let proof_data = decode_proof_instruction::<WithdrawWithheldTokensFromMintData>(
[INFO] [stdout]     |                                                 ~~~~~~~~~~~~~~~~~~~~~~~~~~~~~~~~~~
[INFO] [stdout] help: you might be missing a type parameter
[INFO] [stdout]     |
[INFO] [stdout] 933 | fn process_withdraw_withheld_tokens_from_mint<WithdrawWithheldTokensData>(
[INFO] [stdout]     |                                              ++++++++++++++++++++++++++++
[INFO] [stdout] 
[INFO] [stdout] 
[INFO] [stdout] error[E0412]: cannot find type `WithdrawWithheldTokensData` in this scope
[INFO] [stdout]     --> /opt/rustwide/cargo-home/registry/src/index.crates.io-6f17d22bba15001f/spl-token-2022-0.5.0/src/extension/confidential_transfer/processor.rs:1116:49
[INFO] [stdout]      |
[INFO] [stdout] 1116 |     let proof_data = decode_proof_instruction::<WithdrawWithheldTokensData>(
[INFO] [stdout]      |                                                 ^^^^^^^^^^^^^^^^^^^^^^^^^^
[INFO] [stdout]      |
[INFO] [stdout]     ::: /opt/rustwide/cargo-home/registry/src/index.crates.io-6f17d22bba15001f/spl-token-2022-0.5.0/src/extension/confidential_transfer/instruction.rs:497:1
[INFO] [stdout]      |
[INFO] [stdout] 497  | pub struct WithdrawWithheldTokensFromMintData {
[INFO] [stdout]      | --------------------------------------------- similarly named struct `WithdrawWithheldTokensFromMintData` defined here
[INFO] [stdout]      |
[INFO] [stdout] help: a struct with a similar name exists
[INFO] [stdout]      |
[INFO] [stdout] 1116 |     let proof_data = decode_proof_instruction::<WithdrawWithheldTokensFromMintData>(
[INFO] [stdout]      |                                                 ~~~~~~~~~~~~~~~~~~~~~~~~~~~~~~~~~~
[INFO] [stdout] help: you might be missing a type parameter
[INFO] [stdout]      |
[INFO] [stdout] 1033 | fn process_withdraw_withheld_tokens_from_accounts<WithdrawWithheldTokensData>(
[INFO] [stdout]      |                                                  ++++++++++++++++++++++++++++
[INFO] [stdout] 
[INFO] [stdout] 
[INFO] [stdout] error[E0061]: this function takes 2 arguments but 1 argument was supplied
[INFO] [stdout]    --> /opt/rustwide/cargo-home/registry/src/index.crates.io-6f17d22bba15001f/spl-token-2022-0.5.0/src/extension/confidential_transfer/instruction.rs:624:9
[INFO] [stdout]     |
[INFO] [stdout] 624 |         verify_pubkey_validity(proof_data),
[INFO] [stdout]     |         ^^^^^^^^^^^^^^^^^^^^^^ ---------- an argument of type `Option<ContextStateInfo<'_>>` is missing
[INFO] [stdout]     |
[INFO] [stdout] note: function defined here
[INFO] [stdout]    --> /opt/rustwide/cargo-home/registry/src/index.crates.io-6f17d22bba15001f/solana-zk-token-sdk-1.17.14/src/zk_token_proof_instruction.rs:398:8
[INFO] [stdout]     |
[INFO] [stdout] 398 | pub fn verify_pubkey_validity(
[INFO] [stdout]     |        ^^^^^^^^^^^^^^^^^^^^^^
[INFO] [stdout] help: provide the argument
[INFO] [stdout]     |
[INFO] [stdout] 624 |         verify_pubkey_validity(/* Option<ContextStateInfo<'_>> */, proof_data),
[INFO] [stdout]     |                               ~~~~~~~~~~~~~~~~~~~~~~~~~~~~~~~~~~~~~~~~~~~~~~~~
[INFO] [stdout] 
[INFO] [stdout] 
[INFO] [stdout] error[E0425]: cannot find function `verify_close_account` in this scope
[INFO] [stdout]    --> /opt/rustwide/cargo-home/registry/src/index.crates.io-6f17d22bba15001f/spl-token-2022-0.5.0/src/extension/confidential_transfer/instruction.rs:698:9
[INFO] [stdout]     |
[INFO] [stdout] 698 |         verify_close_account(proof_data),
[INFO] [stdout]     |         ^^^^^^^^^^^^^^^^^^^^ not found in this scope
[INFO] [stdout] 
[INFO] [stdout] 
[INFO] [stdout] error[E0061]: this function takes 2 arguments but 1 argument was supplied
[INFO] [stdout]    --> /opt/rustwide/cargo-home/registry/src/index.crates.io-6f17d22bba15001f/spl-token-2022-0.5.0/src/extension/confidential_transfer/instruction.rs:803:9
[INFO] [stdout]     |
[INFO] [stdout] 803 |         verify_withdraw(proof_data),
[INFO] [stdout]     |         ^^^^^^^^^^^^^^^ ---------- an argument of type `Option<ContextStateInfo<'_>>` is missing
[INFO] [stdout]     |
[INFO] [stdout] note: function defined here
[INFO] [stdout]    --> /opt/rustwide/cargo-home/registry/src/index.crates.io-6f17d22bba15001f/solana-zk-token-sdk-1.17.14/src/zk_token_proof_instruction.rs:365:8
[INFO] [stdout]     |
[INFO] [stdout] 365 | pub fn verify_withdraw(
[INFO] [stdout]     |        ^^^^^^^^^^^^^^^
[INFO] [stdout] help: provide the argument
[INFO] [stdout]     |
[INFO] [stdout] 803 |         verify_withdraw(/* Option<ContextStateInfo<'_>> */, proof_data),
[INFO] [stdout]     |                        ~~~~~~~~~~~~~~~~~~~~~~~~~~~~~~~~~~~~~~~~~~~~~~~~
[INFO] [stdout] 
[INFO] [stdout] 
[INFO] [stdout] error[E0061]: this function takes 2 arguments but 1 argument was supplied
[INFO] [stdout]    --> /opt/rustwide/cargo-home/registry/src/index.crates.io-6f17d22bba15001f/spl-token-2022-0.5.0/src/extension/confidential_transfer/instruction.rs:870:9
[INFO] [stdout]     |
[INFO] [stdout] 870 |         verify_transfer(proof_data),
[INFO] [stdout]     |         ^^^^^^^^^^^^^^^ ---------- an argument of type `Option<ContextStateInfo<'_>>` is missing
[INFO] [stdout]     |
[INFO] [stdout] note: function defined here
[INFO] [stdout]    --> /opt/rustwide/cargo-home/registry/src/index.crates.io-6f17d22bba15001f/solana-zk-token-sdk-1.17.14/src/zk_token_proof_instruction.rs:382:8
[INFO] [stdout]     |
[INFO] [stdout] 382 | pub fn verify_transfer(
[INFO] [stdout]     |        ^^^^^^^^^^^^^^^
[INFO] [stdout] help: provide the argument
[INFO] [stdout]     |
[INFO] [stdout] 870 |         verify_transfer(/* Option<ContextStateInfo<'_>> */, proof_data),
[INFO] [stdout]     |                        ~~~~~~~~~~~~~~~~~~~~~~~~~~~~~~~~~~~~~~~~~~~~~~~~
[INFO] [stdout] 
[INFO] [stdout] 
[INFO] [stdout] error[E0061]: this function takes 2 arguments but 1 argument was supplied
[INFO] [stdout]    --> /opt/rustwide/cargo-home/registry/src/index.crates.io-6f17d22bba15001f/spl-token-2022-0.5.0/src/extension/confidential_transfer/instruction.rs:898:9
[INFO] [stdout]     |
[INFO] [stdout] 898 |         verify_transfer_with_fee(proof_data),
[INFO] [stdout]     |         ^^^^^^^^^^^^^^^^^^^^^^^^ ---------- an argument of type `Option<ContextStateInfo<'_>>` is missing
[INFO] [stdout]     |
[INFO] [stdout] note: function defined here
[INFO] [stdout]    --> /opt/rustwide/cargo-home/registry/src/index.crates.io-6f17d22bba15001f/solana-zk-token-sdk-1.17.14/src/zk_token_proof_instruction.rs:390:8
[INFO] [stdout]     |
[INFO] [stdout] 390 | pub fn verify_transfer_with_fee(
[INFO] [stdout]     |        ^^^^^^^^^^^^^^^^^^^^^^^^
[INFO] [stdout] help: provide the argument
[INFO] [stdout]     |
[INFO] [stdout] 898 |         verify_transfer_with_fee(/* Option<ContextStateInfo<'_>> */, proof_data),
[INFO] [stdout]     |                                 ~~~~~~~~~~~~~~~~~~~~~~~~~~~~~~~~~~~~~~~~~~~~~~~~
[INFO] [stdout] 
[INFO] [stdout] 
[INFO] [stdout] error[E0425]: cannot find function `verify_withdraw_withheld_tokens` in this scope
[INFO] [stdout]     --> /opt/rustwide/cargo-home/registry/src/index.crates.io-6f17d22bba15001f/spl-token-2022-0.5.0/src/extension/confidential_transfer/instruction.rs:1097:9
[INFO] [stdout]      |
[INFO] [stdout] 1097 |         verify_withdraw_withheld_tokens(proof_data),
[INFO] [stdout]      |         ^^^^^^^^^^^^^^^^^^^^^^^^^^^^^^^ not found in this scope
[INFO] [stdout] 
[INFO] [stdout] 
[INFO] [stdout] error[E0425]: cannot find function `verify_withdraw_withheld_tokens` in this scope
[INFO] [stdout]     --> /opt/rustwide/cargo-home/registry/src/index.crates.io-6f17d22bba15001f/spl-token-2022-0.5.0/src/extension/confidential_transfer/instruction.rs:1163:9
[INFO] [stdout]      |
[INFO] [stdout] 1163 |         verify_withdraw_withheld_tokens(proof_data),
[INFO] [stdout]      |         ^^^^^^^^^^^^^^^^^^^^^^^^^^^^^^^ not found in this scope
[INFO] [stdout] 
[INFO] [stdout] 
[INFO] [stdout] error[E0599]: no variant or associated item named `decode_type` found for enum `solana_zk_token_sdk::zk_token_proof_instruction::ProofInstruction` in the current scope
[INFO] [stdout]    --> /opt/rustwide/cargo-home/registry/src/index.crates.io-6f17d22bba15001f/spl-token-2022-0.5.0/src/extension/confidential_transfer/processor.rs:41:30
[INFO] [stdout]     |
[INFO] [stdout] 41  |         || ProofInstruction::decode_type(&instruction.data) != Some(expected)
[INFO] [stdout]     |                              ^^^^^^^^^^^ variant or associated item not found in `ProofInstruction`
[INFO] [stdout]     |
[INFO] [stdout] note: if you're trying to build a new `solana_zk_token_sdk::zk_token_proof_instruction::ProofInstruction`, consider using `solana_zk_token_sdk::zk_token_proof_instruction::ProofInstruction::instruction_type` which returns `Option<solana_zk_token_sdk::zk_token_proof_instruction::ProofInstruction>`
[INFO] [stdout]    --> /opt/rustwide/cargo-home/registry/src/index.crates.io-6f17d22bba15001f/solana-zk-token-sdk-1.17.14/src/zk_token_proof_instruction.rs:477:5
[INFO] [stdout]     |
[INFO] [stdout] 477 |     pub fn instruction_type(input: &[u8]) -> Option<Self> {
[INFO] [stdout]     |     ^^^^^^^^^^^^^^^^^^^^^^^^^^^^^^^^^^^^^^^^^^^^^^^^^^^^^
[INFO] [stdout] 
[INFO] [stdout] 
[INFO] [stdout] error[E0599]: no variant or associated item named `decode_data` found for enum `solana_zk_token_sdk::zk_token_proof_instruction::ProofInstruction` in the current scope
[INFO] [stdout]    --> /opt/rustwide/cargo-home/registry/src/index.crates.io-6f17d22bba15001f/spl-token-2022-0.5.0/src/extension/confidential_transfer/processor.rs:47:23
[INFO] [stdout]     |
[INFO] [stdout] 47  |     ProofInstruction::decode_data(&instruction.data).ok_or(ProgramError::InvalidInstructionData)
[INFO] [stdout]     |                       ^^^^^^^^^^^ variant or associated item not found in `ProofInstruction`
[INFO] [stdout]     |
[INFO] [stdout] note: if you're trying to build a new `solana_zk_token_sdk::zk_token_proof_instruction::ProofInstruction`, consider using `solana_zk_token_sdk::zk_token_proof_instruction::ProofInstruction::instruction_type` which returns `Option<solana_zk_token_sdk::zk_token_proof_instruction::ProofInstruction>`
[INFO] [stdout]    --> /opt/rustwide/cargo-home/registry/src/index.crates.io-6f17d22bba15001f/solana-zk-token-sdk-1.17.14/src/zk_token_proof_instruction.rs:477:5
[INFO] [stdout]     |
[INFO] [stdout] 477 |     pub fn instruction_type(input: &[u8]) -> Option<Self> {
[INFO] [stdout]     |     ^^^^^^^^^^^^^^^^^^^^^^^^^^^^^^^^^^^^^^^^^^^^^^^^^^^^^
[INFO] [stdout] 
[INFO] [stdout] 
[INFO] [stdout] error[E0609]: no field `pubkey` on type `&solana_zk_token_sdk::instruction::PubkeyValidityData`
[INFO] [stdout]    --> /opt/rustwide/cargo-home/registry/src/index.crates.io-6f17d22bba15001f/spl-token-2022-0.5.0/src/extension/confidential_transfer/processor.rs:171:19
[INFO] [stdout]     |
[INFO] [stdout] 171 |     if proof_data.pubkey != *encryption_pubkey {
[INFO] [stdout]     |                   ^^^^^^ unknown field
[INFO] [stdout]     |
[INFO] [stdout]     = note: available fields are: `context`, `proof`
[INFO] [stdout] help: one of the expressions' fields has a field of the same name
[INFO] [stdout]     |
[INFO] [stdout] 171 |     if proof_data.context.pubkey != *encryption_pubkey {
[INFO] [stdout]     |                   ++++++++
[INFO] [stdout] 
[INFO] [stdout] 
[INFO] [stdout] error[E0599]: no variant or associated item named `VerifyCloseAccount` found for enum `solana_zk_token_sdk::zk_token_proof_instruction::ProofInstruction` in the current scope
[INFO] [stdout]    --> /opt/rustwide/cargo-home/registry/src/index.crates.io-6f17d22bba15001f/spl-token-2022-0.5.0/src/extension/confidential_transfer/processor.rs:284:27
[INFO] [stdout]     |
[INFO] [stdout] 284 |         ProofInstruction::VerifyCloseAccount,
[INFO] [stdout]     |                           ^^^^^^^^^^^^^^^^^^ variant or associated item not found in `ProofInstruction`
[INFO] [stdout]     |
[INFO] [stdout] note: if you're trying to build a new `solana_zk_token_sdk::zk_token_proof_instruction::ProofInstruction`, consider using `solana_zk_token_sdk::zk_token_proof_instruction::ProofInstruction::instruction_type` which returns `Option<solana_zk_token_sdk::zk_token_proof_instruction::ProofInstruction>`
[INFO] [stdout]    --> /opt/rustwide/cargo-home/registry/src/index.crates.io-6f17d22bba15001f/solana-zk-token-sdk-1.17.14/src/zk_token_proof_instruction.rs:477:5
[INFO] [stdout]     |
[INFO] [stdout] 477 |     pub fn instruction_type(input: &[u8]) -> Option<Self> {
[INFO] [stdout]     |     ^^^^^^^^^^^^^^^^^^^^^^^^^^^^^^^^^^^^^^^^^^^^^^^^^^^^^
[INFO] [stdout] 
[INFO] [stdout] 
[INFO] [stdout] error[E0609]: no field `pubkey` on type `&solana_zk_token_sdk::instruction::WithdrawData`
[INFO] [stdout]    --> /opt/rustwide/cargo-home/registry/src/index.crates.io-6f17d22bba15001f/spl-token-2022-0.5.0/src/extension/confidential_transfer/processor.rs:466:70
[INFO] [stdout]     |
[INFO] [stdout] 466 |     if confidential_transfer_account.encryption_pubkey != proof_data.pubkey {
[INFO] [stdout]     |                                                                      ^^^^^^ unknown field
[INFO] [stdout]     |
[INFO] [stdout]     = note: available fields are: `context`, `proof`
[INFO] [stdout] help: one of the expressions' fields has a field of the same name
[INFO] [stdout]     |
[INFO] [stdout] 466 |     if confidential_transfer_account.encryption_pubkey != proof_data.context.pubkey {
[INFO] [stdout]     |                                                                      ++++++++
[INFO] [stdout] 
[INFO] [stdout] 
[INFO] [stdout] error[E0609]: no field `final_ciphertext` on type `&solana_zk_token_sdk::instruction::WithdrawData`
[INFO] [stdout]    --> /opt/rustwide/cargo-home/registry/src/index.crates.io-6f17d22bba15001f/spl-token-2022-0.5.0/src/extension/confidential_transfer/processor.rs:474:70
[INFO] [stdout]     |
[INFO] [stdout] 474 |     if confidential_transfer_account.available_balance != proof_data.final_ciphertext {
[INFO] [stdout]     |                                                                      ^^^^^^^^^^^^^^^^ unknown field
[INFO] [stdout]     |
[INFO] [stdout]     = note: available fields are: `context`, `proof`
[INFO] [stdout] help: one of the expressions' fields has a field of the same name
[INFO] [stdout]     |
[INFO] [stdout] 474 |     if confidential_transfer_account.available_balance != proof_data.context.final_ciphertext {
[INFO] [stdout]     |                                                                      ++++++++
[INFO] [stdout] 
[INFO] [stdout] 
[INFO] [stdout] error[E0609]: no field `transfer_with_fee_pubkeys` on type `&solana_zk_token_sdk::instruction::TransferWithFeeData`
[INFO] [stdout]    --> /opt/rustwide/cargo-home/registry/src/index.crates.io-6f17d22bba15001f/spl-token-2022-0.5.0/src/extension/confidential_transfer/processor.rs:525:23
[INFO] [stdout]     |
[INFO] [stdout] 525 |         if proof_data.transfer_with_fee_pubkeys.auditor_pubkey
[INFO] [stdout]     |                       ^^^^^^^^^^^^^^^^^^^^^^^^^ unknown field
[INFO] [stdout]     |
[INFO] [stdout]     = note: available fields are: `context`, `proof`
[INFO] [stdout] help: one of the expressions' fields has a field of the same name
[INFO] [stdout]     |
[INFO] [stdout] 525 |         if proof_data.context.transfer_with_fee_pubkeys.auditor_pubkey
[INFO] [stdout]     |                       ++++++++
[INFO] [stdout] 
[INFO] [stdout] 
[INFO] [stdout] error[E0609]: no field `transfer_with_fee_pubkeys` on type `&solana_zk_token_sdk::instruction::TransferWithFeeData`
[INFO] [stdout]    --> /opt/rustwide/cargo-home/registry/src/index.crates.io-6f17d22bba15001f/spl-token-2022-0.5.0/src/extension/confidential_transfer/processor.rs:533:14
[INFO] [stdout]     |
[INFO] [stdout] 533 |             .transfer_with_fee_pubkeys
[INFO] [stdout]     |              ^^^^^^^^^^^^^^^^^^^^^^^^^ unknown field
[INFO] [stdout]     |
[INFO] [stdout]     = note: available fields are: `context`, `proof`
[INFO] [stdout] help: one of the expressions' fields has a field of the same name
[INFO] [stdout]     |
[INFO] [stdout] 533 |             .context.transfer_with_fee_pubkeys
[INFO] [stdout]     |              ++++++++
[INFO] [stdout] 
[INFO] [stdout] 
[INFO] [stdout] error[E0609]: no field `fee_parameters` on type `&solana_zk_token_sdk::instruction::TransferWithFeeData`
[INFO] [stdout]    --> /opt/rustwide/cargo-home/registry/src/index.crates.io-6f17d22bba15001f/spl-token-2022-0.5.0/src/extension/confidential_transfer/processor.rs:563:33
[INFO] [stdout]     |
[INFO] [stdout] 563 |         if u64::from(proof_data.fee_parameters.maximum_fee) != maximum_fee
[INFO] [stdout]     |                                 ^^^^^^^^^^^^^^ unknown field
[INFO] [stdout]     |
[INFO] [stdout]     = note: available fields are: `context`, `proof`
[INFO] [stdout] help: one of the expressions' fields has a field of the same name
[INFO] [stdout]     |
[INFO] [stdout] 563 |         if u64::from(proof_data.context.fee_parameters.maximum_fee) != maximum_fee
[INFO] [stdout]     |                                 ++++++++
[INFO] [stdout] 
[INFO] [stdout] 
[INFO] [stdout] error[E0609]: no field `fee_parameters` on type `&solana_zk_token_sdk::instruction::TransferWithFeeData`
[INFO] [stdout]    --> /opt/rustwide/cargo-home/registry/src/index.crates.io-6f17d22bba15001f/spl-token-2022-0.5.0/src/extension/confidential_transfer/processor.rs:564:37
[INFO] [stdout]     |
[INFO] [stdout] 564 |             || u16::from(proof_data.fee_parameters.fee_rate_basis_points)
[INFO] [stdout]     |                                     ^^^^^^^^^^^^^^ unknown field
[INFO] [stdout]     |
[INFO] [stdout]     = note: available fields are: `context`, `proof`
[INFO] [stdout] help: one of the expressions' fields has a field of the same name
[INFO] [stdout]     |
[INFO] [stdout] 564 |             || u16::from(proof_data.context.fee_parameters.fee_rate_basis_points)
[INFO] [stdout]     |                                     ++++++++
[INFO] [stdout] 
[INFO] [stdout] 
[INFO] [stdout] error[E0609]: no field `ciphertext_lo` on type `&solana_zk_token_sdk::instruction::TransferWithFeeData`
[INFO] [stdout]    --> /opt/rustwide/cargo-home/registry/src/index.crates.io-6f17d22bba15001f/spl-token-2022-0.5.0/src/extension/confidential_transfer/processor.rs:571:24
[INFO] [stdout]     |
[INFO] [stdout] 571 |             proof_data.ciphertext_lo.commitment,
[INFO] [stdout]     |                        ^^^^^^^^^^^^^ unknown field
[INFO] [stdout]     |
[INFO] [stdout]     = note: available fields are: `context`, `proof`
[INFO] [stdout] help: one of the expressions' fields has a field of the same name
[INFO] [stdout]     |
[INFO] [stdout] 571 |             proof_data.context.ciphertext_lo.commitment,
[INFO] [stdout]     |                        ++++++++
[INFO] [stdout] 
[INFO] [stdout] 
[INFO] [stdout] error[E0609]: no field `ciphertext_lo` on type `&solana_zk_token_sdk::instruction::TransferWithFeeData`
[INFO] [stdout]    --> /opt/rustwide/cargo-home/registry/src/index.crates.io-6f17d22bba15001f/spl-token-2022-0.5.0/src/extension/confidential_transfer/processor.rs:572:24
[INFO] [stdout]     |
[INFO] [stdout] 572 |             proof_data.ciphertext_lo.source_handle,
[INFO] [stdout]     |                        ^^^^^^^^^^^^^ unknown field
[INFO] [stdout]     |
[INFO] [stdout]     = note: available fields are: `context`, `proof`
[INFO] [stdout] help: one of the expressions' fields has a field of the same name
[INFO] [stdout]     |
[INFO] [stdout] 572 |             proof_data.context.ciphertext_lo.source_handle,
[INFO] [stdout]     |                        ++++++++
[INFO] [stdout] 
[INFO] [stdout] 
[INFO] [stdout] error[E0609]: no field `ciphertext_hi` on type `&solana_zk_token_sdk::instruction::TransferWithFeeData`
[INFO] [stdout]    --> /opt/rustwide/cargo-home/registry/src/index.crates.io-6f17d22bba15001f/spl-token-2022-0.5.0/src/extension/confidential_transfer/processor.rs:575:24
[INFO] [stdout]     |
[INFO] [stdout] 575 |             proof_data.ciphertext_hi.commitment,
[INFO] [stdout]     |                        ^^^^^^^^^^^^^ unknown field
[INFO] [stdout]     |
[INFO] [stdout]     = note: available fields are: `context`, `proof`
[INFO] [stdout] help: one of the expressions' fields has a field of the same name
[INFO] [stdout]     |
[INFO] [stdout] 575 |             proof_data.context.ciphertext_hi.commitment,
[INFO] [stdout]     |                        ++++++++
[INFO] [stdout] 
[INFO] [stdout] 
[INFO] [stdout] error[E0609]: no field `ciphertext_hi` on type `&solana_zk_token_sdk::instruction::TransferWithFeeData`
[INFO] [stdout]    --> /opt/rustwide/cargo-home/registry/src/index.crates.io-6f17d22bba15001f/spl-token-2022-0.5.0/src/extension/confidential_transfer/processor.rs:576:24
[INFO] [stdout]     |
[INFO] [stdout] 576 |             proof_data.ciphertext_hi.source_handle,
[INFO] [stdout]     |                        ^^^^^^^^^^^^^ unknown field
[INFO] [stdout]     |
[INFO] [stdout]     = note: available fields are: `context`, `proof`
[INFO] [stdout] help: one of the expressions' fields has a field of the same name
[INFO] [stdout]     |
[INFO] [stdout] 576 |             proof_data.context.ciphertext_hi.source_handle,
[INFO] [stdout]     |                        ++++++++
[INFO] [stdout] 
[INFO] [stdout] 
[INFO] [stdout] error[E0609]: no field `transfer_with_fee_pubkeys` on type `&solana_zk_token_sdk::instruction::TransferWithFeeData`
[INFO] [stdout]    --> /opt/rustwide/cargo-home/registry/src/index.crates.io-6f17d22bba15001f/spl-token-2022-0.5.0/src/extension/confidential_transfer/processor.rs:585:25
[INFO] [stdout]     |
[INFO] [stdout] 585 |             &proof_data.transfer_with_fee_pubkeys.source_pubkey,
[INFO] [stdout]     |                         ^^^^^^^^^^^^^^^^^^^^^^^^^ unknown field
[INFO] [stdout]     |
[INFO] [stdout]     = note: available fields are: `context`, `proof`
[INFO] [stdout] help: one of the expressions' fields has a field of the same name
[INFO] [stdout]     |
[INFO] [stdout] 585 |             &proof_data.context.transfer_with_fee_pubkeys.source_pubkey,
[INFO] [stdout]     |                         ++++++++
[INFO] [stdout] 
[INFO] [stdout] 
[INFO] [stdout] error[E0609]: no field `ciphertext_lo` on type `&solana_zk_token_sdk::instruction::TransferWithFeeData`
[INFO] [stdout]    --> /opt/rustwide/cargo-home/registry/src/index.crates.io-6f17d22bba15001f/spl-token-2022-0.5.0/src/extension/confidential_transfer/processor.rs:592:24
[INFO] [stdout]     |
[INFO] [stdout] 592 |             proof_data.ciphertext_lo.commitment,
[INFO] [stdout]     |                        ^^^^^^^^^^^^^ unknown field
[INFO] [stdout]     |
[INFO] [stdout]     = note: available fields are: `context`, `proof`
[INFO] [stdout] help: one of the expressions' fields has a field of the same name
[INFO] [stdout]     |
[INFO] [stdout] 592 |             proof_data.context.ciphertext_lo.commitment,
[INFO] [stdout]     |                        ++++++++
[INFO] [stdout] 
[INFO] [stdout] 
[INFO] [stdout] error[E0609]: no field `ciphertext_lo` on type `&solana_zk_token_sdk::instruction::TransferWithFeeData`
[INFO] [stdout]    --> /opt/rustwide/cargo-home/registry/src/index.crates.io-6f17d22bba15001f/spl-token-2022-0.5.0/src/extension/confidential_transfer/processor.rs:593:24
[INFO] [stdout]     |
[INFO] [stdout] 593 |             proof_data.ciphertext_lo.destination_handle,
[INFO] [stdout]     |                        ^^^^^^^^^^^^^ unknown field
[INFO] [stdout]     |
[INFO] [stdout]     = note: available fields are: `context`, `proof`
[INFO] [stdout] help: one of the expressions' fields has a field of the same name
[INFO] [stdout]     |
[INFO] [stdout] 593 |             proof_data.context.ciphertext_lo.destination_handle,
[INFO] [stdout]     |                        ++++++++
[INFO] [stdout] 
[INFO] [stdout] 
[INFO] [stdout] error[E0609]: no field `ciphertext_hi` on type `&solana_zk_token_sdk::instruction::TransferWithFeeData`
[INFO] [stdout]    --> /opt/rustwide/cargo-home/registry/src/index.crates.io-6f17d22bba15001f/spl-token-2022-0.5.0/src/extension/confidential_transfer/processor.rs:596:24
[INFO] [stdout]     |
[INFO] [stdout] 596 |             proof_data.ciphertext_hi.commitment,
[INFO] [stdout]     |                        ^^^^^^^^^^^^^ unknown field
[INFO] [stdout]     |
[INFO] [stdout]     = note: available fields are: `context`, `proof`
[INFO] [stdout] help: one of the expressions' fields has a field of the same name
[INFO] [stdout]     |
[INFO] [stdout] 596 |             proof_data.context.ciphertext_hi.commitment,
[INFO] [stdout]     |                        ++++++++
[INFO] [stdout] 
[INFO] [stdout] 
[INFO] [stdout] error[E0609]: no field `ciphertext_hi` on type `&solana_zk_token_sdk::instruction::TransferWithFeeData`
[INFO] [stdout]    --> /opt/rustwide/cargo-home/registry/src/index.crates.io-6f17d22bba15001f/spl-token-2022-0.5.0/src/extension/confidential_transfer/processor.rs:597:24
[INFO] [stdout]     |
[INFO] [stdout] 597 |             proof_data.ciphertext_hi.destination_handle,
[INFO] [stdout]     |                        ^^^^^^^^^^^^^ unknown field
[INFO] [stdout]     |
[INFO] [stdout]     = note: available fields are: `context`, `proof`
[INFO] [stdout] help: one of the expressions' fields has a field of the same name
[INFO] [stdout]     |
[INFO] [stdout] 597 |             proof_data.context.ciphertext_hi.destination_handle,
[INFO] [stdout]     |                        ++++++++
[INFO] [stdout] 
[INFO] [stdout] 
[INFO] [stdout] error[E0609]: no field `transfer_with_fee_pubkeys` on type `&solana_zk_token_sdk::instruction::TransferWithFeeData`
[INFO] [stdout]    --> /opt/rustwide/cargo-home/registry/src/index.crates.io-6f17d22bba15001f/spl-token-2022-0.5.0/src/extension/confidential_transfer/processor.rs:610:25
[INFO] [stdout]     |
[INFO] [stdout] 610 |             &proof_data.transfer_with_fee_pubkeys.destination_pubkey,
[INFO] [stdout]     |                         ^^^^^^^^^^^^^^^^^^^^^^^^^ unknown field
[INFO] [stdout]     |
[INFO] [stdout]     = note: available fields are: `context`, `proof`
[INFO] [stdout] help: one of the expressions' fields has a field of the same name
[INFO] [stdout]     |
[INFO] [stdout] 610 |             &proof_data.context.transfer_with_fee_pubkeys.destination_pubkey,
[INFO] [stdout]     |                         ++++++++
[INFO] [stdout] 
[INFO] [stdout] 
[INFO] [stdout] error[E0609]: no field `transfer_pubkeys` on type `&solana_zk_token_sdk::instruction::TransferData`
[INFO] [stdout]    --> /opt/rustwide/cargo-home/registry/src/index.crates.io-6f17d22bba15001f/spl-token-2022-0.5.0/src/extension/confidential_transfer/processor.rs:622:23
[INFO] [stdout]     |
[INFO] [stdout] 622 |         if proof_data.transfer_pubkeys.auditor_pubkey
[INFO] [stdout]     |                       ^^^^^^^^^^^^^^^^ unknown field
[INFO] [stdout]     |
[INFO] [stdout]     = note: available fields are: `context`, `proof`
[INFO] [stdout] help: one of the expressions' fields has a field of the same name
[INFO] [stdout]     |
[INFO] [stdout] 622 |         if proof_data.context.transfer_pubkeys.auditor_pubkey
[INFO] [stdout]     |                       ++++++++
[INFO] [stdout] 
[INFO] [stdout] 
[INFO] [stdout] error[E0609]: no field `ciphertext_lo` on type `&solana_zk_token_sdk::instruction::TransferData`
[INFO] [stdout]    --> /opt/rustwide/cargo-home/registry/src/index.crates.io-6f17d22bba15001f/spl-token-2022-0.5.0/src/extension/confidential_transfer/processor.rs:629:24
[INFO] [stdout]     |
[INFO] [stdout] 629 |             proof_data.ciphertext_lo.commitment,
[INFO] [stdout]     |                        ^^^^^^^^^^^^^ unknown field
[INFO] [stdout]     |
[INFO] [stdout]     = note: available fields are: `context`, `proof`
[INFO] [stdout] help: one of the expressions' fields has a field of the same name
[INFO] [stdout]     |
[INFO] [stdout] 629 |             proof_data.context.ciphertext_lo.commitment,
[INFO] [stdout]     |                        ++++++++
[INFO] [stdout] 
[INFO] [stdout] 
[INFO] [stdout] error[E0609]: no field `ciphertext_lo` on type `&solana_zk_token_sdk::instruction::TransferData`
[INFO] [stdout]    --> /opt/rustwide/cargo-home/registry/src/index.crates.io-6f17d22bba15001f/spl-token-2022-0.5.0/src/extension/confidential_transfer/processor.rs:630:24
[INFO] [stdout]     |
[INFO] [stdout] 630 |             proof_data.ciphertext_lo.source_handle,
[INFO] [stdout]     |                        ^^^^^^^^^^^^^ unknown field
[INFO] [stdout]     |
[INFO] [stdout]     = note: available fields are: `context`, `proof`
[INFO] [stdout] help: one of the expressions' fields has a field of the same name
[INFO] [stdout]     |
[INFO] [stdout] 630 |             proof_data.context.ciphertext_lo.source_handle,
[INFO] [stdout]     |                        ++++++++
[INFO] [stdout] 
[INFO] [stdout] 
[INFO] [stdout] error[E0609]: no field `ciphertext_hi` on type `&solana_zk_token_sdk::instruction::TransferData`
[INFO] [stdout]    --> /opt/rustwide/cargo-home/registry/src/index.crates.io-6f17d22bba15001f/spl-token-2022-0.5.0/src/extension/confidential_transfer/processor.rs:633:24
[INFO] [stdout]     |
[INFO] [stdout] 633 |             proof_data.ciphertext_hi.commitment,
[INFO] [stdout]     |                        ^^^^^^^^^^^^^ unknown field
[INFO] [stdout]     |
[INFO] [stdout]     = note: available fields are: `context`, `proof`
[INFO] [stdout] help: one of the expressions' fields has a field of the same name
[INFO] [stdout]     |
[INFO] [stdout] 633 |             proof_data.context.ciphertext_hi.commitment,
[INFO] [stdout]     |                        ++++++++
[INFO] [stdout] 
[INFO] [stdout] 
[INFO] [stdout] error[E0609]: no field `ciphertext_hi` on type `&solana_zk_token_sdk::instruction::TransferData`
[INFO] [stdout]    --> /opt/rustwide/cargo-home/registry/src/index.crates.io-6f17d22bba15001f/spl-token-2022-0.5.0/src/extension/confidential_transfer/processor.rs:634:24
[INFO] [stdout]     |
[INFO] [stdout] 634 |             proof_data.ciphertext_hi.source_handle,
[INFO] [stdout]     |                        ^^^^^^^^^^^^^ unknown field
[INFO] [stdout]     |
[INFO] [stdout]     = note: available fields are: `context`, `proof`
[INFO] [stdout] help: one of the expressions' fields has a field of the same name
[INFO] [stdout]     |
[INFO] [stdout] 634 |             proof_data.context.ciphertext_hi.source_handle,
[INFO] [stdout]     |                        ++++++++
[INFO] [stdout] 
[INFO] [stdout] 
[INFO] [stdout] error[E0609]: no field `transfer_pubkeys` on type `&solana_zk_token_sdk::instruction::TransferData`
[INFO] [stdout]    --> /opt/rustwide/cargo-home/registry/src/index.crates.io-6f17d22bba15001f/spl-token-2022-0.5.0/src/extension/confidential_transfer/processor.rs:643:25
[INFO] [stdout]     |
[INFO] [stdout] 643 |             &proof_data.transfer_pubkeys.source_pubkey,
[INFO] [stdout]     |                         ^^^^^^^^^^^^^^^^ unknown field
[INFO] [stdout]     |
[INFO] [stdout]     = note: available fields are: `context`, `proof`
[INFO] [stdout] help: one of the expressions' fields has a field of the same name
[INFO] [stdout]     |
[INFO] [stdout] 643 |             &proof_data.context.transfer_pubkeys.source_pubkey,
[INFO] [stdout]     |                         ++++++++
[INFO] [stdout] 
[INFO] [stdout] 
[INFO] [stdout] error[E0609]: no field `ciphertext_lo` on type `&solana_zk_token_sdk::instruction::TransferData`
[INFO] [stdout]    --> /opt/rustwide/cargo-home/registry/src/index.crates.io-6f17d22bba15001f/spl-token-2022-0.5.0/src/extension/confidential_transfer/processor.rs:650:24
[INFO] [stdout]     |
[INFO] [stdout] 650 |             proof_data.ciphertext_lo.commitment,
[INFO] [stdout]     |                        ^^^^^^^^^^^^^ unknown field
[INFO] [stdout]     |
[INFO] [stdout]     = note: available fields are: `context`, `proof`
[INFO] [stdout] help: one of the expressions' fields has a field of the same name
[INFO] [stdout]     |
[INFO] [stdout] 650 |             proof_data.context.ciphertext_lo.commitment,
[INFO] [stdout]     |                        ++++++++
[INFO] [stdout] 
[INFO] [stdout] 
[INFO] [stdout] error[E0609]: no field `ciphertext_lo` on type `&solana_zk_token_sdk::instruction::TransferData`
[INFO] [stdout]    --> /opt/rustwide/cargo-home/registry/src/index.crates.io-6f17d22bba15001f/spl-token-2022-0.5.0/src/extension/confidential_transfer/processor.rs:651:24
[INFO] [stdout]     |
[INFO] [stdout] 651 |             proof_data.ciphertext_lo.destination_handle,
[INFO] [stdout]     |                        ^^^^^^^^^^^^^ unknown field
[INFO] [stdout]     |
[INFO] [stdout]     = note: available fields are: `context`, `proof`
[INFO] [stdout] help: one of the expressions' fields has a field of the same name
[INFO] [stdout]     |
[INFO] [stdout] 651 |             proof_data.context.ciphertext_lo.destination_handle,
[INFO] [stdout]     |                        ++++++++
[INFO] [stdout] 
[INFO] [stdout] 
[INFO] [stdout] error[E0609]: no field `ciphertext_hi` on type `&solana_zk_token_sdk::instruction::TransferData`
[INFO] [stdout]    --> /opt/rustwide/cargo-home/registry/src/index.crates.io-6f17d22bba15001f/spl-token-2022-0.5.0/src/extension/confidential_transfer/processor.rs:654:24
[INFO] [stdout]     |
[INFO] [stdout] 654 |             proof_data.ciphertext_hi.commitment,
[INFO] [stdout]     |                        ^^^^^^^^^^^^^ unknown field
[INFO] [stdout]     |
[INFO] [stdout]     = note: available fields are: `context`, `proof`
[INFO] [stdout] help: one of the expressions' fields has a field of the same name
[INFO] [stdout]     |
[INFO] [stdout] 654 |             proof_data.context.ciphertext_hi.commitment,
[INFO] [stdout]     |                        ++++++++
[INFO] [stdout] 
[INFO] [stdout] 
[INFO] [stdout] error[E0609]: no field `ciphertext_hi` on type `&solana_zk_token_sdk::instruction::TransferData`
[INFO] [stdout]    --> /opt/rustwide/cargo-home/registry/src/index.crates.io-6f17d22bba15001f/spl-token-2022-0.5.0/src/extension/confidential_transfer/processor.rs:655:24
[INFO] [stdout]     |
[INFO] [stdout] 655 |             proof_data.ciphertext_hi.destination_handle,
[INFO] [stdout]     |                        ^^^^^^^^^^^^^ unknown field
[INFO] [stdout]     |
[INFO] [stdout]     = note: available fields are: `context`, `proof`
[INFO] [stdout] help: one of the expressions' fields has a field of the same name
[INFO] [stdout]     |
[INFO] [stdout] 655 |             proof_data.context.ciphertext_hi.destination_handle,
[INFO] [stdout]     |                        ++++++++
[INFO] [stdout] 
[INFO] [stdout] 
[INFO] [stdout] error[E0609]: no field `transfer_pubkeys` on type `&solana_zk_token_sdk::instruction::TransferData`
[INFO] [stdout]    --> /opt/rustwide/cargo-home/registry/src/index.crates.io-6f17d22bba15001f/spl-token-2022-0.5.0/src/extension/confidential_transfer/processor.rs:661:25
[INFO] [stdout]     |
[INFO] [stdout] 661 |             &proof_data.transfer_pubkeys.destination_pubkey,
[INFO] [stdout]     |                         ^^^^^^^^^^^^^^^^ unknown field
[INFO] [stdout]     |
[INFO] [stdout]     = note: available fields are: `context`, `proof`
[INFO] [stdout] help: one of the expressions' fields has a field of the same name
[INFO] [stdout]     |
[INFO] [stdout] 661 |             &proof_data.context.transfer_pubkeys.destination_pubkey,
[INFO] [stdout]     |                         ++++++++
[INFO] [stdout] 
[INFO] [stdout] 
[INFO] [stdout] error[E0609]: no field `commitment` on type `solana_zk_token_sdk::zk_token_elgamal::pod::FeeEncryption`
[INFO] [stdout]    --> /opt/rustwide/cargo-home/registry/src/index.crates.io-6f17d22bba15001f/spl-token-2022-0.5.0/src/extension/confidential_transfer/processor.rs:791:29
[INFO] [stdout]     |
[INFO] [stdout] 791 |             (ciphertext_fee.commitment, ciphertext_fee.destination_handle).into();
[INFO] [stdout]     |                             ^^^^^^^^^^ unknown field
[INFO] [stdout]     |
[INFO] [stdout]     = note: available fields are: `0`
[INFO] [stdout] 
[INFO] [stdout] 
[INFO] [stdout] error[E0609]: no field `destination_handle` on type `solana_zk_token_sdk::zk_token_elgamal::pod::FeeEncryption`
[INFO] [stdout]    --> /opt/rustwide/cargo-home/registry/src/index.crates.io-6f17d22bba15001f/spl-token-2022-0.5.0/src/extension/confidential_transfer/processor.rs:791:56
[INFO] [stdout]     |
[INFO] [stdout] 791 |             (ciphertext_fee.commitment, ciphertext_fee.destination_handle).into();
[INFO] [stdout]     |                                                        ^^^^^^^^^^^^^^^^^^ unknown field
[INFO] [stdout]     |
[INFO] [stdout]     = note: available fields are: `0`
[INFO] [stdout] 
[INFO] [stdout] 
[INFO] [stdout] error[E0609]: no field `commitment` on type `solana_zk_token_sdk::zk_token_elgamal::pod::FeeEncryption`
[INFO] [stdout]    --> /opt/rustwide/cargo-home/registry/src/index.crates.io-6f17d22bba15001f/spl-token-2022-0.5.0/src/extension/confidential_transfer/processor.rs:793:28
[INFO] [stdout]     |
[INFO] [stdout] 793 |             ciphertext_fee.commitment,
[INFO] [stdout]     |                            ^^^^^^^^^^ unknown field
[INFO] [stdout]     |
[INFO] [stdout]     = note: available fields are: `0`
[INFO] [stdout] 
[INFO] [stdout] 
[INFO] [stdout] error[E0609]: no field `withdraw_withheld_authority_handle` on type `solana_zk_token_sdk::zk_token_elgamal::pod::FeeEncryption`
[INFO] [stdout]    --> /opt/rustwide/cargo-home/registry/src/index.crates.io-6f17d22bba15001f/spl-token-2022-0.5.0/src/extension/confidential_transfer/processor.rs:794:28
[INFO] [stdout]     |
[INFO] [stdout] 794 |             ciphertext_fee.withdraw_withheld_authority_handle,
[INFO] [stdout]     |                            ^^^^^^^^^^^^^^^^^^^^^^^^^^^^^^^^^^ unknown field
[INFO] [stdout]     |
[INFO] [stdout]     = note: available fields are: `0`
[INFO] [stdout] 
[INFO] [stdout] 
[INFO] [stdout] error[E0599]: no variant or associated item named `VerifyWithdrawWithheldTokens` found for enum `solana_zk_token_sdk::zk_token_proof_instruction::ProofInstruction` in the current scope
[INFO] [stdout]    --> /opt/rustwide/cargo-home/registry/src/index.crates.io-6f17d22bba15001f/spl-token-2022-0.5.0/src/extension/confidential_transfer/processor.rs:986:27
[INFO] [stdout]     |
[INFO] [stdout] 986 |         ProofInstruction::VerifyWithdrawWithheldTokens,
[INFO] [stdout]     |                           ^^^^^^^^^^^^^^^^^^^^^^^^^^^^ variant or associated item not found in `ProofInstruction`
[INFO] [stdout]     |
[INFO] [stdout] note: if you're trying to build a new `solana_zk_token_sdk::zk_token_proof_instruction::ProofInstruction`, consider using `solana_zk_token_sdk::zk_token_proof_instruction::ProofInstruction::instruction_type` which returns `Option<solana_zk_token_sdk::zk_token_proof_instruction::ProofInstruction>`
[INFO] [stdout]    --> /opt/rustwide/cargo-home/registry/src/index.crates.io-6f17d22bba15001f/solana-zk-token-sdk-1.17.14/src/zk_token_proof_instruction.rs:477:5
[INFO] [stdout]     |
[INFO] [stdout] 477 |     pub fn instruction_type(input: &[u8]) -> Option<Self> {
[INFO] [stdout]     |     ^^^^^^^^^^^^^^^^^^^^^^^^^^^^^^^^^^^^^^^^^^^^^^^^^^^^^
[INFO] [stdout] 
[INFO] [stdout] 
[INFO] [stdout] error[E0599]: no variant or associated item named `VerifyWithdrawWithheldTokens` found for enum `solana_zk_token_sdk::zk_token_proof_instruction::ProofInstruction` in the current scope
[INFO] [stdout]     --> /opt/rustwide/cargo-home/registry/src/index.crates.io-6f17d22bba15001f/spl-token-2022-0.5.0/src/extension/confidential_transfer/processor.rs:1117:27
[INFO] [stdout]      |
[INFO] [stdout] 1117 |         ProofInstruction::VerifyWithdrawWithheldTokens,
[INFO] [stdout]      |                           ^^^^^^^^^^^^^^^^^^^^^^^^^^^^ variant or associated item not found in `ProofInstruction`
[INFO] [stdout]      |
[INFO] [stdout] note: if you're trying to build a new `solana_zk_token_sdk::zk_token_proof_instruction::ProofInstruction`, consider using `solana_zk_token_sdk::zk_token_proof_instruction::ProofInstruction::instruction_type` which returns `Option<solana_zk_token_sdk::zk_token_proof_instruction::ProofInstruction>`
[INFO] [stdout]     --> /opt/rustwide/cargo-home/registry/src/index.crates.io-6f17d22bba15001f/solana-zk-token-sdk-1.17.14/src/zk_token_proof_instruction.rs:477:5
[INFO] [stdout]      |
[INFO] [stdout] 477  |     pub fn instruction_type(input: &[u8]) -> Option<Self> {
[INFO] [stdout]      |     ^^^^^^^^^^^^^^^^^^^^^^^^^^^^^^^^^^^^^^^^^^^^^^^^^^^^^
[INFO] [stdout] 
[INFO] [stdout] 
[INFO] [stdout] error: aborting due to 50 previous errors
[INFO] [stdout] 
[INFO] [stdout] 
[INFO] [stdout] Some errors have detailed explanations: E0061, E0412, E0425, E0599, E0609.
[INFO] [stdout] 
[INFO] [stdout] For more information about an error, try `rustc --explain E0061`.
[INFO] [stdout] 
[INFO] [stderr] error: could not compile `spl-token-2022` (lib) due to 51 previous errors
[INFO] [stderr] warning: build failed, waiting for other jobs to finish...
[INFO] [stderr] error: failed to run custom build command for `protobuf-src v1.1.0+21.5`
[INFO] [stderr] note: To improve backtraces for build dependencies, set the CARGO_PROFILE_DEV_BUILD_OVERRIDE_DEBUG=true environment variable to enable debug information generation.
[INFO] [stderr] 
[INFO] [stderr] Caused by:
[INFO] [stderr]   process didn't exit successfully: `/opt/rustwide/target/debug/build/protobuf-src-c6075ac1fbcf3af4/build-script-build` (exit status: 101)
[INFO] [stderr]   --- stdout
[INFO] [stderr]   running: cd "/opt/rustwide/target/debug/build/protobuf-src-c08f918f86263432/out/install/build" && CC="cc" CFLAGS="-O0 -ffunction-sections -fdata-sections -fPIC -m64" CXX="c++" CXXFLAGS="-O0 -ffunction-sections -fdata-sections -fPIC -m64" "sh" "-c" "exec \"$0\" \"$@\"" "/opt/rustwide/cargo-home/registry/src/index.crates.io-6f17d22bba15001f/protobuf-src-1.1.0+21.5/protobuf/configure" "--prefix=/opt/rustwide/target/debug/build/protobuf-src-c08f918f86263432/out/install" "--disable-shared" "--enable-static" "--disable-maintainer-mode"
[INFO] [stderr]   checking whether to enable maintainer-specific portions of Makefiles... no
[INFO] [stderr]   checking build system type... x86_64-pc-linux-gnu
[INFO] [stderr]   checking host system type... x86_64-pc-linux-gnu
[INFO] [stderr]   checking target system type... x86_64-pc-linux-gnu
[INFO] [stderr]   checking for a BSD-compatible install... /usr/bin/install -c
[INFO] [stderr]   checking whether build environment is sane... yes
[INFO] [stderr]   checking for a race-free mkdir -p... /usr/bin/mkdir -p
[INFO] [stderr]   checking for gawk... no
[INFO] [stderr]   checking for mawk... mawk
[INFO] [stderr]   checking whether make sets $(MAKE)... yes
[INFO] [stderr]   checking whether make supports nested variables... yes
[INFO] [stderr]   checking whether UID '0' is supported by ustar format... yes
[INFO] [stderr]   checking whether GID '0' is supported by ustar format... yes
[INFO] [stderr]   checking how to create a ustar tar archive... gnutar
[INFO] [stderr]   checking whether make supports nested variables... (cached) yes
[INFO] [stderr]   checking for gcc... cc
[INFO] [stderr]   checking whether the C compiler works... yes
[INFO] [stderr]   checking for C compiler default output file name... a.out
[INFO] [stderr]   checking for suffix of executables... 
[INFO] [stderr]   checking whether we are cross compiling... no
[INFO] [stderr]   checking for suffix of object files... o
[INFO] [stderr]   checking whether the compiler supports GNU C... yes
[INFO] [stderr]   checking whether cc accepts -g... yes
[INFO] [stderr]   checking for cc option to enable C11 features... none needed
[INFO] [stderr]   checking whether cc understands -c and -o together... yes
[INFO] [stderr]   checking whether make supports the include directive... yes (GNU style)
[INFO] [stderr]   checking dependency style of cc... gcc3
[INFO] [stderr]   checking whether the compiler supports GNU C++... yes
[INFO] [stderr]   checking whether c++ accepts -g... yes
[INFO] [stderr]   checking for c++ option to enable C++11 features... none needed
[INFO] [stderr]   checking dependency style of c++... gcc3
[INFO] [stderr]   checking how to run the C preprocessor... cc -E
[INFO] [stderr]   checking for gcc... gcc
[INFO] [stderr]   checking whether the compiler supports GNU C... (cached) yes
[INFO] [stderr]   checking whether gcc accepts -g... yes
[INFO] [stderr]   checking for gcc option to enable C11 features... (cached) none needed
[INFO] [stderr]   checking whether gcc understands -c and -o together... (cached) yes
[INFO] [stderr]   checking dependency style of gcc... (cached) gcc3
[INFO] [stderr]   checking how to run the C preprocessor... gcc -E
[INFO] [stderr]   checking how to run the C++ preprocessor... c++ -E
[INFO] [stderr]   checking for g++... g++
[INFO] [stderr]   checking whether the compiler supports GNU C++... (cached) yes
[INFO] [stderr]   checking whether g++ accepts -g... yes
[INFO] [stderr]   checking for g++ option to enable C++11 features... (cached) none needed
[INFO] [stderr]   checking dependency style of g++... (cached) gcc3
[INFO] [stderr]   checking how to run the C++ preprocessor... g++ -E
[INFO] [stderr]   checking for stdio.h... yes
[INFO] [stderr]   checking for stdlib.h... yes
[INFO] [stderr]   checking for string.h... yes
[INFO] [stderr]   checking for inttypes.h... yes
[INFO] [stderr]   checking for stdint.h... yes
[INFO] [stderr]   checking for strings.h... yes
[INFO] [stderr]   checking for sys/stat.h... yes
[INFO] [stderr]   checking for sys/types.h... yes
[INFO] [stderr]   checking for unistd.h... yes
[INFO] [stderr]   checking for wchar.h... yes
[INFO] [stderr]   checking for minix/config.h... no
[INFO] [stderr]   checking whether it is safe to define __EXTENSIONS__... yes
[INFO] [stderr]   checking whether _XOPEN_SOURCE should be defined... no
[INFO] [stderr]   checking for ar... ar
[INFO] [stderr]   checking the archiver (ar) interface... ar
[INFO] [stderr]   checking C++ compiler flags...... use user-supplied: -O0 -ffunction-sections -fdata-sections -fPIC -m64
[INFO] [stderr]   checking for c++ options needed to detect all undeclared functions... none needed
[INFO] [stderr]   checking whether __SUNPRO_CC is declared... no
[INFO] [stderr]   checking how to print strings... printf
[INFO] [stderr]   checking for a sed that does not truncate output... /usr/bin/sed
[INFO] [stderr]   checking for grep that handles long lines and -e... /usr/bin/grep
[INFO] [stderr]   checking for egrep... /usr/bin/grep -E
[INFO] [stderr]   checking for fgrep... /usr/bin/grep -F
[INFO] [stderr]   checking for ld used by cc... /usr/bin/ld
[INFO] [stderr]   checking if the linker (/usr/bin/ld) is GNU ld... yes
[INFO] [stderr]   checking for BSD- or MS-compatible name lister (nm)... /usr/bin/nm -B
[INFO] [stderr]   checking the name lister (/usr/bin/nm -B) interface... BSD nm
[INFO] [stderr]   checking whether ln -s works... yes
[INFO] [stderr]   checking the maximum length of command line arguments... 1572864
[INFO] [stderr]   checking how to convert x86_64-pc-linux-gnu file names to x86_64-pc-linux-gnu format... func_convert_file_noop
[INFO] [stderr]   checking how to convert x86_64-pc-linux-gnu file names to toolchain format... func_convert_file_noop
[INFO] [stderr]   checking for /usr/bin/ld option to reload object files... -r
[INFO] [stderr]   checking for file... file
[INFO] [stderr]   checking for objdump... objdump
[INFO] [stderr]   checking how to recognize dependent libraries... pass_all
[INFO] [stderr]   checking for dlltool... no
[INFO] [stderr]   checking how to associate runtime and link libraries... printf %s\n
[INFO] [stderr]   checking for archiver @FILE support... @
[INFO] [stderr]   checking for strip... strip
[INFO] [stderr]   checking for ranlib... ranlib
[INFO] [stderr]   checking command to parse /usr/bin/nm -B output from cc object... ok
[INFO] [stderr]   checking for sysroot... no
[INFO] [stderr]   checking for a working dd... /usr/bin/dd
[INFO] [stderr]   checking how to truncate binary pipes... /usr/bin/dd bs=4096 count=1
[INFO] [stderr]   checking for mt... no
[INFO] [stderr]   checking if : is a manifest tool... no
[INFO] [stderr]   checking for dlfcn.h... yes
[INFO] [stderr]   checking for objdir... .libs
[INFO] [stderr]   checking if cc supports -fno-rtti -fno-exceptions... no
[INFO] [stderr]   checking for cc option to produce PIC... -fPIC -DPIC
[INFO] [stderr]   checking if cc PIC flag -fPIC -DPIC works... yes
[INFO] [stderr]   checking if cc static flag -static works... yes
[INFO] [stderr]   checking if cc supports -c -o file.o... yes
[INFO] [stderr]   checking if cc supports -c -o file.o... (cached) yes
[INFO] [stderr]   checking whether the cc linker (/usr/bin/ld -m elf_x86_64) supports shared libraries... yes
[INFO] [stderr]   checking dynamic linker characteristics... GNU/Linux ld.so
[INFO] [stderr]   checking how to hardcode library paths into programs... immediate
[INFO] [stderr]   checking whether stripping libraries is possible... yes
[INFO] [stderr]   checking if libtool supports shared libraries... yes
[INFO] [stderr]   checking whether to build shared libraries... no
[INFO] [stderr]   checking whether to build static libraries... yes
[INFO] [stderr]   checking how to run the C++ preprocessor... c++ -E
[INFO] [stderr]   checking for ld used by c++... /usr/bin/ld -m elf_x86_64
[INFO] [stderr]   checking if the linker (/usr/bin/ld -m elf_x86_64) is GNU ld... yes
[INFO] [stderr]   checking whether the c++ linker (/usr/bin/ld -m elf_x86_64) supports shared libraries... yes
[INFO] [stderr]   checking for c++ option to produce PIC... -fPIC -DPIC
[INFO] [stderr]   checking if c++ PIC flag -fPIC -DPIC works... yes
[INFO] [stderr]   checking if c++ static flag -static works... yes
[INFO] [stderr]   checking if c++ supports -c -o file.o... yes
[INFO] [stderr]   checking if c++ supports -c -o file.o... (cached) yes
[INFO] [stderr]   checking whether the c++ linker (/usr/bin/ld -m elf_x86_64) supports shared libraries... yes
[INFO] [stderr]   checking dynamic linker characteristics... (cached) GNU/Linux ld.so
[INFO] [stderr]   checking how to hardcode library paths into programs... immediate
[INFO] [stderr]   checking whether the linker supports version scripts... yes
[INFO] [stderr]   checking for egrep... (cached) /usr/bin/grep -E
[INFO] [stderr]   checking for fcntl.h... yes
[INFO] [stderr]   checking for inttypes.h... (cached) yes
[INFO] [stderr]   checking for limits.h... yes
[INFO] [stderr]   checking for stdlib.h... (cached) yes
[INFO] [stderr]   checking for unistd.h... (cached) yes
[INFO] [stderr]   checking for working memcmp... yes
[INFO] [stderr]   checking for working strtod... yes
[INFO] [stderr]   checking for ftruncate... yes
[INFO] [stderr]   checking for memset... yes
[INFO] [stderr]   checking for mkdir... yes
[INFO] [stderr]   checking for strchr... yes
[INFO] [stderr]   checking for strerror... yes
[INFO] [stderr]   checking for strtol... yes
[INFO] [stderr]   checking zlib version... ok (1.2.0.4 or later)
[INFO] [stderr]   checking for library containing zlibVersion... -lz
[INFO] [stderr]   checking whether c++ supports C++11 features by default... yes
[INFO] [stderr]   checking whether -latomic is needed... no
[INFO] [stderr]   checking whether cc is Clang... no
[INFO] [stderr]   checking whether pthreads work with "-pthread" and "-lpthread"... yes
[INFO] [stderr]   checking for joinable pthread attribute... PTHREAD_CREATE_JOINABLE
[INFO] [stderr]   checking whether more special flags are required for pthreads... no
[INFO] [stderr]   checking for PTHREAD_PRIO_INHERIT... yes
[INFO] [stderr]   checking the location of hash_map... <unordered_map>
[INFO] [stderr]   checking whether -llog is needed... no
[INFO] [stderr]   checking that generated files are newer than configure... done
[INFO] [stderr]   configure: creating ./config.status
[INFO] [stderr]   config.status: creating Makefile
[INFO] [stderr]   config.status: creating src/Makefile
[INFO] [stderr]   config.status: creating benchmarks/Makefile
[INFO] [stderr]   config.status: creating conformance/Makefile
[INFO] [stderr]   config.status: creating protobuf.pc
[INFO] [stderr]   config.status: creating protobuf-lite.pc
[INFO] [stderr]   config.status: creating config.h
[INFO] [stderr]   config.status: executing depfiles commands
[INFO] [stderr]   config.status: executing libtool commands
[INFO] [stderr]   === configuring in third_party/googletest (/opt/rustwide/target/debug/build/protobuf-src-c08f918f86263432/out/install/build/third_party/googletest)
[INFO] [stderr]   configure: running /bin/bash /opt/rustwide/cargo-home/registry/src/index.crates.io-6f17d22bba15001f/protobuf-src-1.1.0+21.5/protobuf/third_party/googletest/configure --disable-option-checking '--prefix=/opt/rustwide/target/debug/build/protobuf-src-c08f918f86263432/out/install'  '--disable-shared' '--enable-static' '--disable-maintainer-mode' 'CC=cc' 'CFLAGS=-O0 -ffunction-sections -fdata-sections -fPIC -m64' 'CXX=c++' 'CXXFLAGS=-O0 -ffunction-sections -fdata-sections -fPIC -m64' --cache-file=/dev/null --srcdir=/opt/rustwide/cargo-home/registry/src/index.crates.io-6f17d22bba15001f/protobuf-src-1.1.0+21.5/protobuf/third_party/googletest
[INFO] [stderr]   checking for a BSD-compatible install... /usr/bin/install -c
[INFO] [stderr]   checking whether build environment is sane... yes
[INFO] [stderr]   checking for a race-free mkdir -p... /usr/bin/mkdir -p
[INFO] [stderr]   checking for gawk... no
[INFO] [stderr]   checking for mawk... mawk
[INFO] [stderr]   checking whether make sets $(MAKE)... yes
[INFO] [stderr]   checking whether make supports nested variables... yes
[INFO] [stderr]   checking that generated files are newer than configure... done
[INFO] [stderr]   configure: creating ./config.status
[INFO] [stderr]   config.status: creating Makefile
[INFO] [stderr]   === configuring in googletest (/opt/rustwide/target/debug/build/protobuf-src-c08f918f86263432/out/install/build/third_party/googletest/googletest)
[INFO] [stderr]   configure: running /bin/bash /opt/rustwide/cargo-home/registry/src/index.crates.io-6f17d22bba15001f/protobuf-src-1.1.0+21.5/protobuf/third_party/googletest/googletest/configure --disable-option-checking '--prefix=/opt/rustwide/target/debug/build/protobuf-src-c08f918f86263432/out/install'  '--disable-shared' '--enable-static' '--disable-maintainer-mode' 'CC=cc' 'CFLAGS=-O0 -ffunction-sections -fdata-sections -fPIC -m64' 'CXX=c++' 'CXXFLAGS=-O0 -ffunction-sections -fdata-sections -fPIC -m64' --cache-file=/dev/null --srcdir=/opt/rustwide/cargo-home/registry/src/index.crates.io-6f17d22bba15001f/protobuf-src-1.1.0+21.5/protobuf/third_party/googletest/googletest
[INFO] [stderr]   checking for a BSD-compatible install... /usr/bin/install -c
[INFO] [stderr]   checking whether build environment is sane... yes
[INFO] [stderr]   checking for a race-free mkdir -p... /usr/bin/mkdir -p
[INFO] [stderr]   checking for gawk... no
[INFO] [stderr]   checking for mawk... mawk
[INFO] [stderr]   checking whether make sets $(MAKE)... yes
[INFO] [stderr]   checking whether make supports nested variables... yes
[INFO] [stderr]   checking for gcc... cc
[INFO] [stderr]   checking whether the C compiler works... yes
[INFO] [stderr]   checking for C compiler default output file name... a.out
[INFO] [stderr]   checking for suffix of executables... 
[INFO] [stderr]   checking whether we are cross compiling... no
[INFO] [stderr]   checking for suffix of object files... o
[INFO] [stderr]   checking whether the compiler supports GNU C... yes
[INFO] [stderr]   checking whether cc accepts -g... yes
[INFO] [stderr]   checking for cc option to enable C11 features... none needed
[INFO] [stderr]   checking whether cc understands -c and -o together... yes
[INFO] [stderr]   checking whether make supports the include directive... yes (GNU style)
[INFO] [stderr]   checking dependency style of cc... gcc3
[INFO] [stderr]   checking whether the compiler supports GNU C++... yes
[INFO] [stderr]   checking whether c++ accepts -g... yes
[INFO] [stderr]   checking for c++ option to enable C++11 features... none needed
[INFO] [stderr]   checking dependency style of c++... gcc3
[INFO] [stderr]   checking build system type... x86_64-pc-linux-gnu
[INFO] [stderr]   checking host system type... x86_64-pc-linux-gnu
[INFO] [stderr]   checking how to print strings... printf
[INFO] [stderr]   checking for a sed that does not truncate output... /usr/bin/sed
[INFO] [stderr]   checking for grep that handles long lines and -e... /usr/bin/grep
[INFO] [stderr]   checking for egrep... /usr/bin/grep -E
[INFO] [stderr]   checking for fgrep... /usr/bin/grep -F
[INFO] [stderr]   checking for ld used by cc... /usr/bin/ld
[INFO] [stderr]   checking if the linker (/usr/bin/ld) is GNU ld... yes
[INFO] [stderr]   checking for BSD- or MS-compatible name lister (nm)... /usr/bin/nm -B
[INFO] [stderr]   checking the name lister (/usr/bin/nm -B) interface... BSD nm
[INFO] [stderr]   checking whether ln -s works... yes
[INFO] [stderr]   checking the maximum length of command line arguments... 1572864
[INFO] [stderr]   checking how to convert x86_64-pc-linux-gnu file names to x86_64-pc-linux-gnu format... func_convert_file_noop
[INFO] [stderr]   checking how to convert x86_64-pc-linux-gnu file names to toolchain format... func_convert_file_noop
[INFO] [stderr]   checking for /usr/bin/ld option to reload object files... -r
[INFO] [stderr]   checking for file... file
[INFO] [stderr]   checking for objdump... objdump
[INFO] [stderr]   checking how to recognize dependent libraries... pass_all
[INFO] [stderr]   checking for dlltool... no
[INFO] [stderr]   checking how to associate runtime and link libraries... printf %s\n
[INFO] [stderr]   checking for ar... ar
[INFO] [stderr]   checking for archiver @FILE support... @
[INFO] [stderr]   checking for strip... strip
[INFO] [stderr]   checking for ranlib... ranlib
[INFO] [stderr]   checking command to parse /usr/bin/nm -B output from cc object... ok
[INFO] [stderr]   checking for sysroot... no
[INFO] [stderr]   checking for a working dd... /usr/bin/dd
[INFO] [stderr]   checking how to truncate binary pipes... /usr/bin/dd bs=4096 count=1
[INFO] [stderr]   checking for mt... no
[INFO] [stderr]   checking if : is a manifest tool... no
[INFO] [stderr]   checking for stdio.h... yes
[INFO] [stderr]   checking for stdlib.h... yes
[INFO] [stderr]   checking for string.h... yes
[INFO] [stderr]   checking for inttypes.h... yes
[INFO] [stderr]   checking for stdint.h... yes
[INFO] [stderr]   checking for strings.h... yes
[INFO] [stderr]   checking for sys/stat.h... yes
[INFO] [stderr]   checking for sys/types.h... yes
[INFO] [stderr]   checking for unistd.h... yes
[INFO] [stderr]   checking for dlfcn.h... yes
[INFO] [stderr]   checking for objdir... .libs
[INFO] [stderr]   checking if cc supports -fno-rtti -fno-exceptions... no
[INFO] [stderr]   checking for cc option to produce PIC... -fPIC -DPIC
[INFO] [stderr]   checking if cc PIC flag -fPIC -DPIC works... yes
[INFO] [stderr]   checking if cc static flag -static works... yes
[INFO] [stderr]   checking if cc supports -c -o file.o... yes
[INFO] [stderr]   checking if cc supports -c -o file.o... (cached) yes
[INFO] [stderr]   checking whether the cc linker (/usr/bin/ld -m elf_x86_64) supports shared libraries... yes
[INFO] [stderr]   checking dynamic linker characteristics... GNU/Linux ld.so
[INFO] [stderr]   checking how to hardcode library paths into programs... immediate
[INFO] [stderr]   checking whether stripping libraries is possible... yes
[INFO] [stderr]   checking if libtool supports shared libraries... yes
[INFO] [stderr]   checking whether to build shared libraries... no
[INFO] [stderr]   checking whether to build static libraries... yes
[INFO] [stderr]   checking how to run the C++ preprocessor... c++ -E
[INFO] [stderr]   checking for ld used by c++... /usr/bin/ld -m elf_x86_64
[INFO] [stderr]   checking if the linker (/usr/bin/ld -m elf_x86_64) is GNU ld... yes
[INFO] [stderr]   checking whether the c++ linker (/usr/bin/ld -m elf_x86_64) supports shared libraries... yes
[INFO] [stderr]   checking for c++ option to produce PIC... -fPIC -DPIC
[INFO] [stderr]   checking if c++ PIC flag -fPIC -DPIC works... yes
[INFO] [stderr]   checking if c++ static flag -static works... yes
[INFO] [stderr]   checking if c++ supports -c -o file.o... yes
[INFO] [stderr]   checking if c++ supports -c -o file.o... (cached) yes
[INFO] [stderr]   checking whether the c++ linker (/usr/bin/ld -m elf_x86_64) supports shared libraries... yes
[INFO] [stderr]   checking dynamic linker characteristics... (cached) GNU/Linux ld.so
[INFO] [stderr]   checking how to hardcode library paths into programs... immediate
[INFO] [stderr]   checking for python... :
[INFO] [stderr]   checking for the pthreads library -lpthreads... no
[INFO] [stderr]   checking whether pthreads work without any flags... yes
[INFO] [stderr]   checking for joinable pthread attribute... PTHREAD_CREATE_JOINABLE
[INFO] [stderr]   checking if more special flags are required for pthreads... no
[INFO] [stderr]   checking whether to check for GCC pthread/shared inconsistencies... yes
[INFO] [stderr]   checking whether -pthread is sufficient with -shared... yes
[INFO] [stderr]   checking that generated files are newer than configure... done
[INFO] [stderr]   configure: creating ./config.status
[INFO] [stderr]   config.status: creating Makefile
[INFO] [stderr]   config.status: creating scripts/gtest-config
[INFO] [stderr]   config.status: creating build-aux/config.h
[INFO] [stderr]   config.status: executing depfiles commands
[INFO] [stderr]   config.status: executing libtool commands
[INFO] [stderr]   === configuring in googlemock (/opt/rustwide/target/debug/build/protobuf-src-c08f918f86263432/out/install/build/third_party/googletest/googlemock)
[INFO] [stderr]   configure: running /bin/bash /opt/rustwide/cargo-home/registry/src/index.crates.io-6f17d22bba15001f/protobuf-src-1.1.0+21.5/protobuf/third_party/googletest/googlemock/configure --disable-option-checking '--prefix=/opt/rustwide/target/debug/build/protobuf-src-c08f918f86263432/out/install'  '--disable-shared' '--enable-static' '--disable-maintainer-mode' 'CC=cc' 'CFLAGS=-O0 -ffunction-sections -fdata-sections -fPIC -m64' 'CXX=c++' 'CXXFLAGS=-O0 -ffunction-sections -fdata-sections -fPIC -m64' --cache-file=/dev/null --srcdir=/opt/rustwide/cargo-home/registry/src/index.crates.io-6f17d22bba15001f/protobuf-src-1.1.0+21.5/protobuf/third_party/googletest/googlemock
[INFO] [stderr]   checking for a BSD-compatible install... /usr/bin/install -c
[INFO] [stderr]   checking whether build environment is sane... yes
[INFO] [stderr]   checking for a race-free mkdir -p... /usr/bin/mkdir -p
[INFO] [stderr]   checking for gawk... no
[INFO] [stderr]   checking for mawk... mawk
[INFO] [stderr]   checking whether make sets $(MAKE)... yes
[INFO] [stderr]   checking whether make supports nested variables... yes
[INFO] [stderr]   checking for gcc... cc
[INFO] [stderr]   checking whether the C compiler works... yes
[INFO] [stderr]   checking for C compiler default output file name... a.out
[INFO] [stderr]   checking for suffix of executables... 
[INFO] [stderr]   checking whether we are cross compiling... no
[INFO] [stderr]   checking for suffix of object files... o
[INFO] [stderr]   checking whether the compiler supports GNU C... yes
[INFO] [stderr]   checking whether cc accepts -g... yes
[INFO] [stderr]   checking for cc option to enable C11 features... none needed
[INFO] [stderr]   checking whether cc understands -c and -o together... yes
[INFO] [stderr]   checking whether make supports the include directive... yes (GNU style)
[INFO] [stderr]   checking dependency style of cc... gcc3
[INFO] [stderr]   checking whether the compiler supports GNU C++... yes
[INFO] [stderr]   checking whether c++ accepts -g... yes
[INFO] [stderr]   checking for c++ option to enable C++11 features... none needed
[INFO] [stderr]   checking dependency style of c++... gcc3
[INFO] [stderr]   checking build system type... x86_64-pc-linux-gnu
[INFO] [stderr]   checking host system type... x86_64-pc-linux-gnu
[INFO] [stderr]   checking how to print strings... printf
[INFO] [stderr]   checking for a sed that does not truncate output... /usr/bin/sed
[INFO] [stderr]   checking for grep that handles long lines and -e... /usr/bin/grep
[INFO] [stderr]   checking for egrep... /usr/bin/grep -E
[INFO] [stderr]   checking for fgrep... /usr/bin/grep -F
[INFO] [stderr]   checking for ld used by cc... /usr/bin/ld
[INFO] [stderr]   checking if the linker (/usr/bin/ld) is GNU ld... yes
[INFO] [stderr]   checking for BSD- or MS-compatible name lister (nm)... /usr/bin/nm -B
[INFO] [stderr]   checking the name lister (/usr/bin/nm -B) interface... BSD nm
[INFO] [stderr]   checking whether ln -s works... yes
[INFO] [stderr]   checking the maximum length of command line arguments... 1572864
[INFO] [stderr]   checking how to convert x86_64-pc-linux-gnu file names to x86_64-pc-linux-gnu format... func_convert_file_noop
[INFO] [stderr]   checking how to convert x86_64-pc-linux-gnu file names to toolchain format... func_convert_file_noop
[INFO] [stderr]   checking for /usr/bin/ld option to reload object files... -r
[INFO] [stderr]   checking for file... file
[INFO] [stderr]   checking for objdump... objdump
[INFO] [stderr]   checking how to recognize dependent libraries... pass_all
[INFO] [stderr]   checking for dlltool... no
[INFO] [stderr]   checking how to associate runtime and link libraries... printf %s\n
[INFO] [stderr]   checking for ar... ar
[INFO] [stderr]   checking for archiver @FILE support... @
[INFO] [stderr]   checking for strip... strip
[INFO] [stderr]   checking for ranlib... ranlib
[INFO] [stderr]   checking command to parse /usr/bin/nm -B output from cc object... ok
[INFO] [stderr]   checking for sysroot... no
[INFO] [stderr]   checking for a working dd... /usr/bin/dd
[INFO] [stderr]   checking how to truncate binary pipes... /usr/bin/dd bs=4096 count=1
[INFO] [stderr]   checking for mt... no
[INFO] [stderr]   checking if : is a manifest tool... no
[INFO] [stderr]   checking for stdio.h... yes
[INFO] [stderr]   checking for stdlib.h... yes
[INFO] [stderr]   checking for string.h... yes
[INFO] [stderr]   checking for inttypes.h... yes
[INFO] [stderr]   checking for stdint.h... yes
[INFO] [stderr]   checking for strings.h... yes
[INFO] [stderr]   checking for sys/stat.h... yes
[INFO] [stderr]   checking for sys/types.h... yes
[INFO] [stderr]   checking for unistd.h... yes
[INFO] [stderr]   checking for dlfcn.h... yes
[INFO] [stderr]   checking for objdir... .libs
[INFO] [stderr]   checking if cc supports -fno-rtti -fno-exceptions... no
[INFO] [stderr]   checking for cc option to produce PIC... -fPIC -DPIC
[INFO] [stderr]   checking if cc PIC flag -fPIC -DPIC works... yes
[INFO] [stderr]   checking if cc static flag -static works... yes
[INFO] [stderr]   checking if cc supports -c -o file.o... yes
[INFO] [stderr]   checking if cc supports -c -o file.o... (cached) yes
[INFO] [stderr]   checking whether the cc linker (/usr/bin/ld -m elf_x86_64) supports shared libraries... yes
[INFO] [stderr]   checking dynamic linker characteristics... GNU/Linux ld.so
[INFO] [stderr]   checking how to hardcode library paths into programs... immediate
[INFO] [stderr]   checking whether stripping libraries is possible... yes
[INFO] [stderr]   checking if libtool supports shared libraries... yes
[INFO] [stderr]   checking whether to build shared libraries... no
[INFO] [stderr]   checking whether to build static libraries... yes
[INFO] [stderr]   checking how to run the C++ preprocessor... c++ -E
[INFO] [stderr]   checking for ld used by c++... /usr/bin/ld -m elf_x86_64
[INFO] [stderr]   checking if the linker (/usr/bin/ld -m elf_x86_64) is GNU ld... yes
[INFO] [stderr]   checking whether the c++ linker (/usr/bin/ld -m elf_x86_64) supports shared libraries... yes
[INFO] [stderr]   checking for c++ option to produce PIC... -fPIC -DPIC
[INFO] [stderr]   checking if c++ PIC flag -fPIC -DPIC works... yes
[INFO] [stderr]   checking if c++ static flag -static works... yes
[INFO] [stderr]   checking if c++ supports -c -o file.o... yes
[INFO] [stderr]   checking if c++ supports -c -o file.o... (cached) yes
[INFO] [stderr]   checking whether the c++ linker (/usr/bin/ld -m elf_x86_64) supports shared libraries... yes
[INFO] [stderr]   checking dynamic linker characteristics... (cached) GNU/Linux ld.so
[INFO] [stderr]   checking how to hardcode library paths into programs... immediate
[INFO] [stderr]   checking for python... :
[INFO] [stderr]   checking for the pthreads library -lpthreads... no
[INFO] [stderr]   checking whether pthreads work without any flags... yes
[INFO] [stderr]   checking for joinable pthread attribute... PTHREAD_CREATE_JOINABLE
[INFO] [stderr]   checking if more special flags are required for pthreads... no
[INFO] [stderr]   checking whether to check for GCC pthread/shared inconsistencies... yes
[INFO] [stderr]   checking whether -pthread is sufficient with -shared... yes
[INFO] [stderr]   checking for gtest-config... no
[INFO] [stderr]   checking that generated files are newer than configure... done
[INFO] [stderr]   configure: creating ./config.status
[INFO] [stderr]   config.status: creating Makefile
[INFO] [stderr]   config.status: creating scripts/gmock-config
[INFO] [stderr]   config.status: creating build-aux/config.h
[INFO] [stderr]   config.status: executing depfiles commands
[INFO] [stderr]   config.status: executing libtool commands
[INFO] [stderr]   running: cd "/opt/rustwide/target/debug/build/protobuf-src-c08f918f86263432/out/install/build" && MAKEFLAGS="-j --jobserver-fds=7,8 --jobserver-auth=7,8" "sh" "-c" "exec \"$0\" \"$@\"" "make" "install"
[INFO] [stderr]   Making install in .
[INFO] [stderr]   make[1]: Entering directory '/opt/rustwide/target/debug/build/protobuf-src-c08f918f86263432/out/install/build'
[INFO] [stderr]   make[2]: Entering directory '/opt/rustwide/target/debug/build/protobuf-src-c08f918f86263432/out/install/build'
[INFO] [stderr]   make[2]: Nothing to be done for 'install-exec-am'.
[INFO] [stderr]    /usr/bin/mkdir -p '/opt/rustwide/target/debug/build/protobuf-src-c08f918f86263432/out/install/lib/pkgconfig'
[INFO] [stderr]    /usr/bin/install -c -m 644 protobuf.pc protobuf-lite.pc '/opt/rustwide/target/debug/build/protobuf-src-c08f918f86263432/out/install/lib/pkgconfig'
[INFO] [stderr]   make[2]: Leaving directory '/opt/rustwide/target/debug/build/protobuf-src-c08f918f86263432/out/install/build'
[INFO] [stderr]   make[1]: Leaving directory '/opt/rustwide/target/debug/build/protobuf-src-c08f918f86263432/out/install/build'
[INFO] [stderr]   Making install in src
[INFO] [stderr]   make[1]: Entering directory '/opt/rustwide/target/debug/build/protobuf-src-c08f918f86263432/out/install/build/src'
[INFO] [stderr]     CXX      google/protobuf/wire_format_lite.lo
[INFO] [stderr]     CXX      google/protobuf/any.lo
[INFO] [stderr]     CXX      google/protobuf/any.pb.lo
[INFO] [stderr]     CXX      google/protobuf/api.pb.lo
[INFO] [stderr]     CXX      google/protobuf/compiler/importer.lo
[INFO] [stderr]     CXX      google/protobuf/compiler/parser.lo
[INFO] [stderr]     CXX      google/protobuf/descriptor.lo
[INFO] [stderr]     CXX      google/protobuf/descriptor_database.lo
[INFO] [stderr]     CXX      google/protobuf/descriptor.pb.lo
[INFO] [stderr]     CXX      google/protobuf/duration.pb.lo
[INFO] [stderr]     CXX      google/protobuf/dynamic_message.lo
[INFO] [stderr]     CXX      google/protobuf/empty.pb.lo
[INFO] [stderr]     CXX      google/protobuf/extension_set_heavy.lo
[INFO] [stderr]     CXX      google/protobuf/field_mask.pb.lo
[INFO] [stderr]     CXX      google/protobuf/generated_message_bases.lo
[INFO] [stderr]     CXX      google/protobuf/generated_message_reflection.lo
[INFO] [stderr]   make[1]: Leaving directory '/opt/rustwide/target/debug/build/protobuf-src-c08f918f86263432/out/install/build/src'
[INFO] [stderr] 
[INFO] [stderr]   --- stderr
[INFO] [stderr]   c++: fatal error: Killed signal terminated program cc1plus
[INFO] [stderr]   compilation terminated.
[INFO] [stderr]   make[1]: *** [Makefile:4514: google/protobuf/compiler/parser.lo] Error 1
[INFO] [stderr]   make[1]: *** Waiting for unfinished jobs....
[INFO] [stderr]   c++: fatal error: Killed signal terminated program cc1plus
[INFO] [stderr]   compilation terminated.
[INFO] [stderr]   make[1]: *** [Makefile:4514: google/protobuf/descriptor.pb.lo] Error 1
[INFO] [stderr]   c++: fatal error: Killed signal terminated program cc1plus
[INFO] [stderr]   compilation terminated.
[INFO] [stderr]   make[1]: *** [Makefile:4514: google/protobuf/duration.pb.lo] Error 1
[INFO] [stderr]   c++: fatal error: Killed signal terminated program cc1plus
[INFO] [stderr]   compilation terminated.
[INFO] [stderr]   make[1]: *** [Makefile:4514: google/protobuf/dynamic_message.lo] Error 1
[INFO] [stderr]   make: *** [Makefile:1757: install-recursive] Error 1
[INFO] [stderr]   thread 'main' panicked at /opt/rustwide/cargo-home/registry/src/index.crates.io-6f17d22bba15001f/autotools-0.2.6/src/lib.rs:781:5:
[INFO] [stderr] 
[INFO] [stderr]   command did not execute successfully, got: exit status: 2
[INFO] [stderr] 
[INFO] [stderr]   build script failed, must exit now
[INFO] [stderr]   stack backtrace:
[INFO] [stderr]      0:     0x55913c0aeaac - std::backtrace_rs::backtrace::libunwind::trace::ha637c64ce894333a
[INFO] [stderr]                                  at /rustc/82e1608dfa6e0b5569232559e3d385fea5a93112/library/std/src/../../backtrace/src/backtrace/libunwind.rs:104:5
[INFO] [stderr]      1:     0x55913c0aeaac - std::backtrace_rs::backtrace::trace_unsynchronized::h47f62dea28e0c88d
[INFO] [stderr]                                  at /rustc/82e1608dfa6e0b5569232559e3d385fea5a93112/library/std/src/../../backtrace/src/backtrace/mod.rs:66:5
[INFO] [stderr]      2:     0x55913c0aeaac - std::sys_common::backtrace::_print_fmt::h9eef0abe20ede486
[INFO] [stderr]                                  at /rustc/82e1608dfa6e0b5569232559e3d385fea5a93112/library/std/src/sys_common/backtrace.rs:67:5
[INFO] [stderr]      3:     0x55913c0aeaac - <std::sys_common::backtrace::_print::DisplayBacktrace as core::fmt::Display>::fmt::hed7f999df88cc644
[INFO] [stderr]                                  at /rustc/82e1608dfa6e0b5569232559e3d385fea5a93112/library/std/src/sys_common/backtrace.rs:44:22
[INFO] [stderr]      4:     0x55913c0d4c00 - core::fmt::rt::Argument::fmt::h1539a9308b8d058d
[INFO] [stderr]                                  at /rustc/82e1608dfa6e0b5569232559e3d385fea5a93112/library/core/src/fmt/rt.rs:142:9
[INFO] [stderr]      5:     0x55913c0d4c00 - core::fmt::write::h3a39390d8560d9c9
[INFO] [stderr]                                  at /rustc/82e1608dfa6e0b5569232559e3d385fea5a93112/library/core/src/fmt/mod.rs:1120:17
[INFO] [stderr]      6:     0x55913c0ac36f - std::io::Write::write_fmt::h5fc9997dfe05f882
[INFO] [stderr]                                  at /rustc/82e1608dfa6e0b5569232559e3d385fea5a93112/library/std/src/io/mod.rs:1762:15
[INFO] [stderr]      7:     0x55913c0ae894 - std::sys_common::backtrace::_print::h894006fb5c6f3d45
[INFO] [stderr]                                  at /rustc/82e1608dfa6e0b5569232559e3d385fea5a93112/library/std/src/sys_common/backtrace.rs:47:5
[INFO] [stderr]      8:     0x55913c0ae894 - std::sys_common::backtrace::print::h23a2d212c6fff936
[INFO] [stderr]                                  at /rustc/82e1608dfa6e0b5569232559e3d385fea5a93112/library/std/src/sys_common/backtrace.rs:34:9
[INFO] [stderr]      9:     0x55913c0b00a7 - std::panicking::default_hook::{{closure}}::h8a1d2ee00185001a
[INFO] [stderr]     10:     0x55913c0afe0f - std::panicking::default_hook::h6038f2eba384e475
[INFO] [stderr]                                  at /rustc/82e1608dfa6e0b5569232559e3d385fea5a93112/library/std/src/panicking.rs:292:9
[INFO] [stderr]     11:     0x55913c0b0528 - std::panicking::rust_panic_with_hook::h2b5517d590cab22e
[INFO] [stderr]                                  at /rustc/82e1608dfa6e0b5569232559e3d385fea5a93112/library/std/src/panicking.rs:779:13
[INFO] [stderr]     12:     0x55913c0b040e - std::panicking::begin_panic_handler::{{closure}}::h233112c06e0ef43e
[INFO] [stderr]                                  at /rustc/82e1608dfa6e0b5569232559e3d385fea5a93112/library/std/src/panicking.rs:657:13
[INFO] [stderr]     13:     0x55913c0aef76 - std::sys_common::backtrace::__rust_end_short_backtrace::h6e893f24d7ebbff8
[INFO] [stderr]                                  at /rustc/82e1608dfa6e0b5569232559e3d385fea5a93112/library/std/src/sys_common/backtrace.rs:170:18
[INFO] [stderr]     14:     0x55913c0b0172 - rust_begin_unwind
[INFO] [stderr]                                  at /rustc/82e1608dfa6e0b5569232559e3d385fea5a93112/library/std/src/panicking.rs:645:5
[INFO] [stderr]     15:     0x55913c038815 - core::panicking::panic_fmt::hbf0e066aabfa482c
[INFO] [stderr]                                  at /rustc/82e1608dfa6e0b5569232559e3d385fea5a93112/library/core/src/panicking.rs:72:14
[INFO] [stderr]     16:     0x55913c04a4d1 - autotools::fail::h8942fefff70a72de
[INFO] [stderr]     17:     0x55913c048845 - autotools::Config::build::h5c7523ccf2bdda4b
[INFO] [stderr]     18:     0x55913c03d028 - build_script_build::main::h4a999b24a39f67dc
[INFO] [stderr]     19:     0x55913c03eb23 - core::ops::function::FnOnce::call_once::h86ab100c100dd53d
[INFO] [stderr]     20:     0x55913c039166 - std::sys_common::backtrace::__rust_begin_short_backtrace::hf26ec2254b031cf3
[INFO] [stderr]     21:     0x55913c0394a9 - std::rt::lang_start::{{closure}}::h3db4b6d17b96b0fe
[INFO] [stderr]     22:     0x55913c0a7df7 - core::ops::function::impls::<impl core::ops::function::FnOnce<A> for &F>::call_once::hd95060ecd5e1ca24
[INFO] [stderr]                                  at /rustc/82e1608dfa6e0b5569232559e3d385fea5a93112/library/core/src/ops/function.rs:284:13
[INFO] [stderr]     23:     0x55913c0a7df7 - std::panicking::try::do_call::h6e8cf51db32a6e4b
[INFO] [stderr]                                  at /rustc/82e1608dfa6e0b5569232559e3d385fea5a93112/library/std/src/panicking.rs:552:40
[INFO] [stderr]     24:     0x55913c0a7df7 - std::panicking::try::h3a52eefe24fe3c29
[INFO] [stderr]                                  at /rustc/82e1608dfa6e0b5569232559e3d385fea5a93112/library/std/src/panicking.rs:516:19
[INFO] [stderr]     25:     0x55913c0a7df7 - std::panic::catch_unwind::h24c28c23c02c3841
[INFO] [stderr]                                  at /rustc/82e1608dfa6e0b5569232559e3d385fea5a93112/library/std/src/panic.rs:142:14
[INFO] [stderr]     26:     0x55913c0a7df7 - std::rt::lang_start_internal::{{closure}}::h705d3c9cbc06ef47
[INFO] [stderr]                                  at /rustc/82e1608dfa6e0b5569232559e3d385fea5a93112/library/std/src/rt.rs:148:48
[INFO] [stderr]     27:     0x55913c0a7df7 - std::panicking::try::do_call::ha21f52ba13158470
[INFO] [stderr]                                  at /rustc/82e1608dfa6e0b5569232559e3d385fea5a93112/library/std/src/panicking.rs:552:40
[INFO] [stderr]     28:     0x55913c0a7df7 - std::panicking::try::h5581346bf6aeb1f8
[INFO] [stderr]                                  at /rustc/82e1608dfa6e0b5569232559e3d385fea5a93112/library/std/src/panicking.rs:516:19
[INFO] [stderr]     29:     0x55913c0a7df7 - std::panic::catch_unwind::h7919645a6b72e25b
[INFO] [stderr]                                  at /rustc/82e1608dfa6e0b5569232559e3d385fea5a93112/library/std/src/panic.rs:142:14
[INFO] [stderr]     30:     0x55913c0a7df7 - std::rt::lang_start_internal::h12de51168669836e
[INFO] [stderr]                                  at /rustc/82e1608dfa6e0b5569232559e3d385fea5a93112/library/std/src/rt.rs:148:20
[INFO] [stderr]     31:     0x55913c039487 - std::rt::lang_start::h525a00064dfd2ad8
[INFO] [stderr]     32:     0x55913c03d4e5 - main
[INFO] [stderr]     33:     0x7f43ed3ead90 - <unknown>
[INFO] [stderr]     34:     0x7f43ed3eae40 - __libc_start_main
[INFO] [stderr]     35:     0x55913c039025 - _start
[INFO] [stderr]     36:                0x0 - <unknown>
[INFO] running `Command { std: "docker" "inspect" "d53674589d15dff36ed4ee8df1ed1ebcbdc24a2dcb44e3f05b671f093b824d18", kill_on_drop: false }`
[INFO] running `Command { std: "docker" "rm" "-f" "d53674589d15dff36ed4ee8df1ed1ebcbdc24a2dcb44e3f05b671f093b824d18", kill_on_drop: false }`
[INFO] [stdout] d53674589d15dff36ed4ee8df1ed1ebcbdc24a2dcb44e3f05b671f093b824d18
