[INFO] fetching crate voc-perturb 0.1.2...
[INFO] documenting voc-perturb-0.1.2 against 1.75.0 for beta-1.76-rustdoc-1
[INFO] extracting crate voc-perturb 0.1.2 into /workspace/builds/worker-3-tc1/source
[INFO] validating manifest of crates.io crate voc-perturb 0.1.2 on toolchain 1.75.0
[INFO] running `Command { std: CARGO_HOME="/workspace/cargo-home" RUSTUP_HOME="/workspace/rustup-home" "/workspace/cargo-home/bin/cargo" "+1.75.0" "metadata" "--manifest-path" "Cargo.toml" "--no-deps", kill_on_drop: false }`
[INFO] started tweaking crates.io crate voc-perturb 0.1.2
[INFO] finished tweaking crates.io crate voc-perturb 0.1.2
[INFO] tweaked toml for crates.io crate voc-perturb 0.1.2 written to /workspace/builds/worker-3-tc1/source/Cargo.toml
[INFO] running `Command { std: CARGO_HOME="/workspace/cargo-home" RUSTUP_HOME="/workspace/rustup-home" "/workspace/cargo-home/bin/cargo" "+1.75.0" "generate-lockfile" "--manifest-path" "Cargo.toml", kill_on_drop: false }`
[INFO] [stderr]     Updating crates.io index
[INFO] running `Command { std: CARGO_HOME="/workspace/cargo-home" RUSTUP_HOME="/workspace/rustup-home" "/workspace/cargo-home/bin/cargo" "+1.75.0" "fetch" "--manifest-path" "Cargo.toml", kill_on_drop: false }`
[INFO] [stderr]  Downloading crates ...
[INFO] [stderr]   Downloaded quickcheck v0.2.27
[INFO] [stderr]   Downloaded quick-xml v0.10.1
[INFO] [stderr]   Downloaded generic-array v0.2.1
[INFO] [stderr]   Downloaded ansi_term v0.10.2
[INFO] [stderr]   Downloaded nalgebra v0.11.2
[INFO] [stderr]   Downloaded imageproc v0.13.0
[INFO] [stderr]   Downloaded encoding_rs v0.7.2
[INFO] [stderr]   Downloaded clap v2.28.0
[INFO] running `Command { std: "docker" "create" "-v" "/var/lib/crater-agent-workspace/builds/worker-3-tc1/target:/opt/rustwide/target:rw,Z" "-v" "/var/lib/crater-agent-workspace/builds/worker-3-tc1/source:/opt/rustwide/workdir:ro,Z" "-v" "/var/lib/crater-agent-workspace/cargo-home:/opt/rustwide/cargo-home:ro,Z" "-v" "/var/lib/crater-agent-workspace/rustup-home:/opt/rustwide/rustup-home:ro,Z" "-e" "SOURCE_DIR=/opt/rustwide/workdir" "-e" "CARGO_TARGET_DIR=/opt/rustwide/target" "-e" "CARGO_HOME=/opt/rustwide/cargo-home" "-e" "RUSTUP_HOME=/opt/rustwide/rustup-home" "-w" "/opt/rustwide/workdir" "-m" "1610612736" "--user" "0:0" "--network" "none" "ghcr.io/rust-lang/crates-build-env/linux@sha256:2788e3201cd34a07e3172128adcd8b3090168a8e3bcc40d7c032b9dda1df7d1c" "/opt/rustwide/cargo-home/bin/cargo" "+1.75.0" "metadata" "--no-deps" "--format-version=1", kill_on_drop: false }`
[INFO] [stdout] f04b9727b230c05f788f0dd8d7c7ab536069929dfe1a05a00a7f98bdeb8e99ef
[INFO] running `Command { std: "docker" "start" "-a" "f04b9727b230c05f788f0dd8d7c7ab536069929dfe1a05a00a7f98bdeb8e99ef", kill_on_drop: false }`
[INFO] running `Command { std: "docker" "inspect" "f04b9727b230c05f788f0dd8d7c7ab536069929dfe1a05a00a7f98bdeb8e99ef", kill_on_drop: false }`
[INFO] running `Command { std: "docker" "rm" "-f" "f04b9727b230c05f788f0dd8d7c7ab536069929dfe1a05a00a7f98bdeb8e99ef", kill_on_drop: false }`
[INFO] [stdout] f04b9727b230c05f788f0dd8d7c7ab536069929dfe1a05a00a7f98bdeb8e99ef
[INFO] running `Command { std: "docker" "create" "-v" "/var/lib/crater-agent-workspace/builds/worker-3-tc1/target:/opt/rustwide/target:rw,Z" "-v" "/var/lib/crater-agent-workspace/builds/worker-3-tc1/source:/opt/rustwide/workdir:ro,Z" "-v" "/var/lib/crater-agent-workspace/cargo-home:/opt/rustwide/cargo-home:ro,Z" "-v" "/var/lib/crater-agent-workspace/rustup-home:/opt/rustwide/rustup-home:ro,Z" "-e" "SOURCE_DIR=/opt/rustwide/workdir" "-e" "CARGO_TARGET_DIR=/opt/rustwide/target" "-e" "CARGO_INCREMENTAL=0" "-e" "RUST_BACKTRACE=full" "-e" "RUSTFLAGS=--cap-lints=warn" "-e" "RUSTDOCFLAGS=--cap-lints=warn" "-e" "CARGO_HOME=/opt/rustwide/cargo-home" "-e" "RUSTUP_HOME=/opt/rustwide/rustup-home" "-w" "/opt/rustwide/workdir" "-m" "1610612736" "--user" "0:0" "--network" "none" "ghcr.io/rust-lang/crates-build-env/linux@sha256:2788e3201cd34a07e3172128adcd8b3090168a8e3bcc40d7c032b9dda1df7d1c" "/opt/rustwide/cargo-home/bin/cargo" "+1.75.0" "doc" "--frozen" "--no-deps" "--document-private-items" "--message-format=json", kill_on_drop: false }`
[INFO] [stdout] 58fc44670599829c048dfdb0fff04dfb40558b421288d386f722213f6df178aa
[INFO] running `Command { std: "docker" "start" "-a" "58fc44670599829c048dfdb0fff04dfb40558b421288d386f722213f6df178aa", kill_on_drop: false }`
[INFO] [stderr]    Compiling num-traits v0.2.17
[INFO] [stderr]    Compiling crossbeam-utils v0.8.18
[INFO] [stderr]    Compiling winapi-build v0.1.1
[INFO] [stderr]     Checking rand v0.4.6
[INFO] [stderr]     Checking rustc-serialize v0.3.25
[INFO] [stderr]     Checking winapi v0.2.8
[INFO] [stderr]    Compiling rayon-core v1.12.0
[INFO] [stderr]    Compiling num-iter v0.1.43
[INFO] [stderr]     Checking memchr v0.1.11
[INFO] [stderr]     Checking either v1.9.0
[INFO] [stderr]     Checking adler32 v1.2.0
[INFO] [stderr]    Compiling typenum v1.17.0
[INFO] [stderr]    Compiling arrayvec v0.4.12
[INFO] [stderr]    Compiling backtrace v0.3.69
[INFO] [stderr]     Checking log v0.4.20
[INFO] [stderr]     Checking regex-syntax v0.3.9
[INFO] [stderr]     Checking utf8-ranges v0.1.3
[INFO] [stderr]     Checking aho-corasick v0.5.3
[INFO] [stderr]     Checking gimli v0.28.1
[INFO] [stderr]    Compiling kernel32-sys v0.2.2
[INFO] [stderr]     Checking bitflags v1.3.2
[INFO] [stderr]     Checking deflate v0.7.20
[INFO] [stderr]     Checking inflate v0.3.4
[INFO] [stderr]     Checking log v0.3.9
[INFO] [stderr]     Checking object v0.32.2
[INFO] [stderr]     Checking miniz_oxide v0.7.1
[INFO] [stderr]     Checking stb_truetype v0.3.1
[INFO] [stderr]     Checking color_quant v1.1.0
[INFO] [stderr]     Checking nodrop v0.1.14
[INFO] [stderr]     Checking thread-id v2.0.0
[INFO] [stderr]     Checking lzw v0.10.0
[INFO] [stderr]     Checking approx v0.1.1
[INFO] [stderr]     Checking rustc-demangle v0.1.23
[INFO] [stderr]     Checking thread_local v0.2.7
[INFO] [stderr]     Checking custom_derive v0.1.7
[INFO] [stderr]     Checking scoped_threadpool v0.1.9
[INFO] [stderr]     Checking linked-hash-map v0.5.6
[INFO] [stderr]     Checking unicode-width v0.1.11
[INFO] [stderr]     Checking stb_truetype v0.2.8
[INFO] [stderr]     Checking gif v0.9.2
[INFO] [stderr]     Checking cfg-if v0.1.10
[INFO] [stderr]     Checking conv v0.3.3
[INFO] [stderr]     Checking itertools v0.6.5
[INFO] [stderr]     Checking rand v0.3.23
[INFO] [stderr]     Checking encoding_rs v0.7.2
[INFO] [stderr]     Checking textwrap v0.9.0
[INFO] [stderr]     Checking ansi_term v0.10.2
[INFO] [stderr]     Checking strsim v0.6.0
[INFO] [stderr]     Checking yaml-rust v0.3.5
[INFO] [stderr]     Checking regex v0.1.80
[INFO] [stderr]     Checking rusttype v0.2.4
[INFO] [stderr]     Checking crossbeam-epoch v0.9.17
[INFO] [stderr]     Checking crossbeam-deque v0.8.4
[INFO] [stderr]     Checking clap v2.28.0
[INFO] [stderr]     Checking num-integer v0.1.45
[INFO] [stderr]     Checking num-traits v0.1.43
[INFO] [stderr]     Checking enum_primitive v0.1.1
[INFO] [stderr]     Checking rayon v1.8.0
[INFO] [stderr]     Checking rayon v0.7.1
[INFO] [stderr]     Checking env_logger v0.3.5
[INFO] [stderr]     Checking generic-array v0.2.1
[INFO] [stderr]     Checking png v0.11.0
[INFO] [stderr]     Checking quickcheck v0.2.27
[INFO] [stderr]     Checking num-complex v0.1.43
[INFO] [stderr]     Checking num-bigint v0.1.44
[INFO] [stderr]     Checking alga v0.5.4
[INFO] [stderr]     Checking num-rational v0.1.42
[INFO] [stderr]     Checking nalgebra v0.11.2
[INFO] [stderr]     Checking addr2line v0.21.0
[INFO] [stderr]     Checking num v0.1.42
[INFO] [stdout] error[E0119]: conflicting implementations of trait `Mul<&_>` for type `translation::TranslationBase<_, _, _>`
[INFO] [stdout]    --> /opt/rustwide/cargo-home/registry/src/index.crates.io-6f17d22bba15001f/nalgebra-0.11.2/src/geometry/isometry_ops.rs:68:9
[INFO] [stdout]     |
[INFO] [stdout] 68  | /         impl<$($lives ,)* N, D: DimName, S, R> $Op<$Rhs> for $Lhs
[INFO] [stdout] 69  | |             where N: Real,
[INFO] [stdout] 70  | |                   S: OwnedStorage<N, D, U1>,
[INFO] [stdout] 71  | |                   R: Rotation<PointBase<N, D, S>>,
[INFO] [stdout] 72  | |                   S::Alloc: OwnedAllocator<N, D, U1, S> {
[INFO] [stdout]     | |                                                       ^
[INFO] [stdout]     | |                                                       |
[INFO] [stdout]     | |_______________________________________________________first implementation here
[INFO] [stdout]     |                                                         conflicting implementation for `translation::TranslationBase<_, _, _>`
[INFO] [stdout] ...
[INFO] [stdout] 286 | / isometry_binop_impl_all!(
[INFO] [stdout] 287 | |     Mul, mul;
[INFO] [stdout] 288 | |     self: TranslationBase<N, D, S>, right: R, Output = IsometryBase<N, D, S, R>;
[INFO] [stdout] 289 | |     [val val] => IsometryBase::from_parts(self, right);
[INFO] [stdout] ...   |
[INFO] [stdout] 292 | |     [ref ref] => IsometryBase::from_parts(self.clone(), right.clone());
[INFO] [stdout] 293 | | );
[INFO] [stdout]     | |_- in this macro invocation
[INFO] [stdout]     |
[INFO] [stdout]     = note: downstream crates may implement trait `alga::linear::Rotation<geometry::point::PointBase<_, _, _>>` for type `&_`
[INFO] [stdout]     = note: this error originates in the macro `isometry_binop_impl` which comes from the expansion of the macro `isometry_binop_impl_all` (in Nightly builds, run with -Z macro-backtrace for more info)
[INFO] [stdout] 
[INFO] [stdout] 
[INFO] [stdout] error[E0119]: conflicting implementations of trait `Mul<&_>` for type `&translation::TranslationBase<_, _, _>`
[INFO] [stdout]    --> /opt/rustwide/cargo-home/registry/src/index.crates.io-6f17d22bba15001f/nalgebra-0.11.2/src/geometry/isometry_ops.rs:68:9
[INFO] [stdout]     |
[INFO] [stdout] 68  | /         impl<$($lives ,)* N, D: DimName, S, R> $Op<$Rhs> for $Lhs
[INFO] [stdout] 69  | |             where N: Real,
[INFO] [stdout] 70  | |                   S: OwnedStorage<N, D, U1>,
[INFO] [stdout] 71  | |                   R: Rotation<PointBase<N, D, S>>,
[INFO] [stdout] 72  | |                   S::Alloc: OwnedAllocator<N, D, U1, S> {
[INFO] [stdout]     | |                                                       ^
[INFO] [stdout]     | |                                                       |
[INFO] [stdout]     | |_______________________________________________________first implementation here
[INFO] [stdout]     |                                                         conflicting implementation for `&translation::TranslationBase<_, _, _>`
[INFO] [stdout] ...
[INFO] [stdout] 286 | / isometry_binop_impl_all!(
[INFO] [stdout] 287 | |     Mul, mul;
[INFO] [stdout] 288 | |     self: TranslationBase<N, D, S>, right: R, Output = IsometryBase<N, D, S, R>;
[INFO] [stdout] 289 | |     [val val] => IsometryBase::from_parts(self, right);
[INFO] [stdout] ...   |
[INFO] [stdout] 292 | |     [ref ref] => IsometryBase::from_parts(self.clone(), right.clone());
[INFO] [stdout] 293 | | );
[INFO] [stdout]     | |_- in this macro invocation
[INFO] [stdout]     |
[INFO] [stdout]     = note: downstream crates may implement trait `alga::linear::Rotation<geometry::point::PointBase<_, _, _>>` for type `&_`
[INFO] [stdout]     = note: this error originates in the macro `isometry_binop_impl` which comes from the expansion of the macro `isometry_binop_impl_all` (in Nightly builds, run with -Z macro-backtrace for more info)
[INFO] [stdout] 
[INFO] [stdout] 
[INFO] [stdout] error: aborting due to 2 previous errors
[INFO] [stdout] 
[INFO] [stdout] 
[INFO] [stdout] For more information about this error, try `rustc --explain E0119`.
[INFO] [stdout] 
[INFO] [stderr] error: could not compile `nalgebra` (lib) due to 3 previous errors
[INFO] [stderr] warning: build failed, waiting for other jobs to finish...
[INFO] running `Command { std: "docker" "inspect" "58fc44670599829c048dfdb0fff04dfb40558b421288d386f722213f6df178aa", kill_on_drop: false }`
[INFO] running `Command { std: "docker" "rm" "-f" "58fc44670599829c048dfdb0fff04dfb40558b421288d386f722213f6df178aa", kill_on_drop: false }`
[INFO] [stdout] 58fc44670599829c048dfdb0fff04dfb40558b421288d386f722213f6df178aa
[INFO] documenting voc-perturb-0.1.2 against beta-2023-12-22 for beta-1.76-rustdoc-1
[INFO] extracting crate voc-perturb 0.1.2 into /workspace/builds/worker-3-tc2/source
[INFO] validating manifest of crates.io crate voc-perturb 0.1.2 on toolchain beta-2023-12-22
[INFO] running `Command { std: CARGO_HOME="/workspace/cargo-home" RUSTUP_HOME="/workspace/rustup-home" "/workspace/cargo-home/bin/cargo" "+beta-2023-12-22" "metadata" "--manifest-path" "Cargo.toml" "--no-deps", kill_on_drop: false }`
[INFO] started tweaking crates.io crate voc-perturb 0.1.2
[INFO] finished tweaking crates.io crate voc-perturb 0.1.2
[INFO] tweaked toml for crates.io crate voc-perturb 0.1.2 written to /workspace/builds/worker-3-tc2/source/Cargo.toml
[INFO] running `Command { std: CARGO_HOME="/workspace/cargo-home" RUSTUP_HOME="/workspace/rustup-home" "/workspace/cargo-home/bin/cargo" "+beta-2023-12-22" "generate-lockfile" "--manifest-path" "Cargo.toml", kill_on_drop: false }`
[INFO] [stderr]     Updating crates.io index
[INFO] running `Command { std: CARGO_HOME="/workspace/cargo-home" RUSTUP_HOME="/workspace/rustup-home" "/workspace/cargo-home/bin/cargo" "+beta-2023-12-22" "fetch" "--manifest-path" "Cargo.toml", kill_on_drop: false }`
[INFO] running `Command { std: "docker" "create" "-v" "/var/lib/crater-agent-workspace/builds/worker-3-tc2/target:/opt/rustwide/target:rw,Z" "-v" "/var/lib/crater-agent-workspace/builds/worker-3-tc2/source:/opt/rustwide/workdir:ro,Z" "-v" "/var/lib/crater-agent-workspace/cargo-home:/opt/rustwide/cargo-home:ro,Z" "-v" "/var/lib/crater-agent-workspace/rustup-home:/opt/rustwide/rustup-home:ro,Z" "-e" "SOURCE_DIR=/opt/rustwide/workdir" "-e" "CARGO_TARGET_DIR=/opt/rustwide/target" "-e" "CARGO_HOME=/opt/rustwide/cargo-home" "-e" "RUSTUP_HOME=/opt/rustwide/rustup-home" "-w" "/opt/rustwide/workdir" "-m" "1610612736" "--user" "0:0" "--network" "none" "ghcr.io/rust-lang/crates-build-env/linux@sha256:2788e3201cd34a07e3172128adcd8b3090168a8e3bcc40d7c032b9dda1df7d1c" "/opt/rustwide/cargo-home/bin/cargo" "+beta-2023-12-22" "metadata" "--no-deps" "--format-version=1", kill_on_drop: false }`
[INFO] [stdout] e1d89e1923770a4748d5e49c44cfafa78a8e028790429d440febf23b68c977d9
[INFO] running `Command { std: "docker" "start" "-a" "e1d89e1923770a4748d5e49c44cfafa78a8e028790429d440febf23b68c977d9", kill_on_drop: false }`
[INFO] running `Command { std: "docker" "inspect" "e1d89e1923770a4748d5e49c44cfafa78a8e028790429d440febf23b68c977d9", kill_on_drop: false }`
[INFO] running `Command { std: "docker" "rm" "-f" "e1d89e1923770a4748d5e49c44cfafa78a8e028790429d440febf23b68c977d9", kill_on_drop: false }`
[INFO] [stdout] e1d89e1923770a4748d5e49c44cfafa78a8e028790429d440febf23b68c977d9
[INFO] running `Command { std: "docker" "create" "-v" "/var/lib/crater-agent-workspace/builds/worker-3-tc2/target:/opt/rustwide/target:rw,Z" "-v" "/var/lib/crater-agent-workspace/builds/worker-3-tc2/source:/opt/rustwide/workdir:ro,Z" "-v" "/var/lib/crater-agent-workspace/cargo-home:/opt/rustwide/cargo-home:ro,Z" "-v" "/var/lib/crater-agent-workspace/rustup-home:/opt/rustwide/rustup-home:ro,Z" "-e" "SOURCE_DIR=/opt/rustwide/workdir" "-e" "CARGO_TARGET_DIR=/opt/rustwide/target" "-e" "CARGO_INCREMENTAL=0" "-e" "RUST_BACKTRACE=full" "-e" "RUSTFLAGS=--cap-lints=warn" "-e" "RUSTDOCFLAGS=--cap-lints=warn" "-e" "CARGO_HOME=/opt/rustwide/cargo-home" "-e" "RUSTUP_HOME=/opt/rustwide/rustup-home" "-w" "/opt/rustwide/workdir" "-m" "1610612736" "--user" "0:0" "--network" "none" "ghcr.io/rust-lang/crates-build-env/linux@sha256:2788e3201cd34a07e3172128adcd8b3090168a8e3bcc40d7c032b9dda1df7d1c" "/opt/rustwide/cargo-home/bin/cargo" "+beta-2023-12-22" "doc" "--frozen" "--no-deps" "--document-private-items" "--message-format=json", kill_on_drop: false }`
[INFO] [stdout] 035fc01676b5e9553d4c19bce6206e5bd61ab65d19edb4dd95b01bc2dc26e5e1
[INFO] running `Command { std: "docker" "start" "-a" "035fc01676b5e9553d4c19bce6206e5bd61ab65d19edb4dd95b01bc2dc26e5e1", kill_on_drop: false }`
[INFO] [stderr]    Compiling crossbeam-utils v0.8.18
[INFO] [stderr]    Compiling num-traits v0.2.17
[INFO] [stderr]    Compiling winapi-build v0.1.1
[INFO] [stderr]     Checking rustc-serialize v0.3.25
[INFO] [stderr]    Compiling rayon-core v1.12.0
[INFO] [stderr]     Checking winapi v0.2.8
[INFO] [stderr]    Compiling num-iter v0.1.43
[INFO] [stderr]     Checking either v1.9.0
[INFO] [stderr]     Checking adler32 v1.2.0
[INFO] [stderr]    Compiling typenum v1.17.0
[INFO] [stderr]    Compiling arrayvec v0.4.12
[INFO] [stderr]     Checking rand v0.4.6
[INFO] [stderr]     Checking memchr v0.1.11
[INFO] [stderr]     Checking log v0.4.20
[INFO] [stderr]    Compiling backtrace v0.3.69
[INFO] [stderr]     Checking gimli v0.28.1
[INFO] [stderr]     Checking bitflags v1.3.2
[INFO] [stderr]     Checking regex-syntax v0.3.9
[INFO] [stderr]     Checking utf8-ranges v0.1.3
[INFO] [stderr]     Checking aho-corasick v0.5.3
[INFO] [stderr]    Compiling kernel32-sys v0.2.2
[INFO] [stderr]     Checking miniz_oxide v0.7.1
[INFO] [stderr]     Checking log v0.3.9
[INFO] [stderr]     Checking deflate v0.7.20
[INFO] [stderr]     Checking inflate v0.3.4
[INFO] [stderr]     Checking object v0.32.2
[INFO] [stderr]     Checking stb_truetype v0.3.1
[INFO] [stderr]     Checking nodrop v0.1.14
[INFO] [stderr]     Checking color_quant v1.1.0
[INFO] [stderr]     Checking lzw v0.10.0
[INFO] [stderr]     Checking approx v0.1.1
[INFO] [stderr]     Checking thread-id v2.0.0
[INFO] [stderr]     Checking rustc-demangle v0.1.23
[INFO] [stderr]     Checking thread_local v0.2.7
[INFO] [stderr]     Checking linked-hash-map v0.5.6
[INFO] [stderr]     Checking unicode-width v0.1.11
[INFO] [stderr]     Checking gif v0.9.2
[INFO] [stderr]     Checking stb_truetype v0.2.8
[INFO] [stderr]     Checking rand v0.3.23
[INFO] [stderr]     Checking scoped_threadpool v0.1.9
[INFO] [stderr]     Checking cfg-if v0.1.10
[INFO] [stderr]     Checking custom_derive v0.1.7
[INFO] [stderr]     Checking textwrap v0.9.0
[INFO] [stderr]     Checking itertools v0.6.5
[INFO] [stderr]     Checking encoding_rs v0.7.2
[INFO] [stderr]     Checking conv v0.3.3
[INFO] [stderr]     Checking ansi_term v0.10.2
[INFO] [stderr]     Checking yaml-rust v0.3.5
[INFO] [stderr]     Checking strsim v0.6.0
[INFO] [stderr]     Checking rusttype v0.2.4
[INFO] [stderr]     Checking regex v0.1.80
[INFO] [stderr]     Checking crossbeam-epoch v0.9.17
[INFO] [stderr]     Checking clap v2.28.0
[INFO] [stderr]     Checking crossbeam-deque v0.8.4
[INFO] [stderr]     Checking num-integer v0.1.45
[INFO] [stderr]     Checking num-traits v0.1.43
[INFO] [stderr]     Checking enum_primitive v0.1.1
[INFO] [stderr]     Checking env_logger v0.3.5
[INFO] [stderr]     Checking num-complex v0.1.43
[INFO] [stderr]     Checking quickcheck v0.2.27
[INFO] [stderr]     Checking rayon v1.8.0
[INFO] [stderr]     Checking rayon v0.7.1
[INFO] [stderr]     Checking num-bigint v0.1.44
[INFO] [stderr]     Checking png v0.11.0
[INFO] [stderr]     Checking generic-array v0.2.1
[INFO] [stderr]     Checking alga v0.5.4
[INFO] [stderr]     Checking nalgebra v0.11.2
[INFO] [stderr]     Checking addr2line v0.21.0
[INFO] [stderr]     Checking num-rational v0.1.42
[INFO] [stderr]     Checking num v0.1.42
[INFO] [stdout] error[E0119]: conflicting implementations of trait `Mul<&_>` for type `translation::TranslationBase<_, _, _>`
[INFO] [stdout]    --> /opt/rustwide/cargo-home/registry/src/index.crates.io-6f17d22bba15001f/nalgebra-0.11.2/src/geometry/isometry_ops.rs:68:9
[INFO] [stdout]     |
[INFO] [stdout] 68  | /         impl<$($lives ,)* N, D: DimName, S, R> $Op<$Rhs> for $Lhs
[INFO] [stdout] 69  | |             where N: Real,
[INFO] [stdout] 70  | |                   S: OwnedStorage<N, D, U1>,
[INFO] [stdout] 71  | |                   R: Rotation<PointBase<N, D, S>>,
[INFO] [stdout] 72  | |                   S::Alloc: OwnedAllocator<N, D, U1, S> {
[INFO] [stdout]     | |                                                       ^
[INFO] [stdout]     | |                                                       |
[INFO] [stdout]     | |_______________________________________________________first implementation here
[INFO] [stdout]     |                                                         conflicting implementation for `translation::TranslationBase<_, _, _>`
[INFO] [stdout] ...
[INFO] [stdout] 286 | / isometry_binop_impl_all!(
[INFO] [stdout] 287 | |     Mul, mul;
[INFO] [stdout] 288 | |     self: TranslationBase<N, D, S>, right: R, Output = IsometryBase<N, D, S, R>;
[INFO] [stdout] 289 | |     [val val] => IsometryBase::from_parts(self, right);
[INFO] [stdout] ...   |
[INFO] [stdout] 292 | |     [ref ref] => IsometryBase::from_parts(self.clone(), right.clone());
[INFO] [stdout] 293 | | );
[INFO] [stdout]     | |_- in this macro invocation
[INFO] [stdout]     |
[INFO] [stdout]     = note: downstream crates may implement trait `alga::linear::Rotation<geometry::point::PointBase<_, _, _>>` for type `&_`
[INFO] [stdout]     = note: this error originates in the macro `isometry_binop_impl` which comes from the expansion of the macro `isometry_binop_impl_all` (in Nightly builds, run with -Z macro-backtrace for more info)
[INFO] [stdout] 
[INFO] [stdout] 
[INFO] [stdout] error[E0119]: conflicting implementations of trait `Mul<&_>` for type `&translation::TranslationBase<_, _, _>`
[INFO] [stdout]    --> /opt/rustwide/cargo-home/registry/src/index.crates.io-6f17d22bba15001f/nalgebra-0.11.2/src/geometry/isometry_ops.rs:68:9
[INFO] [stdout]     |
[INFO] [stdout] 68  | /         impl<$($lives ,)* N, D: DimName, S, R> $Op<$Rhs> for $Lhs
[INFO] [stdout] 69  | |             where N: Real,
[INFO] [stdout] 70  | |                   S: OwnedStorage<N, D, U1>,
[INFO] [stdout] 71  | |                   R: Rotation<PointBase<N, D, S>>,
[INFO] [stdout] 72  | |                   S::Alloc: OwnedAllocator<N, D, U1, S> {
[INFO] [stdout]     | |                                                       ^
[INFO] [stdout]     | |                                                       |
[INFO] [stdout]     | |_______________________________________________________first implementation here
[INFO] [stdout]     |                                                         conflicting implementation for `&translation::TranslationBase<_, _, _>`
[INFO] [stdout] ...
[INFO] [stdout] 286 | / isometry_binop_impl_all!(
[INFO] [stdout] 287 | |     Mul, mul;
[INFO] [stdout] 288 | |     self: TranslationBase<N, D, S>, right: R, Output = IsometryBase<N, D, S, R>;
[INFO] [stdout] 289 | |     [val val] => IsometryBase::from_parts(self, right);
[INFO] [stdout] ...   |
[INFO] [stdout] 292 | |     [ref ref] => IsometryBase::from_parts(self.clone(), right.clone());
[INFO] [stdout] 293 | | );
[INFO] [stdout]     | |_- in this macro invocation
[INFO] [stdout]     |
[INFO] [stdout]     = note: downstream crates may implement trait `alga::linear::Rotation<geometry::point::PointBase<_, _, _>>` for type `&_`
[INFO] [stdout]     = note: this error originates in the macro `isometry_binop_impl` which comes from the expansion of the macro `isometry_binop_impl_all` (in Nightly builds, run with -Z macro-backtrace for more info)
[INFO] [stdout] 
[INFO] [stdout] 
[INFO] [stdout] error: aborting due to 2 previous errors
[INFO] [stdout] 
[INFO] [stdout] 
[INFO] [stdout] For more information about this error, try `rustc --explain E0119`.
[INFO] [stdout] 
[INFO] [stderr] error: could not compile `nalgebra` (lib) due to 3 previous errors
[INFO] [stderr] warning: build failed, waiting for other jobs to finish...
[INFO] running `Command { std: "docker" "inspect" "035fc01676b5e9553d4c19bce6206e5bd61ab65d19edb4dd95b01bc2dc26e5e1", kill_on_drop: false }`
[INFO] running `Command { std: "docker" "rm" "-f" "035fc01676b5e9553d4c19bce6206e5bd61ab65d19edb4dd95b01bc2dc26e5e1", kill_on_drop: false }`
[INFO] [stdout] 035fc01676b5e9553d4c19bce6206e5bd61ab65d19edb4dd95b01bc2dc26e5e1
