[INFO] fetching crate vineyard-datafusion 0.17.2...
[INFO] documenting vineyard-datafusion-0.17.2 against 1.75.0 for beta-1.76-rustdoc-1
[INFO] extracting crate vineyard-datafusion 0.17.2 into /workspace/builds/worker-4-tc1/source
[INFO] validating manifest of crates.io crate vineyard-datafusion 0.17.2 on toolchain 1.75.0
[INFO] running `Command { std: CARGO_HOME="/workspace/cargo-home" RUSTUP_HOME="/workspace/rustup-home" "/workspace/cargo-home/bin/cargo" "+1.75.0" "metadata" "--manifest-path" "Cargo.toml" "--no-deps", kill_on_drop: false }`
[INFO] started tweaking crates.io crate vineyard-datafusion 0.17.2
[INFO] finished tweaking crates.io crate vineyard-datafusion 0.17.2
[INFO] tweaked toml for crates.io crate vineyard-datafusion 0.17.2 written to /workspace/builds/worker-4-tc1/source/Cargo.toml
[INFO] running `Command { std: CARGO_HOME="/workspace/cargo-home" RUSTUP_HOME="/workspace/rustup-home" "/workspace/cargo-home/bin/cargo" "+1.75.0" "generate-lockfile" "--manifest-path" "Cargo.toml", kill_on_drop: false }`
[INFO] [stderr]     Blocking waiting for file lock on package cache
[INFO] [stderr]     Updating crates.io index
[INFO] running `Command { std: CARGO_HOME="/workspace/cargo-home" RUSTUP_HOME="/workspace/rustup-home" "/workspace/cargo-home/bin/cargo" "+1.75.0" "fetch" "--manifest-path" "Cargo.toml", kill_on_drop: false }`
[INFO] [stderr]     Blocking waiting for file lock on package cache
[INFO] [stderr]  Downloading crates ...
[INFO] [stderr]   Downloaded arrow-buffer v46.0.0
[INFO] [stderr]   Downloaded sqlparser_derive v0.2.2
[INFO] [stderr]   Downloaded spectral v0.6.0
[INFO] [stderr]   Downloaded arrow-csv v49.0.0
[INFO] [stderr]   Downloaded arrow-cast v46.0.0
[INFO] [stderr]   Downloaded static_str_ops v0.1.2
[INFO] [stderr]   Downloaded arrow-select v49.0.0
[INFO] [stderr]   Downloaded datafusion-execution v34.0.0
[INFO] [stderr]   Downloaded arrow-string v49.0.0
[INFO] [stderr]   Downloaded arrow-select v46.0.0
[INFO] [stderr]   Downloaded arrow-ord v49.0.0
[INFO] [stderr]   Downloaded arrow-cast v49.0.0
[INFO] [stderr]   Downloaded arrow-ipc v46.0.0
[INFO] [stderr]   Downloaded sqlparser v0.40.0
[INFO] [stderr]   Downloaded arrow-array v46.0.0
[INFO] [stderr]   Downloaded datafusion-physical-expr v34.0.0
[INFO] [stderr]   Downloaded parquet v49.0.0
[INFO] [stderr]   Downloaded datafusion v34.0.0
[INFO] [stderr]   Downloaded datafusion-expr v34.0.0
[INFO] [stderr]   Downloaded datafusion-optimizer v34.0.0
[INFO] [stderr]   Downloaded arrow-array v49.0.0
[INFO] [stderr]   Downloaded datafusion-common v34.0.0
[INFO] [stderr]   Downloaded object_store v0.8.0
[INFO] [stderr]   Downloaded datafusion-physical-plan v34.0.0
[INFO] [stderr]   Downloaded datafusion-sql v34.0.0
[INFO] [stderr]   Downloaded comfy-table v7.1.0
[INFO] [stderr]   Downloaded arrow-json v49.0.0
[INFO] [stderr]   Downloaded arrow-data v46.0.0
[INFO] [stderr]   Downloaded arrow v49.0.0
[INFO] [stderr]   Downloaded arrow-ipc v49.0.0
[INFO] [stderr]   Downloaded arrow-row v49.0.0
[INFO] [stderr]   Downloaded arrow-buffer v49.0.0
[INFO] [stderr]   Downloaded arrow-data v49.0.0
[INFO] [stderr]   Downloaded arrow-arith v49.0.0
[INFO] [stderr]   Downloaded sendfd v0.4.3
[INFO] [stderr]   Downloaded arrow-schema v46.0.0
[INFO] [stderr]   Downloaded arrow-schema v49.0.0
[INFO] [stderr]   Downloaded vineyard v0.17.2
[INFO] running `Command { std: "docker" "create" "-v" "/var/lib/crater-agent-workspace/builds/worker-4-tc1/target:/opt/rustwide/target:rw,Z" "-v" "/var/lib/crater-agent-workspace/builds/worker-4-tc1/source:/opt/rustwide/workdir:ro,Z" "-v" "/var/lib/crater-agent-workspace/cargo-home:/opt/rustwide/cargo-home:ro,Z" "-v" "/var/lib/crater-agent-workspace/rustup-home:/opt/rustwide/rustup-home:ro,Z" "-e" "SOURCE_DIR=/opt/rustwide/workdir" "-e" "CARGO_TARGET_DIR=/opt/rustwide/target" "-e" "CARGO_HOME=/opt/rustwide/cargo-home" "-e" "RUSTUP_HOME=/opt/rustwide/rustup-home" "-w" "/opt/rustwide/workdir" "-m" "1610612736" "--user" "0:0" "--network" "none" "ghcr.io/rust-lang/crates-build-env/linux@sha256:2788e3201cd34a07e3172128adcd8b3090168a8e3bcc40d7c032b9dda1df7d1c" "/opt/rustwide/cargo-home/bin/cargo" "+1.75.0" "metadata" "--no-deps" "--format-version=1", kill_on_drop: false }`
[INFO] [stdout] d84fdda9359846034a8634d8e3bb1aa51bf848f08686568e8e69cdd558859864
[INFO] running `Command { std: "docker" "start" "-a" "d84fdda9359846034a8634d8e3bb1aa51bf848f08686568e8e69cdd558859864", kill_on_drop: false }`
[INFO] running `Command { std: "docker" "inspect" "d84fdda9359846034a8634d8e3bb1aa51bf848f08686568e8e69cdd558859864", kill_on_drop: false }`
[INFO] running `Command { std: "docker" "rm" "-f" "d84fdda9359846034a8634d8e3bb1aa51bf848f08686568e8e69cdd558859864", kill_on_drop: false }`
[INFO] [stdout] d84fdda9359846034a8634d8e3bb1aa51bf848f08686568e8e69cdd558859864
[INFO] running `Command { std: "docker" "create" "-v" "/var/lib/crater-agent-workspace/builds/worker-4-tc1/target:/opt/rustwide/target:rw,Z" "-v" "/var/lib/crater-agent-workspace/builds/worker-4-tc1/source:/opt/rustwide/workdir:ro,Z" "-v" "/var/lib/crater-agent-workspace/cargo-home:/opt/rustwide/cargo-home:ro,Z" "-v" "/var/lib/crater-agent-workspace/rustup-home:/opt/rustwide/rustup-home:ro,Z" "-e" "SOURCE_DIR=/opt/rustwide/workdir" "-e" "CARGO_TARGET_DIR=/opt/rustwide/target" "-e" "CARGO_INCREMENTAL=0" "-e" "RUST_BACKTRACE=full" "-e" "RUSTFLAGS=--cap-lints=warn" "-e" "RUSTDOCFLAGS=--cap-lints=warn" "-e" "CARGO_HOME=/opt/rustwide/cargo-home" "-e" "RUSTUP_HOME=/opt/rustwide/rustup-home" "-w" "/opt/rustwide/workdir" "-m" "1610612736" "--user" "0:0" "--network" "none" "ghcr.io/rust-lang/crates-build-env/linux@sha256:2788e3201cd34a07e3172128adcd8b3090168a8e3bcc40d7c032b9dda1df7d1c" "/opt/rustwide/cargo-home/bin/cargo" "+1.75.0" "doc" "--frozen" "--no-deps" "--document-private-items" "--message-format=json", kill_on_drop: false }`
[INFO] [stdout] d4a8bbdd35c96377ca534297174e3582f74820f5c432c64a61d9bda75433fe39
[INFO] running `Command { std: "docker" "start" "-a" "d4a8bbdd35c96377ca534297174e3582f74820f5c432c64a61d9bda75433fe39", kill_on_drop: false }`
[INFO] [stderr]    Compiling libm v0.2.8
[INFO] [stderr]     Checking allocator-api2 v0.2.16
[INFO] [stderr]    Compiling rand_core v0.6.4
[INFO] [stderr]     Checking static_assertions v1.1.0
[INFO] [stderr]    Compiling proc-macro2 v1.0.76
[INFO] [stderr]    Compiling num-traits v0.2.17
[INFO] [stderr]    Compiling num-bigint v0.4.4
[INFO] [stderr]    Compiling num-iter v0.1.43
[INFO] [stderr]    Compiling num-rational v0.4.1
[INFO] [stderr]    Compiling ahash v0.8.7
[INFO] [stderr]    Compiling phf_shared v0.11.2
[INFO] [stderr]    Compiling jobserver v0.1.27
[INFO] [stderr]     Checking memchr v2.7.1
[INFO] [stderr]     Checking arrow-schema v49.0.0
[INFO] [stderr]    Compiling rustversion v1.0.14
[INFO] [stderr]     Checking lexical-util v0.8.5
[INFO] [stderr]    Compiling rand v0.8.5
[INFO] [stderr]    Compiling phf v0.11.2
[INFO] [stderr]     Checking futures-core v0.3.30
[INFO] [stderr]    Compiling flatbuffers v23.5.26
[INFO] [stderr]     Checking futures-sink v0.3.30
[INFO] [stderr]     Checking futures-io v0.3.30
[INFO] [stderr]     Checking base64 v0.21.5
[INFO] [stderr]     Checking futures-channel v0.3.30
[INFO] [stderr]    Compiling cc v1.0.83
[INFO] [stderr]    Compiling quote v1.0.35
[INFO] [stderr]    Compiling syn v1.0.109
[INFO] [stderr]     Checking aho-corasick v1.1.2
[INFO] [stderr]    Compiling doc-comment v0.3.3
[INFO] [stderr]     Checking hashbrown v0.14.3
[INFO] [stderr]    Compiling zstd-safe v7.0.0
[INFO] [stderr]     Checking lexical-write-integer v0.8.5
[INFO] [stderr]     Checking lexical-parse-integer v0.8.6
[INFO] [stderr]    Compiling syn v2.0.48
[INFO] [stderr]     Checking alloc-no-stdlib v2.0.4
[INFO] [stderr]    Compiling async-trait v0.1.77
[INFO] [stderr]     Checking lexical-write-float v0.8.5
[INFO] [stderr]     Checking lexical-parse-float v0.8.5
[INFO] [stderr]     Checking alloc-stdlib v0.2.2
[INFO] [stderr]     Checking itertools v0.11.0
[INFO] [stderr]     Checking csv-core v0.1.11
[INFO] [stderr]     Checking tracing-core v0.1.32
[INFO] [stderr]    Compiling snap v1.1.1
[INFO] [stderr]    Compiling phf_generator v0.11.2
[INFO] [stderr]     Checking csv v1.3.0
[INFO] [stderr]     Checking flate2 v1.0.28
[INFO] [stderr]    Compiling phf_codegen v0.11.2
[INFO] [stderr]     Checking brotli-decompressor v2.5.1
[INFO] [stderr]     Checking indexmap v2.1.0
[INFO] [stderr]     Checking twox-hash v1.6.3
[INFO] [stderr]    Compiling chrono-tz-build v0.2.1
[INFO] [stderr]     Checking lexical-core v0.8.5
[INFO] [stderr]     Checking humantime v2.1.0
[INFO] [stderr]     Checking integer-encoding v3.0.4
[INFO] [stderr]     Checking regex-automata v0.4.3
[INFO] [stderr]    Compiling seq-macro v0.3.5
[INFO] [stderr]     Checking lz4_flex v0.11.1
[INFO] [stderr]     Checking subtle v2.5.0
[INFO] [stderr]     Checking arrow-schema v46.0.0
[INFO] [stderr]     Checking constant_time_eq v0.3.0
[INFO] [stderr]     Checking arrayvec v0.7.4
[INFO] [stderr]     Checking arrayref v0.3.7
[INFO] [stderr]     Checking digest v0.10.7
[INFO] [stderr]     Checking petgraph v0.6.4
[INFO] [stderr]    Compiling getrandom v0.2.11
[INFO] [stderr]     Checking num-integer v0.1.45
[INFO] [stderr]     Checking num-complex v0.4.4
[INFO] [stderr]     Checking half v2.3.1
[INFO] [stderr]     Checking chrono v0.4.31
[INFO] [stderr]    Compiling zstd-sys v2.0.9+zstd.1.5.5
[INFO] [stderr]     Checking ordered-float v2.10.1
[INFO] [stderr]    Compiling blake3 v1.5.0
[INFO] [stderr]    Compiling lzma-sys v0.1.20
[INFO] [stderr]     Checking brotli v3.4.0
[INFO] [stderr]    Compiling chrono-tz v0.8.5
[INFO] [stderr]     Checking thrift v0.17.0
[INFO] [stderr]    Compiling bzip2-sys v0.1.11+1.0.8
[INFO] [stderr]     Checking blake2 v0.10.6
[INFO] [stderr]     Checking md-5 v0.10.6
[INFO] [stderr]     Checking sha2 v0.10.8
[INFO] [stderr]     Checking itertools v0.12.0
[INFO] [stderr]     Checking uuid v1.6.1
[INFO] [stderr]     Checking hex v0.4.3
[INFO] [stderr]     Checking dashmap v5.5.3
[INFO] [stderr]     Checking memmap2 v0.7.1
[INFO] [stderr]     Checking sendfd v0.4.3
[INFO] [stderr]     Checking downcast-rs v1.2.0
[INFO] [stderr]     Checking glob v0.3.1
[INFO] [stderr]     Checking xz2 v0.1.7
[INFO] [stderr]     Checking regex v1.10.2
[INFO] [stderr]     Checking bzip2 v0.4.4
[INFO] [stderr]     Checking num v0.4.1
[INFO] [stderr]     Checking arrow-buffer v49.0.0
[INFO] [stderr]     Checking arrow-buffer v46.0.0
[INFO] [stderr]    Compiling snafu-derive v0.7.5
[INFO] [stderr]     Checking arrow-data v49.0.0
[INFO] [stderr]     Checking arrow-data v46.0.0
[INFO] [stderr]     Checking arrow-array v46.0.0
[INFO] [stderr]    Compiling strum_macros v0.25.3
[INFO] [stderr]    Compiling futures-macro v0.3.30
[INFO] [stderr]    Compiling tokio-macros v2.2.0
[INFO] [stderr]    Compiling tracing-attributes v0.1.27
[INFO] [stderr]    Compiling sqlparser_derive v0.2.2
[INFO] [stderr]    Compiling gensym v0.1.1
[INFO] [stderr]    Compiling num-derive v0.4.1
[INFO] [stderr]    Compiling ctor v0.2.6
[INFO] [stderr]    Compiling serde_derive v1.0.195
[INFO] [stderr]     Checking arrow-select v46.0.0
[INFO] [stderr]     Checking sqlparser v0.40.0
[INFO] [stderr]     Checking static_str_ops v0.1.2
[INFO] [stderr]     Checking snafu v0.7.5
[INFO] [stderr]     Checking tokio v1.35.1
[INFO] [stderr]     Checking arrow-cast v46.0.0
[INFO] [stderr]     Checking futures-util v0.3.30
[INFO] [stderr]     Checking tracing v0.1.40
[INFO] [stderr]     Checking arrow-ipc v46.0.0
[INFO] [stderr]     Checking arrow-array v49.0.0
[INFO] [stderr]     Checking strum v0.25.0
[INFO] [stderr]     Checking comfy-table v7.1.0
[INFO] [stderr]     Checking zstd v0.13.0
[INFO] [stderr]     Checking vineyard v0.17.2
[INFO] [stdout] error[E0554]: `#![feature]` may not be used on the stable release channel
[INFO] [stdout]   --> /opt/rustwide/cargo-home/registry/src/index.crates.io-6f17d22bba15001f/vineyard-0.17.2/src/lib.rs:27:34
[INFO] [stdout]    |
[INFO] [stdout] 27 | #![cfg_attr(feature = "nightly", feature(associated_type_defaults))]
[INFO] [stdout]    |                                  ^^^^^^^^^^^^^^^^^^^^^^^^^^^^^^^^^
[INFO] [stdout] 
[INFO] [stdout] 
[INFO] [stdout] error[E0554]: `#![feature]` may not be used on the stable release channel
[INFO] [stdout]   --> /opt/rustwide/cargo-home/registry/src/index.crates.io-6f17d22bba15001f/vineyard-0.17.2/src/lib.rs:28:34
[INFO] [stdout]    |
[INFO] [stdout] 28 | #![cfg_attr(feature = "nightly", feature(box_into_inner))]
[INFO] [stdout]    |                                  ^^^^^^^^^^^^^^^^^^^^^^^
[INFO] [stdout] 
[INFO] [stdout] 
[INFO] [stdout] error[E0554]: `#![feature]` may not be used on the stable release channel
[INFO] [stdout]   --> /opt/rustwide/cargo-home/registry/src/index.crates.io-6f17d22bba15001f/vineyard-0.17.2/src/lib.rs:29:34
[INFO] [stdout]    |
[INFO] [stdout] 29 | #![cfg_attr(feature = "nightly", feature(specialization))]
[INFO] [stdout]    |                                  ^^^^^^^^^^^^^^^^^^^^^^^
[INFO] [stdout] 
[INFO] [stdout] 
[INFO] [stdout] error[E0554]: `#![feature]` may not be used on the stable release channel
[INFO] [stdout]   --> /opt/rustwide/cargo-home/registry/src/index.crates.io-6f17d22bba15001f/vineyard-0.17.2/src/lib.rs:30:34
[INFO] [stdout]    |
[INFO] [stdout] 30 | #![cfg_attr(feature = "nightly", feature(trait_alias))]
[INFO] [stdout]    |                                  ^^^^^^^^^^^^^^^^^^^^
[INFO] [stdout] 
[INFO] [stdout] 
[INFO] [stdout] error[E0554]: `#![feature]` may not be used on the stable release channel
[INFO] [stdout]   --> /opt/rustwide/cargo-home/registry/src/index.crates.io-6f17d22bba15001f/vineyard-0.17.2/src/lib.rs:31:34
[INFO] [stdout]    |
[INFO] [stdout] 31 | #![cfg_attr(feature = "nightly", feature(unix_socket_peek))]
[INFO] [stdout]    |                                  ^^^^^^^^^^^^^^^^^^^^^^^^^
[INFO] [stdout] 
[INFO] [stdout] 
[INFO] [stdout] error[E0554]: `#![feature]` may not be used on the stable release channel
[INFO] [stdout]   --> /opt/rustwide/cargo-home/registry/src/index.crates.io-6f17d22bba15001f/vineyard-0.17.2/src/lib.rs:28:42
[INFO] [stdout]    |
[INFO] [stdout] 28 | #![cfg_attr(feature = "nightly", feature(box_into_inner))]
[INFO] [stdout]    |                                          ^^^^^^^^^^^^^^
[INFO] [stdout] 
[INFO] [stdout] 
[INFO] [stdout] error[E0554]: `#![feature]` may not be used on the stable release channel
[INFO] [stdout]   --> /opt/rustwide/cargo-home/registry/src/index.crates.io-6f17d22bba15001f/vineyard-0.17.2/src/lib.rs:31:42
[INFO] [stdout]    |
[INFO] [stdout] 31 | #![cfg_attr(feature = "nightly", feature(unix_socket_peek))]
[INFO] [stdout]    |                                          ^^^^^^^^^^^^^^^^
[INFO] [stdout] 
[INFO] [stdout] 
[INFO] [stderr]     Checking arrow-select v49.0.0
[INFO] [stderr]     Checking arrow-arith v49.0.0
[INFO] [stderr]     Checking arrow-row v49.0.0
[INFO] [stderr]     Checking arrow-cast v49.0.0
[INFO] [stderr]     Checking arrow-string v49.0.0
[INFO] [stderr]     Checking arrow-ord v49.0.0
[INFO] [stdout] error: aborting due to 7 previous errors
[INFO] [stdout] 
[INFO] [stdout] 
[INFO] [stdout] For more information about this error, try `rustc --explain E0554`.
[INFO] [stdout] 
[INFO] [stderr] error: could not compile `vineyard` (lib) due to 8 previous errors
[INFO] [stderr] warning: build failed, waiting for other jobs to finish...
[INFO] running `Command { std: "docker" "inspect" "d4a8bbdd35c96377ca534297174e3582f74820f5c432c64a61d9bda75433fe39", kill_on_drop: false }`
[INFO] running `Command { std: "docker" "rm" "-f" "d4a8bbdd35c96377ca534297174e3582f74820f5c432c64a61d9bda75433fe39", kill_on_drop: false }`
[INFO] [stdout] d4a8bbdd35c96377ca534297174e3582f74820f5c432c64a61d9bda75433fe39
