[INFO] fetching crate user-sync 0.1.1...
[INFO] documenting user-sync-0.1.1 against 1.75.0 for beta-1.76-rustdoc-1
[INFO] extracting crate user-sync 0.1.1 into /workspace/builds/worker-2-tc1/source
[INFO] validating manifest of crates.io crate user-sync 0.1.1 on toolchain 1.75.0
[INFO] running `Command { std: CARGO_HOME="/workspace/cargo-home" RUSTUP_HOME="/workspace/rustup-home" "/workspace/cargo-home/bin/cargo" "+1.75.0" "metadata" "--manifest-path" "Cargo.toml" "--no-deps", kill_on_drop: false }`
[INFO] started tweaking crates.io crate user-sync 0.1.1
[INFO] finished tweaking crates.io crate user-sync 0.1.1
[INFO] tweaked toml for crates.io crate user-sync 0.1.1 written to /workspace/builds/worker-2-tc1/source/Cargo.toml
[INFO] running `Command { std: CARGO_HOME="/workspace/cargo-home" RUSTUP_HOME="/workspace/rustup-home" "/workspace/cargo-home/bin/cargo" "+1.75.0" "generate-lockfile" "--manifest-path" "Cargo.toml", kill_on_drop: false }`
[INFO] [stderr]     Updating crates.io index
[INFO] running `Command { std: CARGO_HOME="/workspace/cargo-home" RUSTUP_HOME="/workspace/rustup-home" "/workspace/cargo-home/bin/cargo" "+1.75.0" "fetch" "--manifest-path" "Cargo.toml", kill_on_drop: false }`
[INFO] [stderr]  Downloading crates ...
[INFO] [stderr]   Downloaded system-call v0.1.3
[INFO] running `Command { std: "docker" "create" "-v" "/var/lib/crater-agent-workspace/builds/worker-2-tc1/target:/opt/rustwide/target:rw,Z" "-v" "/var/lib/crater-agent-workspace/builds/worker-2-tc1/source:/opt/rustwide/workdir:ro,Z" "-v" "/var/lib/crater-agent-workspace/cargo-home:/opt/rustwide/cargo-home:ro,Z" "-v" "/var/lib/crater-agent-workspace/rustup-home:/opt/rustwide/rustup-home:ro,Z" "-e" "SOURCE_DIR=/opt/rustwide/workdir" "-e" "CARGO_TARGET_DIR=/opt/rustwide/target" "-e" "CARGO_HOME=/opt/rustwide/cargo-home" "-e" "RUSTUP_HOME=/opt/rustwide/rustup-home" "-w" "/opt/rustwide/workdir" "-m" "1610612736" "--user" "0:0" "--network" "none" "ghcr.io/rust-lang/crates-build-env/linux@sha256:2788e3201cd34a07e3172128adcd8b3090168a8e3bcc40d7c032b9dda1df7d1c" "/opt/rustwide/cargo-home/bin/cargo" "+1.75.0" "metadata" "--no-deps" "--format-version=1", kill_on_drop: false }`
[INFO] [stdout] 3ea29186ede2e29b17847badec52dcdd7dfd000019dd870765892cc5e5d915bc
[INFO] running `Command { std: "docker" "start" "-a" "3ea29186ede2e29b17847badec52dcdd7dfd000019dd870765892cc5e5d915bc", kill_on_drop: false }`
[INFO] running `Command { std: "docker" "inspect" "3ea29186ede2e29b17847badec52dcdd7dfd000019dd870765892cc5e5d915bc", kill_on_drop: false }`
[INFO] running `Command { std: "docker" "rm" "-f" "3ea29186ede2e29b17847badec52dcdd7dfd000019dd870765892cc5e5d915bc", kill_on_drop: false }`
[INFO] [stdout] 3ea29186ede2e29b17847badec52dcdd7dfd000019dd870765892cc5e5d915bc
[INFO] running `Command { std: "docker" "create" "-v" "/var/lib/crater-agent-workspace/builds/worker-2-tc1/target:/opt/rustwide/target:rw,Z" "-v" "/var/lib/crater-agent-workspace/builds/worker-2-tc1/source:/opt/rustwide/workdir:ro,Z" "-v" "/var/lib/crater-agent-workspace/cargo-home:/opt/rustwide/cargo-home:ro,Z" "-v" "/var/lib/crater-agent-workspace/rustup-home:/opt/rustwide/rustup-home:ro,Z" "-e" "SOURCE_DIR=/opt/rustwide/workdir" "-e" "CARGO_TARGET_DIR=/opt/rustwide/target" "-e" "CARGO_INCREMENTAL=0" "-e" "RUST_BACKTRACE=full" "-e" "RUSTFLAGS=--cap-lints=warn" "-e" "RUSTDOCFLAGS=--cap-lints=warn" "-e" "CARGO_HOME=/opt/rustwide/cargo-home" "-e" "RUSTUP_HOME=/opt/rustwide/rustup-home" "-w" "/opt/rustwide/workdir" "-m" "1610612736" "--user" "0:0" "--network" "none" "ghcr.io/rust-lang/crates-build-env/linux@sha256:2788e3201cd34a07e3172128adcd8b3090168a8e3bcc40d7c032b9dda1df7d1c" "/opt/rustwide/cargo-home/bin/cargo" "+1.75.0" "doc" "--frozen" "--no-deps" "--document-private-items" "--message-format=json", kill_on_drop: false }`
[INFO] [stdout] b3b39e8601e2139c00dd9eb6c40340fa249fd8fd5256d10e676ab7933a92675f
[INFO] running `Command { std: "docker" "start" "-a" "b3b39e8601e2139c00dd9eb6c40340fa249fd8fd5256d10e676ab7933a92675f", kill_on_drop: false }`
[INFO] [stderr]     Checking system-call v0.1.3
[INFO] [stdout] error: cannot find macro `llvm_asm` in this scope
[INFO] [stdout]   --> /opt/rustwide/cargo-home/registry/src/index.crates.io-6f17d22bba15001f/system-call-0.1.3/src/platform/linux-x86_64/mod.rs:94:5
[INFO] [stdout]    |
[INFO] [stdout] 94 |     llvm_asm!("syscall"
[INFO] [stdout]    |     ^^^^^^^^
[INFO] [stdout] 
[INFO] [stdout] 
[INFO] [stdout] error: cannot find macro `llvm_asm` in this scope
[INFO] [stdout]   --> /opt/rustwide/cargo-home/registry/src/index.crates.io-6f17d22bba15001f/system-call-0.1.3/src/platform/linux-x86_64/mod.rs:77:5
[INFO] [stdout]    |
[INFO] [stdout] 77 |     llvm_asm!("syscall"
[INFO] [stdout]    |     ^^^^^^^^
[INFO] [stdout] 
[INFO] [stdout] 
[INFO] [stdout] error: cannot find macro `llvm_asm` in this scope
[INFO] [stdout]   --> /opt/rustwide/cargo-home/registry/src/index.crates.io-6f17d22bba15001f/system-call-0.1.3/src/platform/linux-x86_64/mod.rs:61:5
[INFO] [stdout]    |
[INFO] [stdout] 61 |     llvm_asm!("syscall"
[INFO] [stdout]    |     ^^^^^^^^
[INFO] [stdout] 
[INFO] [stdout] 
[INFO] [stdout] error: cannot find macro `llvm_asm` in this scope
[INFO] [stdout]   --> /opt/rustwide/cargo-home/registry/src/index.crates.io-6f17d22bba15001f/system-call-0.1.3/src/platform/linux-x86_64/mod.rs:46:5
[INFO] [stdout]    |
[INFO] [stdout] 46 |     llvm_asm!("syscall"
[INFO] [stdout]    |     ^^^^^^^^
[INFO] [stdout] 
[INFO] [stdout] 
[INFO] [stdout] error: cannot find macro `llvm_asm` in this scope
[INFO] [stdout]   --> /opt/rustwide/cargo-home/registry/src/index.crates.io-6f17d22bba15001f/system-call-0.1.3/src/platform/linux-x86_64/mod.rs:36:5
[INFO] [stdout]    |
[INFO] [stdout] 36 |     llvm_asm!("syscall"
[INFO] [stdout]    |     ^^^^^^^^
[INFO] [stdout] 
[INFO] [stdout] 
[INFO] [stdout] error: cannot find macro `llvm_asm` in this scope
[INFO] [stdout]   --> /opt/rustwide/cargo-home/registry/src/index.crates.io-6f17d22bba15001f/system-call-0.1.3/src/platform/linux-x86_64/mod.rs:26:5
[INFO] [stdout]    |
[INFO] [stdout] 26 |     llvm_asm!("syscall"
[INFO] [stdout]    |     ^^^^^^^^
[INFO] [stdout] 
[INFO] [stdout] 
[INFO] [stdout] error: cannot find macro `llvm_asm` in this scope
[INFO] [stdout]   --> /opt/rustwide/cargo-home/registry/src/index.crates.io-6f17d22bba15001f/system-call-0.1.3/src/platform/linux-x86_64/mod.rs:16:5
[INFO] [stdout]    |
[INFO] [stdout] 16 |     llvm_asm!("syscall"
[INFO] [stdout]    |     ^^^^^^^^
[INFO] [stdout] 
[INFO] [stdout] 
[INFO] [stdout] error[E0554]: `#![feature]` may not be used on the stable release channel
[INFO] [stdout]   --> /opt/rustwide/cargo-home/registry/src/index.crates.io-6f17d22bba15001f/system-call-0.1.3/src/lib.rs:15:12
[INFO] [stdout]    |
[INFO] [stdout] 15 | #![feature(llvm_asm)]
[INFO] [stdout]    |            ^^^^^^^^
[INFO] [stdout] 
[INFO] [stdout] 
[INFO] [stdout] error[E0635]: unknown feature `llvm_asm`
[INFO] [stdout]   --> /opt/rustwide/cargo-home/registry/src/index.crates.io-6f17d22bba15001f/system-call-0.1.3/src/lib.rs:15:12
[INFO] [stdout]    |
[INFO] [stdout] 15 | #![feature(llvm_asm)]
[INFO] [stdout]    |            ^^^^^^^^
[INFO] [stdout] 
[INFO] [stdout] 
[INFO] [stdout] error: aborting due to 9 previous errors
[INFO] [stdout] 
[INFO] [stdout] 
[INFO] [stdout] Some errors have detailed explanations: E0554, E0635.
[INFO] [stdout] 
[INFO] [stdout] For more information about an error, try `rustc --explain E0554`.
[INFO] [stdout] 
[INFO] [stderr] error: could not compile `system-call` (lib) due to 10 previous errors
[INFO] running `Command { std: "docker" "inspect" "b3b39e8601e2139c00dd9eb6c40340fa249fd8fd5256d10e676ab7933a92675f", kill_on_drop: false }`
[INFO] running `Command { std: "docker" "rm" "-f" "b3b39e8601e2139c00dd9eb6c40340fa249fd8fd5256d10e676ab7933a92675f", kill_on_drop: false }`
[INFO] [stdout] b3b39e8601e2139c00dd9eb6c40340fa249fd8fd5256d10e676ab7933a92675f
[INFO] documenting user-sync-0.1.1 against beta-2023-12-22 for beta-1.76-rustdoc-1
[INFO] extracting crate user-sync 0.1.1 into /workspace/builds/worker-2-tc2/source
[INFO] validating manifest of crates.io crate user-sync 0.1.1 on toolchain beta-2023-12-22
[INFO] running `Command { std: CARGO_HOME="/workspace/cargo-home" RUSTUP_HOME="/workspace/rustup-home" "/workspace/cargo-home/bin/cargo" "+beta-2023-12-22" "metadata" "--manifest-path" "Cargo.toml" "--no-deps", kill_on_drop: false }`
[INFO] started tweaking crates.io crate user-sync 0.1.1
[INFO] finished tweaking crates.io crate user-sync 0.1.1
[INFO] tweaked toml for crates.io crate user-sync 0.1.1 written to /workspace/builds/worker-2-tc2/source/Cargo.toml
[INFO] running `Command { std: CARGO_HOME="/workspace/cargo-home" RUSTUP_HOME="/workspace/rustup-home" "/workspace/cargo-home/bin/cargo" "+beta-2023-12-22" "generate-lockfile" "--manifest-path" "Cargo.toml", kill_on_drop: false }`
[INFO] [stderr]     Updating crates.io index
[INFO] running `Command { std: CARGO_HOME="/workspace/cargo-home" RUSTUP_HOME="/workspace/rustup-home" "/workspace/cargo-home/bin/cargo" "+beta-2023-12-22" "fetch" "--manifest-path" "Cargo.toml", kill_on_drop: false }`
[INFO] running `Command { std: "docker" "create" "-v" "/var/lib/crater-agent-workspace/builds/worker-2-tc2/target:/opt/rustwide/target:rw,Z" "-v" "/var/lib/crater-agent-workspace/builds/worker-2-tc2/source:/opt/rustwide/workdir:ro,Z" "-v" "/var/lib/crater-agent-workspace/cargo-home:/opt/rustwide/cargo-home:ro,Z" "-v" "/var/lib/crater-agent-workspace/rustup-home:/opt/rustwide/rustup-home:ro,Z" "-e" "SOURCE_DIR=/opt/rustwide/workdir" "-e" "CARGO_TARGET_DIR=/opt/rustwide/target" "-e" "CARGO_HOME=/opt/rustwide/cargo-home" "-e" "RUSTUP_HOME=/opt/rustwide/rustup-home" "-w" "/opt/rustwide/workdir" "-m" "1610612736" "--user" "0:0" "--network" "none" "ghcr.io/rust-lang/crates-build-env/linux@sha256:2788e3201cd34a07e3172128adcd8b3090168a8e3bcc40d7c032b9dda1df7d1c" "/opt/rustwide/cargo-home/bin/cargo" "+beta-2023-12-22" "metadata" "--no-deps" "--format-version=1", kill_on_drop: false }`
[INFO] [stdout] 1eda9bd1d7d50dc7cd12a2b2eaa766dd1974205b7c486615fa20aae6bd51f939
[INFO] running `Command { std: "docker" "start" "-a" "1eda9bd1d7d50dc7cd12a2b2eaa766dd1974205b7c486615fa20aae6bd51f939", kill_on_drop: false }`
[INFO] running `Command { std: "docker" "inspect" "1eda9bd1d7d50dc7cd12a2b2eaa766dd1974205b7c486615fa20aae6bd51f939", kill_on_drop: false }`
[INFO] running `Command { std: "docker" "rm" "-f" "1eda9bd1d7d50dc7cd12a2b2eaa766dd1974205b7c486615fa20aae6bd51f939", kill_on_drop: false }`
[INFO] [stdout] 1eda9bd1d7d50dc7cd12a2b2eaa766dd1974205b7c486615fa20aae6bd51f939
[INFO] running `Command { std: "docker" "create" "-v" "/var/lib/crater-agent-workspace/builds/worker-2-tc2/target:/opt/rustwide/target:rw,Z" "-v" "/var/lib/crater-agent-workspace/builds/worker-2-tc2/source:/opt/rustwide/workdir:ro,Z" "-v" "/var/lib/crater-agent-workspace/cargo-home:/opt/rustwide/cargo-home:ro,Z" "-v" "/var/lib/crater-agent-workspace/rustup-home:/opt/rustwide/rustup-home:ro,Z" "-e" "SOURCE_DIR=/opt/rustwide/workdir" "-e" "CARGO_TARGET_DIR=/opt/rustwide/target" "-e" "CARGO_INCREMENTAL=0" "-e" "RUST_BACKTRACE=full" "-e" "RUSTFLAGS=--cap-lints=warn" "-e" "RUSTDOCFLAGS=--cap-lints=warn" "-e" "CARGO_HOME=/opt/rustwide/cargo-home" "-e" "RUSTUP_HOME=/opt/rustwide/rustup-home" "-w" "/opt/rustwide/workdir" "-m" "1610612736" "--user" "0:0" "--network" "none" "ghcr.io/rust-lang/crates-build-env/linux@sha256:2788e3201cd34a07e3172128adcd8b3090168a8e3bcc40d7c032b9dda1df7d1c" "/opt/rustwide/cargo-home/bin/cargo" "+beta-2023-12-22" "doc" "--frozen" "--no-deps" "--document-private-items" "--message-format=json", kill_on_drop: false }`
[INFO] [stdout] dcee4beeaee4f16f59e48667b95dfb292472cb922290a1382224e844191980ce
[INFO] running `Command { std: "docker" "start" "-a" "dcee4beeaee4f16f59e48667b95dfb292472cb922290a1382224e844191980ce", kill_on_drop: false }`
[INFO] [stderr]     Checking system-call v0.1.3
[INFO] [stdout] error: cannot find macro `llvm_asm` in this scope
[INFO] [stdout]   --> /opt/rustwide/cargo-home/registry/src/index.crates.io-6f17d22bba15001f/system-call-0.1.3/src/platform/linux-x86_64/mod.rs:94:5
[INFO] [stdout]    |
[INFO] [stdout] 94 |     llvm_asm!("syscall"
[INFO] [stdout]    |     ^^^^^^^^
[INFO] [stdout] 
[INFO] [stdout] 
[INFO] [stdout] error: cannot find macro `llvm_asm` in this scope
[INFO] [stdout]   --> /opt/rustwide/cargo-home/registry/src/index.crates.io-6f17d22bba15001f/system-call-0.1.3/src/platform/linux-x86_64/mod.rs:77:5
[INFO] [stdout]    |
[INFO] [stdout] 77 |     llvm_asm!("syscall"
[INFO] [stdout]    |     ^^^^^^^^
[INFO] [stdout] 
[INFO] [stdout] 
[INFO] [stdout] error: cannot find macro `llvm_asm` in this scope
[INFO] [stdout]   --> /opt/rustwide/cargo-home/registry/src/index.crates.io-6f17d22bba15001f/system-call-0.1.3/src/platform/linux-x86_64/mod.rs:61:5
[INFO] [stdout]    |
[INFO] [stdout] 61 |     llvm_asm!("syscall"
[INFO] [stdout]    |     ^^^^^^^^
[INFO] [stdout] 
[INFO] [stdout] 
[INFO] [stdout] error: cannot find macro `llvm_asm` in this scope
[INFO] [stdout]   --> /opt/rustwide/cargo-home/registry/src/index.crates.io-6f17d22bba15001f/system-call-0.1.3/src/platform/linux-x86_64/mod.rs:46:5
[INFO] [stdout]    |
[INFO] [stdout] 46 |     llvm_asm!("syscall"
[INFO] [stdout]    |     ^^^^^^^^
[INFO] [stdout] 
[INFO] [stdout] 
[INFO] [stdout] error: cannot find macro `llvm_asm` in this scope
[INFO] [stdout]   --> /opt/rustwide/cargo-home/registry/src/index.crates.io-6f17d22bba15001f/system-call-0.1.3/src/platform/linux-x86_64/mod.rs:36:5
[INFO] [stdout]    |
[INFO] [stdout] 36 |     llvm_asm!("syscall"
[INFO] [stdout]    |     ^^^^^^^^
[INFO] [stdout] 
[INFO] [stdout] 
[INFO] [stdout] error: cannot find macro `llvm_asm` in this scope
[INFO] [stdout]   --> /opt/rustwide/cargo-home/registry/src/index.crates.io-6f17d22bba15001f/system-call-0.1.3/src/platform/linux-x86_64/mod.rs:26:5
[INFO] [stdout]    |
[INFO] [stdout] 26 |     llvm_asm!("syscall"
[INFO] [stdout]    |     ^^^^^^^^
[INFO] [stdout] 
[INFO] [stdout] 
[INFO] [stdout] error: cannot find macro `llvm_asm` in this scope
[INFO] [stdout]   --> /opt/rustwide/cargo-home/registry/src/index.crates.io-6f17d22bba15001f/system-call-0.1.3/src/platform/linux-x86_64/mod.rs:16:5
[INFO] [stdout]    |
[INFO] [stdout] 16 |     llvm_asm!("syscall"
[INFO] [stdout]    |     ^^^^^^^^
[INFO] [stdout] 
[INFO] [stdout] 
[INFO] [stdout] error[E0554]: `#![feature]` may not be used on the beta release channel
[INFO] [stdout]   --> /opt/rustwide/cargo-home/registry/src/index.crates.io-6f17d22bba15001f/system-call-0.1.3/src/lib.rs:15:12
[INFO] [stdout]    |
[INFO] [stdout] 15 | #![feature(llvm_asm)]
[INFO] [stdout]    |            ^^^^^^^^
[INFO] [stdout] 
[INFO] [stdout] 
[INFO] [stdout] error[E0635]: unknown feature `llvm_asm`
[INFO] [stdout]   --> /opt/rustwide/cargo-home/registry/src/index.crates.io-6f17d22bba15001f/system-call-0.1.3/src/lib.rs:15:12
[INFO] [stdout]    |
[INFO] [stdout] 15 | #![feature(llvm_asm)]
[INFO] [stdout]    |            ^^^^^^^^
[INFO] [stdout] 
[INFO] [stdout] 
[INFO] [stdout] error: aborting due to 9 previous errors
[INFO] [stdout] 
[INFO] [stdout] 
[INFO] [stdout] Some errors have detailed explanations: E0554, E0635.
[INFO] [stdout] 
[INFO] [stdout] For more information about an error, try `rustc --explain E0554`.
[INFO] [stdout] 
[INFO] [stderr] error: could not compile `system-call` (lib) due to 10 previous errors
[INFO] running `Command { std: "docker" "inspect" "dcee4beeaee4f16f59e48667b95dfb292472cb922290a1382224e844191980ce", kill_on_drop: false }`
[INFO] running `Command { std: "docker" "rm" "-f" "dcee4beeaee4f16f59e48667b95dfb292472cb922290a1382224e844191980ce", kill_on_drop: false }`
[INFO] [stdout] dcee4beeaee4f16f59e48667b95dfb292472cb922290a1382224e844191980ce
