[INFO] fetching crate unimarkup-core 0.4.0...
[INFO] documenting unimarkup-core-0.4.0 against 1.75.0 for beta-1.76-rustdoc-1
[INFO] extracting crate unimarkup-core 0.4.0 into /workspace/builds/worker-4-tc1/source
[INFO] validating manifest of crates.io crate unimarkup-core 0.4.0 on toolchain 1.75.0
[INFO] running `Command { std: CARGO_HOME="/workspace/cargo-home" RUSTUP_HOME="/workspace/rustup-home" "/workspace/cargo-home/bin/cargo" "+1.75.0" "metadata" "--manifest-path" "Cargo.toml" "--no-deps", kill_on_drop: false }`
[INFO] started tweaking crates.io crate unimarkup-core 0.4.0
[INFO] finished tweaking crates.io crate unimarkup-core 0.4.0
[INFO] tweaked toml for crates.io crate unimarkup-core 0.4.0 written to /workspace/builds/worker-4-tc1/source/Cargo.toml
[INFO] running `Command { std: CARGO_HOME="/workspace/cargo-home" RUSTUP_HOME="/workspace/rustup-home" "/workspace/cargo-home/bin/cargo" "+1.75.0" "generate-lockfile" "--manifest-path" "Cargo.toml", kill_on_drop: false }`
[INFO] [stderr]     Updating crates.io index
[INFO] running `Command { std: CARGO_HOME="/workspace/cargo-home" RUSTUP_HOME="/workspace/rustup-home" "/workspace/cargo-home/bin/cargo" "+1.75.0" "fetch" "--manifest-path" "Cargo.toml", kill_on_drop: false }`
[INFO] [stderr]  Downloading crates ...
[INFO] [stderr]   Downloaded unimarkup-render v0.4.0
[INFO] [stderr]   Downloaded icu_casemapping v0.7.2
[INFO] [stderr]   Downloaded icu_relativetime v0.1.4
[INFO] [stderr]   Downloaded unimarkup-inline v0.4.0
[INFO] [stderr]   Downloaded serde_plain v1.0.2
[INFO] [stderr]   Downloaded logid v0.6.1
[INFO] [stderr]   Downloaded zerovec v0.9.6
[INFO] [stderr]   Downloaded litemap v0.6.1
[INFO] [stderr]   Downloaded syntect v4.6.0
[INFO] [stderr]   Downloaded icu_segmenter v0.8.0
[INFO] [stderr]   Downloaded icu_displaynames v0.8.0
[INFO] [stderr]   Downloaded icu v1.1.0
[INFO] [stderr]   Downloaded icu_testdata v1.1.2
[INFO] running `Command { std: "docker" "create" "-v" "/var/lib/crater-agent-workspace/builds/worker-4-tc1/target:/opt/rustwide/target:rw,Z" "-v" "/var/lib/crater-agent-workspace/builds/worker-4-tc1/source:/opt/rustwide/workdir:ro,Z" "-v" "/var/lib/crater-agent-workspace/cargo-home:/opt/rustwide/cargo-home:ro,Z" "-v" "/var/lib/crater-agent-workspace/rustup-home:/opt/rustwide/rustup-home:ro,Z" "-e" "SOURCE_DIR=/opt/rustwide/workdir" "-e" "CARGO_TARGET_DIR=/opt/rustwide/target" "-e" "CARGO_HOME=/opt/rustwide/cargo-home" "-e" "RUSTUP_HOME=/opt/rustwide/rustup-home" "-w" "/opt/rustwide/workdir" "-m" "1610612736" "--user" "0:0" "--network" "none" "ghcr.io/rust-lang/crates-build-env/linux@sha256:2788e3201cd34a07e3172128adcd8b3090168a8e3bcc40d7c032b9dda1df7d1c" "/opt/rustwide/cargo-home/bin/cargo" "+1.75.0" "metadata" "--no-deps" "--format-version=1", kill_on_drop: false }`
[INFO] [stdout] dbc0da51c5b2b19e42a330a1d4aacc5f43d84285540ca4d9770fddb11ec0440a
[INFO] running `Command { std: "docker" "start" "-a" "dbc0da51c5b2b19e42a330a1d4aacc5f43d84285540ca4d9770fddb11ec0440a", kill_on_drop: false }`
[INFO] running `Command { std: "docker" "inspect" "dbc0da51c5b2b19e42a330a1d4aacc5f43d84285540ca4d9770fddb11ec0440a", kill_on_drop: false }`
[INFO] running `Command { std: "docker" "rm" "-f" "dbc0da51c5b2b19e42a330a1d4aacc5f43d84285540ca4d9770fddb11ec0440a", kill_on_drop: false }`
[INFO] [stdout] dbc0da51c5b2b19e42a330a1d4aacc5f43d84285540ca4d9770fddb11ec0440a
[INFO] running `Command { std: "docker" "create" "-v" "/var/lib/crater-agent-workspace/builds/worker-4-tc1/target:/opt/rustwide/target:rw,Z" "-v" "/var/lib/crater-agent-workspace/builds/worker-4-tc1/source:/opt/rustwide/workdir:ro,Z" "-v" "/var/lib/crater-agent-workspace/cargo-home:/opt/rustwide/cargo-home:ro,Z" "-v" "/var/lib/crater-agent-workspace/rustup-home:/opt/rustwide/rustup-home:ro,Z" "-e" "SOURCE_DIR=/opt/rustwide/workdir" "-e" "CARGO_TARGET_DIR=/opt/rustwide/target" "-e" "CARGO_INCREMENTAL=0" "-e" "RUST_BACKTRACE=full" "-e" "RUSTFLAGS=--cap-lints=warn" "-e" "RUSTDOCFLAGS=--cap-lints=warn" "-e" "CARGO_HOME=/opt/rustwide/cargo-home" "-e" "RUSTUP_HOME=/opt/rustwide/rustup-home" "-w" "/opt/rustwide/workdir" "-m" "1610612736" "--user" "0:0" "--network" "none" "ghcr.io/rust-lang/crates-build-env/linux@sha256:2788e3201cd34a07e3172128adcd8b3090168a8e3bcc40d7c032b9dda1df7d1c" "/opt/rustwide/cargo-home/bin/cargo" "+1.75.0" "doc" "--frozen" "--no-deps" "--document-private-items" "--message-format=json", kill_on_drop: false }`
[INFO] [stdout] ebf3e9f413b0b247acc3259c99259269593ef9811920ce15706aa67ef73a2d96
[INFO] running `Command { std: "docker" "start" "-a" "ebf3e9f413b0b247acc3259c99259269593ef9811920ce15706aa67ef73a2d96", kill_on_drop: false }`
[INFO] [stderr]    Compiling proc-macro2 v1.0.76
[INFO] [stderr]     Checking stable_deref_trait v1.2.0
[INFO] [stderr]     Checking writeable v0.5.4
[INFO] [stderr]     Checking cobs v0.2.3
[INFO] [stderr]     Checking embedded-io v0.4.0
[INFO] [stderr]    Compiling libm v0.2.8
[INFO] [stderr]    Compiling onig_sys v69.8.1
[INFO] [stderr]    Compiling syn v1.0.109
[INFO] [stderr]     Checking utf8_iter v1.0.4
[INFO] [stderr]     Checking time v0.3.31
[INFO] [stderr]     Checking line-wrap v0.1.1
[INFO] [stderr]     Checking quick-xml v0.31.0
[INFO] [stderr]     Checking utf16_iter v1.0.5
[INFO] [stderr]     Checking write16 v1.0.0
[INFO] [stderr]     Checking lazycell v1.3.0
[INFO] [stderr]     Checking regex-automata v0.2.0
[INFO] [stderr]     Checking os_str_bytes v6.6.1
[INFO] [stderr]     Checking atty v0.2.14
[INFO] [stderr]     Checking litemap v0.6.1
[INFO] [stderr]     Checking clap_lex v0.2.4
[INFO] [stderr]    Compiling quote v1.0.35
[INFO] [stderr]     Checking sha3 v0.10.8
[INFO] [stderr]     Checking strum v0.22.0
[INFO] [stderr]    Compiling syn v2.0.48
[INFO] [stderr]     Checking core_maths v0.1.0
[INFO] [stderr]    Compiling proc-macro-error-attr v1.0.4
[INFO] [stderr]    Compiling proc-macro-error v1.0.4
[INFO] [stderr]     Checking onig v6.4.0
[INFO] [stderr]    Compiling clap_derive v3.2.25
[INFO] [stderr]    Compiling strum_macros v0.22.0
[INFO] [stderr]    Compiling synstructure v0.13.0
[INFO] [stderr]    Compiling serde_derive v1.0.195
[INFO] [stderr]    Compiling zerofrom-derive v0.1.3
[INFO] [stderr]    Compiling yoke-derive v0.7.3
[INFO] [stderr]    Compiling displaydoc v0.2.4
[INFO] [stderr]    Compiling zerovec-derive v0.10.1
[INFO] [stderr]    Compiling icu_provider_macros v1.4.0
[INFO] [stderr]    Compiling tracing-attributes v0.1.27
[INFO] [stderr]     Checking fixed_decimal v0.5.5
[INFO] [stderr]     Checking calendrical_calculations v0.1.0
[INFO] [stderr]     Checking clap v3.2.25
[INFO] [stderr]     Checking tracing v0.1.40
[INFO] [stderr]     Checking logid v0.6.1
[INFO] [stderr]     Checking zerofrom v0.1.3
[INFO] [stderr]     Checking serde v1.0.195
[INFO] [stderr]     Checking yoke v0.7.3
[INFO] [stderr]     Checking litemap v0.7.2
[INFO] [stderr]     Checking postcard v1.0.8
[INFO] [stderr]     Checking plist v1.6.0
[INFO] [stderr]     Checking bincode v1.3.3
[INFO] [stderr]     Checking serde_json v1.0.111
[INFO] [stderr]     Checking serde_bytes v0.11.14
[INFO] [stderr]     Checking serde_yaml v0.8.26
[INFO] [stderr]     Checking zerovec v0.10.1
[INFO] [stderr]     Checking zerovec v0.9.6
[INFO] [stderr]     Checking serde_plain v1.0.2
[INFO] [stderr]     Checking syntect v4.6.0
[INFO] [stderr]     Checking tinystr v0.7.5
[INFO] [stderr]     Checking icu_collections v1.4.0
[INFO] [stderr]     Checking zerotrie v0.1.2
[INFO] [stderr]     Checking icu_locid v1.4.0
[INFO] [stderr]     Checking unimarkup-render v0.4.0
[INFO] [stderr]     Checking unimarkup-inline v0.4.0
[INFO] [stderr]     Checking icu_provider v1.4.0
[INFO] [stderr]     Checking icu_locid_transform v1.4.0
[INFO] [stderr]     Checking icu_properties v1.4.0
[INFO] [stderr]     Checking icu_decimal v1.4.0
[INFO] [stderr]     Checking icu_calendar v1.4.0
[INFO] [stderr]     Checking icu_plurals v1.4.0
[INFO] [stderr]     Checking icu_segmenter v0.8.0
[INFO] [stderr]     Checking icu_displaynames v0.8.0
[INFO] [stderr]     Checking icu_list v1.4.0
[INFO] [stdout] error[E0433]: failed to resolve: could not find `gen_any_buffer_constructors` in `icu_provider`
[INFO] [stdout]   --> /opt/rustwide/cargo-home/registry/src/index.crates.io-6f17d22bba15001f/icu_displaynames-0.8.0/src/displaynames.rs:60:19
[INFO] [stdout]    |
[INFO] [stdout] 60 |     icu_provider::gen_any_buffer_constructors!(
[INFO] [stdout]    |                   ^^^^^^^^^^^^^^^^^^^^^^^^^^^ could not find `gen_any_buffer_constructors` in `icu_provider`
[INFO] [stdout] 
[INFO] [stdout] 
[INFO] [stdout] error[E0433]: failed to resolve: could not find `gen_any_buffer_constructors` in `icu_provider`
[INFO] [stdout]   --> /opt/rustwide/cargo-home/registry/src/index.crates.io-6f17d22bba15001f/icu_segmenter-0.8.0/src/grapheme.rs:80:19
[INFO] [stdout]    |
[INFO] [stdout] 80 |     icu_provider::gen_any_buffer_constructors!(locale: skip, options: skip, error: SegmenterError);
[INFO] [stdout]    |                   ^^^^^^^^^^^^^^^^^^^^^^^^^^^ could not find `gen_any_buffer_constructors` in `icu_provider`
[INFO] [stdout] 
[INFO] [stdout] 
[INFO] [stdout] error[E0433]: failed to resolve: could not find `gen_any_buffer_constructors` in `icu_provider`
[INFO] [stdout]    --> /opt/rustwide/cargo-home/registry/src/index.crates.io-6f17d22bba15001f/icu_segmenter-0.8.0/src/line.rs:225:19
[INFO] [stdout]     |
[INFO] [stdout] 225 |     icu_provider::gen_any_buffer_constructors!(locale: skip, options: skip, error: SegmenterError);
[INFO] [stdout]     |                   ^^^^^^^^^^^^^^^^^^^^^^^^^^^ could not find `gen_any_buffer_constructors` in `icu_provider`
[INFO] [stdout] 
[INFO] [stdout] 
[INFO] [stdout] error[E0433]: failed to resolve: could not find `gen_any_buffer_constructors` in `icu_provider`
[INFO] [stdout]    --> /opt/rustwide/cargo-home/registry/src/index.crates.io-6f17d22bba15001f/icu_segmenter-0.8.0/src/line.rs:296:19
[INFO] [stdout]     |
[INFO] [stdout] 296 |     icu_provider::gen_any_buffer_constructors!(
[INFO] [stdout]     |                   ^^^^^^^^^^^^^^^^^^^^^^^^^^^ could not find `gen_any_buffer_constructors` in `icu_provider`
[INFO] [stdout] 
[INFO] [stdout] 
[INFO] [stdout] error[E0433]: failed to resolve: could not find `gen_any_buffer_constructors` in `icu_provider`
[INFO] [stdout]   --> /opt/rustwide/cargo-home/registry/src/index.crates.io-6f17d22bba15001f/icu_segmenter-0.8.0/src/sentence.rs:77:19
[INFO] [stdout]    |
[INFO] [stdout] 77 |     icu_provider::gen_any_buffer_constructors!(locale: skip, options: skip, error: SegmenterError);
[INFO] [stdout]    |                   ^^^^^^^^^^^^^^^^^^^^^^^^^^^ could not find `gen_any_buffer_constructors` in `icu_provider`
[INFO] [stdout] 
[INFO] [stdout] 
[INFO] [stdout] error[E0433]: failed to resolve: could not find `gen_any_buffer_constructors` in `icu_provider`
[INFO] [stdout]    --> /opt/rustwide/cargo-home/registry/src/index.crates.io-6f17d22bba15001f/icu_segmenter-0.8.0/src/word.rs:162:19
[INFO] [stdout]     |
[INFO] [stdout] 162 |     icu_provider::gen_any_buffer_constructors!(locale: skip, options: skip, error: SegmenterError);
[INFO] [stdout]     |                   ^^^^^^^^^^^^^^^^^^^^^^^^^^^ could not find `gen_any_buffer_constructors` in `icu_provider`
[INFO] [stdout] 
[INFO] [stdout] 
[INFO] [stdout] error[E0277]: the trait bound `TinyAsciiStr<3>: ZeroMapKV<'data>` is not satisfied
[INFO] [stdout]   --> /opt/rustwide/cargo-home/registry/src/index.crates.io-6f17d22bba15001f/icu_displaynames-0.8.0/src/provider.rs:36:16
[INFO] [stdout]    |
[INFO] [stdout] 36 |     pub names: ZeroMap<'data, UnvalidatedRegion, str>,
[INFO] [stdout]    |                ^^^^^^^^^^^^^^^^^^^^^^^^^^^^^^^^^^^^^^ the trait `ZeroMapKV<'data>` is not implemented for `TinyAsciiStr<3>`
[INFO] [stdout]    |
[INFO] [stdout]    = help: the following other types implement trait `ZeroMapKV<'a>`:
[INFO] [stdout]              char
[INFO] [stdout]              i8
[INFO] [stdout]              i16
[INFO] [stdout]              i32
[INFO] [stdout]              i64
[INFO] [stdout]              i128
[INFO] [stdout]              usize
[INFO] [stdout]              u8
[INFO] [stdout]            and 18 others
[INFO] [stdout] note: required by a bound in `ZeroMap`
[INFO] [stdout]   --> /opt/rustwide/cargo-home/registry/src/index.crates.io-6f17d22bba15001f/zerovec-0.9.6/src/map/map.rs:63:8
[INFO] [stdout]    |
[INFO] [stdout] 61 | pub struct ZeroMap<'a, K, V>
[INFO] [stdout]    |            ------- required by a bound in this struct
[INFO] [stdout] 62 | where
[INFO] [stdout] 63 |     K: ZeroMapKV<'a> + ?Sized,
[INFO] [stdout]    |        ^^^^^^^^^^^^^ required by this bound in `ZeroMap`
[INFO] [stdout] 
[INFO] [stdout] 
[INFO] [stdout] error: aborting due to 2 previous errors
[INFO] [stdout] 
[INFO] [stdout] 
[INFO] [stdout] Some errors have detailed explanations: E0277, E0433.
[INFO] [stdout] 
[INFO] [stdout] For more information about an error, try `rustc --explain E0277`.
[INFO] [stdout] 
[INFO] [stderr] error: could not compile `icu_displaynames` (lib) due to 3 previous errors
[INFO] [stderr] warning: build failed, waiting for other jobs to finish...
[INFO] [stdout] error[E0308]: mismatched types
[INFO] [stdout]    --> /opt/rustwide/cargo-home/registry/src/index.crates.io-6f17d22bba15001f/icu_segmenter-0.8.0/src/dictionary.rs:161:35
[INFO] [stdout]     |
[INFO] [stdout] 161 |             trie: Char16Trie::new(self.payload.get().trie_data.clone()),
[INFO] [stdout]     |                   --------------- ^^^^^^^^^^^^^^^^^^^^^^^^^^^^^^^^^^^^ expected `zerovec::zerovec::ZeroVec<'_, u16>`, found `ZeroVec<'_, u16>`
[INFO] [stdout]     |                   |
[INFO] [stdout]     |                   arguments to this function are incorrect
[INFO] [stdout]     |
[INFO] [stdout]     = note: `ZeroVec<'_, u16>` and `zerovec::zerovec::ZeroVec<'_, u16>` have similar names, but are actually distinct types
[INFO] [stdout] note: `ZeroVec<'_, u16>` is defined in crate `zerovec`
[INFO] [stdout]    --> /opt/rustwide/cargo-home/registry/src/index.crates.io-6f17d22bba15001f/zerovec-0.9.6/src/zerovec/mod.rs:89:1
[INFO] [stdout]     |
[INFO] [stdout] 89  | pub struct ZeroVec<'a, T>
[INFO] [stdout]     | ^^^^^^^^^^^^^^^^^^^^^^^^^
[INFO] [stdout] note: `zerovec::zerovec::ZeroVec<'_, u16>` is defined in crate `zerovec`
[INFO] [stdout]    --> /opt/rustwide/cargo-home/registry/src/index.crates.io-6f17d22bba15001f/zerovec-0.10.1/src/zerovec/mod.rs:89:1
[INFO] [stdout]     |
[INFO] [stdout] 89  | pub struct ZeroVec<'a, T>
[INFO] [stdout]     | ^^^^^^^^^^^^^^^^^^^^^^^^^
[INFO] [stdout]     = note: perhaps two different versions of crate `zerovec` are being used?
[INFO] [stdout] note: associated function defined here
[INFO] [stdout]    --> /opt/rustwide/cargo-home/registry/src/index.crates.io-6f17d22bba15001f/icu_collections-1.4.0/src/char16trie/trie.rs:90:12
[INFO] [stdout]     |
[INFO] [stdout] 90  |     pub fn new(data: ZeroVec<'data, u16>) -> Self {
[INFO] [stdout]     |            ^^^
[INFO] [stdout] 
[INFO] [stdout] 
[INFO] [stdout] error[E0308]: mismatched types
[INFO] [stdout]    --> /opt/rustwide/cargo-home/registry/src/index.crates.io-6f17d22bba15001f/icu_segmenter-0.8.0/src/dictionary.rs:175:35
[INFO] [stdout]     |
[INFO] [stdout] 175 |             trie: Char16Trie::new(self.payload.get().trie_data.clone()),
[INFO] [stdout]     |                   --------------- ^^^^^^^^^^^^^^^^^^^^^^^^^^^^^^^^^^^^ expected `zerovec::zerovec::ZeroVec<'_, u16>`, found `ZeroVec<'_, u16>`
[INFO] [stdout]     |                   |
[INFO] [stdout]     |                   arguments to this function are incorrect
[INFO] [stdout]     |
[INFO] [stdout]     = note: `ZeroVec<'_, u16>` and `zerovec::zerovec::ZeroVec<'_, u16>` have similar names, but are actually distinct types
[INFO] [stdout] note: `ZeroVec<'_, u16>` is defined in crate `zerovec`
[INFO] [stdout]    --> /opt/rustwide/cargo-home/registry/src/index.crates.io-6f17d22bba15001f/zerovec-0.9.6/src/zerovec/mod.rs:89:1
[INFO] [stdout]     |
[INFO] [stdout] 89  | pub struct ZeroVec<'a, T>
[INFO] [stdout]     | ^^^^^^^^^^^^^^^^^^^^^^^^^
[INFO] [stdout] note: `zerovec::zerovec::ZeroVec<'_, u16>` is defined in crate `zerovec`
[INFO] [stdout]    --> /opt/rustwide/cargo-home/registry/src/index.crates.io-6f17d22bba15001f/zerovec-0.10.1/src/zerovec/mod.rs:89:1
[INFO] [stdout]     |
[INFO] [stdout] 89  | pub struct ZeroVec<'a, T>
[INFO] [stdout]     | ^^^^^^^^^^^^^^^^^^^^^^^^^
[INFO] [stdout]     = note: perhaps two different versions of crate `zerovec` are being used?
[INFO] [stdout] note: associated function defined here
[INFO] [stdout]    --> /opt/rustwide/cargo-home/registry/src/index.crates.io-6f17d22bba15001f/icu_collections-1.4.0/src/char16trie/trie.rs:90:12
[INFO] [stdout]     |
[INFO] [stdout] 90  |     pub fn new(data: ZeroVec<'data, u16>) -> Self {
[INFO] [stdout]     |            ^^^
[INFO] [stdout] 
[INFO] [stdout] 
[INFO] [stdout] error: aborting due to 7 previous errors
[INFO] [stdout] 
[INFO] [stdout] 
[INFO] [stdout] Some errors have detailed explanations: E0308, E0433.
[INFO] [stdout] 
[INFO] [stdout] For more information about an error, try `rustc --explain E0308`.
[INFO] [stdout] 
[INFO] [stderr] error: could not compile `icu_segmenter` (lib) due to 8 previous errors
[INFO] running `Command { std: "docker" "inspect" "ebf3e9f413b0b247acc3259c99259269593ef9811920ce15706aa67ef73a2d96", kill_on_drop: false }`
[INFO] running `Command { std: "docker" "rm" "-f" "ebf3e9f413b0b247acc3259c99259269593ef9811920ce15706aa67ef73a2d96", kill_on_drop: false }`
[INFO] [stdout] ebf3e9f413b0b247acc3259c99259269593ef9811920ce15706aa67ef73a2d96
[INFO] documenting unimarkup-core-0.4.0 against beta-2023-12-22 for beta-1.76-rustdoc-1
[INFO] extracting crate unimarkup-core 0.4.0 into /workspace/builds/worker-4-tc2/source
[INFO] validating manifest of crates.io crate unimarkup-core 0.4.0 on toolchain beta-2023-12-22
[INFO] running `Command { std: CARGO_HOME="/workspace/cargo-home" RUSTUP_HOME="/workspace/rustup-home" "/workspace/cargo-home/bin/cargo" "+beta-2023-12-22" "metadata" "--manifest-path" "Cargo.toml" "--no-deps", kill_on_drop: false }`
[INFO] started tweaking crates.io crate unimarkup-core 0.4.0
[INFO] finished tweaking crates.io crate unimarkup-core 0.4.0
[INFO] tweaked toml for crates.io crate unimarkup-core 0.4.0 written to /workspace/builds/worker-4-tc2/source/Cargo.toml
[INFO] running `Command { std: CARGO_HOME="/workspace/cargo-home" RUSTUP_HOME="/workspace/rustup-home" "/workspace/cargo-home/bin/cargo" "+beta-2023-12-22" "generate-lockfile" "--manifest-path" "Cargo.toml", kill_on_drop: false }`
[INFO] [stderr]     Updating crates.io index
[INFO] running `Command { std: CARGO_HOME="/workspace/cargo-home" RUSTUP_HOME="/workspace/rustup-home" "/workspace/cargo-home/bin/cargo" "+beta-2023-12-22" "fetch" "--manifest-path" "Cargo.toml", kill_on_drop: false }`
[INFO] running `Command { std: "docker" "create" "-v" "/var/lib/crater-agent-workspace/builds/worker-4-tc2/target:/opt/rustwide/target:rw,Z" "-v" "/var/lib/crater-agent-workspace/builds/worker-4-tc2/source:/opt/rustwide/workdir:ro,Z" "-v" "/var/lib/crater-agent-workspace/cargo-home:/opt/rustwide/cargo-home:ro,Z" "-v" "/var/lib/crater-agent-workspace/rustup-home:/opt/rustwide/rustup-home:ro,Z" "-e" "SOURCE_DIR=/opt/rustwide/workdir" "-e" "CARGO_TARGET_DIR=/opt/rustwide/target" "-e" "CARGO_HOME=/opt/rustwide/cargo-home" "-e" "RUSTUP_HOME=/opt/rustwide/rustup-home" "-w" "/opt/rustwide/workdir" "-m" "1610612736" "--user" "0:0" "--network" "none" "ghcr.io/rust-lang/crates-build-env/linux@sha256:2788e3201cd34a07e3172128adcd8b3090168a8e3bcc40d7c032b9dda1df7d1c" "/opt/rustwide/cargo-home/bin/cargo" "+beta-2023-12-22" "metadata" "--no-deps" "--format-version=1", kill_on_drop: false }`
[INFO] [stdout] d72722c481619e8ec92b160f1600e629646efee6ee86cd95ef2a69d141fb3c0f
[INFO] running `Command { std: "docker" "start" "-a" "d72722c481619e8ec92b160f1600e629646efee6ee86cd95ef2a69d141fb3c0f", kill_on_drop: false }`
[INFO] running `Command { std: "docker" "inspect" "d72722c481619e8ec92b160f1600e629646efee6ee86cd95ef2a69d141fb3c0f", kill_on_drop: false }`
[INFO] running `Command { std: "docker" "rm" "-f" "d72722c481619e8ec92b160f1600e629646efee6ee86cd95ef2a69d141fb3c0f", kill_on_drop: false }`
[INFO] [stdout] d72722c481619e8ec92b160f1600e629646efee6ee86cd95ef2a69d141fb3c0f
[INFO] running `Command { std: "docker" "create" "-v" "/var/lib/crater-agent-workspace/builds/worker-4-tc2/target:/opt/rustwide/target:rw,Z" "-v" "/var/lib/crater-agent-workspace/builds/worker-4-tc2/source:/opt/rustwide/workdir:ro,Z" "-v" "/var/lib/crater-agent-workspace/cargo-home:/opt/rustwide/cargo-home:ro,Z" "-v" "/var/lib/crater-agent-workspace/rustup-home:/opt/rustwide/rustup-home:ro,Z" "-e" "SOURCE_DIR=/opt/rustwide/workdir" "-e" "CARGO_TARGET_DIR=/opt/rustwide/target" "-e" "CARGO_INCREMENTAL=0" "-e" "RUST_BACKTRACE=full" "-e" "RUSTFLAGS=--cap-lints=warn" "-e" "RUSTDOCFLAGS=--cap-lints=warn" "-e" "CARGO_HOME=/opt/rustwide/cargo-home" "-e" "RUSTUP_HOME=/opt/rustwide/rustup-home" "-w" "/opt/rustwide/workdir" "-m" "1610612736" "--user" "0:0" "--network" "none" "ghcr.io/rust-lang/crates-build-env/linux@sha256:2788e3201cd34a07e3172128adcd8b3090168a8e3bcc40d7c032b9dda1df7d1c" "/opt/rustwide/cargo-home/bin/cargo" "+beta-2023-12-22" "doc" "--frozen" "--no-deps" "--document-private-items" "--message-format=json", kill_on_drop: false }`
[INFO] [stdout] 7ec17d55780654d09ca700ad1f248620737acb7b7d7718f4993e12348fb69405
[INFO] running `Command { std: "docker" "start" "-a" "7ec17d55780654d09ca700ad1f248620737acb7b7d7718f4993e12348fb69405", kill_on_drop: false }`
[INFO] [stderr]    Compiling proc-macro2 v1.0.76
[INFO] [stderr]     Checking stable_deref_trait v1.2.0
[INFO] [stderr]     Checking writeable v0.5.4
[INFO] [stderr]     Checking embedded-io v0.4.0
[INFO] [stderr]     Checking cobs v0.2.3
[INFO] [stderr]    Compiling libm v0.2.8
[INFO] [stderr]    Compiling onig_sys v69.8.1
[INFO] [stderr]    Compiling syn v1.0.109
[INFO] [stderr]     Checking utf8_iter v1.0.4
[INFO] [stderr]     Checking time v0.3.31
[INFO] [stderr]     Checking line-wrap v0.1.1
[INFO] [stderr]     Checking quick-xml v0.31.0
[INFO] [stderr]     Checking write16 v1.0.0
[INFO] [stderr]     Checking utf16_iter v1.0.5
[INFO] [stderr]     Checking lazycell v1.3.0
[INFO] [stderr]     Checking regex-automata v0.2.0
[INFO] [stderr]     Checking os_str_bytes v6.6.1
[INFO] [stderr]     Checking atty v0.2.14
[INFO] [stderr]     Checking clap_lex v0.2.4
[INFO] [stderr]    Compiling quote v1.0.35
[INFO] [stderr]     Checking litemap v0.6.1
[INFO] [stderr]     Checking sha3 v0.10.8
[INFO] [stderr]    Compiling syn v2.0.48
[INFO] [stderr]     Checking strum v0.22.0
[INFO] [stderr]    Compiling proc-macro-error-attr v1.0.4
[INFO] [stderr]     Checking core_maths v0.1.0
[INFO] [stderr]    Compiling proc-macro-error v1.0.4
[INFO] [stderr]     Checking onig v6.4.0
[INFO] [stderr]    Compiling clap_derive v3.2.25
[INFO] [stderr]    Compiling strum_macros v0.22.0
[INFO] [stderr]    Compiling synstructure v0.13.0
[INFO] [stderr]    Compiling serde_derive v1.0.195
[INFO] [stderr]    Compiling zerofrom-derive v0.1.3
[INFO] [stderr]    Compiling yoke-derive v0.7.3
[INFO] [stderr]    Compiling displaydoc v0.2.4
[INFO] [stderr]    Compiling zerovec-derive v0.10.1
[INFO] [stderr]    Compiling icu_provider_macros v1.4.0
[INFO] [stderr]    Compiling tracing-attributes v0.1.27
[INFO] [stderr]     Checking fixed_decimal v0.5.5
[INFO] [stderr]     Checking calendrical_calculations v0.1.0
[INFO] [stderr]     Checking clap v3.2.25
[INFO] [stderr]     Checking tracing v0.1.40
[INFO] [stderr]     Checking logid v0.6.1
[INFO] [stderr]     Checking zerofrom v0.1.3
[INFO] [stderr]     Checking serde v1.0.195
[INFO] [stderr]     Checking yoke v0.7.3
[INFO] [stderr]     Checking litemap v0.7.2
[INFO] [stderr]     Checking postcard v1.0.8
[INFO] [stderr]     Checking bincode v1.3.3
[INFO] [stderr]     Checking serde_json v1.0.111
[INFO] [stderr]     Checking plist v1.6.0
[INFO] [stderr]     Checking serde_yaml v0.8.26
[INFO] [stderr]     Checking serde_bytes v0.11.14
[INFO] [stderr]     Checking serde_plain v1.0.2
[INFO] [stderr]     Checking zerovec v0.10.1
[INFO] [stderr]     Checking zerovec v0.9.6
[INFO] [stderr]     Checking syntect v4.6.0
[INFO] [stderr]     Checking tinystr v0.7.5
[INFO] [stderr]     Checking icu_collections v1.4.0
[INFO] [stderr]     Checking zerotrie v0.1.2
[INFO] [stderr]     Checking icu_locid v1.4.0
[INFO] [stderr]     Checking icu_provider v1.4.0
[INFO] [stderr]     Checking unimarkup-render v0.4.0
[INFO] [stderr]     Checking unimarkup-inline v0.4.0
[INFO] [stderr]     Checking icu_locid_transform v1.4.0
[INFO] [stderr]     Checking icu_plurals v1.4.0
[INFO] [stderr]     Checking icu_properties v1.4.0
[INFO] [stderr]     Checking icu_calendar v1.4.0
[INFO] [stderr]     Checking icu_decimal v1.4.0
[INFO] [stderr]     Checking icu_segmenter v0.8.0
[INFO] [stderr]     Checking icu_displaynames v0.8.0
[INFO] [stderr]     Checking icu_list v1.4.0
[INFO] [stdout] error[E0433]: failed to resolve: could not find `gen_any_buffer_constructors` in `icu_provider`
[INFO] [stdout]   --> /opt/rustwide/cargo-home/registry/src/index.crates.io-6f17d22bba15001f/icu_displaynames-0.8.0/src/displaynames.rs:60:19
[INFO] [stdout]    |
[INFO] [stdout] 60 |     icu_provider::gen_any_buffer_constructors!(
[INFO] [stdout]    |                   ^^^^^^^^^^^^^^^^^^^^^^^^^^^ could not find `gen_any_buffer_constructors` in `icu_provider`
[INFO] [stdout] 
[INFO] [stdout] 
[INFO] [stdout] error[E0433]: failed to resolve: could not find `gen_any_buffer_constructors` in `icu_provider`
[INFO] [stdout]   --> /opt/rustwide/cargo-home/registry/src/index.crates.io-6f17d22bba15001f/icu_segmenter-0.8.0/src/grapheme.rs:80:19
[INFO] [stdout]    |
[INFO] [stdout] 80 |     icu_provider::gen_any_buffer_constructors!(locale: skip, options: skip, error: SegmenterError);
[INFO] [stdout]    |                   ^^^^^^^^^^^^^^^^^^^^^^^^^^^ could not find `gen_any_buffer_constructors` in `icu_provider`
[INFO] [stdout] 
[INFO] [stdout] 
[INFO] [stdout] error[E0433]: failed to resolve: could not find `gen_any_buffer_constructors` in `icu_provider`
[INFO] [stdout]    --> /opt/rustwide/cargo-home/registry/src/index.crates.io-6f17d22bba15001f/icu_segmenter-0.8.0/src/line.rs:225:19
[INFO] [stdout]     |
[INFO] [stdout] 225 |     icu_provider::gen_any_buffer_constructors!(locale: skip, options: skip, error: SegmenterError);
[INFO] [stdout]     |                   ^^^^^^^^^^^^^^^^^^^^^^^^^^^ could not find `gen_any_buffer_constructors` in `icu_provider`
[INFO] [stdout] 
[INFO] [stdout] 
[INFO] [stdout] error[E0433]: failed to resolve: could not find `gen_any_buffer_constructors` in `icu_provider`
[INFO] [stdout]    --> /opt/rustwide/cargo-home/registry/src/index.crates.io-6f17d22bba15001f/icu_segmenter-0.8.0/src/line.rs:296:19
[INFO] [stdout]     |
[INFO] [stdout] 296 |     icu_provider::gen_any_buffer_constructors!(
[INFO] [stdout]     |                   ^^^^^^^^^^^^^^^^^^^^^^^^^^^ could not find `gen_any_buffer_constructors` in `icu_provider`
[INFO] [stdout] 
[INFO] [stdout] 
[INFO] [stdout] error[E0433]: failed to resolve: could not find `gen_any_buffer_constructors` in `icu_provider`
[INFO] [stdout]   --> /opt/rustwide/cargo-home/registry/src/index.crates.io-6f17d22bba15001f/icu_segmenter-0.8.0/src/sentence.rs:77:19
[INFO] [stdout]    |
[INFO] [stdout] 77 |     icu_provider::gen_any_buffer_constructors!(locale: skip, options: skip, error: SegmenterError);
[INFO] [stdout]    |                   ^^^^^^^^^^^^^^^^^^^^^^^^^^^ could not find `gen_any_buffer_constructors` in `icu_provider`
[INFO] [stdout] 
[INFO] [stdout] 
[INFO] [stdout] error[E0433]: failed to resolve: could not find `gen_any_buffer_constructors` in `icu_provider`
[INFO] [stdout]    --> /opt/rustwide/cargo-home/registry/src/index.crates.io-6f17d22bba15001f/icu_segmenter-0.8.0/src/word.rs:162:19
[INFO] [stdout]     |
[INFO] [stdout] 162 |     icu_provider::gen_any_buffer_constructors!(locale: skip, options: skip, error: SegmenterError);
[INFO] [stdout]     |                   ^^^^^^^^^^^^^^^^^^^^^^^^^^^ could not find `gen_any_buffer_constructors` in `icu_provider`
[INFO] [stdout] 
[INFO] [stdout] 
[INFO] [stdout] error[E0277]: the trait bound `TinyAsciiStr<3>: ZeroMapKV<'data>` is not satisfied
[INFO] [stdout]   --> /opt/rustwide/cargo-home/registry/src/index.crates.io-6f17d22bba15001f/icu_displaynames-0.8.0/src/provider.rs:36:16
[INFO] [stdout]    |
[INFO] [stdout] 36 |     pub names: ZeroMap<'data, UnvalidatedRegion, str>,
[INFO] [stdout]    |                ^^^^^^^^^^^^^^^^^^^^^^^^^^^^^^^^^^^^^^ the trait `ZeroMapKV<'data>` is not implemented for `TinyAsciiStr<3>`
[INFO] [stdout]    |
[INFO] [stdout]    = help: the following other types implement trait `ZeroMapKV<'a>`:
[INFO] [stdout]              char
[INFO] [stdout]              i8
[INFO] [stdout]              i16
[INFO] [stdout]              i32
[INFO] [stdout]              i64
[INFO] [stdout]              i128
[INFO] [stdout]              usize
[INFO] [stdout]              u8
[INFO] [stdout]            and 18 others
[INFO] [stdout] note: required by a bound in `ZeroMap`
[INFO] [stdout]   --> /opt/rustwide/cargo-home/registry/src/index.crates.io-6f17d22bba15001f/zerovec-0.9.6/src/map/map.rs:63:8
[INFO] [stdout]    |
[INFO] [stdout] 61 | pub struct ZeroMap<'a, K, V>
[INFO] [stdout]    |            ------- required by a bound in this struct
[INFO] [stdout] 62 | where
[INFO] [stdout] 63 |     K: ZeroMapKV<'a> + ?Sized,
[INFO] [stdout]    |        ^^^^^^^^^^^^^ required by this bound in `ZeroMap`
[INFO] [stdout] 
[INFO] [stdout] 
[INFO] [stdout] error: aborting due to 2 previous errors
[INFO] [stdout] 
[INFO] [stdout] 
[INFO] [stdout] Some errors have detailed explanations: E0277, E0433.
[INFO] [stdout] 
[INFO] [stdout] For more information about an error, try `rustc --explain E0277`.
[INFO] [stdout] 
[INFO] [stderr] error: could not compile `icu_displaynames` (lib) due to 3 previous errors
[INFO] [stderr] warning: build failed, waiting for other jobs to finish...
[INFO] [stdout] error[E0308]: mismatched types
[INFO] [stdout]    --> /opt/rustwide/cargo-home/registry/src/index.crates.io-6f17d22bba15001f/icu_segmenter-0.8.0/src/dictionary.rs:161:35
[INFO] [stdout]     |
[INFO] [stdout] 161 |             trie: Char16Trie::new(self.payload.get().trie_data.clone()),
[INFO] [stdout]     |                   --------------- ^^^^^^^^^^^^^^^^^^^^^^^^^^^^^^^^^^^^ expected `zerovec::zerovec::ZeroVec<'_, u16>`, found `ZeroVec<'_, u16>`
[INFO] [stdout]     |                   |
[INFO] [stdout]     |                   arguments to this function are incorrect
[INFO] [stdout]     |
[INFO] [stdout]     = note: `ZeroVec<'_, u16>` and `zerovec::zerovec::ZeroVec<'_, u16>` have similar names, but are actually distinct types
[INFO] [stdout] note: `ZeroVec<'_, u16>` is defined in crate `zerovec`
[INFO] [stdout]    --> /opt/rustwide/cargo-home/registry/src/index.crates.io-6f17d22bba15001f/zerovec-0.9.6/src/zerovec/mod.rs:89:1
[INFO] [stdout]     |
[INFO] [stdout] 89  | pub struct ZeroVec<'a, T>
[INFO] [stdout]     | ^^^^^^^^^^^^^^^^^^^^^^^^^
[INFO] [stdout] note: `zerovec::zerovec::ZeroVec<'_, u16>` is defined in crate `zerovec`
[INFO] [stdout]    --> /opt/rustwide/cargo-home/registry/src/index.crates.io-6f17d22bba15001f/zerovec-0.10.1/src/zerovec/mod.rs:89:1
[INFO] [stdout]     |
[INFO] [stdout] 89  | pub struct ZeroVec<'a, T>
[INFO] [stdout]     | ^^^^^^^^^^^^^^^^^^^^^^^^^
[INFO] [stdout]     = note: perhaps two different versions of crate `zerovec` are being used?
[INFO] [stdout] note: associated function defined here
[INFO] [stdout]    --> /opt/rustwide/cargo-home/registry/src/index.crates.io-6f17d22bba15001f/icu_collections-1.4.0/src/char16trie/trie.rs:90:12
[INFO] [stdout]     |
[INFO] [stdout] 90  |     pub fn new(data: ZeroVec<'data, u16>) -> Self {
[INFO] [stdout]     |            ^^^
[INFO] [stdout] 
[INFO] [stdout] 
[INFO] [stdout] error[E0308]: mismatched types
[INFO] [stdout]    --> /opt/rustwide/cargo-home/registry/src/index.crates.io-6f17d22bba15001f/icu_segmenter-0.8.0/src/dictionary.rs:175:35
[INFO] [stdout]     |
[INFO] [stdout] 175 |             trie: Char16Trie::new(self.payload.get().trie_data.clone()),
[INFO] [stdout]     |                   --------------- ^^^^^^^^^^^^^^^^^^^^^^^^^^^^^^^^^^^^ expected `zerovec::zerovec::ZeroVec<'_, u16>`, found `ZeroVec<'_, u16>`
[INFO] [stdout]     |                   |
[INFO] [stdout]     |                   arguments to this function are incorrect
[INFO] [stdout]     |
[INFO] [stdout]     = note: `ZeroVec<'_, u16>` and `zerovec::zerovec::ZeroVec<'_, u16>` have similar names, but are actually distinct types
[INFO] [stdout] note: `ZeroVec<'_, u16>` is defined in crate `zerovec`
[INFO] [stdout]    --> /opt/rustwide/cargo-home/registry/src/index.crates.io-6f17d22bba15001f/zerovec-0.9.6/src/zerovec/mod.rs:89:1
[INFO] [stdout]     |
[INFO] [stdout] 89  | pub struct ZeroVec<'a, T>
[INFO] [stdout]     | ^^^^^^^^^^^^^^^^^^^^^^^^^
[INFO] [stdout] note: `zerovec::zerovec::ZeroVec<'_, u16>` is defined in crate `zerovec`
[INFO] [stdout]    --> /opt/rustwide/cargo-home/registry/src/index.crates.io-6f17d22bba15001f/zerovec-0.10.1/src/zerovec/mod.rs:89:1
[INFO] [stdout]     |
[INFO] [stdout] 89  | pub struct ZeroVec<'a, T>
[INFO] [stdout]     | ^^^^^^^^^^^^^^^^^^^^^^^^^
[INFO] [stdout]     = note: perhaps two different versions of crate `zerovec` are being used?
[INFO] [stdout] note: associated function defined here
[INFO] [stdout]    --> /opt/rustwide/cargo-home/registry/src/index.crates.io-6f17d22bba15001f/icu_collections-1.4.0/src/char16trie/trie.rs:90:12
[INFO] [stdout]     |
[INFO] [stdout] 90  |     pub fn new(data: ZeroVec<'data, u16>) -> Self {
[INFO] [stdout]     |            ^^^
[INFO] [stdout] 
[INFO] [stdout] 
[INFO] [stdout] error: aborting due to 7 previous errors
[INFO] [stdout] 
[INFO] [stdout] 
[INFO] [stdout] Some errors have detailed explanations: E0308, E0433.
[INFO] [stdout] 
[INFO] [stdout] For more information about an error, try `rustc --explain E0308`.
[INFO] [stdout] 
[INFO] [stderr] error: could not compile `icu_segmenter` (lib) due to 8 previous errors
[INFO] running `Command { std: "docker" "inspect" "7ec17d55780654d09ca700ad1f248620737acb7b7d7718f4993e12348fb69405", kill_on_drop: false }`
[INFO] running `Command { std: "docker" "rm" "-f" "7ec17d55780654d09ca700ad1f248620737acb7b7d7718f4993e12348fb69405", kill_on_drop: false }`
[INFO] [stdout] 7ec17d55780654d09ca700ad1f248620737acb7b7d7718f4993e12348fb69405
