[INFO] fetching crate uhg-custom-appollo-roouter 1.31.1...
[INFO] documenting uhg-custom-appollo-roouter-1.31.1 against 1.75.0 for beta-1.76-rustdoc-1
[INFO] extracting crate uhg-custom-appollo-roouter 1.31.1 into /workspace/builds/worker-2-tc1/source
[INFO] validating manifest of crates.io crate uhg-custom-appollo-roouter 1.31.1 on toolchain 1.75.0
[INFO] running `Command { std: CARGO_HOME="/workspace/cargo-home" RUSTUP_HOME="/workspace/rustup-home" "/workspace/cargo-home/bin/cargo" "+1.75.0" "metadata" "--manifest-path" "Cargo.toml" "--no-deps", kill_on_drop: false }`
[INFO] started tweaking crates.io crate uhg-custom-appollo-roouter 1.31.1
[INFO] removed 0 missing tests
[INFO] finished tweaking crates.io crate uhg-custom-appollo-roouter 1.31.1
[INFO] tweaked toml for crates.io crate uhg-custom-appollo-roouter 1.31.1 written to /workspace/builds/worker-2-tc1/source/Cargo.toml
[INFO] crate crates.io crate uhg-custom-appollo-roouter 1.31.1 already has a lockfile, it will not be regenerated
[INFO] running `Command { std: CARGO_HOME="/workspace/cargo-home" RUSTUP_HOME="/workspace/rustup-home" "/workspace/cargo-home/bin/cargo" "+1.75.0" "fetch" "--manifest-path" "Cargo.toml", kill_on_drop: false }`
[INFO] [stderr] warning: version requirement `=0.5.5+v2.5.4` for dependency `router-bridge` includes semver metadata which will be ignored, removing the metadata is recommended to avoid confusion
[INFO] [stderr]     Updating crates.io index
[INFO] [stderr]  Downloading crates ...
[INFO] [stderr]   Downloaded mintex v0.1.2
[INFO] [stderr]   Downloaded serde_v8 v0.111.0
[INFO] [stderr]   Downloaded schemars_derive v0.8.12
[INFO] [stderr]   Downloaded tokio-test v0.4.2
[INFO] [stderr]   Downloaded deno-proc-macro-rules-macros v0.3.2
[INFO] [stderr]   Downloaded wsl v0.1.0
[INFO] [stderr]   Downloaded tower-http v0.4.3
[INFO] [stderr]   Downloaded deno-proc-macro-rules v0.3.2
[INFO] [stderr]   Downloaded graphql_client v0.13.0
[INFO] [stderr]   Downloaded graphql_query_derive v0.13.0
[INFO] [stderr]   Downloaded deno_web v0.146.0
[INFO] [stderr]   Downloaded opentelemetry-jaeger v0.18.0
[INFO] [stderr]   Downloaded hdrhistogram v7.5.2
[INFO] [stderr]   Downloaded envmnt v0.10.4
[INFO] [stderr]   Downloaded libz-ng-sys v1.1.12
[INFO] [stderr]   Downloaded deno_core v0.200.0
[INFO] [stderr]   Downloaded opentelemetry-aws v0.7.0
[INFO] [stderr]   Downloaded ci_info v0.14.11
[INFO] [stderr]   Downloaded deno_webidl v0.115.0
[INFO] [stderr]   Downloaded salsa v0.16.1
[INFO] [stderr]   Downloaded opentelemetry-prometheus v0.12.0
[INFO] [stderr]   Downloaded fiat-crypto v0.1.20
[INFO] [stderr]   Downloaded router-bridge v0.5.5+v2.5.4
[INFO] [stderr]   Downloaded ghost v0.1.14
[INFO] [stderr]   Downloaded apollo-encoder v0.7.0
[INFO] [stderr]   Downloaded v8 v0.74.3
[INFO] [stderr]   Downloaded apollo-compiler v0.11.2
[INFO] [stderr]   Downloaded apollo-parser v0.6.2
[INFO] [stderr]   Downloaded dhat v0.3.2
[INFO] [stderr]   Downloaded deno_url v0.115.0
[INFO] [stderr]   Downloaded insta v1.32.0
[INFO] [stderr]   Downloaded rhai v1.16.2
[INFO] [stderr]   Downloaded fred v6.3.2
[INFO] [stderr]   Downloaded platforms v3.0.2
[INFO] [stderr]   Downloaded bloomfilter v1.0.12
[INFO] [stderr]   Downloaded test-span v0.7.0
[INFO] [stderr]   Downloaded basic-toml v0.1.4
[INFO] [stderr]   Downloaded graphql_client_codegen v0.13.0
[INFO] [stderr]   Downloaded pest_meta v2.7.2
[INFO] [stderr]   Downloaded linkme-impl v0.3.15
[INFO] [stderr]   Downloaded pest_derive v2.7.2
[INFO] [stderr]   Downloaded thousands v0.2.0
[INFO] [stderr]   Downloaded opentelemetry-semantic-conventions v0.11.0
[INFO] [stderr]   Downloaded futures-test v0.3.28
[INFO] [stderr]   Downloaded opentelemetry-zipkin v0.17.0
[INFO] [stderr]   Downloaded console-subscriber v0.1.10
[INFO] [stderr]   Downloaded signature v2.0.0
[INFO] [stderr]   Downloaded redis-protocol v4.1.0
[INFO] [stderr]   Downloaded ecdsa v0.15.1
[INFO] [stderr]   Downloaded primeorder v0.12.1
[INFO] [stderr]   Downloaded console-api v0.5.0
[INFO] [stderr]   Downloaded pest_generator v2.7.2
[INFO] [stderr]   Downloaded serde_json_bytes v0.2.1
[INFO] [stderr]   Downloaded proteus v0.5.0
[INFO] [stderr]   Downloaded opentelemetry-http v0.8.0
[INFO] [stderr]   Downloaded deno_ops v0.78.0
[INFO] [stderr]   Downloaded typed-builder v0.12.0
[INFO] [stderr]   Downloaded p256 v0.12.0
[INFO] [stderr]   Downloaded curve25519-dalek v4.0.0
[INFO] [stderr]   Downloaded ordered-float v3.9.0
[INFO] [stderr]   Downloaded str_inflector v0.12.0
[INFO] [stderr]   Downloaded try_match v0.4.1
[INFO] [stderr]   Downloaded mediatype v0.19.15
[INFO] [stderr]   Downloaded rowan v0.15.11
[INFO] [stderr]   Downloaded salsa-macros v0.16.0
[INFO] [stderr]   Downloaded schemars v0.8.12
[INFO] [stderr]   Downloaded lazy-regex-proc_macros v2.4.1
[INFO] [stderr]   Downloaded test-span-macro v0.7.0
[INFO] [stderr]   Downloaded dw v0.2.0
[INFO] [stderr]   Downloaded siphasher v1.0.0
[INFO] [stderr]   Downloaded rstack v0.3.3
[INFO] [stderr]   Downloaded linkme v0.3.15
[INFO] [stderr]   Downloaded jsonpath-rust v0.3.1
[INFO] [stderr]   Downloaded erased-serde v0.3.29
[INFO] [stderr]   Downloaded deno_console v0.115.0
[INFO] [stderr]   Downloaded deno_crypto v0.129.0
[INFO] [stderr]   Downloaded lru v0.11.0
[INFO] [stderr]   Downloaded lazy-regex v2.5.0
[INFO] [stderr]   Downloaded opentelemetry-datadog v0.7.0
[INFO] [stderr]   Downloaded dyn-clone v1.0.13
[INFO] [stderr]   Downloaded daggy v0.8.0
[INFO] [stderr]   Downloaded access-json v0.1.0
[INFO] [stderr]   Downloaded concolor v0.1.1
[INFO] [stderr]   Downloaded try_match_inner v0.5.1
[INFO] [stderr]   Downloaded buildstructor v0.5.3
[INFO] [stderr]   Downloaded arcstr v1.1.5
[INFO] running `Command { std: "docker" "create" "-v" "/var/lib/crater-agent-workspace/builds/worker-2-tc1/target:/opt/rustwide/target:rw,Z" "-v" "/var/lib/crater-agent-workspace/builds/worker-2-tc1/source:/opt/rustwide/workdir:ro,Z" "-v" "/var/lib/crater-agent-workspace/cargo-home:/opt/rustwide/cargo-home:ro,Z" "-v" "/var/lib/crater-agent-workspace/rustup-home:/opt/rustwide/rustup-home:ro,Z" "-e" "SOURCE_DIR=/opt/rustwide/workdir" "-e" "CARGO_TARGET_DIR=/opt/rustwide/target" "-e" "CARGO_HOME=/opt/rustwide/cargo-home" "-e" "RUSTUP_HOME=/opt/rustwide/rustup-home" "-w" "/opt/rustwide/workdir" "-m" "1610612736" "--user" "0:0" "--network" "none" "ghcr.io/rust-lang/crates-build-env/linux@sha256:2788e3201cd34a07e3172128adcd8b3090168a8e3bcc40d7c032b9dda1df7d1c" "/opt/rustwide/cargo-home/bin/cargo" "+1.75.0" "metadata" "--no-deps" "--format-version=1", kill_on_drop: false }`
[INFO] [stdout] 2ca5bddf499fb801bfb8e5d890bba02c48e440c37f14d3abaffc0ed3f48fad1f
[INFO] running `Command { std: "docker" "start" "-a" "2ca5bddf499fb801bfb8e5d890bba02c48e440c37f14d3abaffc0ed3f48fad1f", kill_on_drop: false }`
[INFO] running `Command { std: "docker" "inspect" "2ca5bddf499fb801bfb8e5d890bba02c48e440c37f14d3abaffc0ed3f48fad1f", kill_on_drop: false }`
[INFO] running `Command { std: "docker" "rm" "-f" "2ca5bddf499fb801bfb8e5d890bba02c48e440c37f14d3abaffc0ed3f48fad1f", kill_on_drop: false }`
[INFO] [stdout] 2ca5bddf499fb801bfb8e5d890bba02c48e440c37f14d3abaffc0ed3f48fad1f
[INFO] running `Command { std: "docker" "create" "-v" "/var/lib/crater-agent-workspace/builds/worker-2-tc1/target:/opt/rustwide/target:rw,Z" "-v" "/var/lib/crater-agent-workspace/builds/worker-2-tc1/source:/opt/rustwide/workdir:ro,Z" "-v" "/var/lib/crater-agent-workspace/cargo-home:/opt/rustwide/cargo-home:ro,Z" "-v" "/var/lib/crater-agent-workspace/rustup-home:/opt/rustwide/rustup-home:ro,Z" "-e" "SOURCE_DIR=/opt/rustwide/workdir" "-e" "CARGO_TARGET_DIR=/opt/rustwide/target" "-e" "CARGO_INCREMENTAL=0" "-e" "RUST_BACKTRACE=full" "-e" "RUSTFLAGS=--cap-lints=warn" "-e" "RUSTDOCFLAGS=--cap-lints=warn" "-e" "CARGO_HOME=/opt/rustwide/cargo-home" "-e" "RUSTUP_HOME=/opt/rustwide/rustup-home" "-w" "/opt/rustwide/workdir" "-m" "1610612736" "--user" "0:0" "--network" "none" "ghcr.io/rust-lang/crates-build-env/linux@sha256:2788e3201cd34a07e3172128adcd8b3090168a8e3bcc40d7c032b9dda1df7d1c" "/opt/rustwide/cargo-home/bin/cargo" "+1.75.0" "doc" "--frozen" "--no-deps" "--document-private-items" "--message-format=json", kill_on_drop: false }`
[INFO] [stdout] 346759e45e92fbfd19aea293d633e82a97ae2a9d7b5cb4c6d4f752a4eb4f75dd
[INFO] running `Command { std: "docker" "start" "-a" "346759e45e92fbfd19aea293d633e82a97ae2a9d7b5cb4c6d4f752a4eb4f75dd", kill_on_drop: false }`
[INFO] [stderr] warning: version requirement `=0.5.5+v2.5.4` for dependency `router-bridge` includes semver metadata which will be ignored, removing the metadata is recommended to avoid confusion
[INFO] [stderr]    Compiling libc v0.2.147
[INFO] [stderr]    Compiling serde v1.0.188
[INFO] [stderr]    Compiling libm v0.2.7
[INFO] [stderr]     Checking memchr v2.6.3
[INFO] [stderr]    Compiling parking_lot_core v0.9.8
[INFO] [stderr]    Compiling lock_api v0.4.10
[INFO] [stderr]    Compiling num-traits v0.2.16
[INFO] [stderr]    Compiling once_cell v1.18.0
[INFO] [stderr]     Checking pin-project-lite v0.2.12
[INFO] [stderr]    Compiling futures-core v0.3.28
[INFO] [stderr]    Compiling syn v1.0.109
[INFO] [stderr]    Compiling thiserror v1.0.48
[INFO] [stderr]     Checking futures-sink v0.3.28
[INFO] [stderr]     Checking futures-io v0.3.28
[INFO] [stderr]    Compiling syn v2.0.29
[INFO] [stderr]    Compiling futures-channel v0.3.28
[INFO] [stderr]    Compiling futures-task v0.3.28
[INFO] [stderr]    Compiling futures-util v0.3.28
[INFO] [stderr]     Checking hashbrown v0.12.3
[INFO] [stderr]    Compiling indexmap v1.9.3
[INFO] [stderr]    Compiling crunchy v0.2.2
[INFO] [stderr]    Compiling tiny-keccak v2.0.2
[INFO] [stderr]    Compiling proc-macro-hack v0.5.20+deprecated
[INFO] [stderr]    Compiling ahash v0.8.3
[INFO] [stderr]     Checking tracing-core v0.1.31
[INFO] [stderr]     Checking allocator-api2 v0.2.16
[INFO] [stderr]     Checking subtle v2.5.0
[INFO] [stderr]    Compiling typenum v1.16.0
[INFO] [stderr]     Checking http v0.2.9
[INFO] [stderr]    Compiling num-integer v0.1.45
[INFO] [stderr]     Checking const-oid v0.9.5
[INFO] [stderr]    Compiling serde_json v1.0.107
[INFO] [stderr]     Checking cpufeatures v0.2.9
[INFO] [stderr]    Compiling hashbrown v0.14.0
[INFO] [stderr]    Compiling regex-syntax v0.7.5
[INFO] [stderr]    Compiling async-trait v0.1.73
[INFO] [stderr]    Compiling num-bigint v0.4.3
[INFO] [stderr]     Checking byteorder v1.4.3
[INFO] [stderr]     Checking want v0.3.1
[INFO] [stderr]    Compiling aho-corasick v1.0.4
[INFO] [stderr]     Checking base64 v0.21.2
[INFO] [stderr]     Checking getrandom v0.2.10
[INFO] [stderr]    Compiling jobserver v0.1.26
[INFO] [stderr]     Checking num_cpus v1.16.0
[INFO] [stderr]     Checking mio v0.8.8
[INFO] [stderr]     Checking rand_core v0.6.4
[INFO] [stderr]     Checking socket2 v0.5.3
[INFO] [stderr]     Checking signal-hook-registry v1.4.1
[INFO] [stderr]    Compiling generic-array v0.14.7
[INFO] [stderr]    Compiling cc v1.0.83
[INFO] [stderr]     Checking rand_chacha v0.3.1
[INFO] [stderr]     Checking crypto-common v0.1.6
[INFO] [stderr]    Compiling indexmap v2.0.0
[INFO] [stderr]     Checking http-body v0.4.5
[INFO] [stderr]     Checking digest v0.10.7
[INFO] [stderr]     Checking socket2 v0.4.9
[INFO] [stderr]    Compiling which v4.4.0
[INFO] [stderr]     Checking rand v0.8.5
[INFO] [stderr]    Compiling const-random-macro v0.1.15
[INFO] [stderr]    Compiling semver v1.0.18
[INFO] [stderr]     Checking lazy_static v1.4.0
[INFO] [stderr]    Compiling crossbeam-utils v0.8.16
[INFO] [stderr]    Compiling fslock v0.1.8
[INFO] [stderr]    Compiling rustls v0.21.6
[INFO] [stderr]    Compiling time-core v0.1.1
[INFO] [stderr]     Checking rustls-pemfile v1.0.3
[INFO] [stderr]    Compiling time-macros v0.2.11
[INFO] [stderr]    Compiling v8 v0.74.3
[INFO] [stderr]     Checking vsimd v0.8.0
[INFO] [stderr]     Checking either v1.9.0
[INFO] [stderr]     Checking outref v0.5.1
[INFO] [stderr]    Compiling convert_case v0.4.0
[INFO] [stderr]     Checking deranged v0.3.8
[INFO] [stderr]     Checking rustls-native-certs v0.6.3
[INFO] [stderr]    Compiling block-buffer v0.10.4
[INFO] [stderr]     Checking const-random v0.1.15
[INFO] [stderr]    Compiling rustc_version v0.4.0
[INFO] [stderr]    Compiling cmake v0.1.50
[INFO] [stderr]     Checking base64-simd v0.8.0
[INFO] [stderr]    Compiling winnow v0.5.14
[INFO] [stderr]    Compiling spin v0.5.2
[INFO] [stderr]    Compiling encoding_rs v0.8.31
[INFO] [stderr]     Checking urlencoding v2.1.3
[INFO] [stderr]    Compiling getrandom v0.1.16
[INFO] [stderr]     Checking hdrhistogram v7.5.2
[INFO] [stderr]    Compiling tinyvec_macros v0.1.1
[INFO] [stderr]    Compiling base64ct v1.6.0
[INFO] [stderr]    Compiling smallvec v1.11.0
[INFO] [stderr]    Compiling ring v0.16.20
[INFO] [stderr]    Compiling regex-automata v0.3.8
[INFO] [stderr]    Compiling libz-ng-sys v1.1.12
[INFO] [stderr]    Compiling tinyvec v1.6.0
[INFO] [stderr]    Compiling pem-rfc7468 v0.6.0
[INFO] [stderr]     Checking bytes-utils v0.1.3
[INFO] [stderr]    Compiling ryu v1.0.15
[INFO] [stderr]    Compiling windows_x86_64_gnu v0.48.5
[INFO] [stderr]    Compiling itoa v1.0.9
[INFO] [stderr]     Checking time v0.3.25
[INFO] [stderr]    Compiling unicode-normalization v0.1.22
[INFO] [stderr]     Checking hmac v0.12.1
[INFO] [stderr]    Compiling percent-encoding v2.3.0
[INFO] [stderr]    Compiling pmutil v0.6.1
[INFO] [stderr]    Compiling platforms v3.0.2
[INFO] [stderr]    Compiling toml_edit v0.19.14
[INFO] [stderr]    Compiling unicode-bidi v0.3.13
[INFO] [stderr]    Compiling form_urlencoded v1.2.0
[INFO] [stderr]    Compiling slab v0.4.8
[INFO] [stderr]    Compiling scopeguard v1.2.0
[INFO] [stderr]    Compiling pin-utils v0.1.0
[INFO] [stderr]     Checking crossbeam-channel v0.5.8
[INFO] [stderr]    Compiling idna v0.4.0
[INFO] [stderr]    Compiling block-padding v0.3.3
[INFO] [stderr]     Checking sha2 v0.10.7
[INFO] [stderr]    Compiling bitflags v1.3.2
[INFO] [stderr]    Compiling inout v0.1.3
[INFO] [stderr]    Compiling curve25519-dalek v4.0.0
[INFO] [stderr]    Compiling parking_lot v0.12.1
[INFO] [stderr]     Checking sha1 v0.10.5
[INFO] [stderr]     Checking aws-smithy-types v0.56.1
[INFO] [stderr]    Compiling regex v1.9.5
[INFO] [stderr]    Compiling if_chain v1.0.2
[INFO] [stderr]    Compiling unicode-id v0.3.3
[INFO] [stderr]    Compiling data-encoding v2.4.0
[INFO] [stderr]    Compiling num-bigint-dig v0.8.4
[INFO] [stderr]     Checking miniz_oxide v0.7.1
[INFO] [stderr]    Compiling cipher v0.4.4
[INFO] [stderr]    Compiling proc-macro-crate v1.3.1
[INFO] [stderr]    Compiling ff v0.12.1
[INFO] [stderr]    Compiling base16ct v0.1.1
[INFO] [stderr]     Checking fastrand v2.0.0
[INFO] [stderr]    Compiling group v0.12.1
[INFO] [stderr]    Compiling hkdf v0.12.3
[INFO] [stderr]    Compiling signature v1.6.4
[INFO] [stderr]    Compiling num-iter v0.1.43
[INFO] [stderr]     Checking bitflags v2.4.0
[INFO] [stderr]     Checking rand_core v0.5.1
[INFO] [stderr]    Compiling aws-types v0.56.1
[INFO] [stderr]     Checking sct v0.7.0
[INFO] [stderr]     Checking rustls-webpki v0.101.4
[INFO] [stderr]    Compiling universal-hash v0.5.1
[INFO] [stderr]    Compiling unicase v2.7.0
[INFO] [stderr]    Compiling unic-common v0.9.0
[INFO] [stderr]    Compiling rustix v0.38.8
[INFO] [stderr]    Compiling opaque-debug v0.3.0
[INFO] [stderr]    Compiling unic-char-range v0.9.0
[INFO] [stderr]    Compiling polyval v0.6.1
[INFO] [stderr]    Compiling unic-char-property v0.9.0
[INFO] [stderr]    Compiling unic-ucd-version v0.9.0
[INFO] [stderr]    Compiling windows-targets v0.48.5
[INFO] [stderr]    Compiling serde_derive v1.0.188
[INFO] [stderr]    Compiling futures-macro v0.3.28
[INFO] [stderr]    Compiling tokio-macros v2.1.0
[INFO] [stderr]    Compiling thiserror-impl v1.0.48
[INFO] [stderr]    Compiling zeroize_derive v1.4.2
[INFO] [stderr]    Compiling tracing-attributes v0.1.26
[INFO] [stderr]    Compiling pin-project-internal v1.1.3
[INFO] [stderr]    Compiling strum_macros v0.25.2
[INFO] [stderr]    Compiling deno-proc-macro-rules-macros v0.3.2
[INFO] [stderr]    Compiling derive_more v0.99.17
[INFO] [stderr]    Compiling lazy-regex-proc_macros v2.4.1
[INFO] [stderr]     Checking zeroize v1.6.0
[INFO] [stderr]    Compiling prost-derive v0.11.9
[INFO] [stderr]     Checking der v0.6.1
[INFO] [stderr]    Compiling deno-proc-macro-rules v0.3.2
[INFO] [stderr]    Compiling crypto-bigint v0.4.9
[INFO] [stderr]     Checking pin-project v1.1.3
[INFO] [stderr]    Compiling tokio v1.32.0
[INFO] [stderr]    Compiling curve25519-dalek-derive v0.1.0
[INFO] [stderr]    Compiling lazy-regex v2.5.0
[INFO] [stderr]     Checking spki v0.6.0
[INFO] [stderr]     Checking tracing v0.1.37
[INFO] [stderr]     Checking pkcs8 v0.9.0
[INFO] [stderr]    Compiling rfc6979 v0.3.1
[INFO] [stderr]     Checking sec1 v0.3.0
[INFO] [stderr]    Compiling aes v0.8.2
[INFO] [stderr]     Checking headers-core v0.2.0
[INFO] [stderr]    Compiling strum v0.25.0
[INFO] [stderr]    Compiling elliptic-curve v0.12.3
[INFO] [stderr]    Compiling generic-array v0.12.4
[INFO] [stderr]    Compiling rustls v0.20.8
[INFO] [stderr]    Compiling parking_lot_core v0.8.6
[INFO] [stderr]     Checking linux-raw-sys v0.4.5
[INFO] [stderr]    Compiling deno_ops v0.78.0
[INFO] [stderr]    Compiling ecdsa v0.14.8
[INFO] [stderr]     Checking webpki-roots v0.25.2
[INFO] [stderr]    Compiling pkg-config v0.3.27
[INFO] [stderr]    Compiling void v1.0.2
[INFO] [stderr]     Checking ipnet v2.8.0
[INFO] [stderr]    Compiling unreachable v1.0.0
[INFO] [stderr]    Compiling digest v0.8.1
[INFO] [stderr]    Compiling prost v0.11.9
[INFO] [stderr]    Compiling zstd-sys v2.0.8+zstd.1.5.5
[INFO] [stderr]     Checking headers v0.3.8
[INFO] [stderr]    Compiling pkcs1 v0.4.1
[INFO] [stderr]    Compiling ghash v0.5.0
[INFO] [stderr]    Compiling unic-ucd-ident v0.9.0
[INFO] [stderr]    Compiling windows-sys v0.48.0
[INFO] [stderr]     Checking webpki v0.22.1
[INFO] [stderr]    Compiling ctr v0.9.2
[INFO] [stderr]     Checking futures-executor v0.3.28
[INFO] [stderr]     Checking opentelemetry_api v0.19.0
[INFO] [stderr]    Compiling aead v0.5.2
[INFO] [stderr]    Compiling axum v0.6.20
[INFO] [stderr]     Checking futures v0.3.28
[INFO] [stderr]     Checking instant v0.1.12
[INFO] [stderr]     Checking alloc-no-stdlib v2.0.4
[INFO] [stderr]    Compiling ascii v0.9.3
[INFO] [stderr]    Compiling erased-serde v0.3.29
[INFO] [stderr]    Compiling unicode-segmentation v1.10.1
[INFO] [stderr]    Compiling untrusted v0.7.1
[INFO] [stderr]    Compiling combine v3.8.1
[INFO] [stderr]    Compiling heck v0.3.3
[INFO] [stderr]    Compiling rsa v0.7.2
[INFO] [stderr]    Compiling pest v2.7.2
[INFO] [stderr]     Checking alloc-stdlib v0.2.2
[INFO] [stderr]     Checking nom v7.1.3
[INFO] [stderr]    Compiling petgraph v0.6.4
[INFO] [stderr]    Compiling x25519-dalek v2.0.0
[INFO] [stderr]    Compiling aes-gcm v0.10.2
[INFO] [stderr]    Compiling tempfile v3.8.0
[INFO] [stderr]     Checking axum-core v0.3.4
[INFO] [stderr]    Compiling mime_guess v2.0.4
[INFO] [stderr]     Checking is-terminal v0.4.9
[INFO] [stderr]    Compiling prost-types v0.11.9
[INFO] [stderr]    Compiling curve25519-dalek v2.1.3
[INFO] [stderr]    Compiling p256 v0.11.1
[INFO] [stderr]    Compiling p384 v0.11.2
[INFO] [stderr]    Compiling prettyplease v0.1.25
[INFO] [stderr]    Compiling aes-kw v0.2.1
[INFO] [stderr]    Compiling async-stream-impl v0.3.5
[INFO] [stderr]    Compiling cbc v0.1.2
[INFO] [stderr]     Checking url v2.4.1
[INFO] [stderr]     Checking uuid v1.4.1
[INFO] [stderr]     Checking serde_urlencoded v0.7.1
[INFO] [stderr]     Checking serde_bytes v0.11.12
[INFO] [stderr]     Checking debugid v0.8.0
[INFO] [stderr]     Checking serde_path_to_error v0.1.14
[INFO] [stderr]     Checking concurrent-queue v2.2.0
[INFO] [stderr]    Compiling same-file v1.0.6
[INFO] [stderr]     Checking matchit v0.7.2
[INFO] [stderr]    Compiling base64 v0.13.1
[INFO] [stderr]     Checking concolor-query v0.3.3
[INFO] [stderr]     Checking dashmap v5.5.3
[INFO] [stderr]    Compiling crc16 v0.4.0
[INFO] [stderr]     Checking text-size v1.1.1
[INFO] [stderr]     Checking countme v3.0.1
[INFO] [stderr]    Compiling urlpattern v0.2.0
[INFO] [stderr]    Compiling paste v1.0.14
[INFO] [stderr]    Compiling protobuf v2.28.0
[INFO] [stderr]     Checking option-ext v0.2.0
[INFO] [stderr]     Checking bit-vec v0.6.3
[INFO] [stderr]     Checking dirs-sys v0.4.1
[INFO] [stderr]     Checking rowan v0.15.11
[INFO] [stderr]     Checking walkdir v2.4.0
[INFO] [stderr]    Compiling sourcemap v6.4.1
[INFO] [stderr]     Checking concolor v0.1.1
[INFO] [stderr]     Checking parking_lot v0.11.2
[INFO] [stderr]    Compiling graphql-parser v0.4.0
[INFO] [stderr]     Checking async-channel v1.9.0
[INFO] [stderr]    Compiling prost-build v0.11.9
[INFO] [stderr]     Checking async-stream v0.3.5
[INFO] [stderr]    Compiling graphql-introspection-query v0.2.0
[INFO] [stderr]    Compiling pest_meta v2.7.2
[INFO] [stderr]     Checking num-rational v0.4.1
[INFO] [stderr]    Compiling salsa-macros v0.16.0
[INFO] [stderr]     Checking brotli-decompressor v2.3.4
[INFO] [stderr]     Checking tracing-futures v0.2.5
[INFO] [stderr]    Compiling ctor v0.1.26
[INFO] [stderr]    Compiling ghost v0.1.14
[INFO] [stderr]     Checking rand_chacha v0.2.2
[INFO] [stderr]     Checking aws-smithy-json v0.56.1
[INFO] [stderr]    Compiling tikv-jemalloc-sys v0.5.4+5.3.0-patched
[INFO] [stderr]    Compiling sys-info v0.9.1
[INFO] [stderr]     Checking itertools v0.10.5
[INFO] [stderr]     Checking float-cmp v0.9.0
[INFO] [stderr]     Checking num-complex v0.4.4
[INFO] [stderr]    Compiling smartstring v1.0.1
[INFO] [stderr]    Compiling mime v0.3.17
[INFO] [stderr]     Checking fastrand v1.9.0
[INFO] [stderr]     Checking predicates-core v1.0.6
[INFO] [stderr]     Checking parking v2.1.0
[INFO] [stderr]     Checking flate2 v1.0.27
[INFO] [stderr]    Compiling prometheus v0.13.3
[INFO] [stderr]     Checking yansi v0.5.1
[INFO] [stderr]     Checking xmlparser v0.13.5
[INFO] [stderr]     Checking oorandom v11.1.3
[INFO] [stderr]    Compiling minimal-lexical v0.2.1
[INFO] [stderr]    Compiling http-types v2.12.0
[INFO] [stderr]    Compiling zstd-safe v6.0.6
[INFO] [stderr]     Checking futures-lite v1.13.0
[INFO] [stderr]     Checking salsa v0.16.1
[INFO] [stderr]     Checking num v0.4.1
[INFO] [stderr]     Checking ariadne v0.3.0
[INFO] [stderr]     Checking inventory v0.2.3
[INFO] [stderr]     Checking aws-smithy-xml v0.56.1
[INFO] [stderr]    Compiling graphql_client_codegen v0.13.0
[INFO] [stderr]     Checking brotli v3.3.4
[INFO] [stderr]     Checking rand v0.7.3
[INFO] [stderr]    Compiling pest_generator v2.7.2
[INFO] [stderr]    Compiling tonic-build v0.9.2
[INFO] [stderr]     Checking apollo-parser v0.6.2
[INFO] [stderr]    Compiling rust-embed-utils v7.8.1
[INFO] [stderr]     Checking bit-set v0.5.3
[INFO] [stderr]    Compiling basic-toml v0.1.4
[INFO] [stderr]     Checking tracing-serde v0.1.3
[INFO] [stderr]     Checking serde_qs v0.8.5
[INFO] [stderr]    Compiling typetag-impl v0.1.8
[INFO] [stderr]    Compiling try_match_inner v0.5.1
[INFO] [stderr]     Checking tokio-util v0.7.8
[INFO] [stderr]     Checking tokio-rustls v0.24.1
[INFO] [stderr]     Checking tokio-io-timeout v1.2.0
[INFO] [stderr]     Checking tokio-rustls v0.23.4
[INFO] [stderr]     Checking aws-smithy-query v0.56.1
[INFO] [stderr]    Compiling serde_derive_internals v0.26.0
[INFO] [stderr]     Checking tracing-log v0.1.3
[INFO] [stderr]     Checking sharded-slab v0.1.4
[INFO] [stderr]     Checking ordered-float v3.9.0
[INFO] [stderr]     Checking ordered-float v2.10.0
[INFO] [stderr]     Checking threadpool v1.8.1
[INFO] [stderr]     Checking inotify-sys v0.1.5
[INFO] [stderr]    Compiling multer v2.1.0
[INFO] [stderr]     Checking normalize-line-endings v0.3.0
[INFO] [stderr]     Checking fsio v0.4.0
[INFO] [stderr]     Checking cookie-factory v0.3.2
[INFO] [stderr]     Checking utf-8 v0.7.6
[INFO] [stderr]     Checking termtree v0.4.1
[INFO] [stderr]     Checking deadpool-runtime v0.1.2
[INFO] [stderr]     Checking h2 v0.3.21
[INFO] [stderr]     Checking tokio-stream v0.1.14
[INFO] [stderr]     Checking tower v0.4.13
[INFO] [stderr]     Checking integer-encoding v3.0.4
[INFO] [stderr]    Compiling schemars v0.8.12
[INFO] [stderr]     Checking retain_mut v0.1.9
[INFO] [stderr]     Checking infer v0.2.3
[INFO] [stderr]     Checking difflib v0.4.0
[INFO] [stderr]     Checking linked-hash-map v0.5.6
[INFO] [stderr]     Checking redis-protocol v4.1.0
[INFO] [stderr]     Checking tracing-subscriber v0.3.17
[INFO] [stderr]    Compiling try_match v0.4.1
[INFO] [stderr]     Checking thrift v0.17.0
[INFO] [stderr]     Checking predicates v2.1.5
[INFO] [stderr]     Checking deadpool v0.9.5
[INFO] [stderr]     Checking yaml-rust v0.4.5
[INFO] [stderr]     Checking opentelemetry_sdk v0.19.0
[INFO] [stderr]     Checking aws-smithy-async v0.56.1
[INFO] [stderr]    Compiling askama_derive v0.12.1
[INFO] [stderr]     Checking typetag v0.1.8
[INFO] [stderr]     Checking clap_builder v4.4.4
[INFO] [stderr]     Checking aws-credential-types v0.56.1
[INFO] [stderr]     Checking predicates-tree v1.0.9
[INFO] [stderr]    Compiling schemars_derive v0.8.12
[INFO] [stderr]     Checking tungstenite v0.20.0
[INFO] [stderr]     Checking envmnt v0.10.4
[INFO] [stderr]     Checking opentelemetry v0.19.0
[INFO] [stderr]     Checking opentelemetry-semantic-conventions v0.11.0
[INFO] [stderr]     Checking apollo-compiler v0.11.2
[INFO] [stderr]     Checking inotify v0.9.6
[INFO] [stderr]    Compiling uhg-custom-appollo-roouter v1.31.1 (/opt/rustwide/workdir)
[INFO] [stderr]    Compiling pest_derive v2.7.2
[INFO] [stderr]     Checking rmp v0.8.12
[INFO] [stderr]     Checking fancy-regex v0.11.0
[INFO] [stderr]    Compiling rust-embed-impl v6.8.1
[INFO] [stderr]     Checking fraction v0.13.1
[INFO] [stderr]     Checking assert-json-diff v2.0.2
[INFO] [stderr]     Checking async-compression v0.4.1
[INFO] [stderr]     Checking dirs v5.0.1
[INFO] [stderr]     Checking iso8601 v0.6.1
[INFO] [stderr]     Checking simple_asn1 v0.6.2
[INFO] [stderr]    Compiling rhai_codegen v1.5.0
[INFO] [stderr]    Compiling mockall_derive v0.11.4
[INFO] [stderr]    Compiling typed-builder v0.12.0
[INFO] [stderr]    Compiling linkme-impl v0.3.15
[INFO] [stderr]    Compiling clap_derive v4.4.2
[INFO] [stderr]    Compiling str_inflector v0.12.0
[INFO] [stderr]     Checking pem v1.1.1
[INFO] [stderr]     Checking sha-1 v0.10.1
[INFO] [stderr]     Checking filetime v0.2.22
[INFO] [stderr]     Checking humansize v2.1.3
[INFO] [stderr]     Checking spin v0.9.8
[INFO] [stderr]     Checking futures-timer v3.0.2
[INFO] [stderr]     Checking downcast v0.11.0
[INFO] [stderr]     Checking fragile v2.0.0
[INFO] [stderr]     Checking http-range-header v0.3.1
[INFO] [stderr]     Checking bytecount v0.6.3
[INFO] [stderr]     Checking siphasher v1.0.0
[INFO] [stderr]     Checking arc-swap v1.6.0
[INFO] [stderr]     Checking num-cmp v0.1.0
[INFO] [stderr]     Checking arcstr v1.1.5
[INFO] [stderr]     Checking dyn-clone v1.0.13
[INFO] [stderr]     Checking askama_escape v0.10.3
[INFO] [stderr]     Checking fred v6.3.2
[INFO] [stderr]     Checking bloomfilter v1.0.12
[INFO] [stderr]     Checking jsonschema v0.17.1
[INFO] [stderr]     Checking tower-http v0.4.3
[INFO] [stderr]     Checking linkme v0.3.15
[INFO] [stderr]     Checking apollo-encoder v0.7.0
[INFO] [stderr]     Checking humantime-serde v1.1.1
[INFO] [stderr]     Checking notify v6.1.1
[INFO] [stderr]    Compiling buildstructor v0.5.3
[INFO] [stderr]     Checking hyper v0.14.27
[INFO] [stderr]     Checking rust-embed v6.8.1
[INFO] [stderr]     Checking jsonwebtoken v8.3.0
[INFO] [stderr]     Checking rhai v1.16.2
[INFO] [stderr]     Checking jsonpath-rust v0.3.1
[INFO] [stderr]     Checking shellexpand v3.1.0
[INFO] [stderr]     Checking opentelemetry-prometheus v0.12.0
[INFO] [stderr]     Checking tokio-tungstenite v0.20.0
[INFO] [stderr]     Checking tracing-opentelemetry v0.19.0
[INFO] [stderr]     Checking ci_info v0.14.11
[INFO] [stderr]     Checking opentelemetry-aws v0.7.0
[INFO] [stderr]     Checking proteus v0.5.0
[INFO] [stderr]     Checking serde_yaml v0.8.26
[INFO] [stderr]     Checking serde_json_bytes v0.2.1
[INFO] [stderr]     Checking jsonpath_lib v0.3.0
[INFO] [stderr]     Checking access-json v0.1.0
[INFO] [stderr]     Checking directories v5.0.1
[INFO] [stderr]     Checking lru v0.11.0
[INFO] [stderr]     Checking multimap v0.9.0
[INFO] [stderr]     Checking http-serde v1.1.3
[INFO] [stderr]    Compiling derivative v2.2.0
[INFO] [stderr]    Compiling displaydoc v0.2.4
[INFO] [stderr]     Checking itertools v0.11.0
[INFO] [stderr]     Checking uname v0.1.1
[INFO] [stderr]     Checking nu-ansi-term v0.49.0
[INFO] [stderr]     Checking diff v0.1.13
[INFO] [stderr]     Checking heck v0.4.1
[INFO] [stderr]     Checking wsl v0.1.0
[INFO] [stderr]     Checking mediatype v0.19.15
[INFO] [stderr]     Checking askama v0.12.0
[INFO] [stderr]     Checking clap v4.4.4
[INFO] [stderr]    Compiling graphql_query_derive v0.13.0
[INFO] [stderr]     Checking mockall v0.11.4
[INFO] [stderr]     Checking graphql_client v0.13.0
[INFO] [stderr]     Checking hyper-rustls v0.24.1
[INFO] [stderr]     Checking aws-smithy-http v0.56.1
[INFO] [stderr]     Checking hyper-timeout v0.4.1
[INFO] [stderr]     Checking wiremock v0.5.19
[INFO] [stderr]     Checking reqwest v0.11.19
[INFO] [stderr]     Checking aws-smithy-http-tower v0.56.1
[INFO] [stderr]     Checking aws-smithy-runtime-api v0.56.1
[INFO] [stderr]     Checking aws-sigv4 v0.56.1
[INFO] [stderr]     Checking aws-smithy-client v0.56.1
[INFO] [stderr]     Checking opentelemetry-http v0.8.0
[INFO] [stderr]     Checking opentelemetry-zipkin v0.17.0
[INFO] [stderr]     Checking opentelemetry-jaeger v0.18.0
[INFO] [stderr]     Checking opentelemetry-datadog v0.7.0
[INFO] [stderr]     Checking aws-smithy-runtime v0.56.1
[INFO] [stderr]     Checking aws-http v0.56.1
[INFO] [stderr]     Checking aws-runtime v0.56.1
[INFO] [stderr]     Checking zstd v0.12.4
[INFO] [stderr]     Checking aws-sdk-sts v0.30.0
[INFO] [stderr]     Checking aws-sdk-sso v0.30.0
[INFO] [stderr]     Checking tonic v0.8.3
[INFO] [stderr]     Checking aws-config v0.56.1
[INFO] [stderr]     Checking opentelemetry-proto v0.2.0
[INFO] [stderr]     Checking opentelemetry-otlp v0.12.0
[INFO] [stderr] error: failed to run custom build command for `v8 v0.74.3`
[INFO] [stderr] note: To improve backtraces for build dependencies, set the CARGO_PROFILE_DEV_BUILD_OVERRIDE_DEBUG=true environment variable to enable debug information generation.
[INFO] [stderr] 
[INFO] [stderr] Caused by:
[INFO] [stderr]   process didn't exit successfully: `/opt/rustwide/target/debug/build/v8-d1afcc7d8f78aaad/build-script-build` (exit status: 101)
[INFO] [stderr]   --- stdout
[INFO] [stderr]   cargo:rerun-if-changed=.gn
[INFO] [stderr]   cargo:rerun-if-changed=BUILD.gn
[INFO] [stderr]   cargo:rerun-if-changed=src/binding.cc
[INFO] [stderr]   cargo:rerun-if-env-changed=CCACHE
[INFO] [stderr]   cargo:rerun-if-env-changed=CLANG_BASE_PATH
[INFO] [stderr]   cargo:rerun-if-env-changed=CXXSTDLIB
[INFO] [stderr]   cargo:rerun-if-env-changed=DENO_TRYBUILD
[INFO] [stderr]   cargo:rerun-if-env-changed=DOCS_RS
[INFO] [stderr]   cargo:rerun-if-env-changed=GN
[INFO] [stderr]   cargo:rerun-if-env-changed=GN_ARGS
[INFO] [stderr]   cargo:rerun-if-env-changed=HOST
[INFO] [stderr]   cargo:rerun-if-env-changed=NINJA
[INFO] [stderr]   cargo:rerun-if-env-changed=OUT_DIR
[INFO] [stderr]   cargo:rerun-if-env-changed=RUSTY_V8_ARCHIVE
[INFO] [stderr]   cargo:rerun-if-env-changed=RUSTY_V8_MIRROR
[INFO] [stderr]   cargo:rerun-if-env-changed=SCCACHE
[INFO] [stderr]   cargo:rerun-if-env-changed=V8_FORCE_DEBUG
[INFO] [stderr]   cargo:rerun-if-env-changed=V8_FROM_SOURCE
[INFO] [stderr]   cargo:rerun-if-env-changed=PYTHON
[INFO] [stderr]   cargo:rerun-if-env-changed=DISABLE_CLANG
[INFO] [stderr]   cargo:rerun-if-env-changed=EXTRA_GN_ARGS
[INFO] [stderr]   cargo:rerun-if-env-changed=NO_PRINT_GN_ARGS
[INFO] [stderr]   cargo:rustc-link-lib=static=rusty_v8
[INFO] [stderr]   download lockfile: "/opt/rustwide/target/debug/build/lib_download.fslock"
[INFO] [stderr]   static lib URL: https://github.com/denoland/rusty_v8/releases/download/v0.74.3/librusty_v8_release_x86_64-unknown-linux-gnu.a
[INFO] [stderr]   cargo:rustc-link-search=/opt/rustwide/target/debug/gn_out/obj
[INFO] [stderr]   Downloading https://github.com/denoland/rusty_v8/releases/download/v0.74.3/librusty_v8_release_x86_64-unknown-linux-gnu.a
[INFO] [stderr]   Downloading https://github.com/denoland/rusty_v8/releases/download/v0.74.3/librusty_v8_release_x86_64-unknown-linux-gnu.a...
[INFO] [stderr]   <urlopen error [Errno -3] Temporary failure in name resolution>
[INFO] [stderr]   Retrying in 5 s ...
[INFO] [stderr]   Downloading https://github.com/denoland/rusty_v8/releases/download/v0.74.3/librusty_v8_release_x86_64-unknown-linux-gnu.a...
[INFO] [stderr]   <urlopen error [Errno -3] Temporary failure in name resolution>
[INFO] [stderr]   Retrying in 10 s ...
[INFO] [stderr]   Downloading https://github.com/denoland/rusty_v8/releases/download/v0.74.3/librusty_v8_release_x86_64-unknown-linux-gnu.a...
[INFO] [stderr]   <urlopen error [Errno -3] Temporary failure in name resolution>
[INFO] [stderr]   Retrying in 20 s ...
[INFO] [stderr]   Downloading https://github.com/denoland/rusty_v8/releases/download/v0.74.3/librusty_v8_release_x86_64-unknown-linux-gnu.a...
[INFO] [stderr]   <urlopen error [Errno -3] Temporary failure in name resolution>
[INFO] [stderr]   Python downloader failed, trying with curl.
[INFO] [stderr] 
[INFO] [stderr]   --- stderr
[INFO] [stderr]   Traceback (most recent call last):
[INFO] [stderr]     File "/usr/lib/python3.10/urllib/request.py", line 1348, in do_open
[INFO] [stderr]       h.request(req.get_method(), req.selector, req.data, headers,
[INFO] [stderr]     File "/usr/lib/python3.10/http/client.py", line 1283, in request
[INFO] [stderr]       self._send_request(method, url, body, headers, encode_chunked)
[INFO] [stderr]     File "/usr/lib/python3.10/http/client.py", line 1329, in _send_request
[INFO] [stderr]       self.endheaders(body, encode_chunked=encode_chunked)
[INFO] [stderr]     File "/usr/lib/python3.10/http/client.py", line 1278, in endheaders
[INFO] [stderr]       self._send_output(message_body, encode_chunked=encode_chunked)
[INFO] [stderr]     File "/usr/lib/python3.10/http/client.py", line 1038, in _send_output
[INFO] [stderr]       self.send(msg)
[INFO] [stderr]     File "/usr/lib/python3.10/http/client.py", line 976, in send
[INFO] [stderr]       self.connect()
[INFO] [stderr]     File "/usr/lib/python3.10/http/client.py", line 1448, in connect
[INFO] [stderr]       super().connect()
[INFO] [stderr]     File "/usr/lib/python3.10/http/client.py", line 942, in connect
[INFO] [stderr]       self.sock = self._create_connection(
[INFO] [stderr]     File "/usr/lib/python3.10/socket.py", line 824, in create_connection
[INFO] [stderr]       for res in getaddrinfo(host, port, 0, SOCK_STREAM):
[INFO] [stderr]     File "/usr/lib/python3.10/socket.py", line 955, in getaddrinfo
[INFO] [stderr]       for res in _socket.getaddrinfo(host, port, family, type, proto, flags):
[INFO] [stderr]   socket.gaierror: [Errno -3] Temporary failure in name resolution
[INFO] [stderr] 
[INFO] [stderr]   During handling of the above exception, another exception occurred:
[INFO] [stderr] 
[INFO] [stderr]   Traceback (most recent call last):
[INFO] [stderr]     File "/opt/rustwide/cargo-home/registry/src/index.crates.io-6f17d22bba15001f/v8-0.74.3/./tools/download_file.py", line 64, in <module>
[INFO] [stderr]       sys.exit(main())
[INFO] [stderr]     File "/opt/rustwide/cargo-home/registry/src/index.crates.io-6f17d22bba15001f/v8-0.74.3/./tools/download_file.py", line 59, in main
[INFO] [stderr]       DownloadUrl(args.url, f)
[INFO] [stderr]     File "/opt/rustwide/cargo-home/registry/src/index.crates.io-6f17d22bba15001f/v8-0.74.3/./tools/download_file.py", line 45, in DownloadUrl
[INFO] [stderr]       raise e
[INFO] [stderr]     File "/opt/rustwide/cargo-home/registry/src/index.crates.io-6f17d22bba15001f/v8-0.74.3/./tools/download_file.py", line 29, in DownloadUrl
[INFO] [stderr]       response = urlopen(url)
[INFO] [stderr]     File "/usr/lib/python3.10/urllib/request.py", line 216, in urlopen
[INFO] [stderr]       return opener.open(url, data, timeout)
[INFO] [stderr]     File "/usr/lib/python3.10/urllib/request.py", line 519, in open
[INFO] [stderr]       response = self._open(req, data)
[INFO] [stderr]     File "/usr/lib/python3.10/urllib/request.py", line 536, in _open
[INFO] [stderr]       result = self._call_chain(self.handle_open, protocol, protocol +
[INFO] [stderr]     File "/usr/lib/python3.10/urllib/request.py", line 496, in _call_chain
[INFO] [stderr]       result = func(*args)
[INFO] [stderr]     File "/usr/lib/python3.10/urllib/request.py", line 1391, in https_open
[INFO] [stderr]       return self.do_open(http.client.HTTPSConnection, req,
[INFO] [stderr]     File "/usr/lib/python3.10/urllib/request.py", line 1351, in do_open
[INFO] [stderr]       raise URLError(err)
[INFO] [stderr]   urllib.error.URLError: <urlopen error [Errno -3] Temporary failure in name resolution>
[INFO] [stderr]   thread 'main' panicked at /opt/rustwide/cargo-home/registry/src/index.crates.io-6f17d22bba15001f/v8-0.74.3/build.rs:431:3:
[INFO] [stderr]   assertion failed: status.success()
[INFO] [stderr]   stack backtrace:
[INFO] [stderr]      0:     0x55b68f4f1b4c - std::backtrace_rs::backtrace::libunwind::trace::ha637c64ce894333a
[INFO] [stderr]                                  at /rustc/82e1608dfa6e0b5569232559e3d385fea5a93112/library/std/src/../../backtrace/src/backtrace/libunwind.rs:104:5
[INFO] [stderr]      1:     0x55b68f4f1b4c - std::backtrace_rs::backtrace::trace_unsynchronized::h47f62dea28e0c88d
[INFO] [stderr]                                  at /rustc/82e1608dfa6e0b5569232559e3d385fea5a93112/library/std/src/../../backtrace/src/backtrace/mod.rs:66:5
[INFO] [stderr]      2:     0x55b68f4f1b4c - std::sys_common::backtrace::_print_fmt::h9eef0abe20ede486
[INFO] [stderr]                                  at /rustc/82e1608dfa6e0b5569232559e3d385fea5a93112/library/std/src/sys_common/backtrace.rs:67:5
[INFO] [stderr]      3:     0x55b68f4f1b4c - <std::sys_common::backtrace::_print::DisplayBacktrace as core::fmt::Display>::fmt::hed7f999df88cc644
[INFO] [stderr]                                  at /rustc/82e1608dfa6e0b5569232559e3d385fea5a93112/library/std/src/sys_common/backtrace.rs:44:22
[INFO] [stderr]      4:     0x55b68f516180 - core::fmt::rt::Argument::fmt::h1539a9308b8d058d
[INFO] [stderr]                                  at /rustc/82e1608dfa6e0b5569232559e3d385fea5a93112/library/core/src/fmt/rt.rs:142:9
[INFO] [stderr]      5:     0x55b68f516180 - core::fmt::write::h3a39390d8560d9c9
[INFO] [stderr]                                  at /rustc/82e1608dfa6e0b5569232559e3d385fea5a93112/library/core/src/fmt/mod.rs:1120:17
[INFO] [stderr]      6:     0x55b68f4ef4cf - std::io::Write::write_fmt::h5fc9997dfe05f882
[INFO] [stderr]                                  at /rustc/82e1608dfa6e0b5569232559e3d385fea5a93112/library/std/src/io/mod.rs:1762:15
[INFO] [stderr]      7:     0x55b68f4f1934 - std::sys_common::backtrace::_print::h894006fb5c6f3d45
[INFO] [stderr]                                  at /rustc/82e1608dfa6e0b5569232559e3d385fea5a93112/library/std/src/sys_common/backtrace.rs:47:5
[INFO] [stderr]      8:     0x55b68f4f1934 - std::sys_common::backtrace::print::h23a2d212c6fff936
[INFO] [stderr]                                  at /rustc/82e1608dfa6e0b5569232559e3d385fea5a93112/library/std/src/sys_common/backtrace.rs:34:9
[INFO] [stderr]      9:     0x55b68f4f2fd7 - std::panicking::default_hook::{{closure}}::h8a1d2ee00185001a
[INFO] [stderr]     10:     0x55b68f4f2d3f - std::panicking::default_hook::h6038f2eba384e475
[INFO] [stderr]                                  at /rustc/82e1608dfa6e0b5569232559e3d385fea5a93112/library/std/src/panicking.rs:292:9
[INFO] [stderr]     11:     0x55b68f4f3458 - std::panicking::rust_panic_with_hook::h2b5517d590cab22e
[INFO] [stderr]                                  at /rustc/82e1608dfa6e0b5569232559e3d385fea5a93112/library/std/src/panicking.rs:779:13
[INFO] [stderr]     12:     0x55b68f4f3309 - std::panicking::begin_panic_handler::{{closure}}::h233112c06e0ef43e
[INFO] [stderr]                                  at /rustc/82e1608dfa6e0b5569232559e3d385fea5a93112/library/std/src/panicking.rs:649:13
[INFO] [stderr]     13:     0x55b68f4f2016 - std::sys_common::backtrace::__rust_end_short_backtrace::h6e893f24d7ebbff8
[INFO] [stderr]                                  at /rustc/82e1608dfa6e0b5569232559e3d385fea5a93112/library/std/src/sys_common/backtrace.rs:170:18
[INFO] [stderr]     14:     0x55b68f4f30a2 - rust_begin_unwind
[INFO] [stderr]                                  at /rustc/82e1608dfa6e0b5569232559e3d385fea5a93112/library/std/src/panicking.rs:645:5
[INFO] [stderr]     15:     0x55b68f4a48f5 - core::panicking::panic_fmt::hbf0e066aabfa482c
[INFO] [stderr]                                  at /rustc/82e1608dfa6e0b5569232559e3d385fea5a93112/library/core/src/panicking.rs:72:14
[INFO] [stderr]     16:     0x55b68f4a4993 - core::panicking::panic::h195fc2a96298d4c3
[INFO] [stderr]                                  at /rustc/82e1608dfa6e0b5569232559e3d385fea5a93112/library/core/src/panicking.rs:127:5
[INFO] [stderr]     17:     0x55b68f4aeaa4 - build_script_build::download_file::hab74f86baf473e6c
[INFO] [stderr]     18:     0x55b68f4af217 - build_script_build::download_static_lib_binaries::h183611295e6dc2f4
[INFO] [stderr]     19:     0x55b68f4aa839 - build_script_build::main::h0bca727c14327121
[INFO] [stderr]     20:     0x55b68f4b6863 - core::ops::function::FnOnce::call_once::h28aff87849e9872d
[INFO] [stderr]     21:     0x55b68f4c6456 - std::sys_common::backtrace::__rust_begin_short_backtrace::heeff471341cd3fb4
[INFO] [stderr]     22:     0x55b68f4a8a69 - std::rt::lang_start::{{closure}}::h290ee82d21ab654e
[INFO] [stderr]     23:     0x55b68f4eaad7 - core::ops::function::impls::<impl core::ops::function::FnOnce<A> for &F>::call_once::hd95060ecd5e1ca24
[INFO] [stderr]                                  at /rustc/82e1608dfa6e0b5569232559e3d385fea5a93112/library/core/src/ops/function.rs:284:13
[INFO] [stderr]     24:     0x55b68f4eaad7 - std::panicking::try::do_call::h6e8cf51db32a6e4b
[INFO] [stderr]                                  at /rustc/82e1608dfa6e0b5569232559e3d385fea5a93112/library/std/src/panicking.rs:552:40
[INFO] [stderr]     25:     0x55b68f4eaad7 - std::panicking::try::h3a52eefe24fe3c29
[INFO] [stderr]                                  at /rustc/82e1608dfa6e0b5569232559e3d385fea5a93112/library/std/src/panicking.rs:516:19
[INFO] [stderr]     26:     0x55b68f4eaad7 - std::panic::catch_unwind::h24c28c23c02c3841
[INFO] [stderr]                                  at /rustc/82e1608dfa6e0b5569232559e3d385fea5a93112/library/std/src/panic.rs:142:14
[INFO] [stderr]     27:     0x55b68f4eaad7 - std::rt::lang_start_internal::{{closure}}::h705d3c9cbc06ef47
[INFO] [stderr]                                  at /rustc/82e1608dfa6e0b5569232559e3d385fea5a93112/library/std/src/rt.rs:148:48
[INFO] [stderr]     28:     0x55b68f4eaad7 - std::panicking::try::do_call::ha21f52ba13158470
[INFO] [stderr]                                  at /rustc/82e1608dfa6e0b5569232559e3d385fea5a93112/library/std/src/panicking.rs:552:40
[INFO] [stderr]     29:     0x55b68f4eaad7 - std::panicking::try::h5581346bf6aeb1f8
[INFO] [stderr]                                  at /rustc/82e1608dfa6e0b5569232559e3d385fea5a93112/library/std/src/panicking.rs:516:19
[INFO] [stderr]     30:     0x55b68f4eaad7 - std::panic::catch_unwind::h7919645a6b72e25b
[INFO] [stderr]                                  at /rustc/82e1608dfa6e0b5569232559e3d385fea5a93112/library/std/src/panic.rs:142:14
[INFO] [stderr]     31:     0x55b68f4eaad7 - std::rt::lang_start_internal::h12de51168669836e
[INFO] [stderr]                                  at /rustc/82e1608dfa6e0b5569232559e3d385fea5a93112/library/std/src/rt.rs:148:20
[INFO] [stderr]     32:     0x55b68f4a8a47 - std::rt::lang_start::hb669459d319988a3
[INFO] [stderr]     33:     0x55b68f4b3305 - main
[INFO] [stderr]     34:     0x7f3ee4c82d90 - <unknown>
[INFO] [stderr]     35:     0x7f3ee4c82e40 - __libc_start_main
[INFO] [stderr]     36:     0x55b68f4a5105 - _start
[INFO] [stderr]     37:                0x0 - <unknown>
[INFO] [stderr] warning: build failed, waiting for other jobs to finish...
[INFO] running `Command { std: "docker" "inspect" "346759e45e92fbfd19aea293d633e82a97ae2a9d7b5cb4c6d4f752a4eb4f75dd", kill_on_drop: false }`
[INFO] running `Command { std: "docker" "rm" "-f" "346759e45e92fbfd19aea293d633e82a97ae2a9d7b5cb4c6d4f752a4eb4f75dd", kill_on_drop: false }`
[INFO] [stdout] 346759e45e92fbfd19aea293d633e82a97ae2a9d7b5cb4c6d4f752a4eb4f75dd
[INFO] documenting uhg-custom-appollo-roouter-1.31.1 against beta-2023-12-22 for beta-1.76-rustdoc-1
[INFO] extracting crate uhg-custom-appollo-roouter 1.31.1 into /workspace/builds/worker-2-tc2/source
[INFO] validating manifest of crates.io crate uhg-custom-appollo-roouter 1.31.1 on toolchain beta-2023-12-22
[INFO] running `Command { std: CARGO_HOME="/workspace/cargo-home" RUSTUP_HOME="/workspace/rustup-home" "/workspace/cargo-home/bin/cargo" "+beta-2023-12-22" "metadata" "--manifest-path" "Cargo.toml" "--no-deps", kill_on_drop: false }`
[INFO] started tweaking crates.io crate uhg-custom-appollo-roouter 1.31.1
[INFO] removed 0 missing tests
[INFO] finished tweaking crates.io crate uhg-custom-appollo-roouter 1.31.1
[INFO] tweaked toml for crates.io crate uhg-custom-appollo-roouter 1.31.1 written to /workspace/builds/worker-2-tc2/source/Cargo.toml
[INFO] crate crates.io crate uhg-custom-appollo-roouter 1.31.1 already has a lockfile, it will not be regenerated
[INFO] running `Command { std: CARGO_HOME="/workspace/cargo-home" RUSTUP_HOME="/workspace/rustup-home" "/workspace/cargo-home/bin/cargo" "+beta-2023-12-22" "fetch" "--manifest-path" "Cargo.toml", kill_on_drop: false }`
[INFO] [stderr] warning: version requirement `=0.5.5+v2.5.4` for dependency `router-bridge` includes semver metadata which will be ignored, removing the metadata is recommended to avoid confusion
[INFO] running `Command { std: "docker" "create" "-v" "/var/lib/crater-agent-workspace/builds/worker-2-tc2/target:/opt/rustwide/target:rw,Z" "-v" "/var/lib/crater-agent-workspace/builds/worker-2-tc2/source:/opt/rustwide/workdir:ro,Z" "-v" "/var/lib/crater-agent-workspace/cargo-home:/opt/rustwide/cargo-home:ro,Z" "-v" "/var/lib/crater-agent-workspace/rustup-home:/opt/rustwide/rustup-home:ro,Z" "-e" "SOURCE_DIR=/opt/rustwide/workdir" "-e" "CARGO_TARGET_DIR=/opt/rustwide/target" "-e" "CARGO_HOME=/opt/rustwide/cargo-home" "-e" "RUSTUP_HOME=/opt/rustwide/rustup-home" "-w" "/opt/rustwide/workdir" "-m" "1610612736" "--user" "0:0" "--network" "none" "ghcr.io/rust-lang/crates-build-env/linux@sha256:2788e3201cd34a07e3172128adcd8b3090168a8e3bcc40d7c032b9dda1df7d1c" "/opt/rustwide/cargo-home/bin/cargo" "+beta-2023-12-22" "metadata" "--no-deps" "--format-version=1", kill_on_drop: false }`
[INFO] [stdout] 31b40ec488cd1ef1d02fcc28f9d5227c908c5eb627cad73c8b414091538f75f3
[INFO] running `Command { std: "docker" "start" "-a" "31b40ec488cd1ef1d02fcc28f9d5227c908c5eb627cad73c8b414091538f75f3", kill_on_drop: false }`
[INFO] running `Command { std: "docker" "inspect" "31b40ec488cd1ef1d02fcc28f9d5227c908c5eb627cad73c8b414091538f75f3", kill_on_drop: false }`
[INFO] running `Command { std: "docker" "rm" "-f" "31b40ec488cd1ef1d02fcc28f9d5227c908c5eb627cad73c8b414091538f75f3", kill_on_drop: false }`
[INFO] [stdout] 31b40ec488cd1ef1d02fcc28f9d5227c908c5eb627cad73c8b414091538f75f3
[INFO] running `Command { std: "docker" "create" "-v" "/var/lib/crater-agent-workspace/builds/worker-2-tc2/target:/opt/rustwide/target:rw,Z" "-v" "/var/lib/crater-agent-workspace/builds/worker-2-tc2/source:/opt/rustwide/workdir:ro,Z" "-v" "/var/lib/crater-agent-workspace/cargo-home:/opt/rustwide/cargo-home:ro,Z" "-v" "/var/lib/crater-agent-workspace/rustup-home:/opt/rustwide/rustup-home:ro,Z" "-e" "SOURCE_DIR=/opt/rustwide/workdir" "-e" "CARGO_TARGET_DIR=/opt/rustwide/target" "-e" "CARGO_INCREMENTAL=0" "-e" "RUST_BACKTRACE=full" "-e" "RUSTFLAGS=--cap-lints=warn" "-e" "RUSTDOCFLAGS=--cap-lints=warn" "-e" "CARGO_HOME=/opt/rustwide/cargo-home" "-e" "RUSTUP_HOME=/opt/rustwide/rustup-home" "-w" "/opt/rustwide/workdir" "-m" "1610612736" "--user" "0:0" "--network" "none" "ghcr.io/rust-lang/crates-build-env/linux@sha256:2788e3201cd34a07e3172128adcd8b3090168a8e3bcc40d7c032b9dda1df7d1c" "/opt/rustwide/cargo-home/bin/cargo" "+beta-2023-12-22" "doc" "--frozen" "--no-deps" "--document-private-items" "--message-format=json", kill_on_drop: false }`
[INFO] [stdout] 801d8199318e9bd2de293f5d50cc4361bfebe23a89011a517560316eb8711208
[INFO] running `Command { std: "docker" "start" "-a" "801d8199318e9bd2de293f5d50cc4361bfebe23a89011a517560316eb8711208", kill_on_drop: false }`
[INFO] [stderr] warning: version requirement `=0.5.5+v2.5.4` for dependency `router-bridge` includes semver metadata which will be ignored, removing the metadata is recommended to avoid confusion
[INFO] [stderr]    Compiling libc v0.2.147
[INFO] [stderr]    Compiling serde v1.0.188
[INFO] [stderr]    Compiling libm v0.2.7
[INFO] [stderr]     Checking memchr v2.6.3
[INFO] [stderr]    Compiling parking_lot_core v0.9.8
[INFO] [stderr]     Checking pin-project-lite v0.2.12
[INFO] [stderr]    Compiling lock_api v0.4.10
[INFO] [stderr]    Compiling num-traits v0.2.16
[INFO] [stderr]    Compiling once_cell v1.18.0
[INFO] [stderr]    Compiling futures-core v0.3.28
[INFO] [stderr]    Compiling syn v1.0.109
[INFO] [stderr]    Compiling thiserror v1.0.48
[INFO] [stderr]     Checking futures-sink v0.3.28
[INFO] [stderr]    Compiling futures-channel v0.3.28
[INFO] [stderr]    Compiling syn v2.0.29
[INFO] [stderr]    Compiling futures-task v0.3.28
[INFO] [stderr]     Checking futures-io v0.3.28
[INFO] [stderr]    Compiling futures-util v0.3.28
[INFO] [stderr]     Checking hashbrown v0.12.3
[INFO] [stderr]    Compiling indexmap v1.9.3
[INFO] [stderr]    Compiling crunchy v0.2.2
[INFO] [stderr]    Compiling proc-macro-hack v0.5.20+deprecated
[INFO] [stderr]    Compiling tiny-keccak v2.0.2
[INFO] [stderr]    Compiling ahash v0.8.3
[INFO] [stderr]     Checking tracing-core v0.1.31
[INFO] [stderr]     Checking allocator-api2 v0.2.16
[INFO] [stderr]     Checking subtle v2.5.0
[INFO] [stderr]    Compiling typenum v1.16.0
[INFO] [stderr]     Checking http v0.2.9
[INFO] [stderr]    Compiling num-integer v0.1.45
[INFO] [stderr]     Checking const-oid v0.9.5
[INFO] [stderr]    Compiling serde_json v1.0.107
[INFO] [stderr]     Checking cpufeatures v0.2.9
[INFO] [stderr]    Compiling hashbrown v0.14.0
[INFO] [stderr]    Compiling regex-syntax v0.7.5
[INFO] [stderr]    Compiling async-trait v0.1.73
[INFO] [stderr]    Compiling num-bigint v0.4.3
[INFO] [stderr]     Checking byteorder v1.4.3
[INFO] [stderr]     Checking want v0.3.1
[INFO] [stderr]     Checking getrandom v0.2.10
[INFO] [stderr]     Checking num_cpus v1.16.0
[INFO] [stderr]    Compiling jobserver v0.1.26
[INFO] [stderr]     Checking mio v0.8.8
[INFO] [stderr]     Checking socket2 v0.5.3
[INFO] [stderr]     Checking rand_core v0.6.4
[INFO] [stderr]     Checking signal-hook-registry v1.4.1
[INFO] [stderr]    Compiling aho-corasick v1.0.4
[INFO] [stderr]    Compiling generic-array v0.14.7
[INFO] [stderr]     Checking http-body v0.4.5
[INFO] [stderr]    Compiling cc v1.0.83
[INFO] [stderr]     Checking rand_chacha v0.3.1
[INFO] [stderr]     Checking crypto-common v0.1.6
[INFO] [stderr]    Compiling indexmap v2.0.0
[INFO] [stderr]    Compiling which v4.4.0
[INFO] [stderr]     Checking socket2 v0.4.9
[INFO] [stderr]    Compiling semver v1.0.18
[INFO] [stderr]     Checking digest v0.10.7
[INFO] [stderr]     Checking rand v0.8.5
[INFO] [stderr]    Compiling const-random-macro v0.1.15
[INFO] [stderr]     Checking base64 v0.21.2
[INFO] [stderr]     Checking lazy_static v1.4.0
[INFO] [stderr]    Compiling crossbeam-utils v0.8.16
[INFO] [stderr]    Compiling fslock v0.1.8
[INFO] [stderr]    Compiling time-core v0.1.1
[INFO] [stderr]    Compiling rustls v0.21.6
[INFO] [stderr]    Compiling time-macros v0.2.11
[INFO] [stderr]    Compiling v8 v0.74.3
[INFO] [stderr]     Checking rustls-pemfile v1.0.3
[INFO] [stderr]     Checking vsimd v0.8.0
[INFO] [stderr]     Checking outref v0.5.1
[INFO] [stderr]     Checking either v1.9.0
[INFO] [stderr]    Compiling convert_case v0.4.0
[INFO] [stderr]     Checking deranged v0.3.8
[INFO] [stderr]     Checking rustls-native-certs v0.6.3
[INFO] [stderr]    Compiling rustc_version v0.4.0
[INFO] [stderr]     Checking const-random v0.1.15
[INFO] [stderr]    Compiling block-buffer v0.10.4
[INFO] [stderr]    Compiling cmake v0.1.50
[INFO] [stderr]    Compiling winnow v0.5.14
[INFO] [stderr]     Checking base64-simd v0.8.0
[INFO] [stderr]    Compiling spin v0.5.2
[INFO] [stderr]    Compiling encoding_rs v0.8.31
[INFO] [stderr]     Checking urlencoding v2.1.3
[INFO] [stderr]    Compiling getrandom v0.1.16
[INFO] [stderr]     Checking hdrhistogram v7.5.2
[INFO] [stderr]    Compiling smallvec v1.11.0
[INFO] [stderr]    Compiling base64ct v1.6.0
[INFO] [stderr]    Compiling regex-automata v0.3.8
[INFO] [stderr]    Compiling tinyvec_macros v0.1.1
[INFO] [stderr]    Compiling ring v0.16.20
[INFO] [stderr]    Compiling libz-ng-sys v1.1.12
[INFO] [stderr]    Compiling pem-rfc7468 v0.6.0
[INFO] [stderr]    Compiling tinyvec v1.6.0
[INFO] [stderr]     Checking bytes-utils v0.1.3
[INFO] [stderr]    Compiling itoa v1.0.9
[INFO] [stderr]    Compiling ryu v1.0.15
[INFO] [stderr]     Checking time v0.3.25
[INFO] [stderr]    Compiling windows_x86_64_gnu v0.48.5
[INFO] [stderr]    Compiling pmutil v0.6.1
[INFO] [stderr]    Compiling unicode-normalization v0.1.22
[INFO] [stderr]     Checking hmac v0.12.1
[INFO] [stderr]    Compiling toml_edit v0.19.14
[INFO] [stderr]    Compiling unicode-bidi v0.3.13
[INFO] [stderr]    Compiling platforms v3.0.2
[INFO] [stderr]    Compiling percent-encoding v2.3.0
[INFO] [stderr]    Compiling idna v0.4.0
[INFO] [stderr]    Compiling form_urlencoded v1.2.0
[INFO] [stderr]    Compiling slab v0.4.8
[INFO] [stderr]    Compiling pin-utils v0.1.0
[INFO] [stderr]    Compiling scopeguard v1.2.0
[INFO] [stderr]     Checking crossbeam-channel v0.5.8
[INFO] [stderr]    Compiling block-padding v0.3.3
[INFO] [stderr]     Checking sha2 v0.10.7
[INFO] [stderr]    Compiling bitflags v1.3.2
[INFO] [stderr]     Checking aws-smithy-types v0.56.1
[INFO] [stderr]    Compiling parking_lot v0.12.1
[INFO] [stderr]    Compiling curve25519-dalek v4.0.0
[INFO] [stderr]    Compiling regex v1.9.5
[INFO] [stderr]    Compiling inout v0.1.3
[INFO] [stderr]     Checking sha1 v0.10.5
[INFO] [stderr]    Compiling if_chain v1.0.2
[INFO] [stderr]    Compiling proc-macro-crate v1.3.1
[INFO] [stderr]    Compiling unicode-id v0.3.3
[INFO] [stderr]    Compiling num-bigint-dig v0.8.4
[INFO] [stderr]     Checking data-encoding v2.4.0
[INFO] [stderr]     Checking miniz_oxide v0.7.1
[INFO] [stderr]    Compiling cipher v0.4.4
[INFO] [stderr]    Compiling ff v0.12.1
[INFO] [stderr]     Checking fastrand v2.0.0
[INFO] [stderr]    Compiling base16ct v0.1.1
[INFO] [stderr]    Compiling group v0.12.1
[INFO] [stderr]    Compiling hkdf v0.12.3
[INFO] [stderr]    Compiling signature v1.6.4
[INFO] [stderr]    Compiling num-iter v0.1.43
[INFO] [stderr]     Checking bitflags v2.4.0
[INFO] [stderr]     Checking sct v0.7.0
[INFO] [stderr]     Checking rustls-webpki v0.101.4
[INFO] [stderr]     Checking rand_core v0.5.1
[INFO] [stderr]    Compiling aws-types v0.56.1
[INFO] [stderr]    Compiling universal-hash v0.5.1
[INFO] [stderr]    Compiling unicase v2.7.0
[INFO] [stderr]    Compiling unic-common v0.9.0
[INFO] [stderr]    Compiling unic-char-range v0.9.0
[INFO] [stderr]    Compiling opaque-debug v0.3.0
[INFO] [stderr]    Compiling rustix v0.38.8
[INFO] [stderr]    Compiling unic-char-property v0.9.0
[INFO] [stderr]    Compiling unic-ucd-version v0.9.0
[INFO] [stderr]    Compiling polyval v0.6.1
[INFO] [stderr]    Compiling windows-targets v0.48.5
[INFO] [stderr]    Compiling serde_derive v1.0.188
[INFO] [stderr]    Compiling futures-macro v0.3.28
[INFO] [stderr]    Compiling tokio-macros v2.1.0
[INFO] [stderr]    Compiling thiserror-impl v1.0.48
[INFO] [stderr]    Compiling zeroize_derive v1.4.2
[INFO] [stderr]    Compiling tracing-attributes v0.1.26
[INFO] [stderr]    Compiling pin-project-internal v1.1.3
[INFO] [stderr]    Compiling strum_macros v0.25.2
[INFO] [stderr]    Compiling deno-proc-macro-rules-macros v0.3.2
[INFO] [stderr]    Compiling derive_more v0.99.17
[INFO] [stderr]    Compiling lazy-regex-proc_macros v2.4.1
[INFO] [stderr]    Compiling prost-derive v0.11.9
[INFO] [stderr]     Checking zeroize v1.6.0
[INFO] [stderr]     Checking der v0.6.1
[INFO] [stderr]    Compiling deno-proc-macro-rules v0.3.2
[INFO] [stderr]    Compiling lazy-regex v2.5.0
[INFO] [stderr]    Compiling crypto-bigint v0.4.9
[INFO] [stderr]    Compiling tokio v1.32.0
[INFO] [stderr]    Compiling curve25519-dalek-derive v0.1.0
[INFO] [stderr]     Checking pin-project v1.1.3
[INFO] [stderr]     Checking spki v0.6.0
[INFO] [stderr]     Checking tracing v0.1.37
[INFO] [stderr]     Checking pkcs8 v0.9.0
[INFO] [stderr]    Compiling rfc6979 v0.3.1
[INFO] [stderr]     Checking sec1 v0.3.0
[INFO] [stderr]    Compiling aes v0.8.2
[INFO] [stderr]    Compiling strum v0.25.0
[INFO] [stderr]     Checking headers-core v0.2.0
[INFO] [stderr]    Compiling deno_ops v0.78.0
[INFO] [stderr]    Compiling elliptic-curve v0.12.3
[INFO] [stderr]    Compiling generic-array v0.12.4
[INFO] [stderr]    Compiling pkg-config v0.3.27
[INFO] [stderr]     Checking ipnet v2.8.0
[INFO] [stderr]    Compiling void v1.0.2
[INFO] [stderr]    Compiling ecdsa v0.14.8
[INFO] [stderr]    Compiling rustls v0.20.8
[INFO] [stderr]    Compiling parking_lot_core v0.8.6
[INFO] [stderr]     Checking webpki-roots v0.25.2
[INFO] [stderr]     Checking linux-raw-sys v0.4.5
[INFO] [stderr]    Compiling prost v0.11.9
[INFO] [stderr]    Compiling unreachable v1.0.0
[INFO] [stderr]    Compiling digest v0.8.1
[INFO] [stderr]    Compiling zstd-sys v2.0.8+zstd.1.5.5
[INFO] [stderr]     Checking headers v0.3.8
[INFO] [stderr]    Compiling pkcs1 v0.4.1
[INFO] [stderr]    Compiling ghash v0.5.0
[INFO] [stderr]    Compiling windows-sys v0.48.0
[INFO] [stderr]    Compiling unic-ucd-ident v0.9.0
[INFO] [stderr]     Checking webpki v0.22.1
[INFO] [stderr]     Checking futures-executor v0.3.28
[INFO] [stderr]     Checking opentelemetry_api v0.19.0
[INFO] [stderr]    Compiling ctr v0.9.2
[INFO] [stderr]     Checking futures v0.3.28
[INFO] [stderr]    Compiling aead v0.5.2
[INFO] [stderr]    Compiling axum v0.6.20
[INFO] [stderr]     Checking instant v0.1.12
[INFO] [stderr]    Compiling ascii v0.9.3
[INFO] [stderr]     Checking alloc-no-stdlib v2.0.4
[INFO] [stderr]    Compiling unicode-segmentation v1.10.1
[INFO] [stderr]    Compiling erased-serde v0.3.29
[INFO] [stderr]    Compiling untrusted v0.7.1
[INFO] [stderr]     Checking nom v7.1.3
[INFO] [stderr]    Compiling heck v0.3.3
[INFO] [stderr]    Compiling pest v2.7.2
[INFO] [stderr]    Compiling petgraph v0.6.4
[INFO] [stderr]    Compiling combine v3.8.1
[INFO] [stderr]    Compiling rsa v0.7.2
[INFO] [stderr]     Checking alloc-stdlib v0.2.2
[INFO] [stderr]    Compiling aes-gcm v0.10.2
[INFO] [stderr]    Compiling tempfile v3.8.0
[INFO] [stderr]    Compiling x25519-dalek v2.0.0
[INFO] [stderr]     Checking is-terminal v0.4.9
[INFO] [stderr]     Checking axum-core v0.3.4
[INFO] [stderr]    Compiling mime_guess v2.0.4
[INFO] [stderr]    Compiling curve25519-dalek v2.1.3
[INFO] [stderr]    Compiling prost-types v0.11.9
[INFO] [stderr]    Compiling p256 v0.11.1
[INFO] [stderr]    Compiling p384 v0.11.2
[INFO] [stderr]    Compiling prettyplease v0.1.25
[INFO] [stderr]    Compiling aes-kw v0.2.1
[INFO] [stderr]    Compiling async-stream-impl v0.3.5
[INFO] [stderr]    Compiling cbc v0.1.2
[INFO] [stderr]     Checking concurrent-queue v2.2.0
[INFO] [stderr]     Checking matchit v0.7.2
[INFO] [stderr]    Compiling same-file v1.0.6
[INFO] [stderr]    Compiling paste v1.0.14
[INFO] [stderr]    Compiling base64 v0.13.1
[INFO] [stderr]     Checking text-size v1.1.1
[INFO] [stderr]     Checking countme v3.0.1
[INFO] [stderr]     Checking url v2.4.1
[INFO] [stderr]     Checking uuid v1.4.1
[INFO] [stderr]     Checking serde_urlencoded v0.7.1
[INFO] [stderr]     Checking serde_bytes v0.11.12
[INFO] [stderr]     Checking serde_path_to_error v0.1.14
[INFO] [stderr]     Checking debugid v0.8.0
[INFO] [stderr]    Compiling protobuf v2.28.0
[INFO] [stderr]     Checking option-ext v0.2.0
[INFO] [stderr]     Checking bit-vec v0.6.3
[INFO] [stderr]     Checking concolor-query v0.3.3
[INFO] [stderr]    Compiling crc16 v0.4.0
[INFO] [stderr]     Checking dirs-sys v0.4.1
[INFO] [stderr]     Checking concolor v0.1.1
[INFO] [stderr]     Checking parking_lot v0.11.2
[INFO] [stderr]     Checking walkdir v2.4.0
[INFO] [stderr]     Checking async-stream v0.3.5
[INFO] [stderr]     Checking async-channel v1.9.0
[INFO] [stderr]    Compiling graphql-introspection-query v0.2.0
[INFO] [stderr]     Checking dashmap v5.5.3
[INFO] [stderr]     Checking rowan v0.15.11
[INFO] [stderr]    Compiling urlpattern v0.2.0
[INFO] [stderr]    Compiling prost-build v0.11.9
[INFO] [stderr]    Compiling sourcemap v6.4.1
[INFO] [stderr]    Compiling pest_meta v2.7.2
[INFO] [stderr]     Checking num-rational v0.4.1
[INFO] [stderr]     Checking brotli-decompressor v2.3.4
[INFO] [stderr]    Compiling graphql-parser v0.4.0
[INFO] [stderr]    Compiling salsa-macros v0.16.0
[INFO] [stderr]     Checking tracing-futures v0.2.5
[INFO] [stderr]    Compiling ctor v0.1.26
[INFO] [stderr]    Compiling ghost v0.1.14
[INFO] [stderr]     Checking rand_chacha v0.2.2
[INFO] [stderr]     Checking aws-smithy-json v0.56.1
[INFO] [stderr]    Compiling sys-info v0.9.1
[INFO] [stderr]    Compiling tikv-jemalloc-sys v0.5.4+5.3.0-patched
[INFO] [stderr]     Checking itertools v0.10.5
[INFO] [stderr]     Checking num-complex v0.4.4
[INFO] [stderr]     Checking float-cmp v0.9.0
[INFO] [stderr]    Compiling smartstring v1.0.1
[INFO] [stderr]    Compiling http-types v2.12.0
[INFO] [stderr]    Compiling prometheus v0.13.3
[INFO] [stderr]    Compiling minimal-lexical v0.2.1
[INFO] [stderr]     Checking xmlparser v0.13.5
[INFO] [stderr]    Compiling zstd-safe v6.0.6
[INFO] [stderr]     Checking predicates-core v1.0.6
[INFO] [stderr]    Compiling mime v0.3.17
[INFO] [stderr]     Checking yansi v0.5.1
[INFO] [stderr]     Checking parking v2.1.0
[INFO] [stderr]     Checking fastrand v1.9.0
[INFO] [stderr]     Checking oorandom v11.1.3
[INFO] [stderr]     Checking salsa v0.16.1
[INFO] [stderr]     Checking num v0.4.1
[INFO] [stderr]     Checking aws-smithy-xml v0.56.1
[INFO] [stderr]     Checking ariadne v0.3.0
[INFO] [stderr]     Checking futures-lite v1.13.0
[INFO] [stderr]     Checking inventory v0.2.3
[INFO] [stderr]     Checking brotli v3.3.4
[INFO] [stderr]     Checking rand v0.7.3
[INFO] [stderr]    Compiling graphql_client_codegen v0.13.0
[INFO] [stderr]    Compiling pest_generator v2.7.2
[INFO] [stderr]    Compiling tonic-build v0.9.2
[INFO] [stderr]    Compiling rust-embed-utils v7.8.1
[INFO] [stderr]     Checking apollo-parser v0.6.2
[INFO] [stderr]     Checking bit-set v0.5.3
[INFO] [stderr]    Compiling basic-toml v0.1.4
[INFO] [stderr]     Checking tracing-serde v0.1.3
[INFO] [stderr]     Checking serde_qs v0.8.5
[INFO] [stderr]    Compiling typetag-impl v0.1.8
[INFO] [stderr]    Compiling try_match_inner v0.5.1
[INFO] [stderr]     Checking tokio-util v0.7.8
[INFO] [stderr]     Checking tokio-rustls v0.24.1
[INFO] [stderr]     Checking tokio-io-timeout v1.2.0
[INFO] [stderr]     Checking tokio-rustls v0.23.4
[INFO] [stderr]     Checking aws-smithy-query v0.56.1
[INFO] [stderr]    Compiling serde_derive_internals v0.26.0
[INFO] [stderr]     Checking tracing-log v0.1.3
[INFO] [stderr]     Checking sharded-slab v0.1.4
[INFO] [stderr]     Checking ordered-float v3.9.0
[INFO] [stderr]     Checking ordered-float v2.10.0
[INFO] [stderr]     Checking threadpool v1.8.1
[INFO] [stderr]     Checking flate2 v1.0.27
[INFO] [stderr]     Checking inotify-sys v0.1.5
[INFO] [stderr]    Compiling multer v2.1.0
[INFO] [stderr]     Checking linked-hash-map v0.5.6
[INFO] [stderr]    Compiling schemars v0.8.12
[INFO] [stderr]     Checking infer v0.2.3
[INFO] [stderr]     Checking fsio v0.4.0
[INFO] [stderr]     Checking integer-encoding v3.0.4
[INFO] [stderr]     Checking h2 v0.3.21
[INFO] [stderr]     Checking tokio-stream v0.1.14
[INFO] [stderr]     Checking tower v0.4.13
[INFO] [stderr]     Checking normalize-line-endings v0.3.0
[INFO] [stderr]     Checking difflib v0.4.0
[INFO] [stderr]     Checking cookie-factory v0.3.2
[INFO] [stderr]     Checking termtree v0.4.1
[INFO] [stderr]     Checking utf-8 v0.7.6
[INFO] [stderr]     Checking deadpool-runtime v0.1.2
[INFO] [stderr]     Checking retain_mut v0.1.9
[INFO] [stderr]     Checking clap_builder v4.4.4
[INFO] [stderr]     Checking predicates-tree v1.0.9
[INFO] [stderr]     Checking tungstenite v0.20.0
[INFO] [stderr]     Checking deadpool v0.9.5
[INFO] [stderr]     Checking tracing-subscriber v0.3.17
[INFO] [stderr]     Checking predicates v2.1.5
[INFO] [stderr]     Checking redis-protocol v4.1.0
[INFO] [stderr]     Checking opentelemetry_sdk v0.19.0
[INFO] [stderr]     Checking aws-smithy-async v0.56.1
[INFO] [stderr]    Compiling try_match v0.4.1
[INFO] [stderr]     Checking thrift v0.17.0
[INFO] [stderr]     Checking typetag v0.1.8
[INFO] [stderr]     Checking aws-credential-types v0.56.1
[INFO] [stderr]    Compiling schemars_derive v0.8.12
[INFO] [stderr]     Checking envmnt v0.10.4
[INFO] [stderr]     Checking yaml-rust v0.4.5
[INFO] [stderr]     Checking apollo-compiler v0.11.2
[INFO] [stderr]     Checking inotify v0.9.6
[INFO] [stderr]    Compiling askama_derive v0.12.1
[INFO] [stderr]     Checking opentelemetry v0.19.0
[INFO] [stderr]    Compiling uhg-custom-appollo-roouter v1.31.1 (/opt/rustwide/workdir)
[INFO] [stderr]     Checking opentelemetry-semantic-conventions v0.11.0
[INFO] [stderr]    Compiling pest_derive v2.7.2
[INFO] [stderr]     Checking rmp v0.8.12
[INFO] [stderr]     Checking fancy-regex v0.11.0
[INFO] [stderr]     Checking async-compression v0.4.1
[INFO] [stderr]    Compiling rust-embed-impl v6.8.1
[INFO] [stderr]     Checking fraction v0.13.1
[INFO] [stderr]     Checking assert-json-diff v2.0.2
[INFO] [stderr]     Checking dirs v5.0.1
[INFO] [stderr]     Checking iso8601 v0.6.1
[INFO] [stderr]     Checking simple_asn1 v0.6.2
[INFO] [stderr]    Compiling rhai_codegen v1.5.0
[INFO] [stderr]    Compiling typed-builder v0.12.0
[INFO] [stderr]    Compiling mockall_derive v0.11.4
[INFO] [stderr]    Compiling linkme-impl v0.3.15
[INFO] [stderr]    Compiling clap_derive v4.4.2
[INFO] [stderr]    Compiling str_inflector v0.12.0
[INFO] [stderr]     Checking pem v1.1.1
[INFO] [stderr]     Checking sha-1 v0.10.1
[INFO] [stderr]     Checking filetime v0.2.22
[INFO] [stderr]     Checking humansize v2.1.3
[INFO] [stderr]     Checking bytecount v0.6.3
[INFO] [stderr]     Checking downcast v0.11.0
[INFO] [stderr]     Checking num-cmp v0.1.0
[INFO] [stderr]     Checking futures-timer v3.0.2
[INFO] [stderr]     Checking askama_escape v0.10.3
[INFO] [stderr]     Checking arcstr v1.1.5
[INFO] [stderr]     Checking dyn-clone v1.0.13
[INFO] [stderr]     Checking siphasher v1.0.0
[INFO] [stderr]     Checking arc-swap v1.6.0
[INFO] [stderr]     Checking spin v0.9.8
[INFO] [stderr]     Checking http-range-header v0.3.1
[INFO] [stderr]     Checking fragile v2.0.0
[INFO] [stderr]     Checking bloomfilter v1.0.12
[INFO] [stderr]     Checking tower-http v0.4.3
[INFO] [stderr]     Checking fred v6.3.2
[INFO] [stderr]     Checking jsonschema v0.17.1
[INFO] [stderr]     Checking apollo-encoder v0.7.0
[INFO] [stderr]     Checking linkme v0.3.15
[INFO] [stderr]     Checking notify v6.1.1
[INFO] [stderr]     Checking humantime-serde v1.1.1
[INFO] [stderr]     Checking rust-embed v6.8.1
[INFO] [stderr]    Compiling buildstructor v0.5.3
[INFO] [stderr]     Checking jsonwebtoken v8.3.0
[INFO] [stderr]     Checking jsonpath-rust v0.3.1
[INFO] [stderr]     Checking rhai v1.16.2
[INFO] [stderr]     Checking hyper v0.14.27
[INFO] [stderr]     Checking shellexpand v3.1.0
[INFO] [stderr]     Checking tracing-opentelemetry v0.19.0
[INFO] [stderr]     Checking serde_yaml v0.8.26
[INFO] [stderr]     Checking opentelemetry-prometheus v0.12.0
[INFO] [stderr]     Checking opentelemetry-aws v0.7.0
[INFO] [stderr]     Checking ci_info v0.14.11
[INFO] [stderr]     Checking proteus v0.5.0
[INFO] [stderr]     Checking tokio-tungstenite v0.20.0
[INFO] [stderr]     Checking serde_json_bytes v0.2.1
[INFO] [stderr]     Checking jsonpath_lib v0.3.0
[INFO] [stderr]     Checking access-json v0.1.0
[INFO] [stderr]     Checking lru v0.11.0
[INFO] [stderr]     Checking directories v5.0.1
[INFO] [stderr]     Checking multimap v0.9.0
[INFO] [stderr]     Checking http-serde v1.1.3
[INFO] [stderr]    Compiling derivative v2.2.0
[INFO] [stderr]    Compiling displaydoc v0.2.4
[INFO] [stderr]     Checking itertools v0.11.0
[INFO] [stderr]     Checking uname v0.1.1
[INFO] [stderr]     Checking nu-ansi-term v0.49.0
[INFO] [stderr]     Checking mediatype v0.19.15
[INFO] [stderr]     Checking wsl v0.1.0
[INFO] [stderr]     Checking heck v0.4.1
[INFO] [stderr]     Checking clap v4.4.4
[INFO] [stderr]     Checking diff v0.1.13
[INFO] [stderr]    Compiling graphql_query_derive v0.13.0
[INFO] [stderr]     Checking askama v0.12.0
[INFO] [stderr]     Checking mockall v0.11.4
[INFO] [stderr]     Checking graphql_client v0.13.0
[INFO] [stderr]     Checking hyper-rustls v0.24.1
[INFO] [stderr]     Checking aws-smithy-http v0.56.1
[INFO] [stderr]     Checking hyper-timeout v0.4.1
[INFO] [stderr]     Checking wiremock v0.5.19
[INFO] [stderr]     Checking reqwest v0.11.19
[INFO] [stderr]     Checking aws-smithy-http-tower v0.56.1
[INFO] [stderr]     Checking aws-smithy-runtime-api v0.56.1
[INFO] [stderr]     Checking aws-sigv4 v0.56.1
[INFO] [stderr]     Checking aws-smithy-client v0.56.1
[INFO] [stderr] error: could not compile `rhai` (lib)
[INFO] [stderr] 
[INFO] [stderr] Caused by:
[INFO] [stderr]   process didn't exit successfully: `/opt/rustwide/rustup-home/toolchains/beta-2023-12-22-x86_64-unknown-linux-gnu/bin/rustc --crate-name rhai --edition=2018 /opt/rustwide/cargo-home/registry/src/index.crates.io-6f17d22bba15001f/rhai-1.16.2/src/lib.rs --error-format=json --json=diagnostic-rendered-ansi,artifacts,future-incompat --crate-type lib --emit=dep-info,metadata -C embed-bitcode=no -C debuginfo=2 --cfg 'feature="default"' --cfg 'feature="internals"' --cfg 'feature="serde"' --cfg 'feature="std"' --cfg 'feature="sync"' -C metadata=9aab1605a642d166 -C extra-filename=-9aab1605a642d166 --out-dir /opt/rustwide/target/debug/deps -L dependency=/opt/rustwide/target/debug/deps --extern ahash=/opt/rustwide/target/debug/deps/libahash-ab99972325779966.rmeta --extern bitflags=/opt/rustwide/target/debug/deps/libbitflags-3e0148a316db31a6.rmeta --extern num_traits=/opt/rustwide/target/debug/deps/libnum_traits-e87322472d029aad.rmeta --extern once_cell=/opt/rustwide/target/debug/deps/libonce_cell-33db0ec0a7ee114f.rmeta --extern rhai_codegen=/opt/rustwide/target/debug/deps/librhai_codegen-e399fefaa91ece88.so --extern serde=/opt/rustwide/target/debug/deps/libserde-55ab16bde9251b67.rmeta --extern smallvec=/opt/rustwide/target/debug/deps/libsmallvec-791a6e7aef995f07.rmeta --extern smartstring=/opt/rustwide/target/debug/deps/libsmartstring-68a4ef0f989f4b8b.rmeta --cap-lints allow --cap-lints=warn` (signal: 9, SIGKILL: kill)
[INFO] [stderr] warning: build failed, waiting for other jobs to finish...
[INFO] [stderr] error: could not compile `fred` (lib)
[INFO] [stderr] 
[INFO] [stderr] Caused by:
[INFO] [stderr]   process didn't exit successfully: `/opt/rustwide/rustup-home/toolchains/beta-2023-12-22-x86_64-unknown-linux-gnu/bin/rustc --crate-name fred --edition=2021 /opt/rustwide/cargo-home/registry/src/index.crates.io-6f17d22bba15001f/fred-6.3.2/src/lib.rs --error-format=json --json=diagnostic-rendered-ansi,artifacts,future-incompat --crate-type lib --emit=dep-info,metadata -C embed-bitcode=no -C debuginfo=2 --cfg 'feature="default"' --cfg 'feature="enable-rustls"' --cfg 'feature="ignore-auth-error"' --cfg 'feature="no-client-setname"' --cfg 'feature="pool-prefer-active"' --cfg 'feature="rustls"' --cfg 'feature="rustls-native-certs"' --cfg 'feature="tokio-rustls"' --cfg 'feature="webpki"' -C metadata=c784fa3ebdbc8e96 -C extra-filename=-c784fa3ebdbc8e96 --out-dir /opt/rustwide/target/debug/deps -L dependency=/opt/rustwide/target/debug/deps --extern arc_swap=/opt/rustwide/target/debug/deps/libarc_swap-561aa55a653c6316.rmeta --extern arcstr=/opt/rustwide/target/debug/deps/libarcstr-1d8a269cd1a9b440.rmeta --extern async_trait=/opt/rustwide/target/debug/deps/libasync_trait-c044f6e3d11b3a5e.so --extern bytes=/opt/rustwide/target/debug/deps/libbytes-c0a5d3e6d3fe5695.rmeta --extern bytes_utils=/opt/rustwide/target/debug/deps/libbytes_utils-55c69c014695c52e.rmeta --extern cfg_if=/opt/rustwide/target/debug/deps/libcfg_if-102ae0f1eb56902b.rmeta --extern float_cmp=/opt/rustwide/target/debug/deps/libfloat_cmp-1a55010141842a1c.rmeta --extern futures=/opt/rustwide/target/debug/deps/libfutures-992ad2536379e1aa.rmeta --extern lazy_static=/opt/rustwide/target/debug/deps/liblazy_static-b97cabdab21b0fbf.rmeta --extern log=/opt/rustwide/target/debug/deps/liblog-7502f808f5fce876.rmeta --extern parking_lot=/opt/rustwide/target/debug/deps/libparking_lot-55ad2b60ce511140.rmeta --extern rand=/opt/rustwide/target/debug/deps/librand-2cf36f48f968b0e4.rmeta --extern redis_protocol=/opt/rustwide/target/debug/deps/libredis_protocol-469795a0ad34cb86.rmeta --extern rustls=/opt/rustwide/target/debug/deps/librustls-31594436ca057fa6.rmeta --extern rustls_native_certs=/opt/rustwide/target/debug/deps/librustls_native_certs-decc257b78ae5c04.rmeta --extern webpki=/opt/rustwide/target/debug/deps/libwebpki-07708c14a1ff2291.rmeta --extern semver=/opt/rustwide/target/debug/deps/libsemver-65f7f3e3225a4f91.rmeta --extern sha1=/opt/rustwide/target/debug/deps/libsha1-078b25c660e94611.rmeta --extern tokio=/opt/rustwide/target/debug/deps/libtokio-1065df20c20adcf5.rmeta --extern tokio_rustls=/opt/rustwide/target/debug/deps/libtokio_rustls-ac3034d064518471.rmeta --extern tokio_stream=/opt/rustwide/target/debug/deps/libtokio_stream-bdede21338a5ef3c.rmeta --extern tokio_util=/opt/rustwide/target/debug/deps/libtokio_util-33c7291e06811e49.rmeta --extern url=/opt/rustwide/target/debug/deps/liburl-68e9369cd2704a60.rmeta --cap-lints allow --cap-lints=warn -L native=/opt/rustwide/target/debug/build/ring-cdd442a864b7599b/out` (signal: 9, SIGKILL: kill)
[INFO] [stderr] error: failed to run custom build command for `v8 v0.74.3`
[INFO] [stderr] note: To improve backtraces for build dependencies, set the CARGO_PROFILE_DEV_BUILD_OVERRIDE_DEBUG=true environment variable to enable debug information generation.
[INFO] [stderr] 
[INFO] [stderr] Caused by:
[INFO] [stderr]   process didn't exit successfully: `/opt/rustwide/target/debug/build/v8-d35ce1af48df4b9d/build-script-build` (exit status: 101)
[INFO] [stderr]   --- stdout
[INFO] [stderr]   cargo:rerun-if-changed=.gn
[INFO] [stderr]   cargo:rerun-if-changed=BUILD.gn
[INFO] [stderr]   cargo:rerun-if-changed=src/binding.cc
[INFO] [stderr]   cargo:rerun-if-env-changed=CCACHE
[INFO] [stderr]   cargo:rerun-if-env-changed=CLANG_BASE_PATH
[INFO] [stderr]   cargo:rerun-if-env-changed=CXXSTDLIB
[INFO] [stderr]   cargo:rerun-if-env-changed=DENO_TRYBUILD
[INFO] [stderr]   cargo:rerun-if-env-changed=DOCS_RS
[INFO] [stderr]   cargo:rerun-if-env-changed=GN
[INFO] [stderr]   cargo:rerun-if-env-changed=GN_ARGS
[INFO] [stderr]   cargo:rerun-if-env-changed=HOST
[INFO] [stderr]   cargo:rerun-if-env-changed=NINJA
[INFO] [stderr]   cargo:rerun-if-env-changed=OUT_DIR
[INFO] [stderr]   cargo:rerun-if-env-changed=RUSTY_V8_ARCHIVE
[INFO] [stderr]   cargo:rerun-if-env-changed=RUSTY_V8_MIRROR
[INFO] [stderr]   cargo:rerun-if-env-changed=SCCACHE
[INFO] [stderr]   cargo:rerun-if-env-changed=V8_FORCE_DEBUG
[INFO] [stderr]   cargo:rerun-if-env-changed=V8_FROM_SOURCE
[INFO] [stderr]   cargo:rerun-if-env-changed=PYTHON
[INFO] [stderr]   cargo:rerun-if-env-changed=DISABLE_CLANG
[INFO] [stderr]   cargo:rerun-if-env-changed=EXTRA_GN_ARGS
[INFO] [stderr]   cargo:rerun-if-env-changed=NO_PRINT_GN_ARGS
[INFO] [stderr]   cargo:rustc-link-lib=static=rusty_v8
[INFO] [stderr]   download lockfile: "/opt/rustwide/target/debug/build/lib_download.fslock"
[INFO] [stderr]   static lib URL: https://github.com/denoland/rusty_v8/releases/download/v0.74.3/librusty_v8_release_x86_64-unknown-linux-gnu.a
[INFO] [stderr]   cargo:rustc-link-search=/opt/rustwide/target/debug/gn_out/obj
[INFO] [stderr]   Downloading https://github.com/denoland/rusty_v8/releases/download/v0.74.3/librusty_v8_release_x86_64-unknown-linux-gnu.a
[INFO] [stderr]   Downloading https://github.com/denoland/rusty_v8/releases/download/v0.74.3/librusty_v8_release_x86_64-unknown-linux-gnu.a...
[INFO] [stderr]   <urlopen error [Errno -3] Temporary failure in name resolution>
[INFO] [stderr]   Retrying in 5 s ...
[INFO] [stderr]   Downloading https://github.com/denoland/rusty_v8/releases/download/v0.74.3/librusty_v8_release_x86_64-unknown-linux-gnu.a...
[INFO] [stderr]   <urlopen error [Errno -3] Temporary failure in name resolution>
[INFO] [stderr]   Retrying in 10 s ...
[INFO] [stderr]   Downloading https://github.com/denoland/rusty_v8/releases/download/v0.74.3/librusty_v8_release_x86_64-unknown-linux-gnu.a...
[INFO] [stderr]   <urlopen error [Errno -3] Temporary failure in name resolution>
[INFO] [stderr]   Retrying in 20 s ...
[INFO] [stderr]   Downloading https://github.com/denoland/rusty_v8/releases/download/v0.74.3/librusty_v8_release_x86_64-unknown-linux-gnu.a...
[INFO] [stderr]   <urlopen error [Errno -3] Temporary failure in name resolution>
[INFO] [stderr]   Python downloader failed, trying with curl.
[INFO] [stderr] 
[INFO] [stderr]   --- stderr
[INFO] [stderr]   Traceback (most recent call last):
[INFO] [stderr]     File "/usr/lib/python3.10/urllib/request.py", line 1348, in do_open
[INFO] [stderr]       h.request(req.get_method(), req.selector, req.data, headers,
[INFO] [stderr]     File "/usr/lib/python3.10/http/client.py", line 1283, in request
[INFO] [stderr]       self._send_request(method, url, body, headers, encode_chunked)
[INFO] [stderr]     File "/usr/lib/python3.10/http/client.py", line 1329, in _send_request
[INFO] [stderr]       self.endheaders(body, encode_chunked=encode_chunked)
[INFO] [stderr]     File "/usr/lib/python3.10/http/client.py", line 1278, in endheaders
[INFO] [stderr]       self._send_output(message_body, encode_chunked=encode_chunked)
[INFO] [stderr]     File "/usr/lib/python3.10/http/client.py", line 1038, in _send_output
[INFO] [stderr]       self.send(msg)
[INFO] [stderr]     File "/usr/lib/python3.10/http/client.py", line 976, in send
[INFO] [stderr]       self.connect()
[INFO] [stderr]     File "/usr/lib/python3.10/http/client.py", line 1448, in connect
[INFO] [stderr]       super().connect()
[INFO] [stderr]     File "/usr/lib/python3.10/http/client.py", line 942, in connect
[INFO] [stderr]       self.sock = self._create_connection(
[INFO] [stderr]     File "/usr/lib/python3.10/socket.py", line 824, in create_connection
[INFO] [stderr]       for res in getaddrinfo(host, port, 0, SOCK_STREAM):
[INFO] [stderr]     File "/usr/lib/python3.10/socket.py", line 955, in getaddrinfo
[INFO] [stderr]       for res in _socket.getaddrinfo(host, port, family, type, proto, flags):
[INFO] [stderr]   socket.gaierror: [Errno -3] Temporary failure in name resolution
[INFO] [stderr] 
[INFO] [stderr]   During handling of the above exception, another exception occurred:
[INFO] [stderr] 
[INFO] [stderr]   Traceback (most recent call last):
[INFO] [stderr]     File "/opt/rustwide/cargo-home/registry/src/index.crates.io-6f17d22bba15001f/v8-0.74.3/./tools/download_file.py", line 64, in <module>
[INFO] [stderr]       sys.exit(main())
[INFO] [stderr]     File "/opt/rustwide/cargo-home/registry/src/index.crates.io-6f17d22bba15001f/v8-0.74.3/./tools/download_file.py", line 59, in main
[INFO] [stderr]       DownloadUrl(args.url, f)
[INFO] [stderr]     File "/opt/rustwide/cargo-home/registry/src/index.crates.io-6f17d22bba15001f/v8-0.74.3/./tools/download_file.py", line 45, in DownloadUrl
[INFO] [stderr]       raise e
[INFO] [stderr]     File "/opt/rustwide/cargo-home/registry/src/index.crates.io-6f17d22bba15001f/v8-0.74.3/./tools/download_file.py", line 29, in DownloadUrl
[INFO] [stderr]       response = urlopen(url)
[INFO] [stderr]     File "/usr/lib/python3.10/urllib/request.py", line 216, in urlopen
[INFO] [stderr]       return opener.open(url, data, timeout)
[INFO] [stderr]     File "/usr/lib/python3.10/urllib/request.py", line 519, in open
[INFO] [stderr]       response = self._open(req, data)
[INFO] [stderr]     File "/usr/lib/python3.10/urllib/request.py", line 536, in _open
[INFO] [stderr]       result = self._call_chain(self.handle_open, protocol, protocol +
[INFO] [stderr]     File "/usr/lib/python3.10/urllib/request.py", line 496, in _call_chain
[INFO] [stderr]       result = func(*args)
[INFO] [stderr]     File "/usr/lib/python3.10/urllib/request.py", line 1391, in https_open
[INFO] [stderr]       return self.do_open(http.client.HTTPSConnection, req,
[INFO] [stderr]     File "/usr/lib/python3.10/urllib/request.py", line 1351, in do_open
[INFO] [stderr]       raise URLError(err)
[INFO] [stderr]   urllib.error.URLError: <urlopen error [Errno -3] Temporary failure in name resolution>
[INFO] [stderr]   thread 'main' panicked at /opt/rustwide/cargo-home/registry/src/index.crates.io-6f17d22bba15001f/v8-0.74.3/build.rs:431:3:
[INFO] [stderr]   assertion failed: status.success()
[INFO] [stderr]   stack backtrace:
[INFO] [stderr]      0:     0x558aa761e406 - std::backtrace_rs::backtrace::libunwind::trace::h261606ad26a499c1
[INFO] [stderr]                                  at /rustc/0e09125c6c3c2fd70d7de961bcf0e51575235fad/library/std/src/../../backtrace/src/backtrace/libunwind.rs:104:5
[INFO] [stderr]      1:     0x558aa761e406 - std::backtrace_rs::backtrace::trace_unsynchronized::hd183f0625477fb28
[INFO] [stderr]                                  at /rustc/0e09125c6c3c2fd70d7de961bcf0e51575235fad/library/std/src/../../backtrace/src/backtrace/mod.rs:66:5
[INFO] [stderr]      2:     0x558aa761e406 - std::sys_common::backtrace::_print_fmt::hd7f8fef21b4eda67
[INFO] [stderr]                                  at /rustc/0e09125c6c3c2fd70d7de961bcf0e51575235fad/library/std/src/sys_common/backtrace.rs:68:5
[INFO] [stderr]      3:     0x558aa761e406 - <std::sys_common::backtrace::_print::DisplayBacktrace as core::fmt::Display>::fmt::h623d9b51f2f453f1
[INFO] [stderr]                                  at /rustc/0e09125c6c3c2fd70d7de961bcf0e51575235fad/library/std/src/sys_common/backtrace.rs:44:22
[INFO] [stderr]      4:     0x558aa7641d40 - core::fmt::rt::Argument::fmt::h9f417ac76a86f368
[INFO] [stderr]                                  at /rustc/0e09125c6c3c2fd70d7de961bcf0e51575235fad/library/core/src/fmt/rt.rs:142:9
[INFO] [stderr]      5:     0x558aa7641d40 - core::fmt::write::hc9b6faf4ac2aeff7
[INFO] [stderr]                                  at /rustc/0e09125c6c3c2fd70d7de961bcf0e51575235fad/library/core/src/fmt/mod.rs:1120:17
[INFO] [stderr]      6:     0x558aa761becf - std::io::Write::write_fmt::hfead1eee52c2e65e
[INFO] [stderr]                                  at /rustc/0e09125c6c3c2fd70d7de961bcf0e51575235fad/library/std/src/io/mod.rs:1810:15
[INFO] [stderr]      7:     0x558aa761e1e4 - std::sys_common::backtrace::_print::hd5d66399c7df88a2
[INFO] [stderr]                                  at /rustc/0e09125c6c3c2fd70d7de961bcf0e51575235fad/library/std/src/sys_common/backtrace.rs:47:5
[INFO] [stderr]      8:     0x558aa761e1e4 - std::sys_common::backtrace::print::he81ed2da642d37e5
[INFO] [stderr]                                  at /rustc/0e09125c6c3c2fd70d7de961bcf0e51575235fad/library/std/src/sys_common/backtrace.rs:34:9
[INFO] [stderr]      9:     0x558aa761f8d7 - std::panicking::default_hook::{{closure}}::h85773f4fa117163d
[INFO] [stderr]     10:     0x558aa761f639 - std::panicking::default_hook::h6a1694a91d09b278
[INFO] [stderr]                                  at /rustc/0e09125c6c3c2fd70d7de961bcf0e51575235fad/library/std/src/panicking.rs:292:9
[INFO] [stderr]     11:     0x558aa761fd68 - std::panicking::rust_panic_with_hook::h0a7ad96e90f7145b
[INFO] [stderr]                                  at /rustc/0e09125c6c3c2fd70d7de961bcf0e51575235fad/library/std/src/panicking.rs:779:13
[INFO] [stderr]     12:     0x558aa761fc09 - std::panicking::begin_panic_handler::{{closure}}::h7919090525c6485e
[INFO] [stderr]                                  at /rustc/0e09125c6c3c2fd70d7de961bcf0e51575235fad/library/std/src/panicking.rs:649:13
[INFO] [stderr]     13:     0x558aa761e906 - std::sys_common::backtrace::__rust_end_short_backtrace::hf3289479464f7dfe
[INFO] [stderr]                                  at /rustc/0e09125c6c3c2fd70d7de961bcf0e51575235fad/library/std/src/sys_common/backtrace.rs:171:18
[INFO] [stderr]     14:     0x558aa761f9a0 - rust_begin_unwind
[INFO] [stderr]                                  at /rustc/0e09125c6c3c2fd70d7de961bcf0e51575235fad/library/std/src/panicking.rs:645:5
[INFO] [stderr]     15:     0x558aa75d0915 - core::panicking::panic_fmt::hcc9f77c5c132af55
[INFO] [stderr]                                  at /rustc/0e09125c6c3c2fd70d7de961bcf0e51575235fad/library/core/src/panicking.rs:72:14
[INFO] [stderr]     16:     0x558aa75d09d3 - core::panicking::panic::h5a1259c1164bd480
[INFO] [stderr]                                  at /rustc/0e09125c6c3c2fd70d7de961bcf0e51575235fad/library/core/src/panicking.rs:144:5
[INFO] [stderr]     17:     0x558aa75daa84 - build_script_build::download_file::h1d5e5f50d918714e
[INFO] [stderr]     18:     0x558aa75db1f7 - build_script_build::download_static_lib_binaries::hdf628c9ca8bb3d00
[INFO] [stderr]     19:     0x558aa75d67f7 - build_script_build::main::he15709cf951317a5
[INFO] [stderr]     20:     0x558aa75e52c3 - core::ops::function::FnOnce::call_once::ha923c8c53dd8c3e6
[INFO] [stderr]     21:     0x558aa75f2b36 - std::sys_common::backtrace::__rust_begin_short_backtrace::hd84a0a9c6dc356f5
[INFO] [stderr]     22:     0x558aa75ebc69 - std::rt::lang_start::{{closure}}::h7fd88eb061b22587
[INFO] [stderr]     23:     0x558aa76170f1 - core::ops::function::impls::<impl core::ops::function::FnOnce<A> for &F>::call_once::h4eb4c5e1620f29b0
[INFO] [stderr]                                  at /rustc/0e09125c6c3c2fd70d7de961bcf0e51575235fad/library/core/src/ops/function.rs:284:13
[INFO] [stderr]     24:     0x558aa76170f1 - std::panicking::try::do_call::h73fd26535faffcdf
[INFO] [stderr]                                  at /rustc/0e09125c6c3c2fd70d7de961bcf0e51575235fad/library/std/src/panicking.rs:552:40
[INFO] [stderr]     25:     0x558aa76170f1 - std::panicking::try::h77ff1d98f0fb9f39
[INFO] [stderr]                                  at /rustc/0e09125c6c3c2fd70d7de961bcf0e51575235fad/library/std/src/panicking.rs:516:19
[INFO] [stderr]     26:     0x558aa76170f1 - std::panic::catch_unwind::hab3caf2448b95e37
[INFO] [stderr]                                  at /rustc/0e09125c6c3c2fd70d7de961bcf0e51575235fad/library/std/src/panic.rs:142:14
[INFO] [stderr]     27:     0x558aa76170f1 - std::rt::lang_start_internal::{{closure}}::h8086711f9c783f78
[INFO] [stderr]                                  at /rustc/0e09125c6c3c2fd70d7de961bcf0e51575235fad/library/std/src/rt.rs:148:48
[INFO] [stderr]     28:     0x558aa76170f1 - std::panicking::try::do_call::hf920d4dc291cd6ca
[INFO] [stderr]                                  at /rustc/0e09125c6c3c2fd70d7de961bcf0e51575235fad/library/std/src/panicking.rs:552:40
[INFO] [stderr]     29:     0x558aa76170f1 - std::panicking::try::h2b806ccc0a85db74
[INFO] [stderr]                                  at /rustc/0e09125c6c3c2fd70d7de961bcf0e51575235fad/library/std/src/panicking.rs:516:19
[INFO] [stderr]     30:     0x558aa76170f1 - std::panic::catch_unwind::h038489539c507df2
[INFO] [stderr]                                  at /rustc/0e09125c6c3c2fd70d7de961bcf0e51575235fad/library/std/src/panic.rs:142:14
[INFO] [stderr]     31:     0x558aa76170f1 - std::rt::lang_start_internal::h28503b88912e8a5c
[INFO] [stderr]                                  at /rustc/0e09125c6c3c2fd70d7de961bcf0e51575235fad/library/std/src/rt.rs:148:20
[INFO] [stderr]     32:     0x558aa75ebc47 - std::rt::lang_start::h886ed3a3fc566cba
[INFO] [stderr]     33:     0x558aa75df315 - main
[INFO] [stderr]     34:     0x7fb72b9a1d90 - <unknown>
[INFO] [stderr]     35:     0x7fb72b9a1e40 - __libc_start_main
[INFO] [stderr]     36:     0x558aa75d1135 - _start
[INFO] [stderr]     37:                0x0 - <unknown>
[INFO] running `Command { std: "docker" "inspect" "801d8199318e9bd2de293f5d50cc4361bfebe23a89011a517560316eb8711208", kill_on_drop: false }`
[INFO] running `Command { std: "docker" "rm" "-f" "801d8199318e9bd2de293f5d50cc4361bfebe23a89011a517560316eb8711208", kill_on_drop: false }`
[INFO] [stdout] 801d8199318e9bd2de293f5d50cc4361bfebe23a89011a517560316eb8711208
