[INFO] fetching crate tulip-realms-sdk 0.1.1...
[INFO] documenting tulip-realms-sdk-0.1.1 against 1.75.0 for beta-1.76-rustdoc-1
[INFO] extracting crate tulip-realms-sdk 0.1.1 into /workspace/builds/worker-5-tc1/source
[INFO] validating manifest of crates.io crate tulip-realms-sdk 0.1.1 on toolchain 1.75.0
[INFO] running `Command { std: CARGO_HOME="/workspace/cargo-home" RUSTUP_HOME="/workspace/rustup-home" "/workspace/cargo-home/bin/cargo" "+1.75.0" "metadata" "--manifest-path" "Cargo.toml" "--no-deps", kill_on_drop: false }`
[INFO] started tweaking crates.io crate tulip-realms-sdk 0.1.1
[INFO] finished tweaking crates.io crate tulip-realms-sdk 0.1.1
[INFO] tweaked toml for crates.io crate tulip-realms-sdk 0.1.1 written to /workspace/builds/worker-5-tc1/source/Cargo.toml
[INFO] running `Command { std: CARGO_HOME="/workspace/cargo-home" RUSTUP_HOME="/workspace/rustup-home" "/workspace/cargo-home/bin/cargo" "+1.75.0" "generate-lockfile" "--manifest-path" "Cargo.toml", kill_on_drop: false }`
[INFO] [stderr]     Updating crates.io index
[INFO] running `Command { std: CARGO_HOME="/workspace/cargo-home" RUSTUP_HOME="/workspace/rustup-home" "/workspace/cargo-home/bin/cargo" "+1.75.0" "fetch" "--manifest-path" "Cargo.toml", kill_on_drop: false }`
[INFO] [stderr]  Downloading crates ...
[INFO] [stderr]   Downloaded spl-token-group-interface v0.1.0
[INFO] [stderr]   Downloaded solana-clap-utils v1.17.14
[INFO] [stderr]   Downloaded solana-measure v1.17.14
[INFO] [stderr]   Downloaded solana-tpu-client v1.17.14
[INFO] [stderr]   Downloaded solana-udp-client v1.17.14
[INFO] [stderr]   Downloaded solana-rayon-threadlimit v1.17.14
[INFO] [stderr]   Downloaded solana-rpc-client v1.17.14
[INFO] [stderr]   Downloaded solana-transaction-status v1.17.14
[INFO] [stderr]   Downloaded spl-tlv-account-resolution v0.5.1
[INFO] [stderr]   Downloaded solana-quic-client v1.17.14
[INFO] [stderr]   Downloaded solana-connection-cache v1.17.14
[INFO] [stderr]   Downloaded solana-rpc-client-api v1.17.14
[INFO] [stderr]   Downloaded solana-perf v1.17.14
[INFO] [stderr]   Downloaded solana-version v1.17.14
[INFO] [stderr]   Downloaded solana-config-program v1.17.14
[INFO] [stderr]   Downloaded solana-client v1.17.14
[INFO] [stderr]   Downloaded spl-governance v2.2.4
[INFO] [stderr]   Downloaded spl-token-2022 v1.0.0
[INFO] [stderr]   Downloaded solana-zk-token-sdk v1.17.14
[INFO] [stderr]   Downloaded solana-program-runtime v1.17.14
[INFO] [stderr]   Downloaded solana-streamer v1.17.14
[INFO] [stderr]   Downloaded solana-pubsub-client v1.17.14
[INFO] [stderr]   Downloaded solana-net-utils v1.17.14
[INFO] [stderr]   Downloaded solana-account-decoder v1.17.14
[INFO] [stderr]   Downloaded solana-thin-client v1.17.14
[INFO] [stderr]   Downloaded spl-transfer-hook-interface v0.4.1
[INFO] [stderr]   Downloaded solana-rpc-client-nonce-utils v1.17.14
[INFO] [stderr]   Downloaded solana-vote-program v1.17.14
[INFO] [stderr]   Downloaded solana-remote-wallet v1.17.14
[INFO] [stderr]   Downloaded solana-metrics v1.17.14
[INFO] [stderr]   Downloaded static-pubkey v1.0.3
[INFO] [stderr]   Downloaded spl-associated-token-account v2.3.0
[INFO] [stderr]   Downloaded spl-governance-tools v0.1.3
[INFO] [stderr]   Downloaded tulip-sled-util v0.1.4
[INFO] [stderr]   Downloaded spl-governance-addin-api v0.1.3
[INFO] running `Command { std: "docker" "create" "-v" "/var/lib/crater-agent-workspace/builds/worker-5-tc1/target:/opt/rustwide/target:rw,Z" "-v" "/var/lib/crater-agent-workspace/builds/worker-5-tc1/source:/opt/rustwide/workdir:ro,Z" "-v" "/var/lib/crater-agent-workspace/cargo-home:/opt/rustwide/cargo-home:ro,Z" "-v" "/var/lib/crater-agent-workspace/rustup-home:/opt/rustwide/rustup-home:ro,Z" "-e" "SOURCE_DIR=/opt/rustwide/workdir" "-e" "CARGO_TARGET_DIR=/opt/rustwide/target" "-e" "CARGO_HOME=/opt/rustwide/cargo-home" "-e" "RUSTUP_HOME=/opt/rustwide/rustup-home" "-w" "/opt/rustwide/workdir" "-m" "1610612736" "--user" "0:0" "--network" "none" "ghcr.io/rust-lang/crates-build-env/linux@sha256:2788e3201cd34a07e3172128adcd8b3090168a8e3bcc40d7c032b9dda1df7d1c" "/opt/rustwide/cargo-home/bin/cargo" "+1.75.0" "metadata" "--no-deps" "--format-version=1", kill_on_drop: false }`
[INFO] [stdout] ec056b85988641794b979844a75dab94011e11c6afa6faa0d2bfa9056ae5ebf9
[INFO] running `Command { std: "docker" "start" "-a" "ec056b85988641794b979844a75dab94011e11c6afa6faa0d2bfa9056ae5ebf9", kill_on_drop: false }`
[INFO] running `Command { std: "docker" "inspect" "ec056b85988641794b979844a75dab94011e11c6afa6faa0d2bfa9056ae5ebf9", kill_on_drop: false }`
[INFO] running `Command { std: "docker" "rm" "-f" "ec056b85988641794b979844a75dab94011e11c6afa6faa0d2bfa9056ae5ebf9", kill_on_drop: false }`
[INFO] [stdout] ec056b85988641794b979844a75dab94011e11c6afa6faa0d2bfa9056ae5ebf9
[INFO] running `Command { std: "docker" "create" "-v" "/var/lib/crater-agent-workspace/builds/worker-5-tc1/target:/opt/rustwide/target:rw,Z" "-v" "/var/lib/crater-agent-workspace/builds/worker-5-tc1/source:/opt/rustwide/workdir:ro,Z" "-v" "/var/lib/crater-agent-workspace/cargo-home:/opt/rustwide/cargo-home:ro,Z" "-v" "/var/lib/crater-agent-workspace/rustup-home:/opt/rustwide/rustup-home:ro,Z" "-e" "SOURCE_DIR=/opt/rustwide/workdir" "-e" "CARGO_TARGET_DIR=/opt/rustwide/target" "-e" "CARGO_INCREMENTAL=0" "-e" "RUST_BACKTRACE=full" "-e" "RUSTFLAGS=--cap-lints=warn" "-e" "RUSTDOCFLAGS=--cap-lints=warn" "-e" "CARGO_HOME=/opt/rustwide/cargo-home" "-e" "RUSTUP_HOME=/opt/rustwide/rustup-home" "-w" "/opt/rustwide/workdir" "-m" "1610612736" "--user" "0:0" "--network" "none" "ghcr.io/rust-lang/crates-build-env/linux@sha256:2788e3201cd34a07e3172128adcd8b3090168a8e3bcc40d7c032b9dda1df7d1c" "/opt/rustwide/cargo-home/bin/cargo" "+1.75.0" "doc" "--frozen" "--no-deps" "--document-private-items" "--message-format=json", kill_on_drop: false }`
[INFO] [stdout] 9663d3f26cbcb3e7903be265dac0ee9c647f8f94ab2617c3394755c5a83d2663
[INFO] running `Command { std: "docker" "start" "-a" "9663d3f26cbcb3e7903be265dac0ee9c647f8f94ab2617c3394755c5a83d2663", kill_on_drop: false }`
[INFO] [stderr]    Compiling syn v1.0.109
[INFO] [stderr]     Checking subtle v2.4.1
[INFO] [stderr]    Compiling semver v1.0.21
[INFO] [stderr]    Compiling libc v0.2.151
[INFO] [stderr]    Compiling generic-array v0.14.7
[INFO] [stderr]    Compiling num-traits v0.2.17
[INFO] [stderr]    Compiling num-integer v0.1.45
[INFO] [stderr]     Checking memchr v2.7.1
[INFO] [stderr]     Checking byteorder v1.5.0
[INFO] [stderr]    Compiling thiserror v1.0.56
[INFO] [stderr]    Compiling crossbeam-utils v0.8.18
[INFO] [stderr]    Compiling syn v2.0.48
[INFO] [stderr]     Checking either v1.9.0
[INFO] [stderr]    Compiling num-bigint v0.4.4
[INFO] [stderr]    Compiling getrandom v0.1.16
[INFO] [stderr]    Compiling crunchy v0.2.2
[INFO] [stderr]     Checking opaque-debug v0.3.0
[INFO] [stderr]    Compiling serde v1.0.195
[INFO] [stderr]     Checking block-padding v0.2.1
[INFO] [stderr]    Compiling hashbrown v0.14.3
[INFO] [stderr]    Compiling toml_datetime v0.6.5
[INFO] [stderr]    Compiling wasm-bindgen-shared v0.2.89
[INFO] [stderr]    Compiling winnow v0.5.33
[INFO] [stderr]    Compiling rustc_version v0.4.0
[INFO] [stderr]     Checking itertools v0.10.5
[INFO] [stderr]    Compiling ahash v0.7.7
[INFO] [stderr]    Compiling jobserver v0.1.27
[INFO] [stderr]     Checking crossbeam-epoch v0.9.17
[INFO] [stderr]    Compiling digest v0.9.0
[INFO] [stderr]    Compiling rayon-core v1.12.0
[INFO] [stderr]    Compiling serde_json v1.0.111
[INFO] [stderr]    Compiling libsecp256k1-core v0.2.2
[INFO] [stderr]    Compiling cc v1.0.83
[INFO] [stderr]     Checking crossbeam-deque v0.8.4
[INFO] [stderr]    Compiling indexmap v2.1.0
[INFO] [stderr]    Compiling bumpalo v3.14.0
[INFO] [stderr]    Compiling feature-probe v0.1.1
[INFO] [stderr]    Compiling anyhow v1.0.79
[INFO] [stderr]    Compiling solana-frozen-abi-macro v1.17.14
[INFO] [stderr]    Compiling bv v0.11.1
[INFO] [stderr]     Checking bitmaps v2.1.0
[INFO] [stderr]    Compiling im v15.1.0
[INFO] [stderr]     Checking arrayref v0.3.7
[INFO] [stderr]     Checking rustc-hash v1.1.0
[INFO] [stderr]     Checking keccak v0.1.4
[INFO] [stderr]     Checking getrandom v0.2.11
[INFO] [stderr]     Checking rayon v1.8.0
[INFO] [stderr]     Checking rand_core v0.5.1
[INFO] [stderr]     Checking rand_core v0.6.4
[INFO] [stderr]     Checking ahash v0.8.7
[INFO] [stderr]    Compiling libsecp256k1-gen-genmult v0.2.1
[INFO] [stderr]     Checking rand_chacha v0.2.2
[INFO] [stderr]    Compiling libsecp256k1-gen-ecmult v0.2.1
[INFO] [stderr]     Checking rand_chacha v0.3.1
[INFO] [stderr]     Checking rand_xoshiro v0.6.0
[INFO] [stderr]     Checking hashbrown v0.13.2
[INFO] [stderr]     Checking rand v0.7.3
[INFO] [stderr]     Checking rand v0.8.5
[INFO] [stderr]     Checking hashbrown v0.11.2
[INFO] [stderr]    Compiling libsecp256k1 v0.6.0
[INFO] [stderr]     Checking sized-chunks v0.6.5
[INFO] [stderr]    Compiling solana-frozen-abi v1.17.14
[INFO] [stderr]    Compiling memoffset v0.9.0
[INFO] [stderr]    Compiling bs58 v0.4.0
[INFO] [stderr]    Compiling wasm-bindgen v0.2.89
[INFO] [stderr]     Checking arrayvec v0.7.4
[INFO] [stderr]     Checking constant_time_eq v0.3.0
[INFO] [stderr]    Compiling blake3 v1.5.0
[INFO] [stderr]    Compiling solana-program v1.17.14
[INFO] [stderr]    Compiling toml_edit v0.19.15
[INFO] [stderr]     Checking memmap2 v0.5.10
[INFO] [stderr]     Checking base64 v0.12.3
[INFO] [stderr]     Checking ark-std v0.4.0
[INFO] [stderr]     Checking aho-corasick v1.1.2
[INFO] [stderr]    Compiling fnv v1.0.7
[INFO] [stderr]    Compiling strsim v0.10.0
[INFO] [stderr]    Compiling ident_case v1.0.1
[INFO] [stderr]     Checking atty v0.2.14
[INFO] [stderr]     Checking termcolor v1.4.0
[INFO] [stderr]     Checking signature v1.6.4
[INFO] [stderr]    Compiling solana-sdk v1.17.14
[INFO] [stderr]     Checking derivation-path v0.2.0
[INFO] [stderr]     Checking iana-time-zone v0.1.59
[INFO] [stderr]     Checking ed25519 v1.5.3
[INFO] [stderr]     Checking parking_lot_core v0.9.9
[INFO] [stderr]     Checking qstring v0.7.2
[INFO] [stderr]     Checking uriparse v0.6.4
[INFO] [stderr]     Checking assert_matches v1.5.0
[INFO] [stderr]    Compiling ring v0.17.7
[INFO] [stderr]     Checking num_cpus v1.16.0
[INFO] [stderr]     Checking socket2 v0.5.5
[INFO] [stderr]     Checking signal-hook-registry v1.4.1
[INFO] [stderr]     Checking mio v0.8.10
[INFO] [stderr]     Checking parking_lot v0.12.1
[INFO] [stderr]     Checking spin v0.9.8
[INFO] [stderr]     Checking futures-sink v0.3.30
[INFO] [stderr]    Compiling rustls v0.21.10
[INFO] [stderr]     Checking futures-channel v0.3.30
[INFO] [stderr]     Checking futures-io v0.3.30
[INFO] [stderr]     Checking http v0.2.11
[INFO] [stderr]    Compiling block-buffer v0.10.4
[INFO] [stderr]    Compiling crypto-common v0.1.6
[INFO] [stderr]    Compiling httparse v1.8.0
[INFO] [stderr]    Compiling crc32fast v1.3.2
[INFO] [stderr]     Checking idna v0.5.0
[INFO] [stderr]    Compiling digest v0.10.7
[INFO] [stderr]     Checking alloc-no-stdlib v2.0.4
[INFO] [stderr]    Compiling toml v0.5.11
[INFO] [stderr]    Compiling sha2 v0.10.8
[INFO] [stderr]     Checking alloc-stdlib v0.2.2
[INFO] [stderr]     Checking regex-automata v0.4.3
[INFO] [stderr]     Checking try-lock v0.2.5
[INFO] [stderr]     Checking brotli-decompressor v2.5.1
[INFO] [stderr]     Checking miniz_oxide v0.7.1
[INFO] [stderr]     Checking want v0.3.1
[INFO] [stderr]    Compiling num-bigint v0.2.6
[INFO] [stderr]     Checking url v2.5.0
[INFO] [stderr]     Checking httpdate v1.0.3
[INFO] [stderr]    Compiling num-rational v0.2.4
[INFO] [stderr]    Compiling num-iter v0.1.43
[INFO] [stderr]    Compiling num-complex v0.2.4
[INFO] [stderr]     Checking crossbeam-channel v0.5.10
[INFO] [stderr]     Checking http-body v0.4.6
[INFO] [stderr]    Compiling wasm-bindgen-backend v0.2.89
[INFO] [stderr]    Compiling proc-macro-crate v1.3.1
[INFO] [stderr]    Compiling darling_core v0.20.3
[INFO] [stderr]     Checking flate2 v1.0.28
[INFO] [stderr]     Checking encoding_rs v0.8.33
[INFO] [stderr]     Checking ipnet v2.9.0
[INFO] [stderr]    Compiling borsh-schema-derive-internal v0.9.3
[INFO] [stderr]    Compiling proc-macro-crate v0.1.5
[INFO] [stderr]    Compiling borsh-derive-internal v0.9.3
[INFO] [stderr]    Compiling borsh-schema-derive-internal v0.10.3
[INFO] [stderr]    Compiling borsh-derive-internal v0.10.3
[INFO] [stderr]     Checking mime v0.3.17
[INFO] [stderr]     Checking brotli v3.4.0
[INFO] [stderr]     Checking unreachable v1.0.0
[INFO] [stderr]     Checking gethostname v0.2.3
[INFO] [stderr]     Checking plain v0.2.3
[INFO] [stderr]     Checking ascii v0.9.3
[INFO] [stderr]    Compiling solana-program-runtime v1.17.14
[INFO] [stderr]     Checking hash32 v0.2.1
[INFO] [stderr]     Checking eager v0.1.0
[INFO] [stderr]    Compiling zstd-sys v2.0.9+zstd.1.5.5
[INFO] [stderr]    Compiling toml_edit v0.20.7
[INFO] [stderr]    Compiling time-core v0.1.2
[INFO] [stderr]     Checking combine v3.8.1
[INFO] [stderr]    Compiling time-macros v0.2.16
[INFO] [stderr]    Compiling zstd-safe v5.0.2+zstd.1.5.2
[INFO] [stderr]     Checking num v0.2.1
[INFO] [stderr]    Compiling wasm-bindgen-macro-support v0.2.89
[INFO] [stderr]     Checking percentage v0.1.0
[INFO] [stderr]    Compiling ring v0.16.20
[INFO] [stderr]    Compiling solana-version v1.17.14
[INFO] [stderr]     Checking solana-security-txt v1.1.1
[INFO] [stderr]    Compiling solana-vote-program v1.17.14
[INFO] [stderr]     Checking spin v0.5.2
[INFO] [stderr]     Checking untrusted v0.7.1
[INFO] [stderr]     Checking regex v1.10.2
[INFO] [stderr]     Checking base64 v0.13.1
[INFO] [stderr]     Checking nom v7.1.3
[INFO] [stderr]    Compiling async-trait v0.1.77
[INFO] [stderr]    Compiling synstructure v0.12.6
[INFO] [stderr]     Checking console v0.15.7
[INFO] [stderr]    Compiling memoffset v0.7.1
[INFO] [stderr]     Checking env_logger v0.9.3
[INFO] [stderr]     Checking Inflector v0.11.4
[INFO] [stderr]     Checking data-encoding v2.5.0
[INFO] [stderr]     Checking solana-logger v1.17.14
[INFO] [stderr]     Checking pem v1.1.1
[INFO] [stderr]    Compiling portable-atomic v1.6.0
[INFO] [stderr]    Compiling rustix v0.38.28
[INFO] [stderr]    Compiling indexmap v1.9.3
[INFO] [stderr]     Checking const-oid v0.7.1
[INFO] [stderr]     Checking linux-raw-sys v0.4.12
[INFO] [stderr]    Compiling oid-registry v0.6.1
[INFO] [stderr]     Checking rustls-native-certs v0.6.3
[INFO] [stderr]     Checking der v0.5.1
[INFO] [stderr]     Checking nix v0.26.4
[INFO] [stderr]    Compiling solana-perf v1.17.14
[INFO] [stderr]     Checking base64ct v1.6.0
[INFO] [stderr]    Compiling proc-macro-crate v2.0.0
[INFO] [stderr]     Checking number_prefix v0.4.0
[INFO] [stderr]     Checking os_str_bytes v6.6.1
[INFO] [stderr]     Checking solana-rayon-threadlimit v1.17.14
[INFO] [stderr]     Checking concurrent-queue v2.4.0
[INFO] [stderr]     Checking clap_lex v0.2.4
[INFO] [stderr]    Compiling serde_derive v1.0.195
[INFO] [stderr]    Compiling thiserror-impl v1.0.56
[INFO] [stderr]    Compiling zeroize_derive v1.4.2
[INFO] [stderr]    Compiling bytemuck_derive v1.5.0
[INFO] [stderr]    Compiling wasm-bindgen-macro v0.2.89
[INFO] [stderr]    Compiling solana-sdk-macro v1.17.14
[INFO] [stderr]    Compiling darling_macro v0.20.3
[INFO] [stderr]    Compiling num_enum_derive v0.6.1
[INFO] [stderr]    Compiling qualifier_attr v0.2.2
[INFO] [stderr]    Compiling ark-serialize-derive v0.4.2
[INFO] [stderr]    Compiling ark-ff-asm v0.4.2
[INFO] [stderr]    Compiling derivative v2.2.0
[INFO] [stderr]    Compiling ark-ff-macros v0.4.2
[INFO] [stderr]    Compiling borsh-derive v0.9.3
[INFO] [stderr]     Checking zeroize v1.3.0
[INFO] [stderr]    Compiling borsh-derive v0.10.3
[INFO] [stderr]    Compiling num-derive v0.3.3
[INFO] [stderr]    Compiling darling v0.20.3
[INFO] [stderr]    Compiling tokio-macros v2.2.0
[INFO] [stderr]    Compiling serde_with_macros v2.3.3
[INFO] [stderr]    Compiling tracing-attributes v0.1.27
[INFO] [stderr]    Compiling futures-macro v0.3.30
[INFO] [stderr]     Checking bytemuck v1.14.0
[INFO] [stderr]     Checking merlin v3.0.0
[INFO] [stderr]    Compiling num-derive v0.4.1
[INFO] [stderr]    Compiling scroll_derive v0.11.1
[INFO] [stderr]    Compiling spl-discriminator-syn v0.1.1
[INFO] [stderr]     Checking borsh v0.9.3
[INFO] [stderr]     Checking borsh v0.10.3
[INFO] [stderr]    Compiling spl-program-error-derive v0.3.1
[INFO] [stderr]     Checking num_enum v0.6.1
[INFO] [stderr]    Compiling enum-iterator-derive v1.2.1
[INFO] [stderr]    Compiling num_enum_derive v0.7.1
[INFO] [stderr]     Checking tokio v1.35.1
[INFO] [stderr]    Compiling spl-discriminator-derive v0.1.1
[INFO] [stderr]     Checking time v0.3.31
[INFO] [stderr]    Compiling asn1-rs-impl v0.1.0
[INFO] [stderr]    Compiling asn1-rs-derive v0.4.0
[INFO] [stderr]     Checking rusticata-macros v4.1.0
[INFO] [stderr]     Checking futures-util v0.3.30
[INFO] [stderr]     Checking scroll v0.11.0
[INFO] [stderr]    Compiling displaydoc v0.2.4
[INFO] [stderr]    Compiling dlopen2_derive v0.3.0
[INFO] [stderr]     Checking goblin v0.5.4
[INFO] [stderr]     Checking caps v0.5.5
[INFO] [stderr]    Compiling num_enum_derive v0.5.11
[INFO] [stderr]     Checking enum-iterator v1.4.1
[INFO] [stderr]     Checking indicatif v0.17.7
[INFO] [stderr]     Checking tracing v0.1.40
[INFO] [stderr]     Checking spki v0.5.4
[INFO] [stderr]     Checking utf-8 v0.7.6
[INFO] [stderr]    Compiling parking_lot_core v0.8.6
[INFO] [stderr]     Checking quinn-udp v0.4.1
[INFO] [stderr]     Checking shell-words v1.1.0
[INFO] [stderr]     Checking textwrap v0.16.0
[INFO] [stderr]     Checking dlopen2 v0.5.0
[INFO] [stderr]     Checking pkcs8 v0.8.0
[INFO] [stderr]     Checking async-channel v1.9.0
[INFO] [stderr]     Checking yasna v0.5.2
[INFO] [stderr]     Checking clap v3.2.25
[INFO] [stderr]     Checking rtoolbox v0.0.2
[INFO] [stderr]     Checking instant v0.1.12
[INFO] [stderr]     Checking histogram v0.6.9
[INFO] [stderr]     Checking clap v2.34.0
[INFO] [stderr]     Checking asn1-rs v0.5.2
[INFO] [stderr]     Checking async-mutex v1.4.0
[INFO] [stderr]     Checking rpassword v7.3.1
[INFO] [stderr]     Checking fs2 v0.4.3
[INFO] [stderr]     Checking fxhash v0.2.1
[INFO] [stderr]     Checking dashmap v4.0.2
[INFO] [stderr]    Compiling static-pubkey v1.0.3
[INFO] [stderr]     Checking num_enum v0.7.1
[INFO] [stderr]     Checking parking_lot v0.11.2
[INFO] [stderr]     Checking sled v0.34.7
[INFO] [stderr]     Checking rcgen v0.10.0
[INFO] [stderr]     Checking num_enum v0.5.11
[INFO] [stderr]     Checking der-parser v8.2.0
[INFO] [stderr]     Checking futures-executor v0.3.30
[INFO] [stderr]     Checking futures v0.3.30
[INFO] [stderr]     Checking x509-parser v0.14.0
[INFO] [stderr]     Checking solana_rbpf v0.8.0
[INFO] [stderr]     Checking tokio-util v0.7.10
[INFO] [stderr]     Checking async-compression v0.4.5
[INFO] [stderr]     Checking tokio-stream v0.1.14
[INFO] [stderr]     Checking h2 v0.3.22
[INFO] [stderr]     Checking bitflags v2.4.1
[INFO] [stderr]     Checking serde_bytes v0.11.14
[INFO] [stderr]     Checking bincode v1.3.3
[INFO] [stderr]     Checking chrono v0.4.31
[INFO] [stderr]     Checking serde_with v2.3.3
[INFO] [stderr]     Checking serde_urlencoded v0.7.1
[INFO] [stderr]     Checking tulip-sled-util v0.1.4
[INFO] [stderr]     Checking rustls-webpki v0.101.7
[INFO] [stderr]     Checking sct v0.7.1
[INFO] [stderr]     Checking block-buffer v0.9.0
[INFO] [stderr]     Checking crypto-mac v0.8.0
[INFO] [stderr]     Checking cipher v0.3.0
[INFO] [stderr]     Checking universal-hash v0.4.1
[INFO] [stderr]     Checking aead v0.4.3
[INFO] [stderr]     Checking jsonrpc-core v18.0.0
[INFO] [stderr]     Checking sha2 v0.9.9
[INFO] [stderr]     Checking curve25519-dalek v3.2.1
[INFO] [stderr]     Checking polyval v0.5.3
[INFO] [stderr]     Checking sha3 v0.9.1
[INFO] [stderr]     Checking ctr v0.8.0
[INFO] [stderr]     Checking hmac v0.8.1
[INFO] [stderr]     Checking pbkdf2 v0.4.0
[INFO] [stderr]     Checking hmac-drbg v0.3.0
[INFO] [stderr]     Checking aes v0.7.5
[INFO] [stderr]     Checking webpki-roots v0.24.0
[INFO] [stderr]     Checking ark-serialize v0.4.2
[INFO] [stderr]     Checking sha3 v0.10.8
[INFO] [stderr]     Checking hmac v0.12.1
[INFO] [stderr]     Checking tiny-bip39 v0.8.2
[INFO] [stderr]     Checking pbkdf2 v0.11.0
[INFO] [stderr]     Checking sha1 v0.10.6
[INFO] [stderr]     Checking ark-ff v0.4.2
[INFO] [stderr]     Checking aes-gcm-siv v0.10.3
[INFO] [stderr]     Checking ed25519-dalek v1.0.1
[INFO] [stderr]     Checking ed25519-dalek-bip32 v0.2.0
[INFO] [stderr]     Checking tempfile v3.9.0
[INFO] [stderr]     Checking dialoguer v0.10.4
[INFO] [stderr]     Checking zstd v0.11.2+zstd.1.5.2
[INFO] [stderr]     Checking tokio-rustls v0.24.1
[INFO] [stderr]     Checking quinn-proto v0.10.6
[INFO] [stderr]     Checking tungstenite v0.20.1
[INFO] [stderr]     Checking hyper v0.14.28
[INFO] [stderr]     Checking tokio-tungstenite v0.20.1
[INFO] [stderr]     Checking quinn v0.10.2
[INFO] [stderr]     Checking hyper-rustls v0.24.2
[INFO] [stderr]     Checking reqwest v0.11.23
[INFO] [stderr]     Checking ark-poly v0.4.2
[INFO] [stderr]     Checking ark-ec v0.4.2
[INFO] [stderr]     Checking ark-bn254 v0.4.0
[INFO] [stderr]     Checking light-poseidon v0.2.0
[INFO] [stderr]     Checking spl-program-error v0.3.0
[INFO] [stderr]     Checking spl-discriminator v0.1.0
[INFO] [stderr]     Checking spl-token v4.0.0
[INFO] [stderr]     Checking spl-memo v4.0.0
[INFO] [stderr]     Checking spl-token v3.5.0
[INFO] [stderr]     Checking spl-governance-tools v0.1.3
[INFO] [stdout] error[E0277]: the trait bound `T: borsh::de::BorshDeserialize` is not satisfied
[INFO] [stdout]    --> /opt/rustwide/cargo-home/registry/src/index.crates.io-6f17d22bba15001f/spl-governance-tools-0.1.3/src/account.rs:222:22
[INFO] [stdout]     |
[INFO] [stdout] 222 |     let account: T = try_from_slice_unchecked(&account_info.data.borrow())?;
[INFO] [stdout]     |                      ^^^^^^^^^^^^^^^^^^^^^^^^ the trait `borsh::de::BorshDeserialize` is not implemented for `T`
[INFO] [stdout]     |
[INFO] [stdout] note: required by a bound in `solana_program::borsh::try_from_slice_unchecked`
[INFO] [stdout]    --> /opt/rustwide/cargo-home/registry/src/index.crates.io-6f17d22bba15001f/solana-program-1.17.14/src/borsh.rs:38:36
[INFO] [stdout]     |
[INFO] [stdout] 38  | pub fn try_from_slice_unchecked<T: BorshDeserialize>(data: &[u8]) -> Result<T, Error> {
[INFO] [stdout]     |                                    ^^^^^^^^^^^^^^^^ required by this bound in `try_from_slice_unchecked`
[INFO] [stdout] help: consider further restricting this bound
[INFO] [stdout]     |
[INFO] [stdout] 211 | pub fn get_account_data<T: BorshDeserialize + IsInitialized + borsh::de::BorshDeserialize>(
[INFO] [stdout]     |                                                             +++++++++++++++++++++++++++++
[INFO] [stdout] 
[INFO] [stdout] 
[INFO] [stdout] error[E0277]: the trait bound `T: borsh::de::BorshDeserialize` is not satisfied
[INFO] [stdout]    --> /opt/rustwide/cargo-home/registry/src/index.crates.io-6f17d22bba15001f/spl-governance-tools-0.1.3/src/account.rs:243:27
[INFO] [stdout]     |
[INFO] [stdout] 243 |     let account_type: T = try_from_slice_unchecked(&account_info.data.borrow())?;
[INFO] [stdout]     |                           ^^^^^^^^^^^^^^^^^^^^^^^^ the trait `borsh::de::BorshDeserialize` is not implemented for `T`
[INFO] [stdout]     |
[INFO] [stdout] note: required by a bound in `solana_program::borsh::try_from_slice_unchecked`
[INFO] [stdout]    --> /opt/rustwide/cargo-home/registry/src/index.crates.io-6f17d22bba15001f/solana-program-1.17.14/src/borsh.rs:38:36
[INFO] [stdout]     |
[INFO] [stdout] 38  | pub fn try_from_slice_unchecked<T: BorshDeserialize>(data: &[u8]) -> Result<T, Error> {
[INFO] [stdout]     |                                    ^^^^^^^^^^^^^^^^ required by this bound in `try_from_slice_unchecked`
[INFO] [stdout] help: consider further restricting this bound
[INFO] [stdout]     |
[INFO] [stdout] 231 | pub fn get_account_type<T: BorshDeserialize + borsh::de::BorshDeserialize>(
[INFO] [stdout]     |                                             +++++++++++++++++++++++++++++
[INFO] [stdout] 
[INFO] [stdout] 
[INFO] [stdout] error[E0277]: the trait bound `T: borsh::de::BorshDeserialize` is not satisfied
[INFO] [stdout]    --> /opt/rustwide/cargo-home/registry/src/index.crates.io-6f17d22bba15001f/spl-governance-tools-0.1.3/src/account.rs:272:27
[INFO] [stdout]     |
[INFO] [stdout] 272 |     let account_type: T = try_from_slice_unchecked(&account_info.data.borrow())?;
[INFO] [stdout]     |                           ^^^^^^^^^^^^^^^^^^^^^^^^ the trait `borsh::de::BorshDeserialize` is not implemented for `T`
[INFO] [stdout]     |
[INFO] [stdout] note: required by a bound in `solana_program::borsh::try_from_slice_unchecked`
[INFO] [stdout]    --> /opt/rustwide/cargo-home/registry/src/index.crates.io-6f17d22bba15001f/solana-program-1.17.14/src/borsh.rs:38:36
[INFO] [stdout]     |
[INFO] [stdout] 38  | pub fn try_from_slice_unchecked<T: BorshDeserialize>(data: &[u8]) -> Result<T, Error> {
[INFO] [stdout]     |                                    ^^^^^^^^^^^^^^^^ required by this bound in `try_from_slice_unchecked`
[INFO] [stdout] help: consider further restricting this bound
[INFO] [stdout]     |
[INFO] [stdout] 260 | pub fn assert_is_valid_account_of_types<T: BorshDeserialize + PartialEq + borsh::de::BorshDeserialize, F: Fn(&T) -> bool>(
[INFO] [stdout]     |                                                                         +++++++++++++++++++++++++++++
[INFO] [stdout] 
[INFO] [stdout] 
[INFO] [stdout] error: aborting due to 3 previous errors
[INFO] [stdout] 
[INFO] [stdout] 
[INFO] [stdout] For more information about this error, try `rustc --explain E0277`.
[INFO] [stdout] 
[INFO] [stderr] error: could not compile `spl-governance-tools` (lib) due to 4 previous errors
[INFO] [stderr] warning: build failed, waiting for other jobs to finish...
[INFO] running `Command { std: "docker" "inspect" "9663d3f26cbcb3e7903be265dac0ee9c647f8f94ab2617c3394755c5a83d2663", kill_on_drop: false }`
[INFO] running `Command { std: "docker" "rm" "-f" "9663d3f26cbcb3e7903be265dac0ee9c647f8f94ab2617c3394755c5a83d2663", kill_on_drop: false }`
[INFO] [stdout] 9663d3f26cbcb3e7903be265dac0ee9c647f8f94ab2617c3394755c5a83d2663
[INFO] documenting tulip-realms-sdk-0.1.1 against beta-2023-12-22 for beta-1.76-rustdoc-1
[INFO] extracting crate tulip-realms-sdk 0.1.1 into /workspace/builds/worker-5-tc2/source
[INFO] validating manifest of crates.io crate tulip-realms-sdk 0.1.1 on toolchain beta-2023-12-22
[INFO] running `Command { std: CARGO_HOME="/workspace/cargo-home" RUSTUP_HOME="/workspace/rustup-home" "/workspace/cargo-home/bin/cargo" "+beta-2023-12-22" "metadata" "--manifest-path" "Cargo.toml" "--no-deps", kill_on_drop: false }`
[INFO] started tweaking crates.io crate tulip-realms-sdk 0.1.1
[INFO] finished tweaking crates.io crate tulip-realms-sdk 0.1.1
[INFO] tweaked toml for crates.io crate tulip-realms-sdk 0.1.1 written to /workspace/builds/worker-5-tc2/source/Cargo.toml
[INFO] running `Command { std: CARGO_HOME="/workspace/cargo-home" RUSTUP_HOME="/workspace/rustup-home" "/workspace/cargo-home/bin/cargo" "+beta-2023-12-22" "generate-lockfile" "--manifest-path" "Cargo.toml", kill_on_drop: false }`
[INFO] [stderr]     Updating crates.io index
[INFO] running `Command { std: CARGO_HOME="/workspace/cargo-home" RUSTUP_HOME="/workspace/rustup-home" "/workspace/cargo-home/bin/cargo" "+beta-2023-12-22" "fetch" "--manifest-path" "Cargo.toml", kill_on_drop: false }`
[INFO] running `Command { std: "docker" "create" "-v" "/var/lib/crater-agent-workspace/builds/worker-5-tc2/target:/opt/rustwide/target:rw,Z" "-v" "/var/lib/crater-agent-workspace/builds/worker-5-tc2/source:/opt/rustwide/workdir:ro,Z" "-v" "/var/lib/crater-agent-workspace/cargo-home:/opt/rustwide/cargo-home:ro,Z" "-v" "/var/lib/crater-agent-workspace/rustup-home:/opt/rustwide/rustup-home:ro,Z" "-e" "SOURCE_DIR=/opt/rustwide/workdir" "-e" "CARGO_TARGET_DIR=/opt/rustwide/target" "-e" "CARGO_HOME=/opt/rustwide/cargo-home" "-e" "RUSTUP_HOME=/opt/rustwide/rustup-home" "-w" "/opt/rustwide/workdir" "-m" "1610612736" "--user" "0:0" "--network" "none" "ghcr.io/rust-lang/crates-build-env/linux@sha256:2788e3201cd34a07e3172128adcd8b3090168a8e3bcc40d7c032b9dda1df7d1c" "/opt/rustwide/cargo-home/bin/cargo" "+beta-2023-12-22" "metadata" "--no-deps" "--format-version=1", kill_on_drop: false }`
[INFO] [stdout] 29bcaeaa58008f1265cc52a50913fcbb04b3a11300fb1cf337efe393a152ebeb
[INFO] running `Command { std: "docker" "start" "-a" "29bcaeaa58008f1265cc52a50913fcbb04b3a11300fb1cf337efe393a152ebeb", kill_on_drop: false }`
[INFO] running `Command { std: "docker" "inspect" "29bcaeaa58008f1265cc52a50913fcbb04b3a11300fb1cf337efe393a152ebeb", kill_on_drop: false }`
[INFO] running `Command { std: "docker" "rm" "-f" "29bcaeaa58008f1265cc52a50913fcbb04b3a11300fb1cf337efe393a152ebeb", kill_on_drop: false }`
[INFO] [stdout] 29bcaeaa58008f1265cc52a50913fcbb04b3a11300fb1cf337efe393a152ebeb
[INFO] running `Command { std: "docker" "create" "-v" "/var/lib/crater-agent-workspace/builds/worker-5-tc2/target:/opt/rustwide/target:rw,Z" "-v" "/var/lib/crater-agent-workspace/builds/worker-5-tc2/source:/opt/rustwide/workdir:ro,Z" "-v" "/var/lib/crater-agent-workspace/cargo-home:/opt/rustwide/cargo-home:ro,Z" "-v" "/var/lib/crater-agent-workspace/rustup-home:/opt/rustwide/rustup-home:ro,Z" "-e" "SOURCE_DIR=/opt/rustwide/workdir" "-e" "CARGO_TARGET_DIR=/opt/rustwide/target" "-e" "CARGO_INCREMENTAL=0" "-e" "RUST_BACKTRACE=full" "-e" "RUSTFLAGS=--cap-lints=warn" "-e" "RUSTDOCFLAGS=--cap-lints=warn" "-e" "CARGO_HOME=/opt/rustwide/cargo-home" "-e" "RUSTUP_HOME=/opt/rustwide/rustup-home" "-w" "/opt/rustwide/workdir" "-m" "1610612736" "--user" "0:0" "--network" "none" "ghcr.io/rust-lang/crates-build-env/linux@sha256:2788e3201cd34a07e3172128adcd8b3090168a8e3bcc40d7c032b9dda1df7d1c" "/opt/rustwide/cargo-home/bin/cargo" "+beta-2023-12-22" "doc" "--frozen" "--no-deps" "--document-private-items" "--message-format=json", kill_on_drop: false }`
[INFO] [stdout] f89d2ee88e45901453ff0ec9e169042629dfe645a1d38a8efca75078b1f19b9a
[INFO] running `Command { std: "docker" "start" "-a" "f89d2ee88e45901453ff0ec9e169042629dfe645a1d38a8efca75078b1f19b9a", kill_on_drop: false }`
[INFO] [stderr]    Compiling syn v1.0.109
[INFO] [stderr]     Checking subtle v2.4.1
[INFO] [stderr]    Compiling semver v1.0.21
[INFO] [stderr]    Compiling libc v0.2.151
[INFO] [stderr]    Compiling generic-array v0.14.7
[INFO] [stderr]    Compiling num-traits v0.2.17
[INFO] [stderr]    Compiling num-integer v0.1.45
[INFO] [stderr]     Checking memchr v2.7.1
[INFO] [stderr]    Compiling crossbeam-utils v0.8.18
[INFO] [stderr]    Compiling thiserror v1.0.56
[INFO] [stderr]     Checking byteorder v1.5.0
[INFO] [stderr]    Compiling syn v2.0.48
[INFO] [stderr]     Checking either v1.9.0
[INFO] [stderr]    Compiling num-bigint v0.4.4
[INFO] [stderr]    Compiling getrandom v0.1.16
[INFO] [stderr]    Compiling crunchy v0.2.2
[INFO] [stderr]     Checking opaque-debug v0.3.0
[INFO] [stderr]    Compiling serde v1.0.195
[INFO] [stderr]    Compiling hashbrown v0.14.3
[INFO] [stderr]     Checking block-padding v0.2.1
[INFO] [stderr]    Compiling wasm-bindgen-shared v0.2.89
[INFO] [stderr]    Compiling toml_datetime v0.6.5
[INFO] [stderr]    Compiling rustc_version v0.4.0
[INFO] [stderr]    Compiling winnow v0.5.33
[INFO] [stderr]     Checking itertools v0.10.5
[INFO] [stderr]    Compiling digest v0.9.0
[INFO] [stderr]    Compiling ahash v0.7.7
[INFO] [stderr]    Compiling jobserver v0.1.27
[INFO] [stderr]     Checking crossbeam-epoch v0.9.17
[INFO] [stderr]    Compiling libsecp256k1-core v0.2.2
[INFO] [stderr]    Compiling serde_json v1.0.111
[INFO] [stderr]    Compiling rayon-core v1.12.0
[INFO] [stderr]    Compiling cc v1.0.83
[INFO] [stderr]    Compiling indexmap v2.1.0
[INFO] [stderr]     Checking crossbeam-deque v0.8.4
[INFO] [stderr]    Compiling feature-probe v0.1.1
[INFO] [stderr]    Compiling bumpalo v3.14.0
[INFO] [stderr]    Compiling anyhow v1.0.79
[INFO] [stderr]    Compiling solana-frozen-abi-macro v1.17.14
[INFO] [stderr]     Checking bitmaps v2.1.0
[INFO] [stderr]    Compiling bv v0.11.1
[INFO] [stderr]    Compiling im v15.1.0
[INFO] [stderr]     Checking rustc-hash v1.1.0
[INFO] [stderr]     Checking getrandom v0.2.11
[INFO] [stderr]     Checking arrayref v0.3.7
[INFO] [stderr]     Checking keccak v0.1.4
[INFO] [stderr]     Checking rayon v1.8.0
[INFO] [stderr]     Checking rand_core v0.5.1
[INFO] [stderr]     Checking rand_core v0.6.4
[INFO] [stderr]     Checking ahash v0.8.7
[INFO] [stderr]    Compiling libsecp256k1-gen-genmult v0.2.1
[INFO] [stderr]     Checking rand_chacha v0.3.1
[INFO] [stderr]     Checking rand_chacha v0.2.2
[INFO] [stderr]    Compiling libsecp256k1-gen-ecmult v0.2.1
[INFO] [stderr]     Checking rand_xoshiro v0.6.0
[INFO] [stderr]     Checking sized-chunks v0.6.5
[INFO] [stderr]     Checking rand v0.7.3
[INFO] [stderr]     Checking hashbrown v0.13.2
[INFO] [stderr]     Checking rand v0.8.5
[INFO] [stderr]     Checking hashbrown v0.11.2
[INFO] [stderr]    Compiling libsecp256k1 v0.6.0
[INFO] [stderr]    Compiling solana-frozen-abi v1.17.14
[INFO] [stderr]    Compiling memoffset v0.9.0
[INFO] [stderr]     Checking constant_time_eq v0.3.0
[INFO] [stderr]    Compiling bs58 v0.4.0
[INFO] [stderr]     Checking arrayvec v0.7.4
[INFO] [stderr]    Compiling wasm-bindgen v0.2.89
[INFO] [stderr]     Checking memmap2 v0.5.10
[INFO] [stderr]     Checking base64 v0.12.3
[INFO] [stderr]    Compiling blake3 v1.5.0
[INFO] [stderr]    Compiling solana-program v1.17.14
[INFO] [stderr]     Checking ark-std v0.4.0
[INFO] [stderr]     Checking aho-corasick v1.1.2
[INFO] [stderr]    Compiling toml_edit v0.19.15
[INFO] [stderr]    Compiling ident_case v1.0.1
[INFO] [stderr]    Compiling fnv v1.0.7
[INFO] [stderr]    Compiling strsim v0.10.0
[INFO] [stderr]     Checking atty v0.2.14
[INFO] [stderr]     Checking signature v1.6.4
[INFO] [stderr]     Checking termcolor v1.4.0
[INFO] [stderr]    Compiling solana-sdk v1.17.14
[INFO] [stderr]     Checking derivation-path v0.2.0
[INFO] [stderr]     Checking iana-time-zone v0.1.59
[INFO] [stderr]     Checking ed25519 v1.5.3
[INFO] [stderr]     Checking parking_lot_core v0.9.9
[INFO] [stderr]     Checking qstring v0.7.2
[INFO] [stderr]     Checking uriparse v0.6.4
[INFO] [stderr]     Checking assert_matches v1.5.0
[INFO] [stderr]    Compiling ring v0.17.7
[INFO] [stderr]     Checking num_cpus v1.16.0
[INFO] [stderr]     Checking socket2 v0.5.5
[INFO] [stderr]     Checking signal-hook-registry v1.4.1
[INFO] [stderr]     Checking parking_lot v0.12.1
[INFO] [stderr]     Checking mio v0.8.10
[INFO] [stderr]     Checking spin v0.9.8
[INFO] [stderr]     Checking futures-sink v0.3.30
[INFO] [stderr]    Compiling rustls v0.21.10
[INFO] [stderr]     Checking futures-io v0.3.30
[INFO] [stderr]     Checking futures-channel v0.3.30
[INFO] [stderr]     Checking http v0.2.11
[INFO] [stderr]    Compiling block-buffer v0.10.4
[INFO] [stderr]    Compiling crypto-common v0.1.6
[INFO] [stderr]    Compiling httparse v1.8.0
[INFO] [stderr]    Compiling crc32fast v1.3.2
[INFO] [stderr]     Checking idna v0.5.0
[INFO] [stderr]    Compiling digest v0.10.7
[INFO] [stderr]    Compiling toml v0.5.11
[INFO] [stderr]    Compiling sha2 v0.10.8
[INFO] [stderr]     Checking regex-automata v0.4.3
[INFO] [stderr]     Checking alloc-no-stdlib v2.0.4
[INFO] [stderr]     Checking try-lock v0.2.5
[INFO] [stderr]     Checking miniz_oxide v0.7.1
[INFO] [stderr]     Checking want v0.3.1
[INFO] [stderr]     Checking alloc-stdlib v0.2.2
[INFO] [stderr]    Compiling num-bigint v0.2.6
[INFO] [stderr]     Checking brotli-decompressor v2.5.1
[INFO] [stderr]     Checking httpdate v1.0.3
[INFO] [stderr]     Checking url v2.5.0
[INFO] [stderr]    Compiling num-complex v0.2.4
[INFO] [stderr]    Compiling wasm-bindgen-backend v0.2.89
[INFO] [stderr]    Compiling darling_core v0.20.3
[INFO] [stderr]    Compiling num-iter v0.1.43
[INFO] [stderr]     Checking http-body v0.4.6
[INFO] [stderr]    Compiling num-rational v0.2.4
[INFO] [stderr]     Checking flate2 v1.0.28
[INFO] [stderr]     Checking crossbeam-channel v0.5.10
[INFO] [stderr]    Compiling proc-macro-crate v1.3.1
[INFO] [stderr]     Checking encoding_rs v0.8.33
[INFO] [stderr]     Checking mime v0.3.17
[INFO] [stderr]    Compiling borsh-derive-internal v0.9.3
[INFO] [stderr]    Compiling borsh-schema-derive-internal v0.9.3
[INFO] [stderr]    Compiling proc-macro-crate v0.1.5
[INFO] [stderr]    Compiling borsh-schema-derive-internal v0.10.3
[INFO] [stderr]    Compiling borsh-derive-internal v0.10.3
[INFO] [stderr]     Checking ipnet v2.9.0
[INFO] [stderr]     Checking unreachable v1.0.0
[INFO] [stderr]     Checking brotli v3.4.0
[INFO] [stderr]     Checking gethostname v0.2.3
[INFO] [stderr]     Checking plain v0.2.3
[INFO] [stderr]     Checking ascii v0.9.3
[INFO] [stderr]    Compiling solana-program-runtime v1.17.14
[INFO] [stderr]    Compiling wasm-bindgen-macro-support v0.2.89
[INFO] [stderr]     Checking hash32 v0.2.1
[INFO] [stderr]     Checking eager v0.1.0
[INFO] [stderr]    Compiling zstd-sys v2.0.9+zstd.1.5.5
[INFO] [stderr]    Compiling toml_edit v0.20.7
[INFO] [stderr]     Checking combine v3.8.1
[INFO] [stderr]    Compiling time-core v0.1.2
[INFO] [stderr]    Compiling time-macros v0.2.16
[INFO] [stderr]     Checking num v0.2.1
[INFO] [stderr]    Compiling zstd-safe v5.0.2+zstd.1.5.2
[INFO] [stderr]     Checking percentage v0.1.0
[INFO] [stderr]    Compiling ring v0.16.20
[INFO] [stderr]    Compiling solana-version v1.17.14
[INFO] [stderr]     Checking solana-security-txt v1.1.1
[INFO] [stderr]    Compiling solana-vote-program v1.17.14
[INFO] [stderr]     Checking untrusted v0.7.1
[INFO] [stderr]     Checking regex v1.10.2
[INFO] [stderr]     Checking spin v0.5.2
[INFO] [stderr]     Checking base64 v0.13.1
[INFO] [stderr]    Compiling synstructure v0.12.6
[INFO] [stderr]    Compiling async-trait v0.1.77
[INFO] [stderr]     Checking nom v7.1.3
[INFO] [stderr]     Checking console v0.15.7
[INFO] [stderr]     Checking env_logger v0.9.3
[INFO] [stderr]     Checking Inflector v0.11.4
[INFO] [stderr]    Compiling memoffset v0.7.1
[INFO] [stderr]     Checking solana-logger v1.17.14
[INFO] [stderr]     Checking data-encoding v2.5.0
[INFO] [stderr]     Checking pem v1.1.1
[INFO] [stderr]    Compiling portable-atomic v1.6.0
[INFO] [stderr]    Compiling rustix v0.38.28
[INFO] [stderr]    Compiling indexmap v1.9.3
[INFO] [stderr]     Checking const-oid v0.7.1
[INFO] [stderr]    Compiling oid-registry v0.6.1
[INFO] [stderr]     Checking linux-raw-sys v0.4.12
[INFO] [stderr]     Checking rustls-native-certs v0.6.3
[INFO] [stderr]     Checking nix v0.26.4
[INFO] [stderr]     Checking der v0.5.1
[INFO] [stderr]    Compiling solana-perf v1.17.14
[INFO] [stderr]     Checking base64ct v1.6.0
[INFO] [stderr]    Compiling proc-macro-crate v2.0.0
[INFO] [stderr]     Checking number_prefix v0.4.0
[INFO] [stderr]    Compiling serde_derive v1.0.195
[INFO] [stderr]    Compiling thiserror-impl v1.0.56
[INFO] [stderr]    Compiling zeroize_derive v1.4.2
[INFO] [stderr]    Compiling bytemuck_derive v1.5.0
[INFO] [stderr]    Compiling wasm-bindgen-macro v0.2.89
[INFO] [stderr]    Compiling solana-sdk-macro v1.17.14
[INFO] [stderr]    Compiling darling_macro v0.20.3
[INFO] [stderr]    Compiling num_enum_derive v0.6.1
[INFO] [stderr]    Compiling qualifier_attr v0.2.2
[INFO] [stderr]    Compiling tokio-macros v2.2.0
[INFO] [stderr]    Compiling ark-serialize-derive v0.4.2
[INFO] [stderr]     Checking zeroize v1.3.0
[INFO] [stderr]    Compiling ark-ff-asm v0.4.2
[INFO] [stderr]    Compiling derivative v2.2.0
[INFO] [stderr]    Compiling ark-ff-macros v0.4.2
[INFO] [stderr]    Compiling borsh-derive v0.9.3
[INFO] [stderr]    Compiling borsh-derive v0.10.3
[INFO] [stderr]    Compiling num-derive v0.3.3
[INFO] [stderr]    Compiling darling v0.20.3
[INFO] [stderr]     Checking bytemuck v1.14.0
[INFO] [stderr]    Compiling serde_with_macros v2.3.3
[INFO] [stderr]    Compiling tracing-attributes v0.1.27
[INFO] [stderr]     Checking tokio v1.35.1
[INFO] [stderr]    Compiling futures-macro v0.3.30
[INFO] [stderr]     Checking merlin v3.0.0
[INFO] [stderr]    Compiling spl-discriminator-syn v0.1.1
[INFO] [stderr]    Compiling scroll_derive v0.11.1
[INFO] [stderr]    Compiling num-derive v0.4.1
[INFO] [stderr]    Compiling spl-program-error-derive v0.3.1
[INFO] [stderr]     Checking borsh v0.9.3
[INFO] [stderr]     Checking borsh v0.10.3
[INFO] [stderr]     Checking num_enum v0.6.1
[INFO] [stderr]    Compiling enum-iterator-derive v1.2.1
[INFO] [stderr]    Compiling spl-discriminator-derive v0.1.1
[INFO] [stderr]    Compiling num_enum_derive v0.7.1
[INFO] [stderr]     Checking time v0.3.31
[INFO] [stderr]    Compiling asn1-rs-derive v0.4.0
[INFO] [stderr]     Checking scroll v0.11.0
[INFO] [stderr]    Compiling asn1-rs-impl v0.1.0
[INFO] [stderr]     Checking rusticata-macros v4.1.0
[INFO] [stderr]    Compiling displaydoc v0.2.4
[INFO] [stderr]     Checking goblin v0.5.4
[INFO] [stderr]     Checking futures-util v0.3.30
[INFO] [stderr]    Compiling dlopen2_derive v0.3.0
[INFO] [stderr]     Checking os_str_bytes v6.6.1
[INFO] [stderr]     Checking enum-iterator v1.4.1
[INFO] [stderr]     Checking tracing v0.1.40
[INFO] [stderr]     Checking clap_lex v0.2.4
[INFO] [stderr]     Checking caps v0.5.5
[INFO] [stderr]    Compiling num_enum_derive v0.5.11
[INFO] [stderr]     Checking quinn-udp v0.4.1
[INFO] [stderr]     Checking indicatif v0.17.7
[INFO] [stderr]     Checking spki v0.5.4
[INFO] [stderr]     Checking solana-rayon-threadlimit v1.17.14
[INFO] [stderr]     Checking concurrent-queue v2.4.0
[INFO] [stderr]     Checking shell-words v1.1.0
[INFO] [stderr]     Checking yasna v0.5.2
[INFO] [stderr]     Checking textwrap v0.16.0
[INFO] [stderr]     Checking utf-8 v0.7.6
[INFO] [stderr]    Compiling parking_lot_core v0.8.6
[INFO] [stderr]     Checking asn1-rs v0.5.2
[INFO] [stderr]     Checking pkcs8 v0.8.0
[INFO] [stderr]     Checking dlopen2 v0.5.0
[INFO] [stderr]     Checking async-channel v1.9.0
[INFO] [stderr]     Checking clap v3.2.25
[INFO] [stderr]     Checking rtoolbox v0.0.2
[INFO] [stderr]     Checking instant v0.1.12
[INFO] [stderr]     Checking histogram v0.6.9
[INFO] [stderr]     Checking clap v2.34.0
[INFO] [stderr]     Checking async-mutex v1.4.0
[INFO] [stderr]     Checking rpassword v7.3.1
[INFO] [stderr]     Checking fs2 v0.4.3
[INFO] [stderr]     Checking fxhash v0.2.1
[INFO] [stderr]     Checking dashmap v4.0.2
[INFO] [stderr]    Compiling static-pubkey v1.0.3
[INFO] [stderr]     Checking num_enum v0.7.1
[INFO] [stderr]     Checking rcgen v0.10.0
[INFO] [stderr]     Checking parking_lot v0.11.2
[INFO] [stderr]     Checking sled v0.34.7
[INFO] [stderr]     Checking der-parser v8.2.0
[INFO] [stderr]     Checking num_enum v0.5.11
[INFO] [stderr]     Checking tokio-util v0.7.10
[INFO] [stderr]     Checking async-compression v0.4.5
[INFO] [stderr]     Checking x509-parser v0.14.0
[INFO] [stderr]     Checking tokio-stream v0.1.14
[INFO] [stderr]     Checking futures-executor v0.3.30
[INFO] [stderr]     Checking solana_rbpf v0.8.0
[INFO] [stderr]     Checking futures v0.3.30
[INFO] [stderr]     Checking h2 v0.3.22
[INFO] [stderr]     Checking bitflags v2.4.1
[INFO] [stderr]     Checking serde_bytes v0.11.14
[INFO] [stderr]     Checking bincode v1.3.3
[INFO] [stderr]     Checking chrono v0.4.31
[INFO] [stderr]     Checking serde_with v2.3.3
[INFO] [stderr]     Checking serde_urlencoded v0.7.1
[INFO] [stderr]     Checking tulip-sled-util v0.1.4
[INFO] [stderr]     Checking rustls-webpki v0.101.7
[INFO] [stderr]     Checking sct v0.7.1
[INFO] [stderr]     Checking block-buffer v0.9.0
[INFO] [stderr]     Checking crypto-mac v0.8.0
[INFO] [stderr]     Checking cipher v0.3.0
[INFO] [stderr]     Checking universal-hash v0.4.1
[INFO] [stderr]     Checking aead v0.4.3
[INFO] [stderr]     Checking curve25519-dalek v3.2.1
[INFO] [stderr]     Checking sha2 v0.9.9
[INFO] [stderr]     Checking hmac v0.8.1
[INFO] [stderr]     Checking pbkdf2 v0.4.0
[INFO] [stderr]     Checking polyval v0.5.3
[INFO] [stderr]     Checking aes v0.7.5
[INFO] [stderr]     Checking ctr v0.8.0
[INFO] [stderr]     Checking sha3 v0.9.1
[INFO] [stderr]     Checking hmac-drbg v0.3.0
[INFO] [stderr]     Checking jsonrpc-core v18.0.0
[INFO] [stderr]     Checking ark-serialize v0.4.2
[INFO] [stderr]     Checking sha3 v0.10.8
[INFO] [stderr]     Checking hmac v0.12.1
[INFO] [stderr]     Checking pbkdf2 v0.11.0
[INFO] [stderr]     Checking tiny-bip39 v0.8.2
[INFO] [stderr]     Checking webpki-roots v0.24.0
[INFO] [stderr]     Checking ark-ff v0.4.2
[INFO] [stderr]     Checking aes-gcm-siv v0.10.3
[INFO] [stderr]     Checking sha1 v0.10.6
[INFO] [stderr]     Checking ed25519-dalek v1.0.1
[INFO] [stderr]     Checking ed25519-dalek-bip32 v0.2.0
[INFO] [stderr]     Checking zstd v0.11.2+zstd.1.5.2
[INFO] [stderr]     Checking tempfile v3.9.0
[INFO] [stderr]     Checking dialoguer v0.10.4
[INFO] [stderr]     Checking hyper v0.14.28
[INFO] [stderr]     Checking tokio-rustls v0.24.1
[INFO] [stderr]     Checking quinn-proto v0.10.6
[INFO] [stderr]     Checking tungstenite v0.20.1
[INFO] [stderr]     Checking tokio-tungstenite v0.20.1
[INFO] [stderr]     Checking quinn v0.10.2
[INFO] [stderr]     Checking hyper-rustls v0.24.2
[INFO] [stderr]     Checking reqwest v0.11.23
[INFO] [stderr]     Checking ark-poly v0.4.2
[INFO] [stderr]     Checking ark-ec v0.4.2
[INFO] [stderr]     Checking ark-bn254 v0.4.0
[INFO] [stderr]     Checking light-poseidon v0.2.0
[INFO] [stderr]     Checking spl-program-error v0.3.0
[INFO] [stderr]     Checking spl-discriminator v0.1.0
[INFO] [stderr]     Checking spl-token v4.0.0
[INFO] [stderr]     Checking spl-memo v4.0.0
[INFO] [stderr]     Checking spl-token v3.5.0
[INFO] [stderr]     Checking spl-governance-tools v0.1.3
[INFO] [stdout] error[E0277]: the trait bound `T: borsh::de::BorshDeserialize` is not satisfied
[INFO] [stdout]    --> /opt/rustwide/cargo-home/registry/src/index.crates.io-6f17d22bba15001f/spl-governance-tools-0.1.3/src/account.rs:222:22
[INFO] [stdout]     |
[INFO] [stdout] 222 |     let account: T = try_from_slice_unchecked(&account_info.data.borrow())?;
[INFO] [stdout]     |                      ^^^^^^^^^^^^^^^^^^^^^^^^ the trait `borsh::de::BorshDeserialize` is not implemented for `T`
[INFO] [stdout]     |
[INFO] [stdout] note: required by a bound in `solana_program::borsh::try_from_slice_unchecked`
[INFO] [stdout]    --> /opt/rustwide/cargo-home/registry/src/index.crates.io-6f17d22bba15001f/solana-program-1.17.14/src/borsh.rs:38:36
[INFO] [stdout]     |
[INFO] [stdout] 38  | pub fn try_from_slice_unchecked<T: BorshDeserialize>(data: &[u8]) -> Result<T, Error> {
[INFO] [stdout]     |                                    ^^^^^^^^^^^^^^^^ required by this bound in `try_from_slice_unchecked`
[INFO] [stdout] help: consider further restricting this bound
[INFO] [stdout]     |
[INFO] [stdout] 211 | pub fn get_account_data<T: BorshDeserialize + IsInitialized + borsh::de::BorshDeserialize>(
[INFO] [stdout]     |                                                             +++++++++++++++++++++++++++++
[INFO] [stdout] 
[INFO] [stdout] 
[INFO] [stdout] error[E0277]: the trait bound `T: borsh::de::BorshDeserialize` is not satisfied
[INFO] [stdout]    --> /opt/rustwide/cargo-home/registry/src/index.crates.io-6f17d22bba15001f/spl-governance-tools-0.1.3/src/account.rs:243:27
[INFO] [stdout]     |
[INFO] [stdout] 243 |     let account_type: T = try_from_slice_unchecked(&account_info.data.borrow())?;
[INFO] [stdout]     |                           ^^^^^^^^^^^^^^^^^^^^^^^^ the trait `borsh::de::BorshDeserialize` is not implemented for `T`
[INFO] [stdout]     |
[INFO] [stdout] note: required by a bound in `solana_program::borsh::try_from_slice_unchecked`
[INFO] [stdout]    --> /opt/rustwide/cargo-home/registry/src/index.crates.io-6f17d22bba15001f/solana-program-1.17.14/src/borsh.rs:38:36
[INFO] [stdout]     |
[INFO] [stdout] 38  | pub fn try_from_slice_unchecked<T: BorshDeserialize>(data: &[u8]) -> Result<T, Error> {
[INFO] [stdout]     |                                    ^^^^^^^^^^^^^^^^ required by this bound in `try_from_slice_unchecked`
[INFO] [stdout] help: consider further restricting this bound
[INFO] [stdout]     |
[INFO] [stdout] 231 | pub fn get_account_type<T: BorshDeserialize + borsh::de::BorshDeserialize>(
[INFO] [stdout]     |                                             +++++++++++++++++++++++++++++
[INFO] [stdout] 
[INFO] [stdout] 
[INFO] [stdout] error[E0277]: the trait bound `T: borsh::de::BorshDeserialize` is not satisfied
[INFO] [stdout]    --> /opt/rustwide/cargo-home/registry/src/index.crates.io-6f17d22bba15001f/spl-governance-tools-0.1.3/src/account.rs:272:27
[INFO] [stdout]     |
[INFO] [stdout] 272 |     let account_type: T = try_from_slice_unchecked(&account_info.data.borrow())?;
[INFO] [stdout]     |                           ^^^^^^^^^^^^^^^^^^^^^^^^ the trait `borsh::de::BorshDeserialize` is not implemented for `T`
[INFO] [stdout]     |
[INFO] [stdout] note: required by a bound in `solana_program::borsh::try_from_slice_unchecked`
[INFO] [stdout]    --> /opt/rustwide/cargo-home/registry/src/index.crates.io-6f17d22bba15001f/solana-program-1.17.14/src/borsh.rs:38:36
[INFO] [stdout]     |
[INFO] [stdout] 38  | pub fn try_from_slice_unchecked<T: BorshDeserialize>(data: &[u8]) -> Result<T, Error> {
[INFO] [stdout]     |                                    ^^^^^^^^^^^^^^^^ required by this bound in `try_from_slice_unchecked`
[INFO] [stdout] help: consider further restricting this bound
[INFO] [stdout]     |
[INFO] [stdout] 260 | pub fn assert_is_valid_account_of_types<T: BorshDeserialize + PartialEq + borsh::de::BorshDeserialize, F: Fn(&T) -> bool>(
[INFO] [stdout]     |                                                                         +++++++++++++++++++++++++++++
[INFO] [stdout] 
[INFO] [stdout] 
[INFO] [stdout] error: aborting due to 3 previous errors
[INFO] [stdout] 
[INFO] [stdout] 
[INFO] [stdout] For more information about this error, try `rustc --explain E0277`.
[INFO] [stdout] 
[INFO] [stderr] error: could not compile `spl-governance-tools` (lib) due to 4 previous errors
[INFO] [stderr] warning: build failed, waiting for other jobs to finish...
[INFO] running `Command { std: "docker" "inspect" "f89d2ee88e45901453ff0ec9e169042629dfe645a1d38a8efca75078b1f19b9a", kill_on_drop: false }`
[INFO] running `Command { std: "docker" "rm" "-f" "f89d2ee88e45901453ff0ec9e169042629dfe645a1d38a8efca75078b1f19b9a", kill_on_drop: false }`
[INFO] [stdout] f89d2ee88e45901453ff0ec9e169042629dfe645a1d38a8efca75078b1f19b9a
