[INFO] fetching crate tremor 0.1.2...
[INFO] documenting tremor-0.1.2 against 1.75.0 for beta-1.76-rustdoc-1
[INFO] extracting crate tremor 0.1.2 into /workspace/builds/worker-5-tc1/source
[INFO] validating manifest of crates.io crate tremor 0.1.2 on toolchain 1.75.0
[INFO] running `Command { std: CARGO_HOME="/workspace/cargo-home" RUSTUP_HOME="/workspace/rustup-home" "/workspace/cargo-home/bin/cargo" "+1.75.0" "metadata" "--manifest-path" "Cargo.toml" "--no-deps", kill_on_drop: false }`
[INFO] started tweaking crates.io crate tremor 0.1.2
[INFO] finished tweaking crates.io crate tremor 0.1.2
[INFO] tweaked toml for crates.io crate tremor 0.1.2 written to /workspace/builds/worker-5-tc1/source/Cargo.toml
[INFO] running `Command { std: CARGO_HOME="/workspace/cargo-home" RUSTUP_HOME="/workspace/rustup-home" "/workspace/cargo-home/bin/cargo" "+1.75.0" "generate-lockfile" "--manifest-path" "Cargo.toml", kill_on_drop: false }`
[INFO] [stderr]     Updating crates.io index
[INFO] running `Command { std: CARGO_HOME="/workspace/cargo-home" RUSTUP_HOME="/workspace/rustup-home" "/workspace/cargo-home/bin/cargo" "+1.75.0" "fetch" "--manifest-path" "Cargo.toml", kill_on_drop: false }`
[INFO] [stderr]  Downloading crates ...
[INFO] [stderr]   Downloaded quasi_codegen v0.20.0
[INFO] [stderr]   Downloaded aster v0.27.0
[INFO] [stderr]   Downloaded serde_macros v0.8.9
[INFO] [stderr]   Downloaded quasi_macros v0.20.0
[INFO] [stderr]   Downloaded serde_yaml v0.4.1
[INFO] [stderr]   Downloaded quasi v0.20.1
[INFO] [stderr]   Downloaded serde_codegen v0.8.9
[INFO] [stderr]   Downloaded serde_codegen_internals v0.8.9
[INFO] running `Command { std: "docker" "create" "-v" "/var/lib/crater-agent-workspace/builds/worker-5-tc1/target:/opt/rustwide/target:rw,Z" "-v" "/var/lib/crater-agent-workspace/builds/worker-5-tc1/source:/opt/rustwide/workdir:ro,Z" "-v" "/var/lib/crater-agent-workspace/cargo-home:/opt/rustwide/cargo-home:ro,Z" "-v" "/var/lib/crater-agent-workspace/rustup-home:/opt/rustwide/rustup-home:ro,Z" "-e" "SOURCE_DIR=/opt/rustwide/workdir" "-e" "CARGO_TARGET_DIR=/opt/rustwide/target" "-e" "CARGO_HOME=/opt/rustwide/cargo-home" "-e" "RUSTUP_HOME=/opt/rustwide/rustup-home" "-w" "/opt/rustwide/workdir" "-m" "1610612736" "--user" "0:0" "--network" "none" "ghcr.io/rust-lang/crates-build-env/linux@sha256:2788e3201cd34a07e3172128adcd8b3090168a8e3bcc40d7c032b9dda1df7d1c" "/opt/rustwide/cargo-home/bin/cargo" "+1.75.0" "metadata" "--no-deps" "--format-version=1", kill_on_drop: false }`
[INFO] [stdout] c9217f971f55ec825692a0068a2a030ea3effcb492fee1a64d9249027d2bddd8
[INFO] running `Command { std: "docker" "start" "-a" "c9217f971f55ec825692a0068a2a030ea3effcb492fee1a64d9249027d2bddd8", kill_on_drop: false }`
[INFO] running `Command { std: "docker" "inspect" "c9217f971f55ec825692a0068a2a030ea3effcb492fee1a64d9249027d2bddd8", kill_on_drop: false }`
[INFO] running `Command { std: "docker" "rm" "-f" "c9217f971f55ec825692a0068a2a030ea3effcb492fee1a64d9249027d2bddd8", kill_on_drop: false }`
[INFO] [stdout] c9217f971f55ec825692a0068a2a030ea3effcb492fee1a64d9249027d2bddd8
[INFO] running `Command { std: "docker" "create" "-v" "/var/lib/crater-agent-workspace/builds/worker-5-tc1/target:/opt/rustwide/target:rw,Z" "-v" "/var/lib/crater-agent-workspace/builds/worker-5-tc1/source:/opt/rustwide/workdir:ro,Z" "-v" "/var/lib/crater-agent-workspace/cargo-home:/opt/rustwide/cargo-home:ro,Z" "-v" "/var/lib/crater-agent-workspace/rustup-home:/opt/rustwide/rustup-home:ro,Z" "-e" "SOURCE_DIR=/opt/rustwide/workdir" "-e" "CARGO_TARGET_DIR=/opt/rustwide/target" "-e" "CARGO_INCREMENTAL=0" "-e" "RUST_BACKTRACE=full" "-e" "RUSTFLAGS=--cap-lints=warn" "-e" "RUSTDOCFLAGS=--cap-lints=warn" "-e" "CARGO_HOME=/opt/rustwide/cargo-home" "-e" "RUSTUP_HOME=/opt/rustwide/rustup-home" "-w" "/opt/rustwide/workdir" "-m" "1610612736" "--user" "0:0" "--network" "none" "ghcr.io/rust-lang/crates-build-env/linux@sha256:2788e3201cd34a07e3172128adcd8b3090168a8e3bcc40d7c032b9dda1df7d1c" "/opt/rustwide/cargo-home/bin/cargo" "+1.75.0" "doc" "--frozen" "--no-deps" "--document-private-items" "--message-format=json", kill_on_drop: false }`
[INFO] [stdout] 919fb00e4d3bf2363f7afe54717f78db80263ca787d9e4365c3983f78dcc5dc1
[INFO] running `Command { std: "docker" "start" "-a" "919fb00e4d3bf2363f7afe54717f78db80263ca787d9e4365c3983f78dcc5dc1", kill_on_drop: false }`
[INFO] [stderr]    Compiling aster v0.27.0
[INFO] [stderr]    Compiling serde_codegen v0.8.9
[INFO] [stderr]    Compiling serde_codegen_internals v0.8.9
[INFO] [stderr]    Compiling quasi v0.20.1
[INFO] [stderr]     Checking yaml-rust v0.3.5
[INFO] [stderr]     Checking serde v0.8.23
[INFO] [stdout] error[E0557]: feature has been removed
[INFO] [stdout]  --> /opt/rustwide/cargo-home/registry/src/index.crates.io-6f17d22bba15001f/serde_codegen_internals-0.8.9/src/lib.rs:3:66
[INFO] [stdout]   |
[INFO] [stdout] 3 | #![cfg_attr(not(feature = "with-syntex"), feature(rustc_private, plugin))]
[INFO] [stdout]   |                                                                  ^^^^^^ feature has been removed
[INFO] [stdout]   |
[INFO] [stdout]   = note: plugins are no longer supported
[INFO] [stdout] 
[INFO] [stdout] 
[INFO] [stdout] error[E0463]: can't find crate for `syntax`
[INFO] [stdout]   --> /opt/rustwide/cargo-home/registry/src/index.crates.io-6f17d22bba15001f/serde_codegen_internals-0.8.9/src/lib.rs:13:1
[INFO] [stdout]    |
[INFO] [stdout] 13 | extern crate syntax;
[INFO] [stdout]    | ^^^^^^^^^^^^^^^^^^^^ can't find crate
[INFO] [stdout] 
[INFO] [stdout] 
[INFO] [stdout] error[E0463]: can't find crate for `rustc_errors`
[INFO] [stdout]   --> /opt/rustwide/cargo-home/registry/src/index.crates.io-6f17d22bba15001f/serde_codegen_internals-0.8.9/src/lib.rs:15:1
[INFO] [stdout]    |
[INFO] [stdout] 15 | extern crate rustc_errors as errors;
[INFO] [stdout]    | ^^^^^^^^^^^^^^^^^^^^^^^^^^^^^^^^^^^^ can't find crate
[INFO] [stdout]    |
[INFO] [stdout]    = help: maybe you need to install the missing components with: `rustup component add rust-src rustc-dev llvm-tools-preview`
[INFO] [stdout] 
[INFO] [stdout] 
[INFO] [stdout] error: cannot find macro `panictry` in this scope
[INFO] [stdout]    --> /opt/rustwide/cargo-home/registry/src/index.crates.io-6f17d22bba15001f/serde_codegen_internals-0.8.9/src/attr.rs:609:15
[INFO] [stdout]     |
[INFO] [stdout] 609 |     let tts = panictry!(parse::parse_tts_from_source_str(
[INFO] [stdout]     |               ^^^^^^^^
[INFO] [stdout] 
[INFO] [stdout] 
[INFO] [stdout] error[E0554]: `#![feature]` may not be used on the stable release channel
[INFO] [stdout]  --> /opt/rustwide/cargo-home/registry/src/index.crates.io-6f17d22bba15001f/serde_codegen_internals-0.8.9/src/lib.rs:3:43
[INFO] [stdout]   |
[INFO] [stdout] 3 | #![cfg_attr(not(feature = "with-syntex"), feature(rustc_private, plugin))]
[INFO] [stdout]   |                                           ^^^^^^^^^^^^^^^^^^^^^^^^^^^^^^
[INFO] [stdout] 
[INFO] [stdout] 
[INFO] [stdout] error[E0463]: can't find crate for `syntax`
[INFO] [stdout]   --> /opt/rustwide/cargo-home/registry/src/index.crates.io-6f17d22bba15001f/quasi-0.20.1/src/lib.rs:23:1
[INFO] [stdout]    |
[INFO] [stdout] 23 | extern crate syntax;
[INFO] [stdout]    | ^^^^^^^^^^^^^^^^^^^^ can't find crate
[INFO] [stdout] 
[INFO] [stdout] 
[INFO] [stdout] error[E0463]: can't find crate for `rustc_errors`
[INFO] [stdout]   --> /opt/rustwide/cargo-home/registry/src/index.crates.io-6f17d22bba15001f/quasi-0.20.1/src/lib.rs:25:1
[INFO] [stdout]    |
[INFO] [stdout] 25 | extern crate rustc_errors as errors;
[INFO] [stdout]    | ^^^^^^^^^^^^^^^^^^^^^^^^^^^^^^^^^^^^ can't find crate
[INFO] [stdout]    |
[INFO] [stdout]    = help: maybe you need to install the missing components with: `rustup component add rust-src rustc-dev llvm-tools-preview`
[INFO] [stdout] 
[INFO] [stdout] 
[INFO] [stdout] error: aborting due to 5 previous errors
[INFO] [stdout] 
[INFO] [stdout] 
[INFO] [stdout] Some errors have detailed explanations: E0463, E0554, E0557.
[INFO] [stdout] 
[INFO] [stdout] For more information about an error, try `rustc --explain E0463`.
[INFO] [stdout] 
[INFO] [stderr] error: could not compile `serde_codegen_internals` (lib) due to 6 previous errors
[INFO] [stderr] warning: build failed, waiting for other jobs to finish...
[INFO] [stdout] error: cannot find macro `panictry` in this scope
[INFO] [stdout]    --> /opt/rustwide/cargo-home/registry/src/index.crates.io-6f17d22bba15001f/quasi-0.20.1/src/lib.rs:410:9
[INFO] [stdout]     |
[INFO] [stdout] 410 |         panictry!(parser.parse_attribute(permit_inner))
[INFO] [stdout]     |         ^^^^^^^^
[INFO] [stdout] 
[INFO] [stdout] 
[INFO] [stdout] error: cannot find macro `panictry` in this scope
[INFO] [stdout]    --> /opt/rustwide/cargo-home/registry/src/index.crates.io-6f17d22bba15001f/quasi-0.20.1/src/lib.rs:406:5
[INFO] [stdout]     |
[INFO] [stdout] 406 |     panictry!(parser.parse_stmt())
[INFO] [stdout]     |     ^^^^^^^^
[INFO] [stdout] 
[INFO] [stdout] 
[INFO] [stdout] error: cannot find macro `panictry` in this scope
[INFO] [stdout]    --> /opt/rustwide/cargo-home/registry/src/index.crates.io-6f17d22bba15001f/quasi-0.20.1/src/lib.rs:402:9
[INFO] [stdout]     |
[INFO] [stdout] 402 |         panictry!(parser.parse_ty())
[INFO] [stdout]     |         ^^^^^^^^
[INFO] [stdout] 
[INFO] [stdout] 
[INFO] [stdout] error: cannot find macro `panictry` in this scope
[INFO] [stdout]    --> /opt/rustwide/cargo-home/registry/src/index.crates.io-6f17d22bba15001f/quasi-0.20.1/src/lib.rs:398:9
[INFO] [stdout]     |
[INFO] [stdout] 398 |         panictry!(parser.parse_arm())
[INFO] [stdout]     |         ^^^^^^^^
[INFO] [stdout] 
[INFO] [stdout] 
[INFO] [stdout] error: cannot find macro `panictry` in this scope
[INFO] [stdout]    --> /opt/rustwide/cargo-home/registry/src/index.crates.io-6f17d22bba15001f/quasi-0.20.1/src/lib.rs:394:9
[INFO] [stdout]     |
[INFO] [stdout] 394 |         panictry!(parser.parse_pat())
[INFO] [stdout]     |         ^^^^^^^^
[INFO] [stdout] 
[INFO] [stdout] 
[INFO] [stdout] error: cannot find macro `panictry` in this scope
[INFO] [stdout]    --> /opt/rustwide/cargo-home/registry/src/index.crates.io-6f17d22bba15001f/quasi-0.20.1/src/lib.rs:390:9
[INFO] [stdout]     |
[INFO] [stdout] 390 |         panictry!(parser.parse_item())
[INFO] [stdout]     |         ^^^^^^^^
[INFO] [stdout] 
[INFO] [stdout] 
[INFO] [stdout] error: cannot find macro `panictry` in this scope
[INFO] [stdout]    --> /opt/rustwide/cargo-home/registry/src/index.crates.io-6f17d22bba15001f/quasi-0.20.1/src/lib.rs:386:9
[INFO] [stdout]     |
[INFO] [stdout] 386 |         panictry!(parser.parse_expr())
[INFO] [stdout]     |         ^^^^^^^^
[INFO] [stdout] 
[INFO] [stdout] 
[INFO] [stdout] error: cannot find macro `panictry` in this scope
[INFO] [stdout]    --> /opt/rustwide/cargo-home/registry/src/index.crates.io-6f17d22bba15001f/quasi-0.20.1/src/lib.rs:377:9
[INFO] [stdout]     |
[INFO] [stdout] 377 |         panictry!(parse::parse_tts_from_source_str(
[INFO] [stdout]     |         ^^^^^^^^
[INFO] [stdout] 
[INFO] [stdout] 
[INFO] [stdout] error: cannot find macro `panictry` in this scope
[INFO] [stdout]    --> /opt/rustwide/cargo-home/registry/src/index.crates.io-6f17d22bba15001f/quasi-0.20.1/src/lib.rs:369:9
[INFO] [stdout]     |
[INFO] [stdout] 369 |         panictry!(parse::parse_expr_from_source_str(
[INFO] [stdout]     |         ^^^^^^^^
[INFO] [stdout] 
[INFO] [stdout] 
[INFO] [stdout] error: cannot find macro `panictry` in this scope
[INFO] [stdout]    --> /opt/rustwide/cargo-home/registry/src/index.crates.io-6f17d22bba15001f/quasi-0.20.1/src/lib.rs:361:9
[INFO] [stdout]     |
[INFO] [stdout] 361 |         panictry!(parse::parse_stmt_from_source_str(
[INFO] [stdout]     |         ^^^^^^^^
[INFO] [stdout] 
[INFO] [stdout] 
[INFO] [stdout] error: cannot find macro `panictry` in this scope
[INFO] [stdout]    --> /opt/rustwide/cargo-home/registry/src/index.crates.io-6f17d22bba15001f/quasi-0.20.1/src/lib.rs:353:9
[INFO] [stdout]     |
[INFO] [stdout] 353 |         panictry!(parse::parse_item_from_source_str(
[INFO] [stdout]     |         ^^^^^^^^
[INFO] [stdout] 
[INFO] [stdout] 
[INFO] [stdout] error: cannot find macro `panictry` in this scope
[INFO] [stdout]    --> /opt/rustwide/cargo-home/registry/src/index.crates.io-6f17d22bba15001f/quasi-0.20.1/src/lib.rs:159:9
[INFO] [stdout]     |
[INFO] [stdout] 159 |         panictry!(parse_tts_from_source_str("<quote expansion>".to_string(), s, cx.cfg(), cx.parse_sess()))
[INFO] [stdout]     |         ^^^^^^^^
[INFO] [stdout] 
[INFO] [stdout] 
[INFO] [stdout] error: cannot find macro `panictry` in this scope
[INFO] [stdout]    --> /opt/rustwide/cargo-home/registry/src/index.crates.io-6f17d22bba15001f/quasi-0.20.1/src/lib.rs:144:9
[INFO] [stdout]     |
[INFO] [stdout] 144 |         panictry!(parse_tts_from_source_str("<quote expansion>".to_string(), s, cx.cfg(), cx.parse_sess()))
[INFO] [stdout]     |         ^^^^^^^^
[INFO] [stdout] 
[INFO] [stdout] 
[INFO] [stdout] error[E0554]: `#![feature]` may not be used on the stable release channel
[INFO] [stdout]   --> /opt/rustwide/cargo-home/registry/src/index.crates.io-6f17d22bba15001f/quasi-0.20.1/src/lib.rs:11:43
[INFO] [stdout]    |
[INFO] [stdout] 11 | #![cfg_attr(not(feature = "with-syntex"), feature(rustc_private))]
[INFO] [stdout]    |                                           ^^^^^^^^^^^^^^^^^^^^^^
[INFO] [stdout] 
[INFO] [stdout] 
[INFO] [stdout] error: aborting due to 16 previous errors
[INFO] [stdout] 
[INFO] [stdout] 
[INFO] [stdout] Some errors have detailed explanations: E0463, E0554.
[INFO] [stdout] 
[INFO] [stdout] For more information about an error, try `rustc --explain E0463`.
[INFO] [stdout] 
[INFO] [stdout] error[E0463]: can't find crate for `syntax`
[INFO] [stdout]   --> /opt/rustwide/cargo-home/registry/src/index.crates.io-6f17d22bba15001f/aster-0.27.0/src/lib.rs:10:1
[INFO] [stdout]    |
[INFO] [stdout] 10 | extern crate syntax;
[INFO] [stdout]    | ^^^^^^^^^^^^^^^^^^^^ can't find crate
[INFO] [stdout] 
[INFO] [stdout] 
[INFO] [stdout] error[E0554]: `#![feature]` may not be used on the stable release channel
[INFO] [stdout]  --> /opt/rustwide/cargo-home/registry/src/index.crates.io-6f17d22bba15001f/aster-0.27.0/src/lib.rs:1:43
[INFO] [stdout]   |
[INFO] [stdout] 1 | #![cfg_attr(not(feature = "with-syntex"), feature(rustc_private))]
[INFO] [stdout]   |                                           ^^^^^^^^^^^^^^^^^^^^^^
[INFO] [stdout] 
[INFO] [stdout] 
[INFO] [stderr] error: could not compile `quasi` (lib) due to 17 previous errors
[INFO] [stdout] error: aborting due to 2 previous errors
[INFO] [stdout] 
[INFO] [stdout] 
[INFO] [stdout] Some errors have detailed explanations: E0463, E0554.
[INFO] [stdout] 
[INFO] [stdout] For more information about an error, try `rustc --explain E0463`.
[INFO] [stdout] 
[INFO] [stderr] error: could not compile `aster` (lib) due to 3 previous errors
[INFO] running `Command { std: "docker" "inspect" "919fb00e4d3bf2363f7afe54717f78db80263ca787d9e4365c3983f78dcc5dc1", kill_on_drop: false }`
[INFO] running `Command { std: "docker" "rm" "-f" "919fb00e4d3bf2363f7afe54717f78db80263ca787d9e4365c3983f78dcc5dc1", kill_on_drop: false }`
[INFO] [stdout] 919fb00e4d3bf2363f7afe54717f78db80263ca787d9e4365c3983f78dcc5dc1
