[INFO] fetching crate tp-consensus 0.8.2...
[INFO] documenting tp-consensus-0.8.2 against 1.75.0 for beta-1.76-rustdoc-1
[INFO] extracting crate tp-consensus 0.8.2 into /workspace/builds/worker-4-tc1/source
[INFO] validating manifest of crates.io crate tp-consensus 0.8.2 on toolchain 1.75.0
[INFO] running `Command { std: CARGO_HOME="/workspace/cargo-home" RUSTUP_HOME="/workspace/rustup-home" "/workspace/cargo-home/bin/cargo" "+1.75.0" "metadata" "--manifest-path" "Cargo.toml" "--no-deps", kill_on_drop: false }`
[INFO] started tweaking crates.io crate tp-consensus 0.8.2
[INFO] finished tweaking crates.io crate tp-consensus 0.8.2
[INFO] tweaked toml for crates.io crate tp-consensus 0.8.2 written to /workspace/builds/worker-4-tc1/source/Cargo.toml
[INFO] running `Command { std: CARGO_HOME="/workspace/cargo-home" RUSTUP_HOME="/workspace/rustup-home" "/workspace/cargo-home/bin/cargo" "+1.75.0" "generate-lockfile" "--manifest-path" "Cargo.toml", kill_on_drop: false }`
[INFO] [stderr]     Updating crates.io index
[INFO] running `Command { std: CARGO_HOME="/workspace/cargo-home" RUSTUP_HOME="/workspace/rustup-home" "/workspace/cargo-home/bin/cargo" "+1.75.0" "fetch" "--manifest-path" "Cargo.toml", kill_on_drop: false }`
[INFO] [stderr]  Downloading crates ...
[INFO] [stderr]   Downloaded prometheus-endpoint v0.8.1
[INFO] [stderr]   Downloaded tetsy-libp2p-core-derive v0.21.1
[INFO] [stderr]   Downloaded externalities v0.8.2
[INFO] [stderr]   Downloaded tetsy-libp2p v0.34.3
[INFO] [stderr]   Downloaded unsigned-varint v0.6.0
[INFO] [stderr]   Downloaded tetsy-multiaddr v0.11.2
[INFO] [stderr]   Downloaded tetsy-multistream-select v0.10.2
[INFO] [stderr]   Downloaded tetsy-libp2p-swarm v0.27.1
[INFO] [stderr]   Downloaded tp-state-machine v0.8.2
[INFO] [stderr]   Downloaded tetsy-libp2p-core v0.27.2
[INFO] [stderr]   Downloaded tp-inherents v2.1.2
[INFO] [stderr]   Downloaded tetcore-utils v2.1.2
[INFO] running `Command { std: "docker" "create" "-v" "/var/lib/crater-agent-workspace/builds/worker-4-tc1/target:/opt/rustwide/target:rw,Z" "-v" "/var/lib/crater-agent-workspace/builds/worker-4-tc1/source:/opt/rustwide/workdir:ro,Z" "-v" "/var/lib/crater-agent-workspace/cargo-home:/opt/rustwide/cargo-home:ro,Z" "-v" "/var/lib/crater-agent-workspace/rustup-home:/opt/rustwide/rustup-home:ro,Z" "-e" "SOURCE_DIR=/opt/rustwide/workdir" "-e" "CARGO_TARGET_DIR=/opt/rustwide/target" "-e" "CARGO_HOME=/opt/rustwide/cargo-home" "-e" "RUSTUP_HOME=/opt/rustwide/rustup-home" "-w" "/opt/rustwide/workdir" "-m" "1610612736" "--user" "0:0" "--network" "none" "ghcr.io/rust-lang/crates-build-env/linux@sha256:2788e3201cd34a07e3172128adcd8b3090168a8e3bcc40d7c032b9dda1df7d1c" "/opt/rustwide/cargo-home/bin/cargo" "+1.75.0" "metadata" "--no-deps" "--format-version=1", kill_on_drop: false }`
[INFO] [stdout] 7c1cf1f2e5ee7bbe3b96ab49352ee1b79ec43ae219ecaf4ae301d3076f609709
[INFO] running `Command { std: "docker" "start" "-a" "7c1cf1f2e5ee7bbe3b96ab49352ee1b79ec43ae219ecaf4ae301d3076f609709", kill_on_drop: false }`
[INFO] running `Command { std: "docker" "inspect" "7c1cf1f2e5ee7bbe3b96ab49352ee1b79ec43ae219ecaf4ae301d3076f609709", kill_on_drop: false }`
[INFO] running `Command { std: "docker" "rm" "-f" "7c1cf1f2e5ee7bbe3b96ab49352ee1b79ec43ae219ecaf4ae301d3076f609709", kill_on_drop: false }`
[INFO] [stdout] 7c1cf1f2e5ee7bbe3b96ab49352ee1b79ec43ae219ecaf4ae301d3076f609709
[INFO] running `Command { std: "docker" "create" "-v" "/var/lib/crater-agent-workspace/builds/worker-4-tc1/target:/opt/rustwide/target:rw,Z" "-v" "/var/lib/crater-agent-workspace/builds/worker-4-tc1/source:/opt/rustwide/workdir:ro,Z" "-v" "/var/lib/crater-agent-workspace/cargo-home:/opt/rustwide/cargo-home:ro,Z" "-v" "/var/lib/crater-agent-workspace/rustup-home:/opt/rustwide/rustup-home:ro,Z" "-e" "SOURCE_DIR=/opt/rustwide/workdir" "-e" "CARGO_TARGET_DIR=/opt/rustwide/target" "-e" "CARGO_INCREMENTAL=0" "-e" "RUST_BACKTRACE=full" "-e" "RUSTFLAGS=--cap-lints=warn" "-e" "RUSTDOCFLAGS=--cap-lints=warn" "-e" "CARGO_HOME=/opt/rustwide/cargo-home" "-e" "RUSTUP_HOME=/opt/rustwide/rustup-home" "-w" "/opt/rustwide/workdir" "-m" "1610612736" "--user" "0:0" "--network" "none" "ghcr.io/rust-lang/crates-build-env/linux@sha256:2788e3201cd34a07e3172128adcd8b3090168a8e3bcc40d7c032b9dda1df7d1c" "/opt/rustwide/cargo-home/bin/cargo" "+1.75.0" "doc" "--frozen" "--no-deps" "--document-private-items" "--message-format=json", kill_on_drop: false }`
[INFO] [stdout] 0fa04118106acf4ed68b72d8dc884ba6c1728a0ca501f42b452c0badaf0cba3b
[INFO] running `Command { std: "docker" "start" "-a" "0fa04118106acf4ed68b72d8dc884ba6c1728a0ca501f42b452c0badaf0cba3b", kill_on_drop: false }`
[INFO] [stderr]    Compiling proc-macro2 v1.0.76
[INFO] [stderr]     Checking futures-core v0.3.30
[INFO] [stderr]     Checking value-bag v1.4.3
[INFO] [stderr]     Checking futures-io v0.3.30
[INFO] [stderr]     Checking tracing-core v0.1.32
[INFO] [stderr]    Compiling getrandom v0.1.16
[INFO] [stderr]    Compiling generic-array v0.14.7
[INFO] [stderr]    Compiling radium v0.6.2
[INFO] [stderr]     Checking arrayvec v0.5.2
[INFO] [stderr]    Compiling num-traits v0.2.17
[INFO] [stderr]    Compiling anyhow v1.0.79
[INFO] [stderr]     Checking funty v1.1.0
[INFO] [stderr]     Checking wyz v0.2.0
[INFO] [stderr]     Checking subtle v2.5.0
[INFO] [stderr]    Compiling parking_lot_core v0.8.6
[INFO] [stderr]     Checking digest v0.8.1
[INFO] [stderr]     Checking futures-channel v0.3.30
[INFO] [stderr]     Checking getrandom v0.2.11
[INFO] [stderr]     Checking subtle v1.0.0
[INFO] [stderr]    Compiling rustix v0.38.28
[INFO] [stderr]    Compiling thiserror v1.0.56
[INFO] [stderr]     Checking block-buffer v0.7.3
[INFO] [stderr]     Checking log v0.4.20
[INFO] [stderr]     Checking crypto-mac v0.7.0
[INFO] [stderr]     Checking rand_core v0.6.4
[INFO] [stderr]    Compiling num-integer v0.1.45
[INFO] [stderr]     Checking tetcore-std v2.1.2
[INFO] [stderr]     Checking sha2 v0.8.2
[INFO] [stderr]     Checking hmac v0.7.1
[INFO] [stderr]    Compiling num-bigint v0.2.6
[INFO] [stderr]    Compiling arrayvec v0.4.12
[INFO] [stderr]    Compiling num-rational v0.2.4
[INFO] [stderr]     Checking rand_chacha v0.3.1
[INFO] [stderr]     Checking rand_core v0.5.1
[INFO] [stderr]     Checking hex v0.4.3
[INFO] [stderr]     Checking tracing v0.1.40
[INFO] [stderr]     Checking signature v1.6.4
[INFO] [stderr]    Compiling quote v1.0.35
[INFO] [stderr]     Checking parking_lot v0.11.2
[INFO] [stderr]     Checking bitvec v0.20.4
[INFO] [stderr]     Checking parking v2.2.0
[INFO] [stderr]     Checking rand_pcg v0.2.1
[INFO] [stderr]     Checking rand_chacha v0.2.2
[INFO] [stderr]     Checking rand v0.8.5
[INFO] [stderr]     Checking ed25519 v1.5.3
[INFO] [stderr]     Checking concurrent-queue v2.4.0
[INFO] [stderr]     Checking hmac-drbg v0.2.0
[INFO] [stderr]     Checking digest v0.9.0
[INFO] [stderr]     Checking block-buffer v0.9.0
[INFO] [stderr]     Checking ahash v0.4.8
[INFO] [stderr]    Compiling syn v2.0.48
[INFO] [stderr]    Compiling syn v1.0.109
[INFO] [stderr]     Checking uint-crate v0.9.1
[INFO] [stderr]     Checking tetsy-wasm v0.41.0
[INFO] [stderr]     Checking rand v0.7.3
[INFO] [stderr]     Checking crypto-mac v0.8.0
[INFO] [stderr]     Checking tracing-log v0.1.4
[INFO] [stderr]    Compiling tetsy-util-mem v0.9.1
[INFO] [stderr]     Checking sha2 v0.9.9
[INFO] [stderr]     Checking memory_units v0.3.0
[INFO] [stderr]     Checking tetsy-hash-db v0.15.3
[INFO] [stderr]     Checking environ v1.1.3
[INFO] [stderr]     Checking hashbrown v0.9.1
[INFO] [stderr]    Compiling tiny-keccak v2.0.2
[INFO] [stderr]     Checking nodrop v0.1.14
[INFO] [stderr]     Checking hmac v0.8.1
[INFO] [stderr]     Checking pbkdf2 v0.4.0
[INFO] [stderr]     Checking pbkdf2 v0.3.0
[INFO] [stderr]     Checking constant_time_eq v0.1.5
[INFO] [stderr]     Checking event-listener v4.0.3
[INFO] [stderr]     Checking tetsy-hash256-std-hasher v0.15.3
[INFO] [stderr]     Checking base58 v0.1.0
[INFO] [stderr]    Compiling linux-raw-sys v0.4.12
[INFO] [stderr]    Compiling bitflags v2.4.1
[INFO] [stderr]    Compiling itertools v0.9.0
[INFO] [stderr]    Compiling home v0.5.9
[INFO] [stderr]     Checking blake2-rfc v0.2.18
[INFO] [stderr]     Checking event-listener-strategy v0.4.0
[INFO] [stderr]     Checking backtrace v0.3.69
[INFO] [stderr]     Checking tetsy-trie-db v0.22.3
[INFO] [stderr]     Checking tetsy-fixed-hash v0.7.1
[INFO] [stderr]     Checking twox-hash v1.6.3
[INFO] [stderr]     Checking async-lock v3.2.0
[INFO] [stderr]     Checking futures-lite v2.2.0
[INFO] [stderr]     Checking tetsy-trie-root v0.16.1
[INFO] [stderr]    Compiling hashbrown v0.12.3
[INFO] [stderr]     Checking libsecp256k1 v0.3.5
[INFO] [stderr]     Checking chrono v0.4.31
[INFO] [stderr]    Compiling proc-macro-error-attr v1.0.4
[INFO] [stderr]     Checking panic-handler v2.1.2
[INFO] [stderr]     Checking twasmi-validation v0.3.0
[INFO] [stderr]    Compiling fastrand v2.0.1
[INFO] [stderr]    Compiling indexmap v1.9.3
[INFO] [stderr]    Compiling fixedbitset v0.2.0
[INFO] [stderr]    Compiling proc-macro-hack v0.5.20+deprecated
[INFO] [stderr]    Compiling pin-project-internal v0.4.30
[INFO] [stderr]    Compiling heck v0.3.3
[INFO] [stderr]    Compiling ring v0.16.20
[INFO] [stderr]    Compiling polling v2.8.0
[INFO] [stderr]    Compiling multimap v0.8.3
[INFO] [stderr]     Checking bytes v0.5.6
[INFO] [stderr]     Checking unicode-bidi v0.3.14
[INFO] [stderr]    Compiling rustix v0.37.27
[INFO] [stderr]    Compiling petgraph v0.5.1
[INFO] [stderr]    Compiling async-io v1.13.0
[INFO] [stderr]     Checking atomic-waker v1.1.2
[INFO] [stderr]     Checking fastrand v1.9.0
[INFO] [stderr]     Checking pin-project-lite v0.1.12
[INFO] [stderr]     Checking unsigned-varint v0.5.1
[INFO] [stderr]     Checking async-task v4.7.0
[INFO] [stderr]     Checking waker-fn v1.1.1
[INFO] [stderr]     Checking idna v0.5.0
[INFO] [stderr]     Checking futures-lite v1.13.0
[INFO] [stderr]     Checking tokio v0.2.25
[INFO] [stderr]     Checking piper v0.2.1
[INFO] [stderr]     Checking integer-sqrt v0.1.5
[INFO] [stderr]     Checking twasmi v0.6.2
[INFO] [stderr]     Checking async-channel v2.1.1
[INFO] [stderr]     Checking socket2 v0.4.10
[INFO] [stderr]     Checking signal-hook-registry v1.4.1
[INFO] [stderr]     Checking data-encoding v2.5.0
[INFO] [stderr]     Checking unsigned-varint v0.7.2
[INFO] [stderr]     Checking unsigned-varint v0.6.0
[INFO] [stderr]     Checking url v2.5.0
[INFO] [stderr]    Compiling prometheus v0.10.0
[INFO] [stderr]     Checking blocking v1.5.1
[INFO] [stderr]     Checking async-executor v1.8.0
[INFO] [stderr]     Checking event-listener v3.1.0
[INFO] [stderr]    Compiling paste-impl v0.1.18
[INFO] [stderr]     Checking void v1.0.2
[INFO] [stderr]     Checking want v0.3.1
[INFO] [stderr]     Checking http-body v0.3.1
[INFO] [stderr]     Checking async-channel v1.9.0
[INFO] [stderr]     Checking kv-log-macro v1.0.7
[INFO] [stderr]     Checking httpdate v0.3.2
[INFO] [stderr]     Checking atomic v0.5.3
[INFO] [stderr]     Checking paste v0.1.18
[INFO] [stderr]     Checking tokio-util v0.3.1
[INFO] [stderr]    Compiling synstructure v0.12.6
[INFO] [stderr]    Compiling proc-macro-error v1.0.4
[INFO] [stderr]    Compiling serde_derive v1.0.195
[INFO] [stderr]    Compiling futures-macro v0.3.30
[INFO] [stderr]    Compiling zeroize_derive v1.4.2
[INFO] [stderr]    Compiling thiserror-impl v1.0.56
[INFO] [stderr]    Compiling ref-cast-impl v1.0.22
[INFO] [stderr]    Compiling pin-project-internal v1.1.3
[INFO] [stderr]    Compiling async-trait v0.1.77
[INFO] [stderr]     Checking polling v3.3.1
[INFO] [stderr]    Compiling debug-derive v2.1.2
[INFO] [stderr]    Compiling impl-trait-for-tuples v0.2.2
[INFO] [stderr]    Compiling tetsy-util-mem-derive v0.1.1
[INFO] [stderr]    Compiling dyn-clonable-impl v0.9.0
[INFO] [stderr]    Compiling prost-derive v0.7.0
[INFO] [stderr]     Checking ref-cast v1.0.22
[INFO] [stderr]    Compiling which v4.4.2
[INFO] [stderr]    Compiling derive_more v0.99.17
[INFO] [stderr]    Compiling tempfile v3.9.0
[INFO] [stderr]     Checking zeroize v1.3.0
[INFO] [stderr]     Checking async-io v2.2.2
[INFO] [stderr]     Checking curve25519-dalek v3.2.1
[INFO] [stderr]     Checking futures-util v0.3.30
[INFO] [stderr]     Checking curve25519-dalek v2.1.3
[INFO] [stderr]     Checking merlin v2.0.1
[INFO] [stderr]     Checking dyn-clonable v0.9.0
[INFO] [stderr]     Checking secrecy v0.7.0
[INFO] [stderr]    Compiling prost-build v0.7.0
[INFO] [stderr]    Compiling multihash-derive v0.7.2
[INFO] [stderr]    Compiling asn1_der_derive v0.1.2
[INFO] [stderr]     Checking tiny-bip39 v0.8.2
[INFO] [stderr]     Checking async-signal v0.2.5
[INFO] [stderr]     Checking async-global-executor v2.4.1
[INFO] [stderr]     Checking async-process v1.8.1
[INFO] [stderr]    Compiling tetsy-libp2p-core-derive v0.21.1
[INFO] [stderr]     Checking async-std v1.12.0
[INFO] [stderr]     Checking pin-project v1.1.3
[INFO] [stderr]     Checking tracing-futures v0.2.5
[INFO] [stderr]     Checking asn1_der v0.6.3
[INFO] [stderr]    Compiling prost v0.7.0
[INFO] [stderr]    Compiling prost-types v0.7.0
[INFO] [stderr]     Checking multihash v0.13.2
[INFO] [stderr]     Checking serde v1.0.195
[INFO] [stderr]     Checking pin-project v0.4.30
[INFO] [stderr]     Checking futures-executor v0.3.30
[INFO] [stderr]     Checking h2 v0.2.7
[INFO] [stderr]     Checking futures v0.3.30
[INFO] [stderr]     Checking rw-stream-sink v0.2.1
[INFO] [stderr]     Checking tetsy-multistream-select v0.10.2
[INFO] [stderr]     Checking wasm-timer v0.2.5
[INFO] [stderr]     Checking tetcore-utils v2.1.2
[INFO] [stderr]    Compiling tetsy-libp2p-core v0.27.2
[INFO] [stderr]     Checking impl-serde v0.3.2
[INFO] [stderr]     Checking tetsy-impl-serde v0.3.2
[INFO] [stderr]     Checking ed25519-dalek v1.0.1
[INFO] [stderr]     Checking tracing-serde v0.1.3
[INFO] [stderr]     Checking serde_json v1.0.111
[INFO] [stderr]     Checking schnorrkel v0.9.1
[INFO] [stderr]     Checking tetsy-multiaddr v0.11.2
[INFO] [stderr]    Compiling toml v0.5.11
[INFO] [stderr]     Checking tetcore-bip39 v0.4.2
[INFO] [stderr]     Checking tracing-subscriber v0.2.25
[INFO] [stderr]    Compiling proc-macro-crate v0.1.5
[INFO] [stderr]    Compiling tetsy-scale-codec-derive v2.0.1
[INFO] [stderr]    Compiling tp-runtime-interface-proc-macro v2.1.2
[INFO] [stderr]    Compiling tp-api-proc-macro v2.1.2
[INFO] [stderr]     Checking tetsy-libp2p-swarm v0.27.1
[INFO] [stderr]     Checking hyper v0.13.10
[INFO] [stderr]     Checking tetsy-libp2p v0.34.3
[INFO] [stderr]     Checking tetsy-scale-codec v2.0.1
[INFO] [stderr]     Checking tetsy-impl-codec v0.5.1
[INFO] [stderr]     Checking tetcore-storage v2.1.2
[INFO] [stderr]     Checking tetcore-tracing v2.1.2
[INFO] [stderr]     Checking tetcore-wasm-interface v2.1.2
[INFO] [stderr]     Checking arithmetic v2.1.2
[INFO] [stderr]     Checking tetsy-primitive-types v0.9.1
[INFO] [stderr]     Checking externalities v2.1.2
[INFO] [stderr]     Checking externalities v0.8.2
[INFO] [stderr]     Checking prometheus-endpoint v0.8.1
[INFO] [stderr]     Checking tp-runtime-interface v2.1.2
[INFO] [stderr]     Checking tetsy-memory-db v0.26.0
[INFO] [stderr]     Checking tet-core v2.1.2
[INFO] [stderr]     Checking tp-trie v2.1.2
[INFO] [stderr]     Checking tp-keystore v2.1.2
[INFO] [stderr]     Checking tp-inherents v2.1.2
[INFO] [stderr]     Checking tp-state-machine v2.1.2
[INFO] [stderr]     Checking tp-state-machine v0.8.2
[INFO] [stdout] error[E0277]: the trait bound `BasicExternalities: externalities::extensions::ExtensionStore` is not satisfied
[INFO] [stdout]    --> /opt/rustwide/cargo-home/registry/src/index.crates.io-6f17d22bba15001f/tp-state-machine-0.8.2/src/basic.rs:137:24
[INFO] [stdout]     |
[INFO] [stdout] 137 | impl Externalities for BasicExternalities {
[INFO] [stdout]     |                        ^^^^^^^^^^^^^^^^^^ the trait `externalities::extensions::ExtensionStore` is not implemented for `BasicExternalities`
[INFO] [stdout]     |
[INFO] [stdout] note: required by a bound in `tet_core::traits::Externalities`
[INFO] [stdout]    --> /opt/rustwide/cargo-home/registry/src/index.crates.io-6f17d22bba15001f/externalities-2.1.2/src/lib.rs:54:26
[INFO] [stdout]     |
[INFO] [stdout] 54  | pub trait Externalities: ExtensionStore {
[INFO] [stdout]     |                          ^^^^^^^^^^^^^^ required by this bound in `Externalities`
[INFO] [stdout]     = note: `Externalities` is a "sealed trait", because to implement it you also need to implement `externalities::extensions::ExtensionStore`, which is not accessible; this is usually done to force you to use one of the provided types that already implement it
[INFO] [stdout] 
[INFO] [stdout] 
[INFO] [stdout] error[E0277]: the trait bound `ReadOnlyExternalities<'a, H, B>: externalities::extensions::ExtensionStore` is not satisfied
[INFO] [stdout]   --> /opt/rustwide/cargo-home/registry/src/index.crates.io-6f17d22bba15001f/tp-state-machine-0.8.2/src/read_only.rs:76:59
[INFO] [stdout]    |
[INFO] [stdout] 76 | impl<'a, H: Hasher, B: 'a + Backend<H>> Externalities for ReadOnlyExternalities<'a, H, B> {
[INFO] [stdout]    |                                                           ^^^^^^^^^^^^^^^^^^^^^^^^^^^^^^^ the trait `externalities::extensions::ExtensionStore` is not implemented for `ReadOnlyExternalities<'a, H, B>`
[INFO] [stdout]    |
[INFO] [stdout] note: required by a bound in `tet_core::traits::Externalities`
[INFO] [stdout]   --> /opt/rustwide/cargo-home/registry/src/index.crates.io-6f17d22bba15001f/externalities-2.1.2/src/lib.rs:54:26
[INFO] [stdout]    |
[INFO] [stdout] 54 | pub trait Externalities: ExtensionStore {
[INFO] [stdout]    |                          ^^^^^^^^^^^^^^ required by this bound in `Externalities`
[INFO] [stdout]    = note: `Externalities` is a "sealed trait", because to implement it you also need to implement `externalities::extensions::ExtensionStore`, which is not accessible; this is usually done to force you to use one of the provided types that already implement it
[INFO] [stdout] 
[INFO] [stdout] 
[INFO] [stdout] error: aborting due to 2 previous errors
[INFO] [stdout] 
[INFO] [stdout] 
[INFO] [stdout] For more information about this error, try `rustc --explain E0277`.
[INFO] [stdout] 
[INFO] [stderr] error: could not compile `tp-state-machine` (lib) due to 3 previous errors
[INFO] [stderr] warning: build failed, waiting for other jobs to finish...
[INFO] running `Command { std: "docker" "inspect" "0fa04118106acf4ed68b72d8dc884ba6c1728a0ca501f42b452c0badaf0cba3b", kill_on_drop: false }`
[INFO] running `Command { std: "docker" "rm" "-f" "0fa04118106acf4ed68b72d8dc884ba6c1728a0ca501f42b452c0badaf0cba3b", kill_on_drop: false }`
[INFO] [stdout] 0fa04118106acf4ed68b72d8dc884ba6c1728a0ca501f42b452c0badaf0cba3b
[INFO] documenting tp-consensus-0.8.2 against beta-2023-12-22 for beta-1.76-rustdoc-1
[INFO] extracting crate tp-consensus 0.8.2 into /workspace/builds/worker-4-tc2/source
[INFO] validating manifest of crates.io crate tp-consensus 0.8.2 on toolchain beta-2023-12-22
[INFO] running `Command { std: CARGO_HOME="/workspace/cargo-home" RUSTUP_HOME="/workspace/rustup-home" "/workspace/cargo-home/bin/cargo" "+beta-2023-12-22" "metadata" "--manifest-path" "Cargo.toml" "--no-deps", kill_on_drop: false }`
[INFO] started tweaking crates.io crate tp-consensus 0.8.2
[INFO] finished tweaking crates.io crate tp-consensus 0.8.2
[INFO] tweaked toml for crates.io crate tp-consensus 0.8.2 written to /workspace/builds/worker-4-tc2/source/Cargo.toml
[INFO] running `Command { std: CARGO_HOME="/workspace/cargo-home" RUSTUP_HOME="/workspace/rustup-home" "/workspace/cargo-home/bin/cargo" "+beta-2023-12-22" "generate-lockfile" "--manifest-path" "Cargo.toml", kill_on_drop: false }`
[INFO] [stderr]     Blocking waiting for file lock on package cache
[INFO] [stderr]     Updating crates.io index
[INFO] running `Command { std: CARGO_HOME="/workspace/cargo-home" RUSTUP_HOME="/workspace/rustup-home" "/workspace/cargo-home/bin/cargo" "+beta-2023-12-22" "fetch" "--manifest-path" "Cargo.toml", kill_on_drop: false }`
[INFO] running `Command { std: "docker" "create" "-v" "/var/lib/crater-agent-workspace/builds/worker-4-tc2/target:/opt/rustwide/target:rw,Z" "-v" "/var/lib/crater-agent-workspace/builds/worker-4-tc2/source:/opt/rustwide/workdir:ro,Z" "-v" "/var/lib/crater-agent-workspace/cargo-home:/opt/rustwide/cargo-home:ro,Z" "-v" "/var/lib/crater-agent-workspace/rustup-home:/opt/rustwide/rustup-home:ro,Z" "-e" "SOURCE_DIR=/opt/rustwide/workdir" "-e" "CARGO_TARGET_DIR=/opt/rustwide/target" "-e" "CARGO_HOME=/opt/rustwide/cargo-home" "-e" "RUSTUP_HOME=/opt/rustwide/rustup-home" "-w" "/opt/rustwide/workdir" "-m" "1610612736" "--user" "0:0" "--network" "none" "ghcr.io/rust-lang/crates-build-env/linux@sha256:2788e3201cd34a07e3172128adcd8b3090168a8e3bcc40d7c032b9dda1df7d1c" "/opt/rustwide/cargo-home/bin/cargo" "+beta-2023-12-22" "metadata" "--no-deps" "--format-version=1", kill_on_drop: false }`
[INFO] [stdout] b6c0ba64ebad65e260c0cf7c3cf609b8426ca119db66bbc3454098ab30ef9212
[INFO] running `Command { std: "docker" "start" "-a" "b6c0ba64ebad65e260c0cf7c3cf609b8426ca119db66bbc3454098ab30ef9212", kill_on_drop: false }`
[INFO] running `Command { std: "docker" "inspect" "b6c0ba64ebad65e260c0cf7c3cf609b8426ca119db66bbc3454098ab30ef9212", kill_on_drop: false }`
[INFO] running `Command { std: "docker" "rm" "-f" "b6c0ba64ebad65e260c0cf7c3cf609b8426ca119db66bbc3454098ab30ef9212", kill_on_drop: false }`
[INFO] [stdout] b6c0ba64ebad65e260c0cf7c3cf609b8426ca119db66bbc3454098ab30ef9212
[INFO] running `Command { std: "docker" "create" "-v" "/var/lib/crater-agent-workspace/builds/worker-4-tc2/target:/opt/rustwide/target:rw,Z" "-v" "/var/lib/crater-agent-workspace/builds/worker-4-tc2/source:/opt/rustwide/workdir:ro,Z" "-v" "/var/lib/crater-agent-workspace/cargo-home:/opt/rustwide/cargo-home:ro,Z" "-v" "/var/lib/crater-agent-workspace/rustup-home:/opt/rustwide/rustup-home:ro,Z" "-e" "SOURCE_DIR=/opt/rustwide/workdir" "-e" "CARGO_TARGET_DIR=/opt/rustwide/target" "-e" "CARGO_INCREMENTAL=0" "-e" "RUST_BACKTRACE=full" "-e" "RUSTFLAGS=--cap-lints=warn" "-e" "RUSTDOCFLAGS=--cap-lints=warn" "-e" "CARGO_HOME=/opt/rustwide/cargo-home" "-e" "RUSTUP_HOME=/opt/rustwide/rustup-home" "-w" "/opt/rustwide/workdir" "-m" "1610612736" "--user" "0:0" "--network" "none" "ghcr.io/rust-lang/crates-build-env/linux@sha256:2788e3201cd34a07e3172128adcd8b3090168a8e3bcc40d7c032b9dda1df7d1c" "/opt/rustwide/cargo-home/bin/cargo" "+beta-2023-12-22" "doc" "--frozen" "--no-deps" "--document-private-items" "--message-format=json", kill_on_drop: false }`
[INFO] [stdout] 6c7b2fe32ee78d5e35deac26f268ada39f86af4b4001748f9b3e8fe93068628c
[INFO] running `Command { std: "docker" "start" "-a" "6c7b2fe32ee78d5e35deac26f268ada39f86af4b4001748f9b3e8fe93068628c", kill_on_drop: false }`
[INFO] [stderr]    Compiling proc-macro2 v1.0.76
[INFO] [stderr]     Checking futures-core v0.3.30
[INFO] [stderr]     Checking value-bag v1.4.3
[INFO] [stderr]     Checking futures-io v0.3.30
[INFO] [stderr]     Checking tracing-core v0.1.32
[INFO] [stderr]    Compiling getrandom v0.1.16
[INFO] [stderr]    Compiling generic-array v0.14.7
[INFO] [stderr]    Compiling radium v0.6.2
[INFO] [stderr]     Checking arrayvec v0.5.2
[INFO] [stderr]    Compiling num-traits v0.2.17
[INFO] [stderr]    Compiling anyhow v1.0.79
[INFO] [stderr]     Checking subtle v2.5.0
[INFO] [stderr]     Checking funty v1.1.0
[INFO] [stderr]     Checking wyz v0.2.0
[INFO] [stderr]    Compiling parking_lot_core v0.8.6
[INFO] [stderr]     Checking digest v0.8.1
[INFO] [stderr]     Checking futures-channel v0.3.30
[INFO] [stderr]     Checking getrandom v0.2.11
[INFO] [stderr]    Compiling rustix v0.38.28
[INFO] [stderr]     Checking subtle v1.0.0
[INFO] [stderr]    Compiling thiserror v1.0.56
[INFO] [stderr]     Checking log v0.4.20
[INFO] [stderr]     Checking block-buffer v0.7.3
[INFO] [stderr]     Checking rand_core v0.6.4
[INFO] [stderr]    Compiling num-integer v0.1.45
[INFO] [stderr]     Checking crypto-mac v0.7.0
[INFO] [stderr]     Checking tetcore-std v2.1.2
[INFO] [stderr]     Checking sha2 v0.8.2
[INFO] [stderr]    Compiling num-bigint v0.2.6
[INFO] [stderr]    Compiling arrayvec v0.4.12
[INFO] [stderr]     Checking hmac v0.7.1
[INFO] [stderr]     Checking rand_chacha v0.3.1
[INFO] [stderr]    Compiling num-rational v0.2.4
[INFO] [stderr]     Checking rand_core v0.5.1
[INFO] [stderr]     Checking hex v0.4.3
[INFO] [stderr]     Checking tracing v0.1.40
[INFO] [stderr]     Checking signature v1.6.4
[INFO] [stderr]     Checking parking_lot v0.11.2
[INFO] [stderr]     Checking parking v2.2.0
[INFO] [stderr]    Compiling quote v1.0.35
[INFO] [stderr]     Checking bitvec v0.20.4
[INFO] [stderr]     Checking rand_chacha v0.2.2
[INFO] [stderr]     Checking rand_pcg v0.2.1
[INFO] [stderr]     Checking rand v0.8.5
[INFO] [stderr]     Checking ed25519 v1.5.3
[INFO] [stderr]     Checking hmac-drbg v0.2.0
[INFO] [stderr]     Checking digest v0.9.0
[INFO] [stderr]     Checking block-buffer v0.9.0
[INFO] [stderr]     Checking concurrent-queue v2.4.0
[INFO] [stderr]     Checking tetsy-wasm v0.41.0
[INFO] [stderr]     Checking uint-crate v0.9.1
[INFO] [stderr]     Checking ahash v0.4.8
[INFO] [stderr]     Checking crypto-mac v0.8.0
[INFO] [stderr]     Checking tracing-log v0.1.4
[INFO] [stderr]    Compiling tetsy-util-mem v0.9.1
[INFO] [stderr]     Checking sha2 v0.9.9
[INFO] [stderr]     Checking rand v0.7.3
[INFO] [stderr]     Checking tetsy-hash-db v0.15.3
[INFO] [stderr]    Compiling syn v2.0.48
[INFO] [stderr]    Compiling syn v1.0.109
[INFO] [stderr]     Checking hashbrown v0.9.1
[INFO] [stderr]     Checking environ v1.1.3
[INFO] [stderr]     Checking memory_units v0.3.0
[INFO] [stderr]     Checking nodrop v0.1.14
[INFO] [stderr]    Compiling tiny-keccak v2.0.2
[INFO] [stderr]     Checking hmac v0.8.1
[INFO] [stderr]     Checking pbkdf2 v0.4.0
[INFO] [stderr]     Checking pbkdf2 v0.3.0
[INFO] [stderr]     Checking constant_time_eq v0.1.5
[INFO] [stderr]     Checking event-listener v4.0.3
[INFO] [stderr]     Checking tetsy-hash256-std-hasher v0.15.3
[INFO] [stderr]     Checking base58 v0.1.0
[INFO] [stderr]    Compiling linux-raw-sys v0.4.12
[INFO] [stderr]    Compiling bitflags v2.4.1
[INFO] [stderr]    Compiling itertools v0.9.0
[INFO] [stderr]     Checking blake2-rfc v0.2.18
[INFO] [stderr]    Compiling home v0.5.9
[INFO] [stderr]     Checking backtrace v0.3.69
[INFO] [stderr]     Checking event-listener-strategy v0.4.0
[INFO] [stderr]     Checking tetsy-fixed-hash v0.7.1
[INFO] [stderr]     Checking twox-hash v1.6.3
[INFO] [stderr]     Checking tetsy-trie-db v0.22.3
[INFO] [stderr]     Checking futures-lite v2.2.0
[INFO] [stderr]     Checking async-lock v3.2.0
[INFO] [stderr]     Checking tetsy-trie-root v0.16.1
[INFO] [stderr]    Compiling hashbrown v0.12.3
[INFO] [stderr]    Compiling proc-macro-error-attr v1.0.4
[INFO] [stderr]     Checking libsecp256k1 v0.3.5
[INFO] [stderr]     Checking chrono v0.4.31
[INFO] [stderr]     Checking twasmi-validation v0.3.0
[INFO] [stderr]     Checking panic-handler v2.1.2
[INFO] [stderr]    Compiling proc-macro-hack v0.5.20+deprecated
[INFO] [stderr]    Compiling pin-project-internal v0.4.30
[INFO] [stderr]    Compiling fastrand v2.0.1
[INFO] [stderr]    Compiling indexmap v1.9.3
[INFO] [stderr]    Compiling fixedbitset v0.2.0
[INFO] [stderr]    Compiling heck v0.3.3
[INFO] [stderr]    Compiling ring v0.16.20
[INFO] [stderr]    Compiling polling v2.8.0
[INFO] [stderr]    Compiling multimap v0.8.3
[INFO] [stderr]    Compiling rustix v0.37.27
[INFO] [stderr]     Checking unicode-bidi v0.3.14
[INFO] [stderr]     Checking bytes v0.5.6
[INFO] [stderr]    Compiling petgraph v0.5.1
[INFO] [stderr]    Compiling async-io v1.13.0
[INFO] [stderr]     Checking fastrand v1.9.0
[INFO] [stderr]     Checking atomic-waker v1.1.2
[INFO] [stderr]     Checking idna v0.5.0
[INFO] [stderr]     Checking waker-fn v1.1.1
[INFO] [stderr]     Checking unsigned-varint v0.5.1
[INFO] [stderr]     Checking async-task v4.7.0
[INFO] [stderr]     Checking pin-project-lite v0.1.12
[INFO] [stderr]     Checking piper v0.2.1
[INFO] [stderr]     Checking tokio v0.2.25
[INFO] [stderr]     Checking futures-lite v1.13.0
[INFO] [stderr]     Checking integer-sqrt v0.1.5
[INFO] [stderr]     Checking async-channel v2.1.1
[INFO] [stderr]     Checking socket2 v0.4.10
[INFO] [stderr]     Checking signal-hook-registry v1.4.1
[INFO] [stderr]     Checking twasmi v0.6.2
[INFO] [stderr]     Checking url v2.5.0
[INFO] [stderr]     Checking unsigned-varint v0.7.2
[INFO] [stderr]     Checking unsigned-varint v0.6.0
[INFO] [stderr]     Checking data-encoding v2.5.0
[INFO] [stderr]    Compiling prometheus v0.10.0
[INFO] [stderr]     Checking blocking v1.5.1
[INFO] [stderr]    Compiling paste-impl v0.1.18
[INFO] [stderr]     Checking async-executor v1.8.0
[INFO] [stderr]     Checking event-listener v3.1.0
[INFO] [stderr]     Checking void v1.0.2
[INFO] [stderr]     Checking want v0.3.1
[INFO] [stderr]     Checking http-body v0.3.1
[INFO] [stderr]     Checking async-channel v1.9.0
[INFO] [stderr]     Checking kv-log-macro v1.0.7
[INFO] [stderr]     Checking httpdate v0.3.2
[INFO] [stderr]     Checking atomic v0.5.3
[INFO] [stderr]     Checking paste v0.1.18
[INFO] [stderr]     Checking tokio-util v0.3.1
[INFO] [stderr]    Compiling synstructure v0.12.6
[INFO] [stderr]    Compiling proc-macro-error v1.0.4
[INFO] [stderr]    Compiling serde_derive v1.0.195
[INFO] [stderr]    Compiling futures-macro v0.3.30
[INFO] [stderr]    Compiling zeroize_derive v1.4.2
[INFO] [stderr]    Compiling thiserror-impl v1.0.56
[INFO] [stderr]    Compiling ref-cast-impl v1.0.22
[INFO] [stderr]    Compiling pin-project-internal v1.1.3
[INFO] [stderr]    Compiling async-trait v0.1.77
[INFO] [stderr]    Compiling which v4.4.2
[INFO] [stderr]    Compiling tempfile v3.9.0
[INFO] [stderr]     Checking polling v3.3.1
[INFO] [stderr]    Compiling debug-derive v2.1.2
[INFO] [stderr]    Compiling impl-trait-for-tuples v0.2.2
[INFO] [stderr]    Compiling tetsy-util-mem-derive v0.1.1
[INFO] [stderr]    Compiling dyn-clonable-impl v0.9.0
[INFO] [stderr]    Compiling prost-derive v0.7.0
[INFO] [stderr]    Compiling derive_more v0.99.17
[INFO] [stderr]    Compiling prost-build v0.7.0
[INFO] [stderr]     Checking async-io v2.2.2
[INFO] [stderr]     Checking zeroize v1.3.0
[INFO] [stderr]     Checking ref-cast v1.0.22
[INFO] [stderr]     Checking curve25519-dalek v3.2.1
[INFO] [stderr]     Checking merlin v2.0.1
[INFO] [stderr]     Checking curve25519-dalek v2.1.3
[INFO] [stderr]     Checking secrecy v0.7.0
[INFO] [stderr]     Checking futures-util v0.3.30
[INFO] [stderr]    Compiling multihash-derive v0.7.2
[INFO] [stderr]    Compiling asn1_der_derive v0.1.2
[INFO] [stderr]     Checking async-signal v0.2.5
[INFO] [stderr]     Checking dyn-clonable v0.9.0
[INFO] [stderr]     Checking async-global-executor v2.4.1
[INFO] [stderr]     Checking pin-project v1.1.3
[INFO] [stderr]    Compiling tetsy-libp2p-core-derive v0.21.1
[INFO] [stderr]     Checking async-process v1.8.1
[INFO] [stderr]     Checking tracing-futures v0.2.5
[INFO] [stderr]     Checking async-std v1.12.0
[INFO] [stderr]     Checking tiny-bip39 v0.8.2
[INFO] [stderr]     Checking asn1_der v0.6.3
[INFO] [stderr]    Compiling prost v0.7.0
[INFO] [stderr]     Checking pin-project v0.4.30
[INFO] [stderr]    Compiling prost-types v0.7.0
[INFO] [stderr]     Checking multihash v0.13.2
[INFO] [stderr]     Checking serde v1.0.195
[INFO] [stderr]     Checking futures-executor v0.3.30
[INFO] [stderr]     Checking h2 v0.2.7
[INFO] [stderr]    Compiling tetsy-libp2p-core v0.27.2
[INFO] [stderr]     Checking futures v0.3.30
[INFO] [stderr]     Checking tetsy-multistream-select v0.10.2
[INFO] [stderr]     Checking rw-stream-sink v0.2.1
[INFO] [stderr]     Checking wasm-timer v0.2.5
[INFO] [stderr]     Checking tetcore-utils v2.1.2
[INFO] [stderr]     Checking impl-serde v0.3.2
[INFO] [stderr]     Checking tetsy-impl-serde v0.3.2
[INFO] [stderr]     Checking ed25519-dalek v1.0.1
[INFO] [stderr]     Checking tracing-serde v0.1.3
[INFO] [stderr]     Checking serde_json v1.0.111
[INFO] [stderr]     Checking schnorrkel v0.9.1
[INFO] [stderr]     Checking tetsy-multiaddr v0.11.2
[INFO] [stderr]    Compiling toml v0.5.11
[INFO] [stderr]     Checking tetcore-bip39 v0.4.2
[INFO] [stderr]     Checking tracing-subscriber v0.2.25
[INFO] [stderr]    Compiling proc-macro-crate v0.1.5
[INFO] [stderr]     Checking tetsy-libp2p-swarm v0.27.1
[INFO] [stderr]    Compiling tetsy-scale-codec-derive v2.0.1
[INFO] [stderr]    Compiling tp-runtime-interface-proc-macro v2.1.2
[INFO] [stderr]    Compiling tp-api-proc-macro v2.1.2
[INFO] [stderr]     Checking hyper v0.13.10
[INFO] [stderr]     Checking tetsy-libp2p v0.34.3
[INFO] [stderr]     Checking tetsy-scale-codec v2.0.1
[INFO] [stderr]     Checking tetsy-impl-codec v0.5.1
[INFO] [stderr]     Checking tetcore-storage v2.1.2
[INFO] [stderr]     Checking tetcore-tracing v2.1.2
[INFO] [stderr]     Checking tetcore-wasm-interface v2.1.2
[INFO] [stderr]     Checking arithmetic v2.1.2
[INFO] [stderr]     Checking tetsy-primitive-types v0.9.1
[INFO] [stderr]     Checking externalities v2.1.2
[INFO] [stderr]     Checking externalities v0.8.2
[INFO] [stderr]     Checking prometheus-endpoint v0.8.1
[INFO] [stderr]     Checking tp-runtime-interface v2.1.2
[INFO] [stderr]     Checking tetsy-memory-db v0.26.0
[INFO] [stderr]     Checking tet-core v2.1.2
[INFO] [stderr]     Checking tp-trie v2.1.2
[INFO] [stderr]     Checking tp-keystore v2.1.2
[INFO] [stderr]     Checking tp-inherents v2.1.2
[INFO] [stderr]     Checking tp-state-machine v2.1.2
[INFO] [stderr]     Checking tp-state-machine v0.8.2
[INFO] [stdout] error[E0277]: the trait bound `BasicExternalities: externalities::extensions::ExtensionStore` is not satisfied
[INFO] [stdout]    --> /opt/rustwide/cargo-home/registry/src/index.crates.io-6f17d22bba15001f/tp-state-machine-0.8.2/src/basic.rs:137:24
[INFO] [stdout]     |
[INFO] [stdout] 137 | impl Externalities for BasicExternalities {
[INFO] [stdout]     |                        ^^^^^^^^^^^^^^^^^^ the trait `externalities::extensions::ExtensionStore` is not implemented for `BasicExternalities`
[INFO] [stdout]     |
[INFO] [stdout] note: required by a bound in `tet_core::traits::Externalities`
[INFO] [stdout]    --> /opt/rustwide/cargo-home/registry/src/index.crates.io-6f17d22bba15001f/externalities-2.1.2/src/lib.rs:54:26
[INFO] [stdout]     |
[INFO] [stdout] 54  | pub trait Externalities: ExtensionStore {
[INFO] [stdout]     |                          ^^^^^^^^^^^^^^ required by this bound in `Externalities`
[INFO] [stdout]     = note: `Externalities` is a "sealed trait", because to implement it you also need to implement `externalities::extensions::ExtensionStore`, which is not accessible; this is usually done to force you to use one of the provided types that already implement it
[INFO] [stdout] 
[INFO] [stdout] 
[INFO] [stdout] error[E0277]: the trait bound `ReadOnlyExternalities<'a, H, B>: externalities::extensions::ExtensionStore` is not satisfied
[INFO] [stdout]   --> /opt/rustwide/cargo-home/registry/src/index.crates.io-6f17d22bba15001f/tp-state-machine-0.8.2/src/read_only.rs:76:59
[INFO] [stdout]    |
[INFO] [stdout] 76 | impl<'a, H: Hasher, B: 'a + Backend<H>> Externalities for ReadOnlyExternalities<'a, H, B> {
[INFO] [stdout]    |                                                           ^^^^^^^^^^^^^^^^^^^^^^^^^^^^^^^ the trait `externalities::extensions::ExtensionStore` is not implemented for `ReadOnlyExternalities<'a, H, B>`
[INFO] [stdout]    |
[INFO] [stdout] note: required by a bound in `tet_core::traits::Externalities`
[INFO] [stdout]   --> /opt/rustwide/cargo-home/registry/src/index.crates.io-6f17d22bba15001f/externalities-2.1.2/src/lib.rs:54:26
[INFO] [stdout]    |
[INFO] [stdout] 54 | pub trait Externalities: ExtensionStore {
[INFO] [stdout]    |                          ^^^^^^^^^^^^^^ required by this bound in `Externalities`
[INFO] [stdout]    = note: `Externalities` is a "sealed trait", because to implement it you also need to implement `externalities::extensions::ExtensionStore`, which is not accessible; this is usually done to force you to use one of the provided types that already implement it
[INFO] [stdout] 
[INFO] [stdout] 
[INFO] [stdout] error: aborting due to 2 previous errors
[INFO] [stdout] 
[INFO] [stdout] 
[INFO] [stdout] For more information about this error, try `rustc --explain E0277`.
[INFO] [stdout] 
[INFO] [stderr] error: could not compile `tp-state-machine` (lib) due to 3 previous errors
[INFO] [stderr] warning: build failed, waiting for other jobs to finish...
[INFO] running `Command { std: "docker" "inspect" "6c7b2fe32ee78d5e35deac26f268ada39f86af4b4001748f9b3e8fe93068628c", kill_on_drop: false }`
[INFO] running `Command { std: "docker" "rm" "-f" "6c7b2fe32ee78d5e35deac26f268ada39f86af4b4001748f9b3e8fe93068628c", kill_on_drop: false }`
[INFO] [stdout] 6c7b2fe32ee78d5e35deac26f268ada39f86af4b4001748f9b3e8fe93068628c
