[INFO] fetching crate torrust-tracker 3.0.0-alpha.11...
[INFO] documenting torrust-tracker-3.0.0-alpha.11 against 1.75.0 for beta-1.76-rustdoc-1
[INFO] extracting crate torrust-tracker 3.0.0-alpha.11 into /workspace/builds/worker-0-tc1/source
[INFO] validating manifest of crates.io crate torrust-tracker 3.0.0-alpha.11 on toolchain 1.75.0
[INFO] running `Command { std: CARGO_HOME="/workspace/cargo-home" RUSTUP_HOME="/workspace/rustup-home" "/workspace/cargo-home/bin/cargo" "+1.75.0" "metadata" "--manifest-path" "Cargo.toml" "--no-deps", kill_on_drop: false }`
[INFO] removed /workspace/builds/worker-0-tc1/source/.cargo/config.toml
[INFO] started tweaking crates.io crate torrust-tracker 3.0.0-alpha.11
[INFO] finished tweaking crates.io crate torrust-tracker 3.0.0-alpha.11
[INFO] tweaked toml for crates.io crate torrust-tracker 3.0.0-alpha.11 written to /workspace/builds/worker-0-tc1/source/Cargo.toml
[INFO] crate crates.io crate torrust-tracker 3.0.0-alpha.11 already has a lockfile, it will not be regenerated
[INFO] running `Command { std: CARGO_HOME="/workspace/cargo-home" RUSTUP_HOME="/workspace/rustup-home" "/workspace/cargo-home/bin/cargo" "+1.75.0" "fetch" "--manifest-path" "Cargo.toml", kill_on_drop: false }`
[INFO] [stderr]     Updating crates.io index
[INFO] [stderr]  Downloading crates ...
[INFO] [stderr]   Downloaded r2d2_sqlite v0.22.0
[INFO] [stderr]   Downloaded multimap v0.9.0
[INFO] [stderr]   Downloaded mysql-common-derive v0.30.2
[INFO] [stderr]   Downloaded serde_bencode v0.2.3
[INFO] [stderr]   Downloaded torrust-tracker-contrib-bencode v3.0.0-alpha.11
[INFO] [stderr]   Downloaded r2d2_mysql v24.0.0
[INFO] [stderr]   Downloaded forwarded-header-value v0.1.1
[INFO] [stderr]   Downloaded serde_with v3.3.0
[INFO] [stderr]   Downloaded torrust-tracker-configuration v3.0.0-alpha.11
[INFO] [stderr]   Downloaded pest v2.7.3
[INFO] [stderr]   Downloaded torrust-tracker-primitives v3.0.0-alpha.11
[INFO] [stderr]   Downloaded pest_derive v2.7.3
[INFO] [stderr]   Downloaded rustls-webpki v0.101.5
[INFO] [stderr]   Downloaded mysql v24.0.0
[INFO] [stderr]   Downloaded async-compression v0.4.3
[INFO] [stderr]   Downloaded mysql_common v0.30.6
[INFO] [stderr]   Downloaded pest_meta v2.7.3
[INFO] [stderr]   Downloaded openssl-src v300.1.3+3.1.2
[INFO] [stderr]   Downloaded torrust-tracker-located-error v3.0.0-alpha.11
[INFO] [stderr]   Downloaded torrust-tracker-test-helpers v3.0.0-alpha.11
[INFO] [stderr]   Downloaded aquatic_udp_protocol v0.8.0
[INFO] [stderr]   Downloaded serde_with_macros v3.3.0
[INFO] [stderr]   Downloaded pest_generator v2.7.3
[INFO] [stderr]   Downloaded axum-client-ip v0.4.2
[INFO] [stderr]   Downloaded axum-server v0.5.1
[INFO] [stderr]   Downloaded local-ip-address v0.5.5
[INFO] running `Command { std: "docker" "create" "-v" "/var/lib/crater-agent-workspace/builds/worker-0-tc1/target:/opt/rustwide/target:rw,Z" "-v" "/var/lib/crater-agent-workspace/builds/worker-0-tc1/source:/opt/rustwide/workdir:ro,Z" "-v" "/var/lib/crater-agent-workspace/cargo-home:/opt/rustwide/cargo-home:ro,Z" "-v" "/var/lib/crater-agent-workspace/rustup-home:/opt/rustwide/rustup-home:ro,Z" "-e" "SOURCE_DIR=/opt/rustwide/workdir" "-e" "CARGO_TARGET_DIR=/opt/rustwide/target" "-e" "CARGO_HOME=/opt/rustwide/cargo-home" "-e" "RUSTUP_HOME=/opt/rustwide/rustup-home" "-w" "/opt/rustwide/workdir" "-m" "1610612736" "--user" "0:0" "--network" "none" "ghcr.io/rust-lang/crates-build-env/linux@sha256:2788e3201cd34a07e3172128adcd8b3090168a8e3bcc40d7c032b9dda1df7d1c" "/opt/rustwide/cargo-home/bin/cargo" "+1.75.0" "metadata" "--no-deps" "--format-version=1", kill_on_drop: false }`
[INFO] [stdout] 3ec59f4cd069dbd72d9c04ce3435dd46c422eb718f1842f19fa32ab7c8679202
[INFO] running `Command { std: "docker" "start" "-a" "3ec59f4cd069dbd72d9c04ce3435dd46c422eb718f1842f19fa32ab7c8679202", kill_on_drop: false }`
[INFO] running `Command { std: "docker" "inspect" "3ec59f4cd069dbd72d9c04ce3435dd46c422eb718f1842f19fa32ab7c8679202", kill_on_drop: false }`
[INFO] running `Command { std: "docker" "rm" "-f" "3ec59f4cd069dbd72d9c04ce3435dd46c422eb718f1842f19fa32ab7c8679202", kill_on_drop: false }`
[INFO] [stdout] 3ec59f4cd069dbd72d9c04ce3435dd46c422eb718f1842f19fa32ab7c8679202
[INFO] running `Command { std: "docker" "create" "-v" "/var/lib/crater-agent-workspace/builds/worker-0-tc1/target:/opt/rustwide/target:rw,Z" "-v" "/var/lib/crater-agent-workspace/builds/worker-0-tc1/source:/opt/rustwide/workdir:ro,Z" "-v" "/var/lib/crater-agent-workspace/cargo-home:/opt/rustwide/cargo-home:ro,Z" "-v" "/var/lib/crater-agent-workspace/rustup-home:/opt/rustwide/rustup-home:ro,Z" "-e" "SOURCE_DIR=/opt/rustwide/workdir" "-e" "CARGO_TARGET_DIR=/opt/rustwide/target" "-e" "CARGO_INCREMENTAL=0" "-e" "RUST_BACKTRACE=full" "-e" "RUSTFLAGS=--cap-lints=warn" "-e" "RUSTDOCFLAGS=--cap-lints=warn" "-e" "CARGO_HOME=/opt/rustwide/cargo-home" "-e" "RUSTUP_HOME=/opt/rustwide/rustup-home" "-w" "/opt/rustwide/workdir" "-m" "1610612736" "--user" "0:0" "--network" "none" "ghcr.io/rust-lang/crates-build-env/linux@sha256:2788e3201cd34a07e3172128adcd8b3090168a8e3bcc40d7c032b9dda1df7d1c" "/opt/rustwide/cargo-home/bin/cargo" "+1.75.0" "doc" "--frozen" "--no-deps" "--document-private-items" "--message-format=json", kill_on_drop: false }`
[INFO] [stdout] a6b682d069485755f444ad187fb4d0551c9eeac6332195bee95661de6e2da822
[INFO] running `Command { std: "docker" "start" "-a" "a6b682d069485755f444ad187fb4d0551c9eeac6332195bee95661de6e2da822", kill_on_drop: false }`
[INFO] [stderr]    Compiling libc v0.2.148
[INFO] [stderr]    Compiling proc-macro2 v1.0.67
[INFO] [stderr]    Compiling unicode-ident v1.0.12
[INFO] [stderr]    Compiling autocfg v1.1.0
[INFO] [stderr]     Checking cfg-if v1.0.0
[INFO] [stderr]    Compiling version_check v0.9.4
[INFO] [stderr]     Checking once_cell v1.18.0
[INFO] [stderr]     Checking memchr v2.6.3
[INFO] [stderr]    Compiling pkg-config v0.3.27
[INFO] [stderr]    Compiling serde v1.0.188
[INFO] [stderr]    Compiling vcpkg v0.2.15
[INFO] [stderr]     Checking log v0.4.20
[INFO] [stderr]    Compiling thiserror v1.0.48
[INFO] [stderr]     Checking bytes v1.5.0
[INFO] [stderr]     Checking itoa v1.0.9
[INFO] [stderr]     Checking pin-project-lite v0.2.13
[INFO] [stderr]    Compiling futures-core v0.3.28
[INFO] [stderr]    Compiling futures-channel v0.3.28
[INFO] [stderr]    Compiling futures-task v0.3.28
[INFO] [stderr]     Checking futures-sink v0.3.28
[INFO] [stderr]    Compiling futures-util v0.3.28
[INFO] [stderr]     Checking pin-utils v0.1.0
[INFO] [stderr]    Compiling typenum v1.17.0
[INFO] [stderr]    Compiling ahash v0.8.3
[INFO] [stderr]    Compiling slab v0.4.9
[INFO] [stderr]    Compiling ahash v0.7.6
[INFO] [stderr]     Checking static_assertions v1.1.0
[INFO] [stderr]     Checking futures-io v0.3.28
[INFO] [stderr]    Compiling num-traits v0.2.16
[INFO] [stderr]    Compiling generic-array v0.14.7
[INFO] [stderr]    Compiling fnv v1.0.7
[INFO] [stderr]    Compiling strsim v0.10.0
[INFO] [stderr]    Compiling syn v1.0.109
[INFO] [stderr]     Checking scopeguard v1.2.0
[INFO] [stderr]    Compiling glob v0.3.1
[INFO] [stderr]    Compiling ident_case v1.0.1
[INFO] [stderr]     Checking adler v1.0.2
[INFO] [stderr]     Checking lexical-util v0.8.5
[INFO] [stderr]     Checking miniz_oxide v0.7.1
[INFO] [stderr]    Compiling num-bigint v0.4.4
[INFO] [stderr]    Compiling quote v1.0.33
[INFO] [stderr]     Checking tracing-core v0.1.31
[INFO] [stderr]     Checking ryu v1.0.15
[INFO] [stderr]     Checking smallvec v1.11.0
[INFO] [stderr]    Compiling rustversion v1.0.14
[INFO] [stderr]    Compiling crossbeam-utils v0.8.16
[INFO] [stderr]    Compiling syn v2.0.35
[INFO] [stderr]    Compiling serde_json v1.0.107
[INFO] [stderr]    Compiling clang-sys v1.6.1
[INFO] [stderr]     Checking http v0.2.9
[INFO] [stderr]    Compiling jobserver v0.1.26
[INFO] [stderr]     Checking getrandom v0.2.10
[INFO] [stderr]     Checking socket2 v0.5.4
[INFO] [stderr]     Checking num_cpus v1.16.0
[INFO] [stderr]     Checking signal-hook-registry v1.4.1
[INFO] [stderr]     Checking mio v0.8.8
[INFO] [stderr]     Checking tracing v0.1.37
[INFO] [stderr]     Checking rand_core v0.6.4
[INFO] [stderr]    Compiling cc v1.0.83
[INFO] [stderr]    Compiling minimal-lexical v0.2.1
[INFO] [stderr]    Compiling regex-syntax v0.7.5
[INFO] [stderr]     Checking allocator-api2 v0.2.16
[INFO] [stderr]     Checking hashbrown v0.12.3
[INFO] [stderr]     Checking bitflags v2.4.0
[INFO] [stderr]    Compiling crc32fast v1.3.2
[INFO] [stderr]     Checking ppv-lite86 v0.2.17
[INFO] [stderr]    Compiling nom v7.1.3
[INFO] [stderr]    Compiling libloading v0.7.4
[INFO] [stderr]    Compiling num-integer v0.1.45
[INFO] [stderr]     Checking hashbrown v0.14.0
[INFO] [stderr]     Checking rand_chacha v0.3.1
[INFO] [stderr]    Compiling lock_api v0.4.10
[INFO] [stderr]    Compiling indexmap v1.9.3
[INFO] [stderr]    Compiling memoffset v0.9.0
[INFO] [stderr]    Compiling openssl-src v300.1.3+3.1.2
[INFO] [stderr]    Compiling proc-macro-error-attr v1.0.4
[INFO] [stderr]    Compiling bindgen v0.68.1
[INFO] [stderr]    Compiling equivalent v1.0.1
[INFO] [stderr]     Checking tower-service v0.3.2
[INFO] [stderr]    Compiling async-trait v0.1.73
[INFO] [stderr]    Compiling parking_lot_core v0.9.8
[INFO] [stderr]     Checking percent-encoding v2.3.0
[INFO] [stderr]    Compiling frunk_core v0.4.2
[INFO] [stderr]    Compiling ucd-trie v0.1.6
[INFO] [stderr]     Checking form_urlencoded v1.2.0
[INFO] [stderr]     Checking rand v0.8.5
[INFO] [stderr]     Checking crypto-common v0.1.6
[INFO] [stderr]     Checking block-buffer v0.10.4
[INFO] [stderr]     Checking http-body v0.4.5
[INFO] [stderr]     Checking lexical-write-integer v0.8.5
[INFO] [stderr]     Checking lexical-parse-integer v0.8.6
[INFO] [stderr]    Compiling crossbeam-epoch v0.9.15
[INFO] [stderr]    Compiling proc-macro-error v1.0.4
[INFO] [stderr]     Checking base64 v0.21.4
[INFO] [stderr]    Compiling httparse v1.8.0
[INFO] [stderr]    Compiling peeking_take_while v0.1.2
[INFO] [stderr]    Compiling lazy_static v1.4.0
[INFO] [stderr]    Compiling radium v0.7.0
[INFO] [stderr]    Compiling rustc-hash v1.1.0
[INFO] [stderr]     Checking tinyvec_macros v0.1.1
[INFO] [stderr]    Compiling toml_datetime v0.6.3
[INFO] [stderr]    Compiling lazycell v1.3.0
[INFO] [stderr]    Compiling indexmap v2.0.0
[INFO] [stderr]     Checking untrusted v0.7.1
[INFO] [stderr]     Checking spin v0.5.2
[INFO] [stderr]    Compiling shlex v1.2.0
[INFO] [stderr]    Compiling winnow v0.5.15
[INFO] [stderr]     Checking tinyvec v1.6.0
[INFO] [stderr]    Compiling openssl-sys v0.9.93
[INFO] [stderr]    Compiling libz-sys v1.1.12
[INFO] [stderr]    Compiling ring v0.16.20
[INFO] [stderr]    Compiling zstd-sys v2.0.8+zstd.1.5.5
[INFO] [stderr]     Checking lexical-write-float v0.8.5
[INFO] [stderr]     Checking lexical-parse-float v0.8.5
[INFO] [stderr]     Checking digest v0.10.7
[INFO] [stderr]    Compiling regex-automata v0.3.8
[INFO] [stderr]    Compiling cexpr v0.6.0
[INFO] [stderr]     Checking flate2 v1.0.27
[INFO] [stderr]    Compiling cmake v0.1.50
[INFO] [stderr]    Compiling subprocess v0.2.9
[INFO] [stderr]     Checking aho-corasick v1.0.5
[INFO] [stderr]     Checking tap v1.0.1
[INFO] [stderr]    Compiling crossbeam-queue v0.3.8
[INFO] [stderr]    Compiling rust_decimal v1.32.0
[INFO] [stderr]     Checking tower-layer v0.3.2
[INFO] [stderr]     Checking try-lock v0.2.4
[INFO] [stderr]     Checking foreign-types-shared v0.1.1
[INFO] [stderr]    Compiling zstd-safe v6.0.6
[INFO] [stderr]    Compiling openssl v0.10.57
[INFO] [stderr]     Checking bitflags v1.3.2
[INFO] [stderr]     Checking cpufeatures v0.2.9
[INFO] [stderr]     Checking alloc-no-stdlib v2.0.4
[INFO] [stderr]     Checking foreign-types v0.3.2
[INFO] [stderr]     Checking alloc-stdlib v0.2.2
[INFO] [stderr]     Checking want v0.3.1
[INFO] [stderr]     Checking wyz v0.5.1
[INFO] [stderr]     Checking parking_lot v0.12.1
[INFO] [stderr]    Compiling darling_core v0.20.3
[INFO] [stderr]    Compiling frunk_proc_macro_helpers v0.1.2
[INFO] [stderr]    Compiling toml_edit v0.19.15
[INFO] [stderr]     Checking unicode-normalization v0.1.22
[INFO] [stderr]     Checking lexical-core v0.8.5
[INFO] [stderr]     Checking uuid v1.4.1
[INFO] [stderr]    Compiling libsqlite3-sys v0.26.0
[INFO] [stderr]    Compiling backtrace v0.3.69
[INFO] [stderr]    Compiling axum-core v0.3.4
[INFO] [stderr]    Compiling regex v1.9.5
[INFO] [stderr]     Checking socket2 v0.4.9
[INFO] [stderr]     Checking funty v2.0.0
[INFO] [stderr]     Checking deranged v0.3.8
[INFO] [stderr]     Checking httpdate v1.0.3
[INFO] [stderr]     Checking unicode-bidi v0.3.13
[INFO] [stderr]     Checking dlv-list v0.3.0
[INFO] [stderr]     Checking gimli v0.28.0
[INFO] [stderr]     Checking byteorder v1.4.3
[INFO] [stderr]     Checking time-core v0.1.1
[INFO] [stderr]    Compiling termcolor v1.2.0
[INFO] [stderr]    Compiling heck v0.4.1
[INFO] [stderr]    Compiling rustls v0.21.7
[INFO] [stderr]     Checking arrayvec v0.7.4
[INFO] [stderr]    Compiling native-tls v0.2.11
[INFO] [stderr]     Checking time v0.3.28
[INFO] [stderr]     Checking bitvec v1.0.1
[INFO] [stderr]     Checking idna v0.4.0
[INFO] [stderr]    Compiling proc-macro-crate v1.3.1
[INFO] [stderr]     Checking ordered-multimap v0.4.3
[INFO] [stderr]     Checking bigdecimal v0.3.1
[INFO] [stderr]     Checking crossbeam-deque v0.8.3
[INFO] [stderr]     Checking lexical v6.1.1
[INFO] [stderr]     Checking scheduled-thread-pool v0.2.7
[INFO] [stderr]    Compiling derive_utils v0.13.2
[INFO] [stderr]     Checking brotli-decompressor v2.3.4
[INFO] [stderr]     Checking sha1 v0.10.5
[INFO] [stderr]     Checking sha2 v0.10.7
[INFO] [stderr]    Compiling axum v0.6.20
[INFO] [stderr]     Checking crossbeam-channel v0.5.8
[INFO] [stderr]     Checking hashbrown v0.13.2
[INFO] [stderr]     Checking sct v0.7.0
[INFO] [stderr]     Checking rustls-webpki v0.101.5
[INFO] [stderr]     Checking object v0.32.1
[INFO] [stderr]    Compiling error-chain v0.12.4
[INFO] [stderr]    Compiling serde_derive v1.0.188
[INFO] [stderr]    Compiling thiserror-impl v1.0.48
[INFO] [stderr]    Compiling futures-macro v0.3.28
[INFO] [stderr]    Compiling tokio-macros v2.1.0
[INFO] [stderr]    Compiling darling_macro v0.20.3
[INFO] [stderr]    Compiling frunk_derives v0.4.2
[INFO] [stderr]    Compiling openssl-macros v0.1.1
[INFO] [stderr]    Compiling frunk_proc_macros v0.1.2
[INFO] [stderr]    Compiling pin-project-internal v1.1.3
[INFO] [stderr]     Checking addr2line v0.21.0
[INFO] [stderr]     Checking linked-hash-map v0.5.6
[INFO] [stderr]     Checking rustc-demangle v0.1.23
[INFO] [stderr]    Compiling darling v0.20.3
[INFO] [stderr]     Checking openssl-probe v0.1.5
[INFO] [stderr]    Compiling convert_case v0.4.0
[INFO] [stderr]     Checking base64 v0.13.1
[INFO] [stderr]     Checking frunk v0.4.2
[INFO] [stderr]     Checking saturating v0.1.0
[INFO] [stderr]     Checking tokio v1.32.0
[INFO] [stderr]     Checking mime v0.3.17
[INFO] [stderr]    Compiling mysql v24.0.0
[INFO] [stderr]    Compiling serde_with_macros v3.3.0
[INFO] [stderr]     Checking yaml-rust v0.4.5
[INFO] [stderr]    Compiling derive_more v0.99.17
[INFO] [stderr]     Checking lru v0.10.1
[INFO] [stderr]     Checking brotli v3.3.4
[INFO] [stderr]    Compiling pest v2.7.3
[INFO] [stderr]     Checking pin-project v1.1.3
[INFO] [stderr]    Compiling mysql-common-derive v0.30.2
[INFO] [stderr] error: could not compile `bindgen` (lib)
[INFO] [stderr] 
[INFO] [stderr] Caused by:
[INFO] [stderr]   process didn't exit successfully: `/opt/rustwide/rustup-home/toolchains/1.75.0-x86_64-unknown-linux-gnu/bin/rustc --crate-name bindgen --edition=2018 /opt/rustwide/cargo-home/registry/src/index.crates.io-6f17d22bba15001f/bindgen-0.68.1/lib.rs --error-format=json --json=diagnostic-rendered-ansi,artifacts,future-incompat --crate-type lib --emit=dep-info,metadata,link -C embed-bitcode=no --cfg 'feature="runtime"' -C metadata=e0111d3d5f826733 -C extra-filename=-e0111d3d5f826733 --out-dir /opt/rustwide/target/debug/deps -L dependency=/opt/rustwide/target/debug/deps --extern bitflags=/opt/rustwide/target/debug/deps/libbitflags-d6a8bef415358e23.rmeta --extern cexpr=/opt/rustwide/target/debug/deps/libcexpr-da3fd8d3cc319fb6.rmeta --extern clang_sys=/opt/rustwide/target/debug/deps/libclang_sys-7f92260bf0473032.rmeta --extern lazy_static=/opt/rustwide/target/debug/deps/liblazy_static-3bfd4225e5f1274b.rmeta --extern lazycell=/opt/rustwide/target/debug/deps/liblazycell-0e3336088ecc954f.rmeta --extern peeking_take_while=/opt/rustwide/target/debug/deps/libpeeking_take_while-426aa9a216a983f2.rmeta --extern proc_macro2=/opt/rustwide/target/debug/deps/libproc_macro2-4ffa0873268d5611.rmeta --extern quote=/opt/rustwide/target/debug/deps/libquote-020397faa1e7e039.rmeta --extern regex=/opt/rustwide/target/debug/deps/libregex-82d6448709455374.rmeta --extern rustc_hash=/opt/rustwide/target/debug/deps/librustc_hash-d64263aeefa4237a.rmeta --extern shlex=/opt/rustwide/target/debug/deps/libshlex-a2f08627f518fee6.rmeta --extern syn=/opt/rustwide/target/debug/deps/libsyn-87acd0fb9b2adbc9.rmeta --cap-lints allow --cap-lints=warn` (signal: 9, SIGKILL: kill)
[INFO] [stderr] warning: build failed, waiting for other jobs to finish...
[INFO] [stderr] The following warnings were emitted during compilation:
[INFO] [stderr] 
[INFO] [stderr] warning: libsqlite3-sys@0.26.0: cc: fatal error: Killed signal terminated program cc1
[INFO] [stderr] warning: libsqlite3-sys@0.26.0: compilation terminated.
[INFO] [stderr] 
[INFO] [stderr] error: failed to run custom build command for `libsqlite3-sys v0.26.0`
[INFO] [stderr] note: To improve backtraces for build dependencies, set the CARGO_PROFILE_DEV_BUILD_OVERRIDE_DEBUG=true environment variable to enable debug information generation.
[INFO] [stderr] 
[INFO] [stderr] Caused by:
[INFO] [stderr]   process didn't exit successfully: `/opt/rustwide/target/debug/build/libsqlite3-sys-a66713c19d0117f3/build-script-build` (exit status: 1)
[INFO] [stderr]   --- stdout
[INFO] [stderr]   cargo:rerun-if-changed=sqlite3/sqlite3.c
[INFO] [stderr]   cargo:rerun-if-changed=sqlite3/wasm32-wasi-vfs.c
[INFO] [stderr]   cargo:rerun-if-env-changed=SQLITE_MAX_VARIABLE_NUMBER
[INFO] [stderr]   cargo:rerun-if-env-changed=SQLITE_MAX_EXPR_DEPTH
[INFO] [stderr]   cargo:rerun-if-env-changed=LIBSQLITE3_FLAGS
[INFO] [stderr]   TARGET = Some("x86_64-unknown-linux-gnu")
[INFO] [stderr]   OPT_LEVEL = Some("1")
[INFO] [stderr]   HOST = Some("x86_64-unknown-linux-gnu")
[INFO] [stderr]   cargo:rerun-if-env-changed=CC_x86_64-unknown-linux-gnu
[INFO] [stderr]   CC_x86_64-unknown-linux-gnu = None
[INFO] [stderr]   cargo:rerun-if-env-changed=CC_x86_64_unknown_linux_gnu
[INFO] [stderr]   CC_x86_64_unknown_linux_gnu = None
[INFO] [stderr]   cargo:rerun-if-env-changed=HOST_CC
[INFO] [stderr]   HOST_CC = None
[INFO] [stderr]   cargo:rerun-if-env-changed=CC
[INFO] [stderr]   CC = None
[INFO] [stderr]   cargo:rerun-if-env-changed=CRATE_CC_NO_DEFAULTS
[INFO] [stderr]   CRATE_CC_NO_DEFAULTS = None
[INFO] [stderr]   DEBUG = Some("true")
[INFO] [stderr]   CARGO_CFG_TARGET_FEATURE = Some("fxsr,sse,sse2")
[INFO] [stderr]   cargo:rerun-if-env-changed=CFLAGS_x86_64-unknown-linux-gnu
[INFO] [stderr]   CFLAGS_x86_64-unknown-linux-gnu = None
[INFO] [stderr]   cargo:rerun-if-env-changed=CFLAGS_x86_64_unknown_linux_gnu
[INFO] [stderr]   CFLAGS_x86_64_unknown_linux_gnu = None
[INFO] [stderr]   cargo:rerun-if-env-changed=HOST_CFLAGS
[INFO] [stderr]   HOST_CFLAGS = None
[INFO] [stderr]   cargo:rerun-if-env-changed=CFLAGS
[INFO] [stderr]   CFLAGS = None
[INFO] [stderr]   running: "cc" "-O1" "-ffunction-sections" "-fdata-sections" "-fPIC" "-gdwarf-4" "-fno-omit-frame-pointer" "-m64" "-DSQLITE_CORE" "-DSQLITE_DEFAULT_FOREIGN_KEYS=1" "-DSQLITE_ENABLE_API_ARMOR" "-DSQLITE_ENABLE_COLUMN_METADATA" "-DSQLITE_ENABLE_DBSTAT_VTAB" "-DSQLITE_ENABLE_FTS3" "-DSQLITE_ENABLE_FTS3_PARENTHESIS" "-DSQLITE_ENABLE_FTS5" "-DSQLITE_ENABLE_JSON1" "-DSQLITE_ENABLE_LOAD_EXTENSION=1" "-DSQLITE_ENABLE_MEMORY_MANAGEMENT" "-DSQLITE_ENABLE_RTREE" "-DSQLITE_ENABLE_STAT2" "-DSQLITE_ENABLE_STAT4" "-DSQLITE_SOUNDEX" "-DSQLITE_THREADSAFE=1" "-DSQLITE_USE_URI" "-DHAVE_USLEEP=1" "-D_POSIX_THREAD_SAFE_FUNCTIONS" "-DHAVE_ISNAN" "-DHAVE_LOCALTIME_R" "-o" "/opt/rustwide/target/debug/build/libsqlite3-sys-eaf5b736e0c6e05c/out/sqlite3/sqlite3.o" "-c" "sqlite3/sqlite3.c"
[INFO] [stderr]   exit status: 1
[INFO] [stderr]   cargo:warning=cc: fatal error: Killed signal terminated program cc1
[INFO] [stderr] 
[INFO] [stderr]   cargo:warning=compilation terminated.
[INFO] [stderr] 
[INFO] [stderr] 
[INFO] [stderr]   --- stderr
[INFO] [stderr] 
[INFO] [stderr] 
[INFO] [stderr]   error occurred: Command "cc" "-O1" "-ffunction-sections" "-fdata-sections" "-fPIC" "-gdwarf-4" "-fno-omit-frame-pointer" "-m64" "-DSQLITE_CORE" "-DSQLITE_DEFAULT_FOREIGN_KEYS=1" "-DSQLITE_ENABLE_API_ARMOR" "-DSQLITE_ENABLE_COLUMN_METADATA" "-DSQLITE_ENABLE_DBSTAT_VTAB" "-DSQLITE_ENABLE_FTS3" "-DSQLITE_ENABLE_FTS3_PARENTHESIS" "-DSQLITE_ENABLE_FTS5" "-DSQLITE_ENABLE_JSON1" "-DSQLITE_ENABLE_LOAD_EXTENSION=1" "-DSQLITE_ENABLE_MEMORY_MANAGEMENT" "-DSQLITE_ENABLE_RTREE" "-DSQLITE_ENABLE_STAT2" "-DSQLITE_ENABLE_STAT4" "-DSQLITE_SOUNDEX" "-DSQLITE_THREADSAFE=1" "-DSQLITE_USE_URI" "-DHAVE_USLEEP=1" "-D_POSIX_THREAD_SAFE_FUNCTIONS" "-DHAVE_ISNAN" "-DHAVE_LOCALTIME_R" "-o" "/opt/rustwide/target/debug/build/libsqlite3-sys-eaf5b736e0c6e05c/out/sqlite3/sqlite3.o" "-c" "sqlite3/sqlite3.c" with args "cc" did not execute successfully (status code exit status: 1).
[INFO] [stderr] 
[INFO] [stderr] 
[INFO] running `Command { std: "docker" "inspect" "a6b682d069485755f444ad187fb4d0551c9eeac6332195bee95661de6e2da822", kill_on_drop: false }`
[INFO] running `Command { std: "docker" "rm" "-f" "a6b682d069485755f444ad187fb4d0551c9eeac6332195bee95661de6e2da822", kill_on_drop: false }`
[INFO] [stdout] a6b682d069485755f444ad187fb4d0551c9eeac6332195bee95661de6e2da822
[INFO] documenting torrust-tracker-3.0.0-alpha.11 against beta-2023-12-22 for beta-1.76-rustdoc-1
[INFO] extracting crate torrust-tracker 3.0.0-alpha.11 into /workspace/builds/worker-0-tc2/source
[INFO] validating manifest of crates.io crate torrust-tracker 3.0.0-alpha.11 on toolchain beta-2023-12-22
[INFO] running `Command { std: CARGO_HOME="/workspace/cargo-home" RUSTUP_HOME="/workspace/rustup-home" "/workspace/cargo-home/bin/cargo" "+beta-2023-12-22" "metadata" "--manifest-path" "Cargo.toml" "--no-deps", kill_on_drop: false }`
[INFO] removed /workspace/builds/worker-0-tc2/source/.cargo/config.toml
[INFO] started tweaking crates.io crate torrust-tracker 3.0.0-alpha.11
[INFO] finished tweaking crates.io crate torrust-tracker 3.0.0-alpha.11
[INFO] tweaked toml for crates.io crate torrust-tracker 3.0.0-alpha.11 written to /workspace/builds/worker-0-tc2/source/Cargo.toml
[INFO] crate crates.io crate torrust-tracker 3.0.0-alpha.11 already has a lockfile, it will not be regenerated
[INFO] running `Command { std: CARGO_HOME="/workspace/cargo-home" RUSTUP_HOME="/workspace/rustup-home" "/workspace/cargo-home/bin/cargo" "+beta-2023-12-22" "fetch" "--manifest-path" "Cargo.toml", kill_on_drop: false }`
[INFO] running `Command { std: "docker" "create" "-v" "/var/lib/crater-agent-workspace/builds/worker-0-tc2/target:/opt/rustwide/target:rw,Z" "-v" "/var/lib/crater-agent-workspace/builds/worker-0-tc2/source:/opt/rustwide/workdir:ro,Z" "-v" "/var/lib/crater-agent-workspace/cargo-home:/opt/rustwide/cargo-home:ro,Z" "-v" "/var/lib/crater-agent-workspace/rustup-home:/opt/rustwide/rustup-home:ro,Z" "-e" "SOURCE_DIR=/opt/rustwide/workdir" "-e" "CARGO_TARGET_DIR=/opt/rustwide/target" "-e" "CARGO_HOME=/opt/rustwide/cargo-home" "-e" "RUSTUP_HOME=/opt/rustwide/rustup-home" "-w" "/opt/rustwide/workdir" "-m" "1610612736" "--user" "0:0" "--network" "none" "ghcr.io/rust-lang/crates-build-env/linux@sha256:2788e3201cd34a07e3172128adcd8b3090168a8e3bcc40d7c032b9dda1df7d1c" "/opt/rustwide/cargo-home/bin/cargo" "+beta-2023-12-22" "metadata" "--no-deps" "--format-version=1", kill_on_drop: false }`
[INFO] [stdout] aa4eca9c8f562106638cea8cd55c5c64d8caaa65e6e5febf1cc4cecb0b6a9bd1
[INFO] running `Command { std: "docker" "start" "-a" "aa4eca9c8f562106638cea8cd55c5c64d8caaa65e6e5febf1cc4cecb0b6a9bd1", kill_on_drop: false }`
[INFO] running `Command { std: "docker" "inspect" "aa4eca9c8f562106638cea8cd55c5c64d8caaa65e6e5febf1cc4cecb0b6a9bd1", kill_on_drop: false }`
[INFO] running `Command { std: "docker" "rm" "-f" "aa4eca9c8f562106638cea8cd55c5c64d8caaa65e6e5febf1cc4cecb0b6a9bd1", kill_on_drop: false }`
[INFO] [stdout] aa4eca9c8f562106638cea8cd55c5c64d8caaa65e6e5febf1cc4cecb0b6a9bd1
[INFO] running `Command { std: "docker" "create" "-v" "/var/lib/crater-agent-workspace/builds/worker-0-tc2/target:/opt/rustwide/target:rw,Z" "-v" "/var/lib/crater-agent-workspace/builds/worker-0-tc2/source:/opt/rustwide/workdir:ro,Z" "-v" "/var/lib/crater-agent-workspace/cargo-home:/opt/rustwide/cargo-home:ro,Z" "-v" "/var/lib/crater-agent-workspace/rustup-home:/opt/rustwide/rustup-home:ro,Z" "-e" "SOURCE_DIR=/opt/rustwide/workdir" "-e" "CARGO_TARGET_DIR=/opt/rustwide/target" "-e" "CARGO_INCREMENTAL=0" "-e" "RUST_BACKTRACE=full" "-e" "RUSTFLAGS=--cap-lints=warn" "-e" "RUSTDOCFLAGS=--cap-lints=warn" "-e" "CARGO_HOME=/opt/rustwide/cargo-home" "-e" "RUSTUP_HOME=/opt/rustwide/rustup-home" "-w" "/opt/rustwide/workdir" "-m" "1610612736" "--user" "0:0" "--network" "none" "ghcr.io/rust-lang/crates-build-env/linux@sha256:2788e3201cd34a07e3172128adcd8b3090168a8e3bcc40d7c032b9dda1df7d1c" "/opt/rustwide/cargo-home/bin/cargo" "+beta-2023-12-22" "doc" "--frozen" "--no-deps" "--document-private-items" "--message-format=json", kill_on_drop: false }`
[INFO] [stdout] 0e1913f39a9aa22dbfe025104824c3bbec3e0d83b4bb8934880e1cd1d8c0ed06
[INFO] running `Command { std: "docker" "start" "-a" "0e1913f39a9aa22dbfe025104824c3bbec3e0d83b4bb8934880e1cd1d8c0ed06", kill_on_drop: false }`
[INFO] [stderr]    Compiling libc v0.2.148
[INFO] [stderr]    Compiling proc-macro2 v1.0.67
[INFO] [stderr]    Compiling unicode-ident v1.0.12
[INFO] [stderr]    Compiling autocfg v1.1.0
[INFO] [stderr]     Checking cfg-if v1.0.0
[INFO] [stderr]    Compiling version_check v0.9.4
[INFO] [stderr]     Checking once_cell v1.18.0
[INFO] [stderr]    Compiling pkg-config v0.3.27
[INFO] [stderr]     Checking memchr v2.6.3
[INFO] [stderr]    Compiling serde v1.0.188
[INFO] [stderr]    Compiling vcpkg v0.2.15
[INFO] [stderr]     Checking log v0.4.20
[INFO] [stderr]    Compiling thiserror v1.0.48
[INFO] [stderr]     Checking itoa v1.0.9
[INFO] [stderr]     Checking pin-project-lite v0.2.13
[INFO] [stderr]     Checking bytes v1.5.0
[INFO] [stderr]    Compiling futures-core v0.3.28
[INFO] [stderr]    Compiling futures-channel v0.3.28
[INFO] [stderr]     Checking futures-sink v0.3.28
[INFO] [stderr]    Compiling futures-task v0.3.28
[INFO] [stderr]    Compiling futures-util v0.3.28
[INFO] [stderr]     Checking futures-io v0.3.28
[INFO] [stderr]    Compiling slab v0.4.9
[INFO] [stderr]    Compiling ahash v0.8.3
[INFO] [stderr]    Compiling ahash v0.7.6
[INFO] [stderr]     Checking static_assertions v1.1.0
[INFO] [stderr]     Checking pin-utils v0.1.0
[INFO] [stderr]    Compiling typenum v1.17.0
[INFO] [stderr]    Compiling generic-array v0.14.7
[INFO] [stderr]    Compiling num-traits v0.2.16
[INFO] [stderr]    Compiling strsim v0.10.0
[INFO] [stderr]     Checking scopeguard v1.2.0
[INFO] [stderr]    Compiling glob v0.3.1
[INFO] [stderr]     Checking adler v1.0.2
[INFO] [stderr]    Compiling fnv v1.0.7
[INFO] [stderr]    Compiling syn v1.0.109
[INFO] [stderr]    Compiling ident_case v1.0.1
[INFO] [stderr]     Checking miniz_oxide v0.7.1
[INFO] [stderr]     Checking lexical-util v0.8.5
[INFO] [stderr]    Compiling num-bigint v0.4.4
[INFO] [stderr]     Checking tracing-core v0.1.31
[INFO] [stderr]    Compiling quote v1.0.33
[INFO] [stderr]     Checking ryu v1.0.15
[INFO] [stderr]    Compiling rustversion v1.0.14
[INFO] [stderr]    Compiling crossbeam-utils v0.8.16
[INFO] [stderr]     Checking smallvec v1.11.0
[INFO] [stderr]    Compiling serde_json v1.0.107
[INFO] [stderr]    Compiling syn v2.0.35
[INFO] [stderr]    Compiling clang-sys v1.6.1
[INFO] [stderr]     Checking http v0.2.9
[INFO] [stderr]    Compiling jobserver v0.1.26
[INFO] [stderr]     Checking getrandom v0.2.10
[INFO] [stderr]     Checking socket2 v0.5.4
[INFO] [stderr]     Checking num_cpus v1.16.0
[INFO] [stderr]     Checking mio v0.8.8
[INFO] [stderr]     Checking signal-hook-registry v1.4.1
[INFO] [stderr]     Checking tracing v0.1.37
[INFO] [stderr]    Compiling cc v1.0.83
[INFO] [stderr]     Checking rand_core v0.6.4
[INFO] [stderr]     Checking bitflags v2.4.0
[INFO] [stderr]    Compiling regex-syntax v0.7.5
[INFO] [stderr]     Checking hashbrown v0.12.3
[INFO] [stderr]     Checking ppv-lite86 v0.2.17
[INFO] [stderr]     Checking allocator-api2 v0.2.16
[INFO] [stderr]    Compiling crc32fast v1.3.2
[INFO] [stderr]    Compiling minimal-lexical v0.2.1
[INFO] [stderr]    Compiling libloading v0.7.4
[INFO] [stderr]    Compiling nom v7.1.3
[INFO] [stderr]    Compiling proc-macro-error-attr v1.0.4
[INFO] [stderr]    Compiling lock_api v0.4.10
[INFO] [stderr]     Checking rand_chacha v0.3.1
[INFO] [stderr]     Checking hashbrown v0.14.0
[INFO] [stderr]    Compiling indexmap v1.9.3
[INFO] [stderr]    Compiling memoffset v0.9.0
[INFO] [stderr]    Compiling openssl-src v300.1.3+3.1.2
[INFO] [stderr]    Compiling num-integer v0.1.45
[INFO] [stderr]    Compiling equivalent v1.0.1
[INFO] [stderr]    Compiling bindgen v0.68.1
[INFO] [stderr]    Compiling frunk_core v0.4.2
[INFO] [stderr]    Compiling ucd-trie v0.1.6
[INFO] [stderr]    Compiling async-trait v0.1.73
[INFO] [stderr]    Compiling parking_lot_core v0.9.8
[INFO] [stderr]     Checking percent-encoding v2.3.0
[INFO] [stderr]     Checking tower-service v0.3.2
[INFO] [stderr]     Checking form_urlencoded v1.2.0
[INFO] [stderr]     Checking rand v0.8.5
[INFO] [stderr]     Checking http-body v0.4.5
[INFO] [stderr]     Checking lexical-parse-integer v0.8.6
[INFO] [stderr]     Checking lexical-write-integer v0.8.5
[INFO] [stderr]    Compiling proc-macro-error v1.0.4
[INFO] [stderr]    Compiling crossbeam-epoch v0.9.15
[INFO] [stderr]     Checking crypto-common v0.1.6
[INFO] [stderr]     Checking block-buffer v0.10.4
[INFO] [stderr]    Compiling indexmap v2.0.0
[INFO] [stderr]    Compiling radium v0.7.0
[INFO] [stderr]     Checking tinyvec_macros v0.1.1
[INFO] [stderr]    Compiling winnow v0.5.15
[INFO] [stderr]    Compiling shlex v1.2.0
[INFO] [stderr]    Compiling toml_datetime v0.6.3
[INFO] [stderr]    Compiling peeking_take_while v0.1.2
[INFO] [stderr]    Compiling ring v0.16.20
[INFO] [stderr]    Compiling openssl-sys v0.9.93
[INFO] [stderr]    Compiling libz-sys v1.1.12
[INFO] [stderr]    Compiling zstd-sys v2.0.8+zstd.1.5.5
[INFO] [stderr]    Compiling lazy_static v1.4.0
[INFO] [stderr]    Compiling httparse v1.8.0
[INFO] [stderr]     Checking untrusted v0.7.1
[INFO] [stderr]     Checking base64 v0.21.4
[INFO] [stderr]    Compiling rustc-hash v1.1.0
[INFO] [stderr]     Checking spin v0.5.2
[INFO] [stderr]    Compiling lazycell v1.3.0
[INFO] [stderr]     Checking tinyvec v1.6.0
[INFO] [stderr]     Checking digest v0.10.7
[INFO] [stderr]    Compiling regex-automata v0.3.8
[INFO] [stderr]     Checking lexical-write-float v0.8.5
[INFO] [stderr]     Checking flate2 v1.0.27
[INFO] [stderr]     Checking lexical-parse-float v0.8.5
[INFO] [stderr]    Compiling cexpr v0.6.0
[INFO] [stderr]    Compiling cmake v0.1.50
[INFO] [stderr]    Compiling subprocess v0.2.9
[INFO] [stderr]     Checking aho-corasick v1.0.5
[INFO] [stderr]     Checking cpufeatures v0.2.9
[INFO] [stderr]     Checking try-lock v0.2.4
[INFO] [stderr]    Compiling zstd-safe v6.0.6
[INFO] [stderr]     Checking tower-layer v0.3.2
[INFO] [stderr]     Checking alloc-no-stdlib v2.0.4
[INFO] [stderr]    Compiling rust_decimal v1.32.0
[INFO] [stderr]    Compiling crossbeam-queue v0.3.8
[INFO] [stderr]    Compiling openssl v0.10.57
[INFO] [stderr]     Checking foreign-types-shared v0.1.1
[INFO] [stderr]     Checking tap v1.0.1
[INFO] [stderr]     Checking bitflags v1.3.2
[INFO] [stderr]    Compiling toml_edit v0.19.15
[INFO] [stderr]     Checking wyz v0.5.1
[INFO] [stderr]     Checking foreign-types v0.3.2
[INFO] [stderr]     Checking alloc-stdlib v0.2.2
[INFO] [stderr]    Compiling darling_core v0.20.3
[INFO] [stderr]    Compiling frunk_proc_macro_helpers v0.1.2
[INFO] [stderr]     Checking want v0.3.1
[INFO] [stderr]     Checking unicode-normalization v0.1.22
[INFO] [stderr]     Checking lexical-core v0.8.5
[INFO] [stderr]     Checking parking_lot v0.12.1
[INFO] [stderr]     Checking uuid v1.4.1
[INFO] [stderr]    Compiling libsqlite3-sys v0.26.0
[INFO] [stderr]    Compiling regex v1.9.5
[INFO] [stderr]    Compiling backtrace v0.3.69
[INFO] [stderr]    Compiling axum-core v0.3.4
[INFO] [stderr]     Checking socket2 v0.4.9
[INFO] [stderr]     Checking arrayvec v0.7.4
[INFO] [stderr]     Checking gimli v0.28.0
[INFO] [stderr]    Compiling termcolor v1.2.0
[INFO] [stderr]     Checking unicode-bidi v0.3.13
[INFO] [stderr]     Checking time-core v0.1.1
[INFO] [stderr]     Checking byteorder v1.4.3
[INFO] [stderr]    Compiling native-tls v0.2.11
[INFO] [stderr]    Compiling rustls v0.21.7
[INFO] [stderr]     Checking deranged v0.3.8
[INFO] [stderr]    Compiling heck v0.4.1
[INFO] [stderr]    Compiling proc-macro-crate v1.3.1
[INFO] [stderr]     Checking funty v2.0.0
[INFO] [stderr]     Checking dlv-list v0.3.0
[INFO] [stderr]     Checking httpdate v1.0.3
[INFO] [stderr]     Checking ordered-multimap v0.4.3
[INFO] [stderr]     Checking bigdecimal v0.3.1
[INFO] [stderr]     Checking idna v0.4.0
[INFO] [stderr]     Checking time v0.3.28
[INFO] [stderr]     Checking bitvec v1.0.1
[INFO] [stderr]     Checking crossbeam-deque v0.8.3
[INFO] [stderr]     Checking scheduled-thread-pool v0.2.7
[INFO] [stderr]     Checking lexical v6.1.1
[INFO] [stderr]     Checking brotli-decompressor v2.3.4
[INFO] [stderr]    Compiling derive_utils v0.13.2
[INFO] [stderr]     Checking sha1 v0.10.5
[INFO] [stderr]     Checking sha2 v0.10.7
[INFO] [stderr]    Compiling axum v0.6.20
[INFO] [stderr]     Checking sct v0.7.0
[INFO] [stderr]    Compiling serde_derive v1.0.188
[INFO] [stderr]    Compiling thiserror-impl v1.0.48
[INFO] [stderr]    Compiling tokio-macros v2.1.0
[INFO] [stderr]    Compiling futures-macro v0.3.28
[INFO] [stderr]    Compiling darling_macro v0.20.3
[INFO] [stderr]    Compiling pin-project-internal v1.1.3
[INFO] [stderr]    Compiling frunk_proc_macros v0.1.2
[INFO] [stderr]    Compiling frunk_derives v0.4.2
[INFO] [stderr]    Compiling openssl-macros v0.1.1
[INFO] [stderr]     Checking addr2line v0.21.0
[INFO] [stderr]     Checking rustls-webpki v0.101.5
[INFO] [stderr]     Checking crossbeam-channel v0.5.8
[INFO] [stderr]     Checking hashbrown v0.13.2
[INFO] [stderr]    Compiling darling v0.20.3
[INFO] [stderr]     Checking object v0.32.1
[INFO] [stderr]    Compiling error-chain v0.12.4
[INFO] [stderr]     Checking tokio v1.32.0
[INFO] [stderr]     Checking openssl-probe v0.1.5
[INFO] [stderr]     Checking frunk v0.4.2
[INFO] [stderr]    Compiling mysql v24.0.0
[INFO] [stderr]     Checking base64 v0.13.1
[INFO] [stderr]    Compiling convert_case v0.4.0
[INFO] [stderr]     Checking mime v0.3.17
[INFO] [stderr]     Checking linked-hash-map v0.5.6
[INFO] [stderr]     Checking saturating v0.1.0
[INFO] [stderr]     Checking rustc-demangle v0.1.23
[INFO] [stderr]     Checking lru v0.10.1
[INFO] [stderr]     Checking yaml-rust v0.4.5
[INFO] [stderr]     Checking crossbeam v0.8.2
[INFO] [stderr]    Compiling pest v2.7.3
[INFO] [stderr]    Compiling mysql-common-derive v0.30.2
[INFO] [stderr]    Compiling derive_more v0.99.17
[INFO] [stderr]     Checking pin-project v1.1.3
[INFO] [stderr]    Compiling serde_with_macros v3.3.0
[INFO] [stderr]     Checking brotli v3.3.4
[INFO] [stderr] error: could not compile `bindgen` (lib)
[INFO] [stderr] 
[INFO] [stderr] Caused by:
[INFO] [stderr]   process didn't exit successfully: `/opt/rustwide/rustup-home/toolchains/beta-2023-12-22-x86_64-unknown-linux-gnu/bin/rustc --crate-name bindgen --edition=2018 /opt/rustwide/cargo-home/registry/src/index.crates.io-6f17d22bba15001f/bindgen-0.68.1/lib.rs --error-format=json --json=diagnostic-rendered-ansi,artifacts,future-incompat --crate-type lib --emit=dep-info,metadata,link -C embed-bitcode=no --cfg 'feature="runtime"' -C metadata=8d08278d76baaf7c -C extra-filename=-8d08278d76baaf7c --out-dir /opt/rustwide/target/debug/deps -L dependency=/opt/rustwide/target/debug/deps --extern bitflags=/opt/rustwide/target/debug/deps/libbitflags-1ca5be4be33d79f3.rmeta --extern cexpr=/opt/rustwide/target/debug/deps/libcexpr-6984c5ab0a74c6a3.rmeta --extern clang_sys=/opt/rustwide/target/debug/deps/libclang_sys-69b222212198b771.rmeta --extern lazy_static=/opt/rustwide/target/debug/deps/liblazy_static-9605fc737c5275da.rmeta --extern lazycell=/opt/rustwide/target/debug/deps/liblazycell-ee6e4482fd10fb6e.rmeta --extern peeking_take_while=/opt/rustwide/target/debug/deps/libpeeking_take_while-0e7057a3782c8177.rmeta --extern proc_macro2=/opt/rustwide/target/debug/deps/libproc_macro2-b51c33191668008a.rmeta --extern quote=/opt/rustwide/target/debug/deps/libquote-74eaf9f1d209dea8.rmeta --extern regex=/opt/rustwide/target/debug/deps/libregex-11c6d55aa3f0a3ba.rmeta --extern rustc_hash=/opt/rustwide/target/debug/deps/librustc_hash-4f82c17324a7a848.rmeta --extern shlex=/opt/rustwide/target/debug/deps/libshlex-b2f50352a067ad09.rmeta --extern syn=/opt/rustwide/target/debug/deps/libsyn-3da8197600506fc5.rmeta --cap-lints allow --cap-lints=warn` (signal: 9, SIGKILL: kill)
[INFO] [stderr] warning: build failed, waiting for other jobs to finish...
[INFO] [stderr] error: could not compile `serde_derive` (lib)
[INFO] [stderr] 
[INFO] [stderr] Caused by:
[INFO] [stderr]   process didn't exit successfully: `/opt/rustwide/rustup-home/toolchains/beta-2023-12-22-x86_64-unknown-linux-gnu/bin/rustc --crate-name serde_derive /opt/rustwide/cargo-home/registry/src/index.crates.io-6f17d22bba15001f/serde_derive-1.0.188/src/lib.rs --error-format=json --json=diagnostic-rendered-ansi,artifacts,future-incompat --crate-type proc-macro --emit=dep-info,link -C prefer-dynamic -C embed-bitcode=no --cfg 'feature="default"' -C metadata=13d4e56443d5f90c -C extra-filename=-13d4e56443d5f90c --out-dir /opt/rustwide/target/debug/deps -L dependency=/opt/rustwide/target/debug/deps --extern proc_macro2=/opt/rustwide/target/debug/deps/libproc_macro2-b51c33191668008a.rlib --extern quote=/opt/rustwide/target/debug/deps/libquote-74eaf9f1d209dea8.rlib --extern syn=/opt/rustwide/target/debug/deps/libsyn-3da8197600506fc5.rlib --extern proc_macro --cap-lints allow --cap-lints=warn` (signal: 9, SIGKILL: kill)
[INFO] [stderr] The following warnings were emitted during compilation:
[INFO] [stderr] 
[INFO] [stderr] warning: libsqlite3-sys@0.26.0: cc: fatal error: Killed signal terminated program cc1
[INFO] [stderr] warning: libsqlite3-sys@0.26.0: compilation terminated.
[INFO] [stderr] 
[INFO] [stderr] error: failed to run custom build command for `libsqlite3-sys v0.26.0`
[INFO] [stderr] note: To improve backtraces for build dependencies, set the CARGO_PROFILE_DEV_BUILD_OVERRIDE_DEBUG=true environment variable to enable debug information generation.
[INFO] [stderr] 
[INFO] [stderr] Caused by:
[INFO] [stderr]   process didn't exit successfully: `/opt/rustwide/target/debug/build/libsqlite3-sys-8de5a5dc5494aeec/build-script-build` (exit status: 1)
[INFO] [stderr]   --- stdout
[INFO] [stderr]   cargo:rerun-if-changed=sqlite3/sqlite3.c
[INFO] [stderr]   cargo:rerun-if-changed=sqlite3/wasm32-wasi-vfs.c
[INFO] [stderr]   cargo:rerun-if-env-changed=SQLITE_MAX_VARIABLE_NUMBER
[INFO] [stderr]   cargo:rerun-if-env-changed=SQLITE_MAX_EXPR_DEPTH
[INFO] [stderr]   cargo:rerun-if-env-changed=LIBSQLITE3_FLAGS
[INFO] [stderr]   TARGET = Some("x86_64-unknown-linux-gnu")
[INFO] [stderr]   OPT_LEVEL = Some("1")
[INFO] [stderr]   HOST = Some("x86_64-unknown-linux-gnu")
[INFO] [stderr]   cargo:rerun-if-env-changed=CC_x86_64-unknown-linux-gnu
[INFO] [stderr]   CC_x86_64-unknown-linux-gnu = None
[INFO] [stderr]   cargo:rerun-if-env-changed=CC_x86_64_unknown_linux_gnu
[INFO] [stderr]   CC_x86_64_unknown_linux_gnu = None
[INFO] [stderr]   cargo:rerun-if-env-changed=HOST_CC
[INFO] [stderr]   HOST_CC = None
[INFO] [stderr]   cargo:rerun-if-env-changed=CC
[INFO] [stderr]   CC = None
[INFO] [stderr]   cargo:rerun-if-env-changed=CRATE_CC_NO_DEFAULTS
[INFO] [stderr]   CRATE_CC_NO_DEFAULTS = None
[INFO] [stderr]   DEBUG = Some("true")
[INFO] [stderr]   CARGO_CFG_TARGET_FEATURE = Some("fxsr,sse,sse2")
[INFO] [stderr]   cargo:rerun-if-env-changed=CFLAGS_x86_64-unknown-linux-gnu
[INFO] [stderr]   CFLAGS_x86_64-unknown-linux-gnu = None
[INFO] [stderr]   cargo:rerun-if-env-changed=CFLAGS_x86_64_unknown_linux_gnu
[INFO] [stderr]   CFLAGS_x86_64_unknown_linux_gnu = None
[INFO] [stderr]   cargo:rerun-if-env-changed=HOST_CFLAGS
[INFO] [stderr]   HOST_CFLAGS = None
[INFO] [stderr]   cargo:rerun-if-env-changed=CFLAGS
[INFO] [stderr]   CFLAGS = None
[INFO] [stderr]   running: "cc" "-O1" "-ffunction-sections" "-fdata-sections" "-fPIC" "-gdwarf-4" "-fno-omit-frame-pointer" "-m64" "-DSQLITE_CORE" "-DSQLITE_DEFAULT_FOREIGN_KEYS=1" "-DSQLITE_ENABLE_API_ARMOR" "-DSQLITE_ENABLE_COLUMN_METADATA" "-DSQLITE_ENABLE_DBSTAT_VTAB" "-DSQLITE_ENABLE_FTS3" "-DSQLITE_ENABLE_FTS3_PARENTHESIS" "-DSQLITE_ENABLE_FTS5" "-DSQLITE_ENABLE_JSON1" "-DSQLITE_ENABLE_LOAD_EXTENSION=1" "-DSQLITE_ENABLE_MEMORY_MANAGEMENT" "-DSQLITE_ENABLE_RTREE" "-DSQLITE_ENABLE_STAT2" "-DSQLITE_ENABLE_STAT4" "-DSQLITE_SOUNDEX" "-DSQLITE_THREADSAFE=1" "-DSQLITE_USE_URI" "-DHAVE_USLEEP=1" "-D_POSIX_THREAD_SAFE_FUNCTIONS" "-DHAVE_ISNAN" "-DHAVE_LOCALTIME_R" "-o" "/opt/rustwide/target/debug/build/libsqlite3-sys-f373027608b673d9/out/sqlite3/sqlite3.o" "-c" "sqlite3/sqlite3.c"
[INFO] [stderr]   exit status: 1
[INFO] [stderr]   cargo:warning=cc: fatal error: Killed signal terminated program cc1
[INFO] [stderr] 
[INFO] [stderr]   cargo:warning=compilation terminated.
[INFO] [stderr] 
[INFO] [stderr] 
[INFO] [stderr]   --- stderr
[INFO] [stderr] 
[INFO] [stderr] 
[INFO] [stderr]   error occurred: Command "cc" "-O1" "-ffunction-sections" "-fdata-sections" "-fPIC" "-gdwarf-4" "-fno-omit-frame-pointer" "-m64" "-DSQLITE_CORE" "-DSQLITE_DEFAULT_FOREIGN_KEYS=1" "-DSQLITE_ENABLE_API_ARMOR" "-DSQLITE_ENABLE_COLUMN_METADATA" "-DSQLITE_ENABLE_DBSTAT_VTAB" "-DSQLITE_ENABLE_FTS3" "-DSQLITE_ENABLE_FTS3_PARENTHESIS" "-DSQLITE_ENABLE_FTS5" "-DSQLITE_ENABLE_JSON1" "-DSQLITE_ENABLE_LOAD_EXTENSION=1" "-DSQLITE_ENABLE_MEMORY_MANAGEMENT" "-DSQLITE_ENABLE_RTREE" "-DSQLITE_ENABLE_STAT2" "-DSQLITE_ENABLE_STAT4" "-DSQLITE_SOUNDEX" "-DSQLITE_THREADSAFE=1" "-DSQLITE_USE_URI" "-DHAVE_USLEEP=1" "-D_POSIX_THREAD_SAFE_FUNCTIONS" "-DHAVE_ISNAN" "-DHAVE_LOCALTIME_R" "-o" "/opt/rustwide/target/debug/build/libsqlite3-sys-f373027608b673d9/out/sqlite3/sqlite3.o" "-c" "sqlite3/sqlite3.c" with args "cc" did not execute successfully (status code exit status: 1).
[INFO] [stderr] 
[INFO] [stderr] 
[INFO] running `Command { std: "docker" "inspect" "0e1913f39a9aa22dbfe025104824c3bbec3e0d83b4bb8934880e1cd1d8c0ed06", kill_on_drop: false }`
[INFO] running `Command { std: "docker" "rm" "-f" "0e1913f39a9aa22dbfe025104824c3bbec3e0d83b4bb8934880e1cd1d8c0ed06", kill_on_drop: false }`
[INFO] [stdout] 0e1913f39a9aa22dbfe025104824c3bbec3e0d83b4bb8934880e1cd1d8c0ed06
