[INFO] fetching crate torrust-index 3.0.0-alpha.2...
[INFO] documenting torrust-index-3.0.0-alpha.2 against 1.75.0 for beta-1.76-rustdoc-1
[INFO] extracting crate torrust-index 3.0.0-alpha.2 into /workspace/builds/worker-1-tc1/source
[INFO] validating manifest of crates.io crate torrust-index 3.0.0-alpha.2 on toolchain 1.75.0
[INFO] running `Command { std: CARGO_HOME="/workspace/cargo-home" RUSTUP_HOME="/workspace/rustup-home" "/workspace/cargo-home/bin/cargo" "+1.75.0" "metadata" "--manifest-path" "Cargo.toml" "--no-deps", kill_on_drop: false }`
[INFO] removed /workspace/builds/worker-1-tc1/source/.cargo/config.toml
[INFO] started tweaking crates.io crate torrust-index 3.0.0-alpha.2
[INFO] finished tweaking crates.io crate torrust-index 3.0.0-alpha.2
[INFO] tweaked toml for crates.io crate torrust-index 3.0.0-alpha.2 written to /workspace/builds/worker-1-tc1/source/Cargo.toml
[INFO] crate crates.io crate torrust-index 3.0.0-alpha.2 already has a lockfile, it will not be regenerated
[INFO] running `Command { std: CARGO_HOME="/workspace/cargo-home" RUSTUP_HOME="/workspace/rustup-home" "/workspace/cargo-home/bin/cargo" "+1.75.0" "fetch" "--manifest-path" "Cargo.toml", kill_on_drop: false }`
[INFO] [stderr]     Updating crates.io index
[INFO] [stderr]  Downloading crates ...
[INFO] [stderr]   Downloaded sqlx-macros v0.7.2
[INFO] [stderr]   Downloaded serde_bencode v0.2.4
[INFO] [stderr]   Downloaded sqlx-macros-core v0.7.2
[INFO] [stderr]   Downloaded text-colorizer v1.0.0
[INFO] [stderr]   Downloaded sqlx-sqlite v0.7.2
[INFO] [stderr]   Downloaded fontdb v0.7.0
[INFO] [stderr]   Downloaded sqlx-mysql v0.7.2
[INFO] [stderr]   Downloaded sqlx-core v0.7.2
[INFO] [stderr]   Downloaded bstr v1.7.0
[INFO] [stderr]   Downloaded regex-automata v0.4.2
[INFO] [stderr]   Downloaded sqlx-postgres v0.7.2
[INFO] [stderr]   Downloaded regex v1.10.1
[INFO] [stderr]   Downloaded tiny-skia v0.6.6
[INFO] [stderr]   Downloaded resvg v0.19.0
[INFO] [stderr]   Downloaded torrust-index-located-error v3.0.0-alpha.2
[INFO] [stderr]   Downloaded lettre v0.11.0
[INFO] [stderr]   Downloaded brotli-decompressor v2.5.0
[INFO] [stderr]   Downloaded sqlx v0.7.2
[INFO] [stderr]   Downloaded text-to-png v0.2.0
[INFO] [stderr]   Downloaded usvg v0.19.0
[INFO] [stderr]   Downloaded rustybuzz v0.4.0
[INFO] running `Command { std: "docker" "create" "-v" "/var/lib/crater-agent-workspace/builds/worker-1-tc1/target:/opt/rustwide/target:rw,Z" "-v" "/var/lib/crater-agent-workspace/builds/worker-1-tc1/source:/opt/rustwide/workdir:ro,Z" "-v" "/var/lib/crater-agent-workspace/cargo-home:/opt/rustwide/cargo-home:ro,Z" "-v" "/var/lib/crater-agent-workspace/rustup-home:/opt/rustwide/rustup-home:ro,Z" "-e" "SOURCE_DIR=/opt/rustwide/workdir" "-e" "CARGO_TARGET_DIR=/opt/rustwide/target" "-e" "CARGO_HOME=/opt/rustwide/cargo-home" "-e" "RUSTUP_HOME=/opt/rustwide/rustup-home" "-w" "/opt/rustwide/workdir" "-m" "1610612736" "--user" "0:0" "--network" "none" "ghcr.io/rust-lang/crates-build-env/linux@sha256:2788e3201cd34a07e3172128adcd8b3090168a8e3bcc40d7c032b9dda1df7d1c" "/opt/rustwide/cargo-home/bin/cargo" "+1.75.0" "metadata" "--no-deps" "--format-version=1", kill_on_drop: false }`
[INFO] [stdout] 4bd51a711a1cc90360efe839a1978148b92ad1d428ff5ab36eee582baafe1982
[INFO] running `Command { std: "docker" "start" "-a" "4bd51a711a1cc90360efe839a1978148b92ad1d428ff5ab36eee582baafe1982", kill_on_drop: false }`
[INFO] running `Command { std: "docker" "inspect" "4bd51a711a1cc90360efe839a1978148b92ad1d428ff5ab36eee582baafe1982", kill_on_drop: false }`
[INFO] running `Command { std: "docker" "rm" "-f" "4bd51a711a1cc90360efe839a1978148b92ad1d428ff5ab36eee582baafe1982", kill_on_drop: false }`
[INFO] [stdout] 4bd51a711a1cc90360efe839a1978148b92ad1d428ff5ab36eee582baafe1982
[INFO] running `Command { std: "docker" "create" "-v" "/var/lib/crater-agent-workspace/builds/worker-1-tc1/target:/opt/rustwide/target:rw,Z" "-v" "/var/lib/crater-agent-workspace/builds/worker-1-tc1/source:/opt/rustwide/workdir:ro,Z" "-v" "/var/lib/crater-agent-workspace/cargo-home:/opt/rustwide/cargo-home:ro,Z" "-v" "/var/lib/crater-agent-workspace/rustup-home:/opt/rustwide/rustup-home:ro,Z" "-e" "SOURCE_DIR=/opt/rustwide/workdir" "-e" "CARGO_TARGET_DIR=/opt/rustwide/target" "-e" "CARGO_INCREMENTAL=0" "-e" "RUST_BACKTRACE=full" "-e" "RUSTFLAGS=--cap-lints=warn" "-e" "RUSTDOCFLAGS=--cap-lints=warn" "-e" "CARGO_HOME=/opt/rustwide/cargo-home" "-e" "RUSTUP_HOME=/opt/rustwide/rustup-home" "-w" "/opt/rustwide/workdir" "-m" "1610612736" "--user" "0:0" "--network" "none" "ghcr.io/rust-lang/crates-build-env/linux@sha256:2788e3201cd34a07e3172128adcd8b3090168a8e3bcc40d7c032b9dda1df7d1c" "/opt/rustwide/cargo-home/bin/cargo" "+1.75.0" "doc" "--frozen" "--no-deps" "--document-private-items" "--message-format=json", kill_on_drop: false }`
[INFO] [stdout] c1bafae6a1a8ea5d30c5249a6e92fc1fb05b408f2d3173c4276d85f1a2501b8e
[INFO] running `Command { std: "docker" "start" "-a" "c1bafae6a1a8ea5d30c5249a6e92fc1fb05b408f2d3173c4276d85f1a2501b8e", kill_on_drop: false }`
[INFO] [stderr]    Compiling libc v0.2.149
[INFO] [stderr]    Compiling proc-macro2 v1.0.69
[INFO] [stderr]    Compiling serde v1.0.189
[INFO] [stderr]    Compiling typenum v1.17.0
[INFO] [stderr]     Checking memchr v2.6.4
[INFO] [stderr]     Checking log v0.4.20
[INFO] [stderr]    Compiling libm v0.2.8
[INFO] [stderr]    Compiling generic-array v0.14.7
[INFO] [stderr]    Compiling num-traits v0.2.17
[INFO] [stderr]    Compiling thiserror v1.0.49
[INFO] [stderr]    Compiling ahash v0.8.3
[INFO] [stderr]     Checking const-oid v0.9.5
[INFO] [stderr]    Compiling once_cell v1.18.0
[INFO] [stderr]    Compiling futures-channel v0.3.28
[INFO] [stderr]    Compiling futures-util v0.3.28
[INFO] [stderr]    Compiling num-integer v0.1.45
[INFO] [stderr]     Checking subtle v2.5.0
[INFO] [stderr]     Checking futures-io v0.3.28
[INFO] [stderr]    Compiling serde_json v1.0.107
[INFO] [stderr]    Compiling ahash v0.7.6
[INFO] [stderr]    Compiling time-core v0.1.2
[INFO] [stderr]    Compiling crossbeam-utils v0.8.16
[INFO] [stderr]     Checking tracing-core v0.1.32
[INFO] [stderr]    Compiling time-macros v0.2.15
[INFO] [stderr]     Checking smallvec v1.11.1
[INFO] [stderr]    Compiling futures-core v0.3.28
[INFO] [stderr]    Compiling num-iter v0.1.43
[INFO] [stderr]     Checking unicode-bidi v0.3.13
[INFO] [stderr]    Compiling crossbeam-queue v0.3.8
[INFO] [stderr]     Checking lazy_static v1.4.0
[INFO] [stderr]     Checking base64ct v1.6.0
[INFO] [stderr]    Compiling pin-project-lite v0.2.13
[INFO] [stderr]     Checking bitflags v1.3.2
[INFO] [stderr]    Compiling tinyvec_macros v0.1.1
[INFO] [stderr]    Compiling scopeguard v1.2.0
[INFO] [stderr]    Compiling tinyvec v1.6.0
[INFO] [stderr]    Compiling lock_api v0.4.10
[INFO] [stderr]    Compiling num-bigint-dig v0.8.4
[INFO] [stderr]    Compiling quote v1.0.33
[INFO] [stderr]    Compiling crc32fast v1.3.2
[INFO] [stderr]     Checking simd-adler32 v0.3.7
[INFO] [stderr]    Compiling zeroize v1.6.0
[INFO] [stderr]    Compiling futures-sink v0.3.28
[INFO] [stderr]    Compiling syn v2.0.38
[INFO] [stderr]     Checking getrandom v0.2.10
[INFO] [stderr]     Checking num_cpus v1.16.0
[INFO] [stderr]    Compiling jobserver v0.1.27
[INFO] [stderr]     Checking mio v0.8.8
[INFO] [stderr]     Checking signal-hook-registry v1.4.1
[INFO] [stderr]     Checking socket2 v0.5.4
[INFO] [stderr]    Compiling pem-rfc7468 v0.7.0
[INFO] [stderr]     Checking unicode-normalization v0.1.22
[INFO] [stderr]     Checking rand_core v0.6.4
[INFO] [stderr]    Compiling cc v1.0.83
[INFO] [stderr]     Checking hashbrown v0.12.3
[INFO] [stderr]     Checking cpufeatures v0.2.9
[INFO] [stderr]     Checking adler v1.0.2
[INFO] [stderr]    Compiling foreign-types-shared v0.1.1
[INFO] [stderr]    Compiling allocator-api2 v0.2.16
[INFO] [stderr]     Checking miniz_oxide v0.7.1
[INFO] [stderr]    Compiling foreign-types v0.3.2
[INFO] [stderr]     Checking hashbrown v0.14.1
[INFO] [stderr]    Compiling der v0.7.8
[INFO] [stderr]    Compiling parking_lot_core v0.9.8
[INFO] [stderr]    Compiling slab v0.4.9
[INFO] [stderr]     Checking crypto-common v0.1.6
[INFO] [stderr]     Checking block-buffer v0.10.4
[INFO] [stderr]    Compiling futures-task v0.3.28
[INFO] [stderr]    Compiling syn v1.0.109
[INFO] [stderr]     Checking digest v0.10.7
[INFO] [stderr]    Compiling percent-encoding v2.3.0
[INFO] [stderr]    Compiling minimal-lexical v0.2.1
[INFO] [stderr]     Checking powerfmt v0.2.0
[INFO] [stderr]    Compiling byteorder v1.5.0
[INFO] [stderr]    Compiling pin-utils v0.1.0
[INFO] [stderr]    Compiling itoa v1.0.9
[INFO] [stderr]    Compiling bytes v1.5.0
[INFO] [stderr]    Compiling nom v7.1.3
[INFO] [stderr]     Checking deranged v0.3.9
[INFO] [stderr]    Compiling form_urlencoded v1.2.0
[INFO] [stderr]    Compiling rand_chacha v0.3.1
[INFO] [stderr]    Compiling parking_lot v0.12.1
[INFO] [stderr]    Compiling idna v0.4.0
[INFO] [stderr]     Checking flate2 v1.0.28
[INFO] [stderr]    Compiling spki v0.7.2
[INFO] [stderr]    Compiling tokio v1.33.0
[INFO] [stderr]    Compiling openssl-sys v0.9.93
[INFO] [stderr]    Compiling ring v0.16.20
[INFO] [stderr]    Compiling libsqlite3-sys v0.26.0
[INFO] [stderr]    Compiling zstd-sys v2.0.9+zstd.1.5.5
[INFO] [stderr]    Compiling unicase v2.7.0
[INFO] [stderr]    Compiling openssl-probe v0.1.5
[INFO] [stderr]    Compiling ryu v1.0.15
[INFO] [stderr]    Compiling equivalent v1.0.1
[INFO] [stderr]     Checking base64 v0.13.1
[INFO] [stderr]     Checking base64 v0.21.4
[INFO] [stderr]     Checking untrusted v0.7.1
[INFO] [stderr]    Compiling ucd-trie v0.1.6
[INFO] [stderr]    Compiling crc-catalog v2.2.0
[INFO] [stderr]    Compiling unicode_categories v0.1.1
[INFO] [stderr]     Checking bytemuck v1.14.0
[INFO] [stderr]    Compiling spin v0.5.2
[INFO] [stderr]    Compiling crc v3.0.1
[INFO] [stderr]     Checking indexmap v2.0.2
[INFO] [stderr]     Checking time v0.3.30
[INFO] [stderr]     Checking url v2.4.1
[INFO] [stderr]    Compiling openssl v0.10.57
[INFO] [stderr]    Compiling native-tls v0.2.11
[INFO] [stderr]    Compiling pkcs8 v0.10.2
[INFO] [stderr]    Compiling futures-intrusive v0.5.0
[INFO] [stderr]    Compiling rand v0.8.5
[INFO] [stderr]    Compiling hashlink v0.8.4
[INFO] [stderr]    Compiling sha2 v0.10.8
[INFO] [stderr]    Compiling atoi v2.0.0
[INFO] [stderr]     Checking aho-corasick v1.1.2
[INFO] [stderr]    Compiling rustix v0.38.19
[INFO] [stderr]    Compiling event-listener v2.5.3
[INFO] [stderr]    Compiling unicode-general-category v0.4.0
[INFO] [stderr]    Compiling dotenvy v0.15.7
[INFO] [stderr]    Compiling async-trait v0.1.74
[INFO] [stderr]    Compiling hex v0.4.3
[INFO] [stderr]    Compiling pkcs1 v0.7.5
[INFO] [stderr]     Checking indexmap v1.9.3
[INFO] [stderr]    Compiling psm v0.1.21
[INFO] [stderr]    Compiling hmac v0.12.1
[INFO] [stderr]    Compiling signature v2.1.0
[INFO] [stderr]    Compiling spin v0.9.8
[INFO] [stderr]    Compiling zstd-safe v7.0.0
[INFO] [stderr]    Compiling finl_unicode v1.2.0
[INFO] [stderr]     Checking alloc-no-stdlib v2.0.4
[INFO] [stderr]     Checking regex-automata v0.4.2
[INFO] [stderr]     Checking ttf-parser v0.12.3
[INFO] [stderr]    Compiling linux-raw-sys v0.4.10
[INFO] [stderr]     Checking alloc-stdlib v0.2.2
[INFO] [stderr]    Compiling stringprep v0.1.4
[INFO] [stderr]    Compiling futures-executor v0.3.28
[INFO] [stderr]    Compiling flume v0.11.0
[INFO] [stderr]    Compiling hkdf v0.12.3
[INFO] [stderr]    Compiling rsa v0.9.2
[INFO] [stderr]    Compiling stacker v0.1.15
[INFO] [stderr]    Compiling sha1 v0.10.6
[INFO] [stderr]    Compiling md-5 v0.10.6
[INFO] [stderr]     Checking socket2 v0.4.9
[INFO] [stderr]     Checking memmap2 v0.5.10
[INFO] [stderr]     Checking fdeflate v0.3.0
[INFO] [stderr]    Compiling tokio-stream v0.1.14
[INFO] [stderr]     Checking bstr v1.7.0
[INFO] [stderr]    Compiling num-bigint v0.4.4
[INFO] [stderr]     Checking arrayvec v0.7.4
[INFO] [stderr]     Checking unic-char-range v0.9.0
[INFO] [stderr]     Checking unicode-script v0.5.5
[INFO] [stderr]    Compiling whoami v1.4.1
[INFO] [stderr]     Checking same-file v1.0.6
[INFO] [stderr]     Checking matches v0.1.10
[INFO] [stderr]    Compiling rustls v0.21.7
[INFO] [stderr]    Compiling fastrand v2.0.1
[INFO] [stderr]     Checking unicode-ccc v0.1.2
[INFO] [stderr]     Checking unic-common v0.9.0
[INFO] [stderr]     Checking unicode-bidi-mirroring v0.1.0
[INFO] [stderr]    Compiling unicode-segmentation v1.10.1
[INFO] [stderr]     Checking xmlparser v0.13.6
[INFO] [stderr]     Checking rustls-webpki v0.101.6
[INFO] [stderr]     Checking unic-ucd-version v0.9.0
[INFO] [stderr]     Checking rustybuzz v0.4.0
[INFO] [stderr]     Checking sct v0.7.0
[INFO] [stderr]     Checking svgtypes v0.8.2
[INFO] [stderr]     Checking walkdir v2.4.0
[INFO] [stderr]     Checking data-url v0.1.1
[INFO] [stderr]     Checking kurbo v0.8.3
[INFO] [stderr]     Checking png v0.17.10
[INFO] [stderr]     Checking roxmltree v0.14.1
[INFO] [stderr]     Checking unic-char-property v0.9.0
[INFO] [stderr]    Compiling serde_derive v1.0.189
[INFO] [stderr]    Compiling thiserror-impl v1.0.49
[INFO] [stderr]    Compiling tracing-attributes v0.1.27
[INFO] [stderr]    Compiling tokio-macros v2.1.0
[INFO] [stderr]    Compiling openssl-macros v0.1.1
[INFO] [stderr]    Compiling futures-macro v0.3.28
[INFO] [stderr]     Checking regex v1.10.1
[INFO] [stderr]    Compiling heck v0.4.1
[INFO] [stderr]    Compiling pin-project-internal v1.1.3
[INFO] [stderr]     Checking globset v0.4.13
[INFO] [stderr]     Checking fontdb v0.7.0
[INFO] [stderr]    Compiling mime_guess v2.0.4
[INFO] [stderr]     Checking brotli-decompressor v2.5.0
[INFO] [stderr]    Compiling axum-core v0.3.4
[INFO] [stderr]     Checking safe_arch v0.5.2
[INFO] [stderr]     Checking simplecss v0.2.1
[INFO] [stderr]     Checking thread_local v1.1.7
[INFO] [stderr]    Compiling multer v2.1.0
[INFO] [stderr]     Checking rctree v0.4.0
[INFO] [stderr]     Checking dlv-list v0.3.0
[INFO] [stderr]     Checking unicode-vo v0.1.0
[INFO] [stderr]     Checking arrayref v0.3.7
[INFO] [stderr]     Checking pico-args v0.4.2
[INFO] [stderr]     Checking float-cmp v0.9.0
[INFO] [stderr]     Checking arrayvec v0.5.2
[INFO] [stderr]     Checking xmlwriter v0.1.0
[INFO] [stderr]     Checking ordered-multimap v0.4.3
[INFO] [stderr]     Checking ignore v0.4.20
[INFO] [stderr]     Checking tiny-skia v0.6.6
[INFO] [stderr]     Checking unic-ucd-segment v0.9.0
[INFO] [stderr]     Checking brotli v3.4.0
[INFO] [stderr]    Compiling pest v2.7.4
[INFO] [stderr]    Compiling axum v0.6.20
[INFO] [stderr]     Checking usvg v0.19.0
[INFO] [stderr]     Checking pin-project v1.1.3
[INFO] [stderr]     Checking rgb v0.8.36
[INFO] [stderr]     Checking tracing v0.1.39
[INFO] [stderr]     Checking password-hash v0.5.0
[INFO] [stderr]     Checking winnow v0.5.17
[INFO] [stderr] The following warnings were emitted during compilation:
[INFO] [stderr] 
[INFO] [stderr] warning: libsqlite3-sys@0.26.0: cc: fatal error: Killed signal terminated program cc1
[INFO] [stderr] warning: libsqlite3-sys@0.26.0: compilation terminated.
[INFO] [stderr] 
[INFO] [stderr] error: failed to run custom build command for `libsqlite3-sys v0.26.0`
[INFO] [stderr] note: To improve backtraces for build dependencies, set the CARGO_PROFILE_DEV_BUILD_OVERRIDE_DEBUG=true environment variable to enable debug information generation.
[INFO] [stderr] 
[INFO] [stderr] Caused by:
[INFO] [stderr]   process didn't exit successfully: `/opt/rustwide/target/debug/build/libsqlite3-sys-fea9bc7ac0face72/build-script-build` (exit status: 1)
[INFO] [stderr]   --- stdout
[INFO] [stderr]   cargo:rerun-if-changed=sqlite3/sqlite3.c
[INFO] [stderr]   cargo:rerun-if-changed=sqlite3/wasm32-wasi-vfs.c
[INFO] [stderr]   cargo:rerun-if-env-changed=SQLITE_MAX_VARIABLE_NUMBER
[INFO] [stderr]   cargo:rerun-if-env-changed=SQLITE_MAX_EXPR_DEPTH
[INFO] [stderr]   cargo:rerun-if-env-changed=LIBSQLITE3_FLAGS
[INFO] [stderr]   TARGET = Some("x86_64-unknown-linux-gnu")
[INFO] [stderr]   OPT_LEVEL = Some("0")
[INFO] [stderr]   HOST = Some("x86_64-unknown-linux-gnu")
[INFO] [stderr]   cargo:rerun-if-env-changed=CC_x86_64-unknown-linux-gnu
[INFO] [stderr]   CC_x86_64-unknown-linux-gnu = None
[INFO] [stderr]   cargo:rerun-if-env-changed=CC_x86_64_unknown_linux_gnu
[INFO] [stderr]   CC_x86_64_unknown_linux_gnu = None
[INFO] [stderr]   cargo:rerun-if-env-changed=HOST_CC
[INFO] [stderr]   HOST_CC = None
[INFO] [stderr]   cargo:rerun-if-env-changed=CC
[INFO] [stderr]   CC = None
[INFO] [stderr]   cargo:rerun-if-env-changed=CRATE_CC_NO_DEFAULTS
[INFO] [stderr]   CRATE_CC_NO_DEFAULTS = None
[INFO] [stderr]   DEBUG = Some("true")
[INFO] [stderr]   CARGO_CFG_TARGET_FEATURE = Some("fxsr,sse,sse2")
[INFO] [stderr]   cargo:rerun-if-env-changed=CFLAGS_x86_64-unknown-linux-gnu
[INFO] [stderr]   CFLAGS_x86_64-unknown-linux-gnu = None
[INFO] [stderr]   cargo:rerun-if-env-changed=CFLAGS_x86_64_unknown_linux_gnu
[INFO] [stderr]   CFLAGS_x86_64_unknown_linux_gnu = None
[INFO] [stderr]   cargo:rerun-if-env-changed=HOST_CFLAGS
[INFO] [stderr]   HOST_CFLAGS = None
[INFO] [stderr]   cargo:rerun-if-env-changed=CFLAGS
[INFO] [stderr]   CFLAGS = None
[INFO] [stderr]   running: "cc" "-O0" "-ffunction-sections" "-fdata-sections" "-fPIC" "-gdwarf-4" "-fno-omit-frame-pointer" "-m64" "-DSQLITE_CORE" "-DSQLITE_DEFAULT_FOREIGN_KEYS=1" "-DSQLITE_ENABLE_API_ARMOR" "-DSQLITE_ENABLE_COLUMN_METADATA" "-DSQLITE_ENABLE_DBSTAT_VTAB" "-DSQLITE_ENABLE_FTS3" "-DSQLITE_ENABLE_FTS3_PARENTHESIS" "-DSQLITE_ENABLE_FTS5" "-DSQLITE_ENABLE_JSON1" "-DSQLITE_ENABLE_LOAD_EXTENSION=1" "-DSQLITE_ENABLE_MEMORY_MANAGEMENT" "-DSQLITE_ENABLE_RTREE" "-DSQLITE_ENABLE_STAT2" "-DSQLITE_ENABLE_STAT4" "-DSQLITE_SOUNDEX" "-DSQLITE_THREADSAFE=1" "-DSQLITE_USE_URI" "-DHAVE_USLEEP=1" "-D_POSIX_THREAD_SAFE_FUNCTIONS" "-DHAVE_ISNAN" "-DHAVE_LOCALTIME_R" "-DSQLITE_ENABLE_UNLOCK_NOTIFY" "-o" "/opt/rustwide/target/debug/build/libsqlite3-sys-77e5e1e5dd826b26/out/sqlite3/sqlite3.o" "-c" "sqlite3/sqlite3.c"
[INFO] [stderr]   exit status: 1
[INFO] [stderr]   cargo:warning=cc: fatal error: Killed signal terminated program cc1
[INFO] [stderr] 
[INFO] [stderr]   cargo:warning=compilation terminated.
[INFO] [stderr] 
[INFO] [stderr] 
[INFO] [stderr]   --- stderr
[INFO] [stderr] 
[INFO] [stderr] 
[INFO] [stderr]   error occurred: Command "cc" "-O0" "-ffunction-sections" "-fdata-sections" "-fPIC" "-gdwarf-4" "-fno-omit-frame-pointer" "-m64" "-DSQLITE_CORE" "-DSQLITE_DEFAULT_FOREIGN_KEYS=1" "-DSQLITE_ENABLE_API_ARMOR" "-DSQLITE_ENABLE_COLUMN_METADATA" "-DSQLITE_ENABLE_DBSTAT_VTAB" "-DSQLITE_ENABLE_FTS3" "-DSQLITE_ENABLE_FTS3_PARENTHESIS" "-DSQLITE_ENABLE_FTS5" "-DSQLITE_ENABLE_JSON1" "-DSQLITE_ENABLE_LOAD_EXTENSION=1" "-DSQLITE_ENABLE_MEMORY_MANAGEMENT" "-DSQLITE_ENABLE_RTREE" "-DSQLITE_ENABLE_STAT2" "-DSQLITE_ENABLE_STAT4" "-DSQLITE_SOUNDEX" "-DSQLITE_THREADSAFE=1" "-DSQLITE_USE_URI" "-DHAVE_USLEEP=1" "-D_POSIX_THREAD_SAFE_FUNCTIONS" "-DHAVE_ISNAN" "-DHAVE_LOCALTIME_R" "-DSQLITE_ENABLE_UNLOCK_NOTIFY" "-o" "/opt/rustwide/target/debug/build/libsqlite3-sys-77e5e1e5dd826b26/out/sqlite3/sqlite3.o" "-c" "sqlite3/sqlite3.c" with args "cc" did not execute successfully (status code exit status: 1).
[INFO] [stderr] 
[INFO] [stderr] 
[INFO] [stderr] warning: build failed, waiting for other jobs to finish...
[INFO] running `Command { std: "docker" "inspect" "c1bafae6a1a8ea5d30c5249a6e92fc1fb05b408f2d3173c4276d85f1a2501b8e", kill_on_drop: false }`
[INFO] running `Command { std: "docker" "rm" "-f" "c1bafae6a1a8ea5d30c5249a6e92fc1fb05b408f2d3173c4276d85f1a2501b8e", kill_on_drop: false }`
[INFO] [stdout] c1bafae6a1a8ea5d30c5249a6e92fc1fb05b408f2d3173c4276d85f1a2501b8e
[INFO] documenting torrust-index-3.0.0-alpha.2 against beta-2023-12-22 for beta-1.76-rustdoc-1
[INFO] extracting crate torrust-index 3.0.0-alpha.2 into /workspace/builds/worker-1-tc2/source
[INFO] validating manifest of crates.io crate torrust-index 3.0.0-alpha.2 on toolchain beta-2023-12-22
[INFO] running `Command { std: CARGO_HOME="/workspace/cargo-home" RUSTUP_HOME="/workspace/rustup-home" "/workspace/cargo-home/bin/cargo" "+beta-2023-12-22" "metadata" "--manifest-path" "Cargo.toml" "--no-deps", kill_on_drop: false }`
[INFO] removed /workspace/builds/worker-1-tc2/source/.cargo/config.toml
[INFO] started tweaking crates.io crate torrust-index 3.0.0-alpha.2
[INFO] finished tweaking crates.io crate torrust-index 3.0.0-alpha.2
[INFO] tweaked toml for crates.io crate torrust-index 3.0.0-alpha.2 written to /workspace/builds/worker-1-tc2/source/Cargo.toml
[INFO] crate crates.io crate torrust-index 3.0.0-alpha.2 already has a lockfile, it will not be regenerated
[INFO] running `Command { std: CARGO_HOME="/workspace/cargo-home" RUSTUP_HOME="/workspace/rustup-home" "/workspace/cargo-home/bin/cargo" "+beta-2023-12-22" "fetch" "--manifest-path" "Cargo.toml", kill_on_drop: false }`
[INFO] [stderr]     Blocking waiting for file lock on package cache
[INFO] [stderr]     Blocking waiting for file lock on package cache
[INFO] running `Command { std: "docker" "create" "-v" "/var/lib/crater-agent-workspace/builds/worker-1-tc2/target:/opt/rustwide/target:rw,Z" "-v" "/var/lib/crater-agent-workspace/builds/worker-1-tc2/source:/opt/rustwide/workdir:ro,Z" "-v" "/var/lib/crater-agent-workspace/cargo-home:/opt/rustwide/cargo-home:ro,Z" "-v" "/var/lib/crater-agent-workspace/rustup-home:/opt/rustwide/rustup-home:ro,Z" "-e" "SOURCE_DIR=/opt/rustwide/workdir" "-e" "CARGO_TARGET_DIR=/opt/rustwide/target" "-e" "CARGO_HOME=/opt/rustwide/cargo-home" "-e" "RUSTUP_HOME=/opt/rustwide/rustup-home" "-w" "/opt/rustwide/workdir" "-m" "1610612736" "--user" "0:0" "--network" "none" "ghcr.io/rust-lang/crates-build-env/linux@sha256:2788e3201cd34a07e3172128adcd8b3090168a8e3bcc40d7c032b9dda1df7d1c" "/opt/rustwide/cargo-home/bin/cargo" "+beta-2023-12-22" "metadata" "--no-deps" "--format-version=1", kill_on_drop: false }`
[INFO] [stdout] d6852a1b5a4ce343a76b962afddb6ed8194a34a701f784f4ae96156bf73a1d96
[INFO] running `Command { std: "docker" "start" "-a" "d6852a1b5a4ce343a76b962afddb6ed8194a34a701f784f4ae96156bf73a1d96", kill_on_drop: false }`
[INFO] running `Command { std: "docker" "inspect" "d6852a1b5a4ce343a76b962afddb6ed8194a34a701f784f4ae96156bf73a1d96", kill_on_drop: false }`
[INFO] running `Command { std: "docker" "rm" "-f" "d6852a1b5a4ce343a76b962afddb6ed8194a34a701f784f4ae96156bf73a1d96", kill_on_drop: false }`
[INFO] [stdout] d6852a1b5a4ce343a76b962afddb6ed8194a34a701f784f4ae96156bf73a1d96
[INFO] running `Command { std: "docker" "create" "-v" "/var/lib/crater-agent-workspace/builds/worker-1-tc2/target:/opt/rustwide/target:rw,Z" "-v" "/var/lib/crater-agent-workspace/builds/worker-1-tc2/source:/opt/rustwide/workdir:ro,Z" "-v" "/var/lib/crater-agent-workspace/cargo-home:/opt/rustwide/cargo-home:ro,Z" "-v" "/var/lib/crater-agent-workspace/rustup-home:/opt/rustwide/rustup-home:ro,Z" "-e" "SOURCE_DIR=/opt/rustwide/workdir" "-e" "CARGO_TARGET_DIR=/opt/rustwide/target" "-e" "CARGO_INCREMENTAL=0" "-e" "RUST_BACKTRACE=full" "-e" "RUSTFLAGS=--cap-lints=warn" "-e" "RUSTDOCFLAGS=--cap-lints=warn" "-e" "CARGO_HOME=/opt/rustwide/cargo-home" "-e" "RUSTUP_HOME=/opt/rustwide/rustup-home" "-w" "/opt/rustwide/workdir" "-m" "1610612736" "--user" "0:0" "--network" "none" "ghcr.io/rust-lang/crates-build-env/linux@sha256:2788e3201cd34a07e3172128adcd8b3090168a8e3bcc40d7c032b9dda1df7d1c" "/opt/rustwide/cargo-home/bin/cargo" "+beta-2023-12-22" "doc" "--frozen" "--no-deps" "--document-private-items" "--message-format=json", kill_on_drop: false }`
[INFO] [stdout] 0a903721a634d695f80db1ce12ca685a60e9080f96783e2d6ea0e41a956016d5
[INFO] running `Command { std: "docker" "start" "-a" "0a903721a634d695f80db1ce12ca685a60e9080f96783e2d6ea0e41a956016d5", kill_on_drop: false }`
[INFO] [stderr]    Compiling libc v0.2.149
[INFO] [stderr]    Compiling proc-macro2 v1.0.69
[INFO] [stderr]    Compiling serde v1.0.189
[INFO] [stderr]    Compiling typenum v1.17.0
[INFO] [stderr]     Checking memchr v2.6.4
[INFO] [stderr]     Checking log v0.4.20
[INFO] [stderr]    Compiling libm v0.2.8
[INFO] [stderr]    Compiling generic-array v0.14.7
[INFO] [stderr]    Compiling num-traits v0.2.17
[INFO] [stderr]    Compiling thiserror v1.0.49
[INFO] [stderr]    Compiling ahash v0.8.3
[INFO] [stderr]     Checking const-oid v0.9.5
[INFO] [stderr]    Compiling once_cell v1.18.0
[INFO] [stderr]    Compiling futures-channel v0.3.28
[INFO] [stderr]    Compiling futures-util v0.3.28
[INFO] [stderr]    Compiling num-integer v0.1.45
[INFO] [stderr]    Compiling serde_json v1.0.107
[INFO] [stderr]     Checking futures-io v0.3.28
[INFO] [stderr]     Checking subtle v2.5.0
[INFO] [stderr]    Compiling ahash v0.7.6
[INFO] [stderr]    Compiling time-core v0.1.2
[INFO] [stderr]    Compiling crossbeam-utils v0.8.16
[INFO] [stderr]     Checking tracing-core v0.1.32
[INFO] [stderr]     Checking smallvec v1.11.1
[INFO] [stderr]    Compiling futures-core v0.3.28
[INFO] [stderr]    Compiling time-macros v0.2.15
[INFO] [stderr]    Compiling num-iter v0.1.43
[INFO] [stderr]    Compiling crossbeam-queue v0.3.8
[INFO] [stderr]     Checking unicode-bidi v0.3.13
[INFO] [stderr]     Checking lazy_static v1.4.0
[INFO] [stderr]     Checking base64ct v1.6.0
[INFO] [stderr]    Compiling tinyvec_macros v0.1.1
[INFO] [stderr]    Compiling quote v1.0.33
[INFO] [stderr]    Compiling pin-project-lite v0.2.13
[INFO] [stderr]     Checking bitflags v1.3.2
[INFO] [stderr]    Compiling scopeguard v1.2.0
[INFO] [stderr]    Compiling tinyvec v1.6.0
[INFO] [stderr]    Compiling lock_api v0.4.10
[INFO] [stderr]    Compiling syn v2.0.38
[INFO] [stderr]    Compiling num-bigint-dig v0.8.4
[INFO] [stderr]    Compiling zeroize v1.6.0
[INFO] [stderr]     Checking simd-adler32 v0.3.7
[INFO] [stderr]    Compiling futures-sink v0.3.28
[INFO] [stderr]     Checking getrandom v0.2.10
[INFO] [stderr]     Checking mio v0.8.8
[INFO] [stderr]     Checking signal-hook-registry v1.4.1
[INFO] [stderr]     Checking socket2 v0.5.4
[INFO] [stderr]     Checking num_cpus v1.16.0
[INFO] [stderr]    Compiling crc32fast v1.3.2
[INFO] [stderr]    Compiling jobserver v0.1.27
[INFO] [stderr]     Checking rand_core v0.6.4
[INFO] [stderr]     Checking hashbrown v0.12.3
[INFO] [stderr]    Compiling unicode-normalization v0.1.22
[INFO] [stderr]    Compiling pem-rfc7468 v0.7.0
[INFO] [stderr]    Compiling cc v1.0.83
[INFO] [stderr]    Compiling foreign-types-shared v0.1.1
[INFO] [stderr]    Compiling allocator-api2 v0.2.16
[INFO] [stderr]     Checking adler v1.0.2
[INFO] [stderr]     Checking cpufeatures v0.2.9
[INFO] [stderr]    Compiling der v0.7.8
[INFO] [stderr]     Checking miniz_oxide v0.7.1
[INFO] [stderr]    Compiling foreign-types v0.3.2
[INFO] [stderr]     Checking crypto-common v0.1.6
[INFO] [stderr]     Checking block-buffer v0.10.4
[INFO] [stderr]     Checking hashbrown v0.14.1
[INFO] [stderr]     Checking digest v0.10.7
[INFO] [stderr]    Compiling parking_lot_core v0.9.8
[INFO] [stderr]    Compiling slab v0.4.9
[INFO] [stderr]    Compiling futures-task v0.3.28
[INFO] [stderr]    Compiling pin-utils v0.1.0
[INFO] [stderr]    Compiling minimal-lexical v0.2.1
[INFO] [stderr]     Checking powerfmt v0.2.0
[INFO] [stderr]    Compiling bytes v1.5.0
[INFO] [stderr]    Compiling byteorder v1.5.0
[INFO] [stderr]    Compiling itoa v1.0.9
[INFO] [stderr]    Compiling syn v1.0.109
[INFO] [stderr]    Compiling percent-encoding v2.3.0
[INFO] [stderr]    Compiling rand_chacha v0.3.1
[INFO] [stderr]    Compiling nom v7.1.3
[INFO] [stderr]    Compiling form_urlencoded v1.2.0
[INFO] [stderr]    Compiling tokio v1.33.0
[INFO] [stderr]     Checking deranged v0.3.9
[INFO] [stderr]     Checking flate2 v1.0.28
[INFO] [stderr]    Compiling parking_lot v0.12.1
[INFO] [stderr]    Compiling idna v0.4.0
[INFO] [stderr]    Compiling spki v0.7.2
[INFO] [stderr]    Compiling openssl-sys v0.9.93
[INFO] [stderr]    Compiling ring v0.16.20
[INFO] [stderr]    Compiling libsqlite3-sys v0.26.0
[INFO] [stderr]    Compiling zstd-sys v2.0.9+zstd.1.5.5
[INFO] [stderr]    Compiling unicase v2.7.0
[INFO] [stderr]    Compiling crc-catalog v2.2.0
[INFO] [stderr]    Compiling ryu v1.0.15
[INFO] [stderr]     Checking base64 v0.21.4
[INFO] [stderr]     Checking base64 v0.13.1
[INFO] [stderr]     Checking untrusted v0.7.1
[INFO] [stderr]    Compiling unicode_categories v0.1.1
[INFO] [stderr]    Compiling openssl-probe v0.1.5
[INFO] [stderr]    Compiling ucd-trie v0.1.6
[INFO] [stderr]    Compiling equivalent v1.0.1
[INFO] [stderr]     Checking bytemuck v1.14.0
[INFO] [stderr]    Compiling spin v0.5.2
[INFO] [stderr]    Compiling indexmap v2.0.2
[INFO] [stderr]     Checking time v0.3.30
[INFO] [stderr]    Compiling crc v3.0.1
[INFO] [stderr]     Checking url v2.4.1
[INFO] [stderr]    Compiling openssl v0.10.57
[INFO] [stderr]    Compiling native-tls v0.2.11
[INFO] [stderr]    Compiling pkcs8 v0.10.2
[INFO] [stderr]    Compiling futures-intrusive v0.5.0
[INFO] [stderr]    Compiling rand v0.8.5
[INFO] [stderr]    Compiling hashlink v0.8.4
[INFO] [stderr]    Compiling sha2 v0.10.8
[INFO] [stderr]    Compiling atoi v2.0.0
[INFO] [stderr]     Checking aho-corasick v1.1.2
[INFO] [stderr]    Compiling event-listener v2.5.3
[INFO] [stderr]    Compiling dotenvy v0.15.7
[INFO] [stderr]    Compiling rustix v0.38.19
[INFO] [stderr]    Compiling async-trait v0.1.74
[INFO] [stderr]    Compiling hex v0.4.3
[INFO] [stderr]    Compiling unicode-general-category v0.4.0
[INFO] [stderr]    Compiling pkcs1 v0.7.5
[INFO] [stderr]     Checking indexmap v1.9.3
[INFO] [stderr]    Compiling psm v0.1.21
[INFO] [stderr]    Compiling hmac v0.12.1
[INFO] [stderr]    Compiling signature v2.1.0
[INFO] [stderr]    Compiling spin v0.9.8
[INFO] [stderr]     Checking ttf-parser v0.12.3
[INFO] [stderr]    Compiling finl_unicode v1.2.0
[INFO] [stderr]     Checking regex-automata v0.4.2
[INFO] [stderr]     Checking alloc-no-stdlib v2.0.4
[INFO] [stderr]    Compiling zstd-safe v7.0.0
[INFO] [stderr]    Compiling linux-raw-sys v0.4.10
[INFO] [stderr]     Checking alloc-stdlib v0.2.2
[INFO] [stderr]    Compiling stringprep v0.1.4
[INFO] [stderr]    Compiling flume v0.11.0
[INFO] [stderr]    Compiling hkdf v0.12.3
[INFO] [stderr]    Compiling rsa v0.9.2
[INFO] [stderr]    Compiling tokio-stream v0.1.14
[INFO] [stderr]    Compiling futures-executor v0.3.28
[INFO] [stderr]    Compiling stacker v0.1.15
[INFO] [stderr]    Compiling sha1 v0.10.6
[INFO] [stderr]    Compiling md-5 v0.10.6
[INFO] [stderr]     Checking fdeflate v0.3.0
[INFO] [stderr]     Checking memmap2 v0.5.10
[INFO] [stderr]     Checking socket2 v0.4.9
[INFO] [stderr]     Checking bstr v1.7.0
[INFO] [stderr]    Compiling num-bigint v0.4.4
[INFO] [stderr]    Compiling rustls v0.21.7
[INFO] [stderr]    Compiling fastrand v2.0.1
[INFO] [stderr]     Checking unicode-ccc v0.1.2
[INFO] [stderr]     Checking matches v0.1.10
[INFO] [stderr]    Compiling serde_derive v1.0.189
[INFO] [stderr]    Compiling thiserror-impl v1.0.49
[INFO] [stderr]    Compiling tracing-attributes v0.1.27
[INFO] [stderr]    Compiling tokio-macros v2.1.0
[INFO] [stderr]    Compiling openssl-macros v0.1.1
[INFO] [stderr]    Compiling futures-macro v0.3.28
[INFO] [stderr]     Checking unic-common v0.9.0
[INFO] [stderr]     Checking unicode-script v0.5.5
[INFO] [stderr]     Checking same-file v1.0.6
[INFO] [stderr]    Compiling unicode-segmentation v1.10.1
[INFO] [stderr]     Checking unic-char-range v0.9.0
[INFO] [stderr]     Checking xmlparser v0.13.6
[INFO] [stderr]     Checking arrayvec v0.7.4
[INFO] [stderr]     Checking unicode-bidi-mirroring v0.1.0
[INFO] [stderr]    Compiling whoami v1.4.1
[INFO] [stderr]     Checking regex v1.10.1
[INFO] [stderr]     Checking roxmltree v0.14.1
[INFO] [stderr]     Checking svgtypes v0.8.2
[INFO] [stderr]     Checking kurbo v0.8.3
[INFO] [stderr]     Checking rustybuzz v0.4.0
[INFO] [stderr]    Compiling heck v0.4.1
[INFO] [stderr]     Checking unic-char-property v0.9.0
[INFO] [stderr]     Checking walkdir v2.4.0
[INFO] [stderr]     Checking globset v0.4.13
[INFO] [stderr]     Checking unic-ucd-version v0.9.0
[INFO] [stderr]     Checking png v0.17.10
[INFO] [stderr]     Checking data-url v0.1.1
[INFO] [stderr]    Compiling pin-project-internal v1.1.3
[INFO] [stderr]     Checking fontdb v0.7.0
[INFO] [stderr]     Checking sct v0.7.0
[INFO] [stderr]     Checking rustls-webpki v0.101.6
[INFO] [stderr]    Compiling mime_guess v2.0.4
[INFO] [stderr]     Checking brotli-decompressor v2.5.0
[INFO] [stderr]    Compiling axum-core v0.3.4
[INFO] [stderr]     Checking safe_arch v0.5.2
[INFO] [stderr]     Checking simplecss v0.2.1
[INFO] [stderr]    Compiling multer v2.1.0
[INFO] [stderr]     Checking thread_local v1.1.7
[INFO] [stderr]     Checking float-cmp v0.9.0
[INFO] [stderr]     Checking rctree v0.4.0
[INFO] [stderr]     Checking pico-args v0.4.2
[INFO] [stderr]     Checking dlv-list v0.3.0
[INFO] [stderr]     Checking arrayvec v0.5.2
[INFO] [stderr]     Checking arrayref v0.3.7
[INFO] [stderr]     Checking xmlwriter v0.1.0
[INFO] [stderr]     Checking unicode-vo v0.1.0
[INFO] [stderr]    Compiling pest v2.7.4
[INFO] [stderr]     Checking ordered-multimap v0.4.3
[INFO] [stderr]     Checking ignore v0.4.20
[INFO] [stderr]     Checking tiny-skia v0.6.6
[INFO] [stderr]     Checking tracing v0.1.39
[INFO] [stderr]     Checking brotli v3.4.0
[INFO] [stderr]     Checking unic-ucd-segment v0.9.0
[INFO] [stderr] The following warnings were emitted during compilation:
[INFO] [stderr] 
[INFO] [stderr] warning: libsqlite3-sys@0.26.0: cc: fatal error: Killed signal terminated program cc1
[INFO] [stderr] warning: libsqlite3-sys@0.26.0: compilation terminated.
[INFO] [stderr] 
[INFO] [stderr] error: failed to run custom build command for `libsqlite3-sys v0.26.0`
[INFO] [stderr] note: To improve backtraces for build dependencies, set the CARGO_PROFILE_DEV_BUILD_OVERRIDE_DEBUG=true environment variable to enable debug information generation.
[INFO] [stderr] 
[INFO] [stderr] Caused by:
[INFO] [stderr]   process didn't exit successfully: `/opt/rustwide/target/debug/build/libsqlite3-sys-8b7163c5f9953c4a/build-script-build` (exit status: 1)
[INFO] [stderr]   --- stdout
[INFO] [stderr]   cargo:rerun-if-changed=sqlite3/sqlite3.c
[INFO] [stderr]   cargo:rerun-if-changed=sqlite3/wasm32-wasi-vfs.c
[INFO] [stderr]   cargo:rerun-if-env-changed=SQLITE_MAX_VARIABLE_NUMBER
[INFO] [stderr]   cargo:rerun-if-env-changed=SQLITE_MAX_EXPR_DEPTH
[INFO] [stderr]   cargo:rerun-if-env-changed=LIBSQLITE3_FLAGS
[INFO] [stderr]   TARGET = Some("x86_64-unknown-linux-gnu")
[INFO] [stderr]   OPT_LEVEL = Some("0")
[INFO] [stderr]   HOST = Some("x86_64-unknown-linux-gnu")
[INFO] [stderr]   cargo:rerun-if-env-changed=CC_x86_64-unknown-linux-gnu
[INFO] [stderr]   CC_x86_64-unknown-linux-gnu = None
[INFO] [stderr]   cargo:rerun-if-env-changed=CC_x86_64_unknown_linux_gnu
[INFO] [stderr]   CC_x86_64_unknown_linux_gnu = None
[INFO] [stderr]   cargo:rerun-if-env-changed=HOST_CC
[INFO] [stderr]   HOST_CC = None
[INFO] [stderr]   cargo:rerun-if-env-changed=CC
[INFO] [stderr]   CC = None
[INFO] [stderr]   cargo:rerun-if-env-changed=CRATE_CC_NO_DEFAULTS
[INFO] [stderr]   CRATE_CC_NO_DEFAULTS = None
[INFO] [stderr]   DEBUG = Some("true")
[INFO] [stderr]   CARGO_CFG_TARGET_FEATURE = Some("fxsr,sse,sse2")
[INFO] [stderr]   cargo:rerun-if-env-changed=CFLAGS_x86_64-unknown-linux-gnu
[INFO] [stderr]   CFLAGS_x86_64-unknown-linux-gnu = None
[INFO] [stderr]   cargo:rerun-if-env-changed=CFLAGS_x86_64_unknown_linux_gnu
[INFO] [stderr]   CFLAGS_x86_64_unknown_linux_gnu = None
[INFO] [stderr]   cargo:rerun-if-env-changed=HOST_CFLAGS
[INFO] [stderr]   HOST_CFLAGS = None
[INFO] [stderr]   cargo:rerun-if-env-changed=CFLAGS
[INFO] [stderr]   CFLAGS = None
[INFO] [stderr]   running: "cc" "-O0" "-ffunction-sections" "-fdata-sections" "-fPIC" "-gdwarf-4" "-fno-omit-frame-pointer" "-m64" "-DSQLITE_CORE" "-DSQLITE_DEFAULT_FOREIGN_KEYS=1" "-DSQLITE_ENABLE_API_ARMOR" "-DSQLITE_ENABLE_COLUMN_METADATA" "-DSQLITE_ENABLE_DBSTAT_VTAB" "-DSQLITE_ENABLE_FTS3" "-DSQLITE_ENABLE_FTS3_PARENTHESIS" "-DSQLITE_ENABLE_FTS5" "-DSQLITE_ENABLE_JSON1" "-DSQLITE_ENABLE_LOAD_EXTENSION=1" "-DSQLITE_ENABLE_MEMORY_MANAGEMENT" "-DSQLITE_ENABLE_RTREE" "-DSQLITE_ENABLE_STAT2" "-DSQLITE_ENABLE_STAT4" "-DSQLITE_SOUNDEX" "-DSQLITE_THREADSAFE=1" "-DSQLITE_USE_URI" "-DHAVE_USLEEP=1" "-D_POSIX_THREAD_SAFE_FUNCTIONS" "-DHAVE_ISNAN" "-DHAVE_LOCALTIME_R" "-DSQLITE_ENABLE_UNLOCK_NOTIFY" "-o" "/opt/rustwide/target/debug/build/libsqlite3-sys-9dacd40d64693c49/out/sqlite3/sqlite3.o" "-c" "sqlite3/sqlite3.c"
[INFO] [stderr]   exit status: 1
[INFO] [stderr]   cargo:warning=cc: fatal error: Killed signal terminated program cc1
[INFO] [stderr] 
[INFO] [stderr]   cargo:warning=compilation terminated.
[INFO] [stderr] 
[INFO] [stderr] 
[INFO] [stderr]   --- stderr
[INFO] [stderr] 
[INFO] [stderr] 
[INFO] [stderr]   error occurred: Command "cc" "-O0" "-ffunction-sections" "-fdata-sections" "-fPIC" "-gdwarf-4" "-fno-omit-frame-pointer" "-m64" "-DSQLITE_CORE" "-DSQLITE_DEFAULT_FOREIGN_KEYS=1" "-DSQLITE_ENABLE_API_ARMOR" "-DSQLITE_ENABLE_COLUMN_METADATA" "-DSQLITE_ENABLE_DBSTAT_VTAB" "-DSQLITE_ENABLE_FTS3" "-DSQLITE_ENABLE_FTS3_PARENTHESIS" "-DSQLITE_ENABLE_FTS5" "-DSQLITE_ENABLE_JSON1" "-DSQLITE_ENABLE_LOAD_EXTENSION=1" "-DSQLITE_ENABLE_MEMORY_MANAGEMENT" "-DSQLITE_ENABLE_RTREE" "-DSQLITE_ENABLE_STAT2" "-DSQLITE_ENABLE_STAT4" "-DSQLITE_SOUNDEX" "-DSQLITE_THREADSAFE=1" "-DSQLITE_USE_URI" "-DHAVE_USLEEP=1" "-D_POSIX_THREAD_SAFE_FUNCTIONS" "-DHAVE_ISNAN" "-DHAVE_LOCALTIME_R" "-DSQLITE_ENABLE_UNLOCK_NOTIFY" "-o" "/opt/rustwide/target/debug/build/libsqlite3-sys-9dacd40d64693c49/out/sqlite3/sqlite3.o" "-c" "sqlite3/sqlite3.c" with args "cc" did not execute successfully (status code exit status: 1).
[INFO] [stderr] 
[INFO] [stderr] 
[INFO] [stderr] warning: build failed, waiting for other jobs to finish...
[INFO] running `Command { std: "docker" "inspect" "0a903721a634d695f80db1ce12ca685a60e9080f96783e2d6ea0e41a956016d5", kill_on_drop: false }`
[INFO] running `Command { std: "docker" "rm" "-f" "0a903721a634d695f80db1ce12ca685a60e9080f96783e2d6ea0e41a956016d5", kill_on_drop: false }`
[INFO] [stdout] 0a903721a634d695f80db1ce12ca685a60e9080f96783e2d6ea0e41a956016d5
