[INFO] fetching crate tin-drummer 1.0.1...
[INFO] documenting tin-drummer-1.0.1 against 1.75.0 for beta-1.76-rustdoc-1
[INFO] extracting crate tin-drummer 1.0.1 into /workspace/builds/worker-5-tc1/source
[INFO] validating manifest of crates.io crate tin-drummer 1.0.1 on toolchain 1.75.0
[INFO] running `Command { std: CARGO_HOME="/workspace/cargo-home" RUSTUP_HOME="/workspace/rustup-home" "/workspace/cargo-home/bin/cargo" "+1.75.0" "metadata" "--manifest-path" "Cargo.toml" "--no-deps", kill_on_drop: false }`
[INFO] removed /workspace/builds/worker-5-tc1/source/.cargo/config
[INFO] started tweaking crates.io crate tin-drummer 1.0.1
[INFO] finished tweaking crates.io crate tin-drummer 1.0.1
[INFO] tweaked toml for crates.io crate tin-drummer 1.0.1 written to /workspace/builds/worker-5-tc1/source/Cargo.toml
[INFO] running `Command { std: CARGO_HOME="/workspace/cargo-home" RUSTUP_HOME="/workspace/rustup-home" "/workspace/cargo-home/bin/cargo" "+1.75.0" "generate-lockfile" "--manifest-path" "Cargo.toml", kill_on_drop: false }`
[INFO] [stderr]     Updating crates.io index
[INFO] running `Command { std: CARGO_HOME="/workspace/cargo-home" RUSTUP_HOME="/workspace/rustup-home" "/workspace/cargo-home/bin/cargo" "+1.75.0" "fetch" "--manifest-path" "Cargo.toml", kill_on_drop: false }`
[INFO] [stderr]  Downloading crates ...
[INFO] [stderr]   Downloaded globset v0.2.1
[INFO] [stderr]   Downloaded ignore v0.2.2
[INFO] running `Command { std: "docker" "create" "-v" "/var/lib/crater-agent-workspace/builds/worker-5-tc1/target:/opt/rustwide/target:rw,Z" "-v" "/var/lib/crater-agent-workspace/builds/worker-5-tc1/source:/opt/rustwide/workdir:ro,Z" "-v" "/var/lib/crater-agent-workspace/cargo-home:/opt/rustwide/cargo-home:ro,Z" "-v" "/var/lib/crater-agent-workspace/rustup-home:/opt/rustwide/rustup-home:ro,Z" "-e" "SOURCE_DIR=/opt/rustwide/workdir" "-e" "CARGO_TARGET_DIR=/opt/rustwide/target" "-e" "CARGO_HOME=/opt/rustwide/cargo-home" "-e" "RUSTUP_HOME=/opt/rustwide/rustup-home" "-w" "/opt/rustwide/workdir" "-m" "1610612736" "--user" "0:0" "--network" "none" "ghcr.io/rust-lang/crates-build-env/linux@sha256:2788e3201cd34a07e3172128adcd8b3090168a8e3bcc40d7c032b9dda1df7d1c" "/opt/rustwide/cargo-home/bin/cargo" "+1.75.0" "metadata" "--no-deps" "--format-version=1", kill_on_drop: false }`
[INFO] [stdout] 5cb3e9950269a5a5a06ded413509b838717997551c4373ba823bfac58ac2e62c
[INFO] running `Command { std: "docker" "start" "-a" "5cb3e9950269a5a5a06ded413509b838717997551c4373ba823bfac58ac2e62c", kill_on_drop: false }`
[INFO] running `Command { std: "docker" "inspect" "5cb3e9950269a5a5a06ded413509b838717997551c4373ba823bfac58ac2e62c", kill_on_drop: false }`
[INFO] running `Command { std: "docker" "rm" "-f" "5cb3e9950269a5a5a06ded413509b838717997551c4373ba823bfac58ac2e62c", kill_on_drop: false }`
[INFO] [stdout] 5cb3e9950269a5a5a06ded413509b838717997551c4373ba823bfac58ac2e62c
[INFO] running `Command { std: "docker" "create" "-v" "/var/lib/crater-agent-workspace/builds/worker-5-tc1/target:/opt/rustwide/target:rw,Z" "-v" "/var/lib/crater-agent-workspace/builds/worker-5-tc1/source:/opt/rustwide/workdir:ro,Z" "-v" "/var/lib/crater-agent-workspace/cargo-home:/opt/rustwide/cargo-home:ro,Z" "-v" "/var/lib/crater-agent-workspace/rustup-home:/opt/rustwide/rustup-home:ro,Z" "-e" "SOURCE_DIR=/opt/rustwide/workdir" "-e" "CARGO_TARGET_DIR=/opt/rustwide/target" "-e" "CARGO_INCREMENTAL=0" "-e" "RUST_BACKTRACE=full" "-e" "RUSTFLAGS=--cap-lints=warn" "-e" "RUSTDOCFLAGS=--cap-lints=warn" "-e" "CARGO_HOME=/opt/rustwide/cargo-home" "-e" "RUSTUP_HOME=/opt/rustwide/rustup-home" "-w" "/opt/rustwide/workdir" "-m" "1610612736" "--user" "0:0" "--network" "none" "ghcr.io/rust-lang/crates-build-env/linux@sha256:2788e3201cd34a07e3172128adcd8b3090168a8e3bcc40d7c032b9dda1df7d1c" "/opt/rustwide/cargo-home/bin/cargo" "+1.75.0" "doc" "--frozen" "--no-deps" "--document-private-items" "--message-format=json", kill_on_drop: false }`
[INFO] [stdout] 08f6a84a9d85e3e23e3fc896fc4e2fb2cffa7adb316f387a4ec24c3812b2878b
[INFO] running `Command { std: "docker" "start" "-a" "08f6a84a9d85e3e23e3fc896fc4e2fb2cffa7adb316f387a4ec24c3812b2878b", kill_on_drop: false }`
[INFO] [stderr]    Compiling libc v0.2.151
[INFO] [stderr]    Compiling regex v0.2.11
[INFO] [stderr]    Compiling rustix v0.38.28
[INFO] [stderr]     Checking ucd-util v0.1.10
[INFO] [stderr]    Compiling unicode-width v0.1.11
[INFO] [stderr]    Compiling strsim v0.8.0
[INFO] [stderr]     Checking aho-corasick v0.6.10
[INFO] [stderr]     Checking thread_local v0.3.6
[INFO] [stderr]    Compiling textwrap v0.11.0
[INFO] [stderr]     Checking regex-syntax v0.5.6
[INFO] [stderr]    Compiling vec_map v0.8.2
[INFO] [stderr]     Checking utf8-ranges v1.0.5
[INFO] [stderr]    Compiling ansi_term v0.12.1
[INFO] [stderr]    Compiling yaml-rust v0.3.5
[INFO] [stderr]     Checking linux-raw-sys v0.4.12
[INFO] [stderr]     Checking log v0.3.9
[INFO] [stderr]     Checking same-file v0.1.3
[INFO] [stderr]     Checking walkdir v1.0.7
[INFO] [stderr]     Checking crossbeam v0.2.12
[INFO] [stderr]     Checking lazy_static v0.2.11
[INFO] [stderr]     Checking pad v0.1.6
[INFO] [stderr]     Checking is-terminal v0.4.10
[INFO] [stderr]     Checking colored v1.9.4
[INFO] [stderr]     Checking memchr v1.0.2
[INFO] [stderr]     Checking atty v0.2.14
[INFO] [stderr]     Checking clap v2.34.0
[INFO] [stderr]     Checking nom v3.2.1
[INFO] [stderr]     Checking globset v0.2.1
[INFO] [stderr]     Checking ignore v0.2.2
[INFO] [stderr]    Compiling tin-drummer v1.0.1 (/opt/rustwide/workdir)
[INFO] [stderr]  Documenting tin-drummer v1.0.1 (/opt/rustwide/workdir)
[INFO] [stdout] warning: unknown lint: `match_ref_pats`
[INFO] [stdout]  --> src/lib.rs:3:10
[INFO] [stdout]   |
[INFO] [stdout] 3 | #![allow(match_ref_pats)]
[INFO] [stdout]   |          ^^^^^^^^^^^^^^
[INFO] [stdout]   |
[INFO] [stdout]   = note: `#[warn(unknown_lints)]` on by default
[INFO] [stdout] 
[INFO] [stdout] 
[INFO] [stdout] warning: unknown lint: `match_ref_pats`
[INFO] [stdout]  --> src/lib.rs:3:10
[INFO] [stdout]   |
[INFO] [stdout] 3 | #![allow(match_ref_pats)]
[INFO] [stdout]   |          ^^^^^^^^^^^^^^
[INFO] [stdout]   |
[INFO] [stdout]   = note: `#[warn(unknown_lints)]` on by default
[INFO] [stdout] 
[INFO] [stdout] 
[INFO] [stdout] warning: unknown lint: `too_many_arguments`
[INFO] [stdout]  --> src/lib.rs:4:10
[INFO] [stdout]   |
[INFO] [stdout] 4 | #![allow(too_many_arguments)]
[INFO] [stdout]   |          ^^^^^^^^^^^^^^^^^^
[INFO] [stdout] 
[INFO] [stdout] 
[INFO] [stdout] warning: unknown lint: `too_many_arguments`
[INFO] [stdout]  --> src/lib.rs:4:10
[INFO] [stdout]   |
[INFO] [stdout] 4 | #![allow(too_many_arguments)]
[INFO] [stdout]   |          ^^^^^^^^^^^^^^^^^^
[INFO] [stdout] 
[INFO] [stdout] 
[INFO] [stdout] warning: use of deprecated constant `std::sync::ONCE_INIT`: the `new` function is now preferred
[INFO] [stdout]   --> src/lib.rs:95:13
[INFO] [stdout]    |
[INFO] [stdout] 95 | / ...   lazy_static! {
[INFO] [stdout] 96 | | ...       static ref REGEX: Regex = 
[INFO] [stdout] 97 | | ...           Regex::new(r".*?\.(a|la|lo|o|ll|keter|bc|dyn_o|d|rlib|crate|min\.js|hi|dyn_hi|S|jsexe|webapp|js\.externs|ibc|toc|aux|fdb_la...
[INFO] [stdout] 98 | | ...           .unwrap();
[INFO] [stdout] 99 | | ...   }
[INFO] [stdout]    | |_______^
[INFO] [stdout]    |
[INFO] [stdout]    = note: `#[warn(deprecated)]` on by default
[INFO] [stdout]    = note: this warning originates in the macro `__lazy_static_create` which comes from the expansion of the macro `lazy_static` (in Nightly builds, run with -Z macro-backtrace for more info)
[INFO] [stdout] 
[INFO] [stdout] 
[INFO] [stdout] warning: use of deprecated constant `std::sync::ONCE_INIT`: the `new` function is now preferred
[INFO] [stdout]    --> src/lib.rs:101:13
[INFO] [stdout]     |
[INFO] [stdout] 101 | /             lazy_static! {
[INFO] [stdout] 102 | |                 static ref REGEX_GITIGNORE: Regex = 
[INFO] [stdout] 103 | |                     Regex::new(r".*?\.(stats|conf|h|out|cache.*|dat|pc|info|\.js)$")
[INFO] [stdout] 104 | |                     .unwrap();
[INFO] [stdout] 105 | |             }
[INFO] [stdout]     | |_____________^
[INFO] [stdout]     |
[INFO] [stdout]     = note: this warning originates in the macro `__lazy_static_create` which comes from the expansion of the macro `lazy_static` (in Nightly builds, run with -Z macro-backtrace for more info)
[INFO] [stdout] 
[INFO] [stdout] 
[INFO] [stdout] error[E0554]: `#![feature]` may not be used on the stable release channel
[INFO] [stdout]  --> src/lib.rs:1:12
[INFO] [stdout]   |
[INFO] [stdout] 1 | #![feature(test)]
[INFO] [stdout]   |            ^^^^
[INFO] [stdout] 
[INFO] [stdout] 
[INFO] [stdout] error[E0554]: `#![feature]` may not be used on the stable release channel
[INFO] [stdout]  --> src/lib.rs:2:12
[INFO] [stdout]   |
[INFO] [stdout] 2 | #![feature(integer_atomics)]
[INFO] [stdout]   |            ^^^^^^^^^^^^^^^
[INFO] [stdout] 
[INFO] [stdout] 
[INFO] [stdout] error[E0635]: unknown feature `integer_atomics`
[INFO] [stdout]  --> src/lib.rs:2:12
[INFO] [stdout]   |
[INFO] [stdout] 2 | #![feature(integer_atomics)]
[INFO] [stdout]   |            ^^^^^^^^^^^^^^^
[INFO] [stdout] 
[INFO] [stdout] 
[INFO] [stdout] error[E0554]: `#![feature]` may not be used on the stable release channel
[INFO] [stdout]  --> src/lib.rs:1:12
[INFO] [stdout]   |
[INFO] [stdout] 1 | #![feature(test)]
[INFO] [stdout]   |            ^^^^
[INFO] [stdout] 
[INFO] [stdout] 
[INFO] [stdout] error[E0554]: `#![feature]` may not be used on the stable release channel
[INFO] [stdout]  --> src/lib.rs:2:12
[INFO] [stdout]   |
[INFO] [stdout] 2 | #![feature(integer_atomics)]
[INFO] [stdout]   |            ^^^^^^^^^^^^^^^
[INFO] [stdout] 
[INFO] [stdout] 
[INFO] [stdout] error[E0635]: unknown feature `integer_atomics`
[INFO] [stdout]  --> src/lib.rs:2:12
[INFO] [stdout]   |
[INFO] [stdout] 2 | #![feature(integer_atomics)]
[INFO] [stdout]   |            ^^^^^^^^^^^^^^^
[INFO] [stdout] 
[INFO] [stdout] 
[INFO] [stdout] error: aborting due to 3 previous errors; 2 warnings emitted
[INFO] [stdout] 
[INFO] [stdout] 
[INFO] [stdout] Some errors have detailed explanations: E0554, E0635.
[INFO] [stdout] 
[INFO] [stdout] For more information about an error, try `rustc --explain E0554`.
[INFO] [stdout] 
[INFO] [stderr] error: could not document `tin-drummer`
[INFO] [stderr] 
[INFO] [stderr] Caused by:
[INFO] [stderr]   process didn't exit successfully: `/opt/rustwide/rustup-home/toolchains/1.75.0-x86_64-unknown-linux-gnu/bin/rustdoc --crate-type lib --crate-name liboskar src/lib.rs -o /opt/rustwide/target/doc --cfg 'feature="default"' --cfg 'feature="english"' --error-format=json --json=diagnostic-rendered-ansi,artifacts,future-incompat --document-private-items -C metadata=02205506e73f7e2f -L dependency=/opt/rustwide/target/debug/deps --extern clap=/opt/rustwide/target/debug/deps/libclap-75502430aaf78b18.rmeta --extern colored=/opt/rustwide/target/debug/deps/libcolored-3801f225d9e0e0f7.rmeta --extern ignore=/opt/rustwide/target/debug/deps/libignore-12e4b960664ccff5.rmeta --extern lazy_static=/opt/rustwide/target/debug/deps/liblazy_static-66a3474a547d700f.rmeta --extern nom=/opt/rustwide/target/debug/deps/libnom-2d46365acce3a97a.rmeta --extern pad=/opt/rustwide/target/debug/deps/libpad-2ecc16e6619b8621.rmeta --extern regex=/opt/rustwide/target/debug/deps/libregex-f2f09fc0a4303111.rmeta --cap-lints=warn --crate-version 1.0.1` (exit status: 1)
[INFO] [stderr] warning: build failed, waiting for other jobs to finish...
[INFO] [stdout] error: aborting due to 3 previous errors; 4 warnings emitted
[INFO] [stdout] 
[INFO] [stdout] 
[INFO] [stdout] Some errors have detailed explanations: E0554, E0635.
[INFO] [stdout] 
[INFO] [stdout] For more information about an error, try `rustc --explain E0554`.
[INFO] [stdout] 
[INFO] [stderr] error: could not compile `tin-drummer` (lib) due to 4 previous errors; 4 warnings emitted
[INFO] running `Command { std: "docker" "inspect" "08f6a84a9d85e3e23e3fc896fc4e2fb2cffa7adb316f387a4ec24c3812b2878b", kill_on_drop: false }`
[INFO] running `Command { std: "docker" "rm" "-f" "08f6a84a9d85e3e23e3fc896fc4e2fb2cffa7adb316f387a4ec24c3812b2878b", kill_on_drop: false }`
[INFO] [stdout] 08f6a84a9d85e3e23e3fc896fc4e2fb2cffa7adb316f387a4ec24c3812b2878b
[INFO] documenting tin-drummer-1.0.1 against beta-2023-12-22 for beta-1.76-rustdoc-1
[INFO] extracting crate tin-drummer 1.0.1 into /workspace/builds/worker-5-tc2/source
[INFO] validating manifest of crates.io crate tin-drummer 1.0.1 on toolchain beta-2023-12-22
[INFO] running `Command { std: CARGO_HOME="/workspace/cargo-home" RUSTUP_HOME="/workspace/rustup-home" "/workspace/cargo-home/bin/cargo" "+beta-2023-12-22" "metadata" "--manifest-path" "Cargo.toml" "--no-deps", kill_on_drop: false }`
[INFO] removed /workspace/builds/worker-5-tc2/source/.cargo/config
[INFO] started tweaking crates.io crate tin-drummer 1.0.1
[INFO] finished tweaking crates.io crate tin-drummer 1.0.1
[INFO] tweaked toml for crates.io crate tin-drummer 1.0.1 written to /workspace/builds/worker-5-tc2/source/Cargo.toml
[INFO] running `Command { std: CARGO_HOME="/workspace/cargo-home" RUSTUP_HOME="/workspace/rustup-home" "/workspace/cargo-home/bin/cargo" "+beta-2023-12-22" "generate-lockfile" "--manifest-path" "Cargo.toml", kill_on_drop: false }`
[INFO] [stderr]     Updating crates.io index
[INFO] running `Command { std: CARGO_HOME="/workspace/cargo-home" RUSTUP_HOME="/workspace/rustup-home" "/workspace/cargo-home/bin/cargo" "+beta-2023-12-22" "fetch" "--manifest-path" "Cargo.toml", kill_on_drop: false }`
[INFO] running `Command { std: "docker" "create" "-v" "/var/lib/crater-agent-workspace/builds/worker-5-tc2/target:/opt/rustwide/target:rw,Z" "-v" "/var/lib/crater-agent-workspace/builds/worker-5-tc2/source:/opt/rustwide/workdir:ro,Z" "-v" "/var/lib/crater-agent-workspace/cargo-home:/opt/rustwide/cargo-home:ro,Z" "-v" "/var/lib/crater-agent-workspace/rustup-home:/opt/rustwide/rustup-home:ro,Z" "-e" "SOURCE_DIR=/opt/rustwide/workdir" "-e" "CARGO_TARGET_DIR=/opt/rustwide/target" "-e" "CARGO_HOME=/opt/rustwide/cargo-home" "-e" "RUSTUP_HOME=/opt/rustwide/rustup-home" "-w" "/opt/rustwide/workdir" "-m" "1610612736" "--user" "0:0" "--network" "none" "ghcr.io/rust-lang/crates-build-env/linux@sha256:2788e3201cd34a07e3172128adcd8b3090168a8e3bcc40d7c032b9dda1df7d1c" "/opt/rustwide/cargo-home/bin/cargo" "+beta-2023-12-22" "metadata" "--no-deps" "--format-version=1", kill_on_drop: false }`
[INFO] [stdout] 38eda35a8deeafb4fd09370f36b2118d35ce209d46308f411c254db26114fe03
[INFO] running `Command { std: "docker" "start" "-a" "38eda35a8deeafb4fd09370f36b2118d35ce209d46308f411c254db26114fe03", kill_on_drop: false }`
[INFO] running `Command { std: "docker" "inspect" "38eda35a8deeafb4fd09370f36b2118d35ce209d46308f411c254db26114fe03", kill_on_drop: false }`
[INFO] running `Command { std: "docker" "rm" "-f" "38eda35a8deeafb4fd09370f36b2118d35ce209d46308f411c254db26114fe03", kill_on_drop: false }`
[INFO] [stdout] 38eda35a8deeafb4fd09370f36b2118d35ce209d46308f411c254db26114fe03
[INFO] running `Command { std: "docker" "create" "-v" "/var/lib/crater-agent-workspace/builds/worker-5-tc2/target:/opt/rustwide/target:rw,Z" "-v" "/var/lib/crater-agent-workspace/builds/worker-5-tc2/source:/opt/rustwide/workdir:ro,Z" "-v" "/var/lib/crater-agent-workspace/cargo-home:/opt/rustwide/cargo-home:ro,Z" "-v" "/var/lib/crater-agent-workspace/rustup-home:/opt/rustwide/rustup-home:ro,Z" "-e" "SOURCE_DIR=/opt/rustwide/workdir" "-e" "CARGO_TARGET_DIR=/opt/rustwide/target" "-e" "CARGO_INCREMENTAL=0" "-e" "RUST_BACKTRACE=full" "-e" "RUSTFLAGS=--cap-lints=warn" "-e" "RUSTDOCFLAGS=--cap-lints=warn" "-e" "CARGO_HOME=/opt/rustwide/cargo-home" "-e" "RUSTUP_HOME=/opt/rustwide/rustup-home" "-w" "/opt/rustwide/workdir" "-m" "1610612736" "--user" "0:0" "--network" "none" "ghcr.io/rust-lang/crates-build-env/linux@sha256:2788e3201cd34a07e3172128adcd8b3090168a8e3bcc40d7c032b9dda1df7d1c" "/opt/rustwide/cargo-home/bin/cargo" "+beta-2023-12-22" "doc" "--frozen" "--no-deps" "--document-private-items" "--message-format=json", kill_on_drop: false }`
[INFO] [stdout] 7c34eb64d5947daaea810d1dda610b342d9f1185acbbd81315f88c42b35cf6fd
[INFO] running `Command { std: "docker" "start" "-a" "7c34eb64d5947daaea810d1dda610b342d9f1185acbbd81315f88c42b35cf6fd", kill_on_drop: false }`
[INFO] [stderr]    Compiling libc v0.2.151
[INFO] [stderr]     Checking ucd-util v0.1.10
[INFO] [stderr]    Compiling unicode-width v0.1.11
[INFO] [stderr]    Compiling rustix v0.38.28
[INFO] [stderr]    Compiling regex v0.2.11
[INFO] [stderr]     Checking thread_local v0.3.6
[INFO] [stderr]     Checking aho-corasick v0.6.10
[INFO] [stderr]    Compiling strsim v0.8.0
[INFO] [stderr]    Compiling textwrap v0.11.0
[INFO] [stderr]     Checking regex-syntax v0.5.6
[INFO] [stderr]    Compiling yaml-rust v0.3.5
[INFO] [stderr]    Compiling ansi_term v0.12.1
[INFO] [stderr]    Compiling vec_map v0.8.2
[INFO] [stderr]     Checking linux-raw-sys v0.4.12
[INFO] [stderr]     Checking utf8-ranges v1.0.5
[INFO] [stderr]     Checking log v0.3.9
[INFO] [stderr]     Checking same-file v0.1.3
[INFO] [stderr]     Checking walkdir v1.0.7
[INFO] [stderr]     Checking crossbeam v0.2.12
[INFO] [stderr]     Checking lazy_static v0.2.11
[INFO] [stderr]     Checking pad v0.1.6
[INFO] [stderr]     Checking is-terminal v0.4.10
[INFO] [stderr]     Checking colored v1.9.4
[INFO] [stderr]     Checking memchr v1.0.2
[INFO] [stderr]     Checking atty v0.2.14
[INFO] [stderr]     Checking clap v2.34.0
[INFO] [stderr]     Checking nom v3.2.1
[INFO] [stderr]     Checking globset v0.2.1
[INFO] [stderr]     Checking ignore v0.2.2
[INFO] [stderr]    Compiling tin-drummer v1.0.1 (/opt/rustwide/workdir)
[INFO] [stderr]  Documenting tin-drummer v1.0.1 (/opt/rustwide/workdir)
[INFO] [stdout] warning: unknown lint: `match_ref_pats`
[INFO] [stdout]  --> src/lib.rs:3:10
[INFO] [stdout]   |
[INFO] [stdout] 3 | #![allow(match_ref_pats)]
[INFO] [stdout]   |          ^^^^^^^^^^^^^^
[INFO] [stdout]   |
[INFO] [stdout]   = note: `#[warn(unknown_lints)]` on by default
[INFO] [stdout] 
[INFO] [stdout] 
[INFO] [stdout] warning: unknown lint: `match_ref_pats`
[INFO] [stdout]  --> src/lib.rs:3:10
[INFO] [stdout]   |
[INFO] [stdout] 3 | #![allow(match_ref_pats)]
[INFO] [stdout]   |          ^^^^^^^^^^^^^^
[INFO] [stdout]   |
[INFO] [stdout]   = note: `#[warn(unknown_lints)]` on by default
[INFO] [stdout] 
[INFO] [stdout] 
[INFO] [stdout] warning: unknown lint: `too_many_arguments`
[INFO] [stdout]  --> src/lib.rs:4:10
[INFO] [stdout]   |
[INFO] [stdout] 4 | #![allow(too_many_arguments)]
[INFO] [stdout]   |          ^^^^^^^^^^^^^^^^^^
[INFO] [stdout] 
[INFO] [stdout] 
[INFO] [stdout] warning: unknown lint: `too_many_arguments`
[INFO] [stdout]  --> src/lib.rs:4:10
[INFO] [stdout]   |
[INFO] [stdout] 4 | #![allow(too_many_arguments)]
[INFO] [stdout]   |          ^^^^^^^^^^^^^^^^^^
[INFO] [stdout] 
[INFO] [stdout] 
[INFO] [stdout] warning: use of deprecated constant `std::sync::ONCE_INIT`: the `new` function is now preferred
[INFO] [stdout]   --> src/lib.rs:95:13
[INFO] [stdout]    |
[INFO] [stdout] 95 | / ...   lazy_static! {
[INFO] [stdout] 96 | | ...       static ref REGEX: Regex = 
[INFO] [stdout] 97 | | ...           Regex::new(r".*?\.(a|la|lo|o|ll|keter|bc|dyn_o|d|rlib|crate|min\.js|hi|dyn_hi|S|jsexe|webapp|js\.externs|ibc|toc|aux|fdb_la...
[INFO] [stdout] 98 | | ...           .unwrap();
[INFO] [stdout] 99 | | ...   }
[INFO] [stdout]    | |_______^
[INFO] [stdout]    |
[INFO] [stdout]    = note: `#[warn(deprecated)]` on by default
[INFO] [stdout]    = note: this warning originates in the macro `__lazy_static_create` which comes from the expansion of the macro `lazy_static` (in Nightly builds, run with -Z macro-backtrace for more info)
[INFO] [stdout] 
[INFO] [stdout] 
[INFO] [stdout] warning: use of deprecated constant `std::sync::ONCE_INIT`: the `new` function is now preferred
[INFO] [stdout]    --> src/lib.rs:101:13
[INFO] [stdout]     |
[INFO] [stdout] 101 | /             lazy_static! {
[INFO] [stdout] 102 | |                 static ref REGEX_GITIGNORE: Regex = 
[INFO] [stdout] 103 | |                     Regex::new(r".*?\.(stats|conf|h|out|cache.*|dat|pc|info|\.js)$")
[INFO] [stdout] 104 | |                     .unwrap();
[INFO] [stdout] 105 | |             }
[INFO] [stdout]     | |_____________^
[INFO] [stdout]     |
[INFO] [stdout]     = note: this warning originates in the macro `__lazy_static_create` which comes from the expansion of the macro `lazy_static` (in Nightly builds, run with -Z macro-backtrace for more info)
[INFO] [stdout] 
[INFO] [stdout] 
[INFO] [stdout] error[E0554]: `#![feature]` may not be used on the beta release channel
[INFO] [stdout]  --> src/lib.rs:1:12
[INFO] [stdout]   |
[INFO] [stdout] 1 | #![feature(test)]
[INFO] [stdout]   |            ^^^^
[INFO] [stdout] 
[INFO] [stdout] 
[INFO] [stdout] error[E0554]: `#![feature]` may not be used on the beta release channel
[INFO] [stdout]  --> src/lib.rs:2:12
[INFO] [stdout]   |
[INFO] [stdout] 2 | #![feature(integer_atomics)]
[INFO] [stdout]   |            ^^^^^^^^^^^^^^^
[INFO] [stdout] 
[INFO] [stdout] 
[INFO] [stdout] error[E0635]: unknown feature `integer_atomics`
[INFO] [stdout]  --> src/lib.rs:2:12
[INFO] [stdout]   |
[INFO] [stdout] 2 | #![feature(integer_atomics)]
[INFO] [stdout]   |            ^^^^^^^^^^^^^^^
[INFO] [stdout] 
[INFO] [stdout] 
[INFO] [stdout] error[E0554]: `#![feature]` may not be used on the beta release channel
[INFO] [stdout]  --> src/lib.rs:1:12
[INFO] [stdout]   |
[INFO] [stdout] 1 | #![feature(test)]
[INFO] [stdout]   |            ^^^^
[INFO] [stdout] 
[INFO] [stdout] 
[INFO] [stdout] error[E0554]: `#![feature]` may not be used on the beta release channel
[INFO] [stdout]  --> src/lib.rs:2:12
[INFO] [stdout]   |
[INFO] [stdout] 2 | #![feature(integer_atomics)]
[INFO] [stdout]   |            ^^^^^^^^^^^^^^^
[INFO] [stdout] 
[INFO] [stdout] 
[INFO] [stdout] error[E0635]: unknown feature `integer_atomics`
[INFO] [stdout]  --> src/lib.rs:2:12
[INFO] [stdout]   |
[INFO] [stdout] 2 | #![feature(integer_atomics)]
[INFO] [stdout]   |            ^^^^^^^^^^^^^^^
[INFO] [stdout] 
[INFO] [stdout] 
[INFO] [stdout] error: aborting due to 3 previous errors; 2 warnings emitted
[INFO] [stdout] 
[INFO] [stdout] 
[INFO] [stdout] Some errors have detailed explanations: E0554, E0635.
[INFO] [stdout] 
[INFO] [stdout] For more information about an error, try `rustc --explain E0554`.
[INFO] [stdout] 
[INFO] [stderr] error: could not document `tin-drummer`
[INFO] [stderr] 
[INFO] [stderr] Caused by:
[INFO] [stderr]   process didn't exit successfully: `/opt/rustwide/rustup-home/toolchains/beta-2023-12-22-x86_64-unknown-linux-gnu/bin/rustdoc --crate-type lib --crate-name liboskar src/lib.rs -o /opt/rustwide/target/doc --cfg 'feature="default"' --cfg 'feature="english"' --error-format=json --json=diagnostic-rendered-ansi,artifacts,future-incompat --document-private-items -C metadata=2fbe350b78911765 -L dependency=/opt/rustwide/target/debug/deps --extern clap=/opt/rustwide/target/debug/deps/libclap-b152a6de371ce29a.rmeta --extern colored=/opt/rustwide/target/debug/deps/libcolored-c933a558253cb41b.rmeta --extern ignore=/opt/rustwide/target/debug/deps/libignore-488e95f6c0e64b46.rmeta --extern lazy_static=/opt/rustwide/target/debug/deps/liblazy_static-23a6b572bc467dec.rmeta --extern nom=/opt/rustwide/target/debug/deps/libnom-aa83e23ba458ce1a.rmeta --extern pad=/opt/rustwide/target/debug/deps/libpad-e7e3686104abd43a.rmeta --extern regex=/opt/rustwide/target/debug/deps/libregex-94daefb08feb1cee.rmeta --cap-lints=warn --crate-version 1.0.1` (exit status: 1)
[INFO] [stderr] warning: build failed, waiting for other jobs to finish...
[INFO] [stdout] error: aborting due to 3 previous errors; 4 warnings emitted
[INFO] [stdout] 
[INFO] [stdout] 
[INFO] [stdout] Some errors have detailed explanations: E0554, E0635.
[INFO] [stdout] 
[INFO] [stdout] For more information about an error, try `rustc --explain E0554`.
[INFO] [stdout] 
[INFO] [stderr] error: could not compile `tin-drummer` (lib) due to 4 previous errors; 4 warnings emitted
[INFO] running `Command { std: "docker" "inspect" "7c34eb64d5947daaea810d1dda610b342d9f1185acbbd81315f88c42b35cf6fd", kill_on_drop: false }`
[INFO] running `Command { std: "docker" "rm" "-f" "7c34eb64d5947daaea810d1dda610b342d9f1185acbbd81315f88c42b35cf6fd", kill_on_drop: false }`
[INFO] [stdout] 7c34eb64d5947daaea810d1dda610b342d9f1185acbbd81315f88c42b35cf6fd
