[INFO] fetching crate tex_tmpl_rs 0.1.2...
[INFO] documenting tex_tmpl_rs-0.1.2 against 1.75.0 for beta-1.76-rustdoc-1
[INFO] extracting crate tex_tmpl_rs 0.1.2 into /workspace/builds/worker-3-tc1/source
[INFO] validating manifest of crates.io crate tex_tmpl_rs 0.1.2 on toolchain 1.75.0
[INFO] running `Command { std: CARGO_HOME="/workspace/cargo-home" RUSTUP_HOME="/workspace/rustup-home" "/workspace/cargo-home/bin/cargo" "+1.75.0" "metadata" "--manifest-path" "Cargo.toml" "--no-deps", kill_on_drop: false }`
[INFO] started tweaking crates.io crate tex_tmpl_rs 0.1.2
[INFO] finished tweaking crates.io crate tex_tmpl_rs 0.1.2
[INFO] tweaked toml for crates.io crate tex_tmpl_rs 0.1.2 written to /workspace/builds/worker-3-tc1/source/Cargo.toml
[INFO] running `Command { std: CARGO_HOME="/workspace/cargo-home" RUSTUP_HOME="/workspace/rustup-home" "/workspace/cargo-home/bin/cargo" "+1.75.0" "generate-lockfile" "--manifest-path" "Cargo.toml", kill_on_drop: false }`
[INFO] [stderr]     Updating crates.io index
[INFO] running `Command { std: CARGO_HOME="/workspace/cargo-home" RUSTUP_HOME="/workspace/rustup-home" "/workspace/cargo-home/bin/cargo" "+1.75.0" "fetch" "--manifest-path" "Cargo.toml", kill_on_drop: false }`
[INFO] [stderr]  Downloading crates ...
[INFO] [stderr]   Downloaded tectonic_bundles v0.3.1
[INFO] [stderr]   Downloaded tectonic_dep_support v0.1.1
[INFO] [stderr]   Downloaded tectonic_cfg_support v0.1.4
[INFO] [stderr]   Downloaded watchexec v1.17.2
[INFO] [stderr]   Downloaded tectonic_bridge_graphite2 v0.2.2
[INFO] [stderr]   Downloaded open v1.7.1
[INFO] [stderr]   Downloaded tectonic_engine_xdvipdfmx v0.4.1
[INFO] [stderr]   Downloaded tectonic_geturl v0.3.2
[INFO] [stderr]   Downloaded tectonic_bridge_flate v0.1.7
[INFO] [stderr]   Downloaded tectonic_bridge_icu v0.2.0
[INFO] [stderr]   Downloaded tectonic_bridge_freetype2 v0.2.0
[INFO] [stderr]   Downloaded byte-unit v4.0.19
[INFO] [stderr]   Downloaded tectonic_docmodel v0.2.1
[INFO] [stderr]   Downloaded tectonic_xetex_layout v0.2.3
[INFO] [stderr]   Downloaded tectonic_engine_spx2html v0.3.1
[INFO] [stderr]   Downloaded tectonic_engine_bibtex v0.2.1
[INFO] [stderr]   Downloaded command-group v1.0.8
[INFO] [stderr]   Downloaded clearscreen v1.0.11
[INFO] [stderr]   Downloaded tectonic_engine_xetex v0.4.3
[INFO] [stderr]   Downloaded tectonic_pdf_io v0.4.1
[INFO] [stderr]   Downloaded tectonic_bridge_harfbuzz v0.2.8
[INFO] [stderr]   Downloaded tectonic v0.12.0
[INFO] running `Command { std: "docker" "create" "-v" "/var/lib/crater-agent-workspace/builds/worker-3-tc1/target:/opt/rustwide/target:rw,Z" "-v" "/var/lib/crater-agent-workspace/builds/worker-3-tc1/source:/opt/rustwide/workdir:ro,Z" "-v" "/var/lib/crater-agent-workspace/cargo-home:/opt/rustwide/cargo-home:ro,Z" "-v" "/var/lib/crater-agent-workspace/rustup-home:/opt/rustwide/rustup-home:ro,Z" "-e" "SOURCE_DIR=/opt/rustwide/workdir" "-e" "CARGO_TARGET_DIR=/opt/rustwide/target" "-e" "CARGO_HOME=/opt/rustwide/cargo-home" "-e" "RUSTUP_HOME=/opt/rustwide/rustup-home" "-w" "/opt/rustwide/workdir" "-m" "1610612736" "--user" "0:0" "--network" "none" "ghcr.io/rust-lang/crates-build-env/linux@sha256:2788e3201cd34a07e3172128adcd8b3090168a8e3bcc40d7c032b9dda1df7d1c" "/opt/rustwide/cargo-home/bin/cargo" "+1.75.0" "metadata" "--no-deps" "--format-version=1", kill_on_drop: false }`
[INFO] [stdout] 06b2536d4e03e92d3e9baace6f20808b47cd9e912f9496ff2b5e13b0b1777825
[INFO] running `Command { std: "docker" "start" "-a" "06b2536d4e03e92d3e9baace6f20808b47cd9e912f9496ff2b5e13b0b1777825", kill_on_drop: false }`
[INFO] running `Command { std: "docker" "inspect" "06b2536d4e03e92d3e9baace6f20808b47cd9e912f9496ff2b5e13b0b1777825", kill_on_drop: false }`
[INFO] running `Command { std: "docker" "rm" "-f" "06b2536d4e03e92d3e9baace6f20808b47cd9e912f9496ff2b5e13b0b1777825", kill_on_drop: false }`
[INFO] [stdout] 06b2536d4e03e92d3e9baace6f20808b47cd9e912f9496ff2b5e13b0b1777825
[INFO] running `Command { std: "docker" "create" "-v" "/var/lib/crater-agent-workspace/builds/worker-3-tc1/target:/opt/rustwide/target:rw,Z" "-v" "/var/lib/crater-agent-workspace/builds/worker-3-tc1/source:/opt/rustwide/workdir:ro,Z" "-v" "/var/lib/crater-agent-workspace/cargo-home:/opt/rustwide/cargo-home:ro,Z" "-v" "/var/lib/crater-agent-workspace/rustup-home:/opt/rustwide/rustup-home:ro,Z" "-e" "SOURCE_DIR=/opt/rustwide/workdir" "-e" "CARGO_TARGET_DIR=/opt/rustwide/target" "-e" "CARGO_INCREMENTAL=0" "-e" "RUST_BACKTRACE=full" "-e" "RUSTFLAGS=--cap-lints=warn" "-e" "RUSTDOCFLAGS=--cap-lints=warn" "-e" "CARGO_HOME=/opt/rustwide/cargo-home" "-e" "RUSTUP_HOME=/opt/rustwide/rustup-home" "-w" "/opt/rustwide/workdir" "-m" "1610612736" "--user" "0:0" "--network" "none" "ghcr.io/rust-lang/crates-build-env/linux@sha256:2788e3201cd34a07e3172128adcd8b3090168a8e3bcc40d7c032b9dda1df7d1c" "/opt/rustwide/cargo-home/bin/cargo" "+1.75.0" "doc" "--frozen" "--no-deps" "--document-private-items" "--message-format=json", kill_on_drop: false }`
[INFO] [stdout] 98131679ffd34308d98d10aff6bc1d255f04742fb9d35e6950d5441e11664a1b
[INFO] running `Command { std: "docker" "start" "-a" "98131679ffd34308d98d10aff6bc1d255f04742fb9d35e6950d5441e11664a1b", kill_on_drop: false }`
[INFO] [stderr]    Compiling proc-macro2 v1.0.76
[INFO] [stderr]     Checking memchr v2.7.1
[INFO] [stderr]    Compiling tectonic_dep_support v0.1.1
[INFO] [stderr]    Compiling thiserror v1.0.56
[INFO] [stderr]    Compiling libz-sys v1.1.12
[INFO] [stderr]    Compiling anyhow v1.0.79
[INFO] [stderr]    Compiling tectonic_bridge_core v0.4.0
[INFO] [stderr]    Compiling rand v0.8.5
[INFO] [stderr]    Compiling tectonic_cfg_support v0.1.4
[INFO] [stderr]     Checking xdg v2.5.2
[INFO] [stderr]    Compiling tectonic_bridge_graphite2 v0.2.2
[INFO] [stderr]     Checking app_dirs2 v2.5.5
[INFO] [stderr]     Checking tectonic_errors v0.2.1
[INFO] [stderr]     Checking tectonic_status_base v0.2.1
[INFO] [stderr]    Compiling tectonic_bridge_icu v0.2.0
[INFO] [stderr]    Compiling tectonic_bridge_flate v0.1.7
[INFO] [stderr]    Compiling quote v1.0.35
[INFO] [stderr]    Compiling regex-syntax v0.8.2
[INFO] [stderr]     Checking flate2 v1.0.28
[INFO] [stderr]    Compiling syn v2.0.48
[INFO] [stderr]    Compiling phf_generator v0.11.2
[INFO] [stderr]    Compiling syn v1.0.109
[INFO] [stderr]    Compiling phf_codegen v0.11.2
[INFO] [stderr]     Checking aho-corasick v1.1.2
[INFO] [stderr]     Checking tokio v1.35.1
[INFO] [stderr]     Checking phf_shared v0.11.2
[INFO] [stderr]    Compiling tectonic_pdf_io v0.4.1
[INFO] [stderr]     Checking openssl-sys v0.9.98
[INFO] [stderr]     Checking md-5 v0.10.6
[INFO] [stderr]    Compiling tectonic_bridge_freetype2 v0.2.0
[INFO] [stderr]    Compiling tectonic_bridge_harfbuzz v0.2.8
[INFO] [stderr]     Checking futures-util v0.3.30
[INFO] [stderr]     Checking regex-automata v0.4.3
[INFO] [stderr]    Compiling regex v1.10.2
[INFO] [stderr]    Compiling parse-zoneinfo v0.3.0
[INFO] [stderr]     Checking tokio-util v0.7.10
[INFO] [stderr]    Compiling darling_core v0.12.4
[INFO] [stderr]     Checking phf v0.11.2
[INFO] [stderr]     Checking aho-corasick v0.7.20
[INFO] [stderr]     Checking bstr v0.2.17
[INFO] [stderr]    Compiling crossbeam-utils v0.8.18
[INFO] [stderr]    Compiling chrono-tz-build v0.2.1
[INFO] [stderr]     Checking h2 v0.3.22
[INFO] [stderr]     Checking globset v0.4.6
[INFO] [stderr]    Compiling thiserror-impl v1.0.56
[INFO] [stderr]    Compiling serde_derive v1.0.195
[INFO] [stderr]    Compiling openssl-macros v0.1.1
[INFO] [stderr]     Checking openssl v0.10.62
[INFO] [stderr]    Compiling tectonic_xetex_layout v0.2.3
[INFO] [stderr]    Compiling darling_macro v0.12.4
[INFO] [stderr]     Checking tectonic_io_base v0.4.2
[INFO] [stderr]    Compiling pest v2.7.6
[INFO] [stderr]    Compiling memoffset v0.6.5
[INFO] [stderr]    Compiling nom v5.1.3
[INFO] [stderr]     Checking unic-common v0.9.0
[INFO] [stderr]     Checking unic-char-range v0.9.0
[INFO] [stderr]     Checking unic-char-property v0.9.0
[INFO] [stderr]     Checking hyper v0.14.28
[INFO] [stderr]     Checking unic-ucd-version v0.9.0
[INFO] [stderr]    Compiling libm v0.2.8
[INFO] [stderr]    Compiling darling v0.12.4
[INFO] [stderr]    Compiling chrono-tz v0.8.5
[INFO] [stderr]    Compiling terminfo v0.7.5
[INFO] [stderr]     Checking dirs-sys v0.3.7
[INFO] [stderr]     Checking ucd-trie v0.1.6
[INFO] [stderr]    Compiling pest_meta v2.7.6
[INFO] [stderr]     Checking chrono v0.4.31
[INFO] [stderr]     Checking native-tls v0.2.11
[INFO] [stderr]     Checking tokio-native-tls v0.3.1
[INFO] [stderr]    Compiling pest_generator v2.7.6
[INFO] [stderr]     Checking dirs v4.0.0
[INFO] [stderr]     Checking hyper-tls v0.5.0
[INFO] [stderr]     Checking mio v0.6.23
[INFO] [stderr]     Checking ignore v0.4.17
[INFO] [stderr]     Checking serde v1.0.195
[INFO] [stderr]    Compiling derive_builder_core v0.10.2
[INFO] [stderr]     Checking unic-ucd-segment v0.9.0
[INFO] [stderr]    Compiling proc-macro-error-attr v1.0.4
[INFO] [stderr]    Compiling pest_derive v2.7.6
[INFO] [stderr]     Checking url v2.5.0
[INFO] [stderr]    Compiling tectonic_engine_xetex v0.4.3
[INFO] [stderr]    Compiling backtrace v0.3.69
[INFO] [stderr]    Compiling tectonic_engine_bibtex v0.2.1
[INFO] [stderr]    Compiling tectonic_engine_xdvipdfmx v0.4.1
[INFO] [stderr]     Checking inotify-sys v0.1.5
[INFO] [stderr]     Checking utf8-width v0.1.7
[INFO] [stderr]     Checking deunicode v1.4.2
[INFO] [stderr]     Checking winnow v0.5.33
[INFO] [stderr]     Checking lazycell v1.3.0
[INFO] [stderr]     Checking mio-extras v2.0.6
[INFO] [stderr]     Checking slug v0.1.5
[INFO] [stderr]     Checking which v4.4.2
[INFO] [stderr]     Checking textwrap v0.11.0
[INFO] [stderr]     Checking inotify v0.7.1
[INFO] [stderr]    Compiling derive_builder_macro v0.10.2
[INFO] [stderr]     Checking humansize v2.1.3
[INFO] [stderr]     Checking nix v0.22.3
[INFO] [stderr]     Checking toml_datetime v0.6.5
[INFO] [stderr]     Checking serde_spanned v0.6.5
[INFO] [stderr]     Checking serde_urlencoded v0.7.1
[INFO] [stderr]     Checking serde_json v1.0.111
[INFO] [stderr]     Checking reqwest v0.11.23
[INFO] [stderr]     Checking toml_edit v0.19.15
[INFO] [stderr]    Compiling proc-macro-error v1.0.4
[INFO] [stderr]     Checking unic-segment v0.9.0
[INFO] [stderr]     Checking globwalk v0.8.1
[INFO] [stderr]     Checking object v0.32.2
[INFO] [stderr]     Checking nix v0.24.3
[INFO] [stderr]     Checking atty v0.2.14
[INFO] [stderr]     Checking filetime v0.2.23
[INFO] [stderr]    Compiling error-chain v0.12.4
[INFO] [stderr]     Checking vec_map v0.8.2
[INFO] [stderr]     Checking strsim v0.8.0
[INFO] [stderr]     Checking clap v2.34.0
[INFO] [stderr]     Checking notify v4.0.17
[INFO] [stderr]     Checking toml v0.7.8
[INFO] [stderr]    Compiling structopt-derive v0.4.18
[INFO] [stderr] The following warnings were emitted during compilation:
[INFO] [stderr] 
[INFO] [stderr] warning: tectonic_bridge_harfbuzz@0.2.8: c++: fatal error: Killed signal terminated program cc1plus
[INFO] [stderr] warning: tectonic_bridge_harfbuzz@0.2.8: compilation terminated.
[INFO] [stderr] 
[INFO] [stderr] error: failed to run custom build command for `tectonic_bridge_harfbuzz v0.2.8`
[INFO] [stderr] note: To improve backtraces for build dependencies, set the CARGO_PROFILE_DEV_BUILD_OVERRIDE_DEBUG=true environment variable to enable debug information generation.
[INFO] [stderr] 
[INFO] [stderr] Caused by:
[INFO] [stderr]   process didn't exit successfully: `/opt/rustwide/target/debug/build/tectonic_bridge_harfbuzz-0b108309d03bfea5/build-script-build` (exit status: 1)
[INFO] [stderr]   --- stdout
[INFO] [stderr]   TARGET = Some("x86_64-unknown-linux-gnu")
[INFO] [stderr]   OPT_LEVEL = Some("0")
[INFO] [stderr]   HOST = Some("x86_64-unknown-linux-gnu")
[INFO] [stderr]   cargo:rerun-if-env-changed=CXX_x86_64-unknown-linux-gnu
[INFO] [stderr]   CXX_x86_64-unknown-linux-gnu = None
[INFO] [stderr]   cargo:rerun-if-env-changed=CXX_x86_64_unknown_linux_gnu
[INFO] [stderr]   CXX_x86_64_unknown_linux_gnu = None
[INFO] [stderr]   cargo:rerun-if-env-changed=HOST_CXX
[INFO] [stderr]   HOST_CXX = None
[INFO] [stderr]   cargo:rerun-if-env-changed=CXX
[INFO] [stderr]   CXX = None
[INFO] [stderr]   cargo:rerun-if-env-changed=CRATE_CC_NO_DEFAULTS
[INFO] [stderr]   CRATE_CC_NO_DEFAULTS = None
[INFO] [stderr]   DEBUG = Some("true")
[INFO] [stderr]   CARGO_CFG_TARGET_FEATURE = Some("fxsr,sse,sse2")
[INFO] [stderr]   cargo:rerun-if-env-changed=CXXFLAGS_x86_64-unknown-linux-gnu
[INFO] [stderr]   CXXFLAGS_x86_64-unknown-linux-gnu = None
[INFO] [stderr]   cargo:rerun-if-env-changed=CXXFLAGS_x86_64_unknown_linux_gnu
[INFO] [stderr]   CXXFLAGS_x86_64_unknown_linux_gnu = None
[INFO] [stderr]   cargo:rerun-if-env-changed=HOST_CXXFLAGS
[INFO] [stderr]   HOST_CXXFLAGS = None
[INFO] [stderr]   cargo:rerun-if-env-changed=CXXFLAGS
[INFO] [stderr]   CXXFLAGS = None
[INFO] [stderr]   running: "c++" "-O0" "-ffunction-sections" "-fdata-sections" "-fPIC" "-gdwarf-4" "-fno-omit-frame-pointer" "-m64" "-I" "/usr/include" "-I" "/usr/include" "-std=c++11" "-DHAVE_GRAPHITE2=1" "-DHAVE_ICU=1" "-DHAVE_PTHREAD=1" "-o" "/opt/rustwide/target/debug/build/tectonic_bridge_harfbuzz-9f88312186d88147/out/harfbuzz/src/harfbuzz.o" "-c" "harfbuzz/src/harfbuzz.cc"
[INFO] [stderr]   exit status: 1
[INFO] [stderr]   cargo:warning=c++: fatal error: Killed signal terminated program cc1plus
[INFO] [stderr] 
[INFO] [stderr]   cargo:warning=compilation terminated.
[INFO] [stderr] 
[INFO] [stderr] 
[INFO] [stderr]   --- stderr
[INFO] [stderr] 
[INFO] [stderr] 
[INFO] [stderr]   error occurred: Command "c++" "-O0" "-ffunction-sections" "-fdata-sections" "-fPIC" "-gdwarf-4" "-fno-omit-frame-pointer" "-m64" "-I" "/usr/include" "-I" "/usr/include" "-std=c++11" "-DHAVE_GRAPHITE2=1" "-DHAVE_ICU=1" "-DHAVE_PTHREAD=1" "-o" "/opt/rustwide/target/debug/build/tectonic_bridge_harfbuzz-9f88312186d88147/out/harfbuzz/src/harfbuzz.o" "-c" "harfbuzz/src/harfbuzz.cc" with args "c++" did not execute successfully (status code exit status: 1).
[INFO] [stderr] 
[INFO] [stderr] 
[INFO] [stderr] warning: build failed, waiting for other jobs to finish...
[INFO] running `Command { std: "docker" "inspect" "98131679ffd34308d98d10aff6bc1d255f04742fb9d35e6950d5441e11664a1b", kill_on_drop: false }`
[INFO] running `Command { std: "docker" "rm" "-f" "98131679ffd34308d98d10aff6bc1d255f04742fb9d35e6950d5441e11664a1b", kill_on_drop: false }`
[INFO] [stdout] 98131679ffd34308d98d10aff6bc1d255f04742fb9d35e6950d5441e11664a1b
[INFO] documenting tex_tmpl_rs-0.1.2 against beta-2023-12-22 for beta-1.76-rustdoc-1
[INFO] extracting crate tex_tmpl_rs 0.1.2 into /workspace/builds/worker-3-tc2/source
[INFO] validating manifest of crates.io crate tex_tmpl_rs 0.1.2 on toolchain beta-2023-12-22
[INFO] running `Command { std: CARGO_HOME="/workspace/cargo-home" RUSTUP_HOME="/workspace/rustup-home" "/workspace/cargo-home/bin/cargo" "+beta-2023-12-22" "metadata" "--manifest-path" "Cargo.toml" "--no-deps", kill_on_drop: false }`
[INFO] started tweaking crates.io crate tex_tmpl_rs 0.1.2
[INFO] finished tweaking crates.io crate tex_tmpl_rs 0.1.2
[INFO] tweaked toml for crates.io crate tex_tmpl_rs 0.1.2 written to /workspace/builds/worker-3-tc2/source/Cargo.toml
[INFO] running `Command { std: CARGO_HOME="/workspace/cargo-home" RUSTUP_HOME="/workspace/rustup-home" "/workspace/cargo-home/bin/cargo" "+beta-2023-12-22" "generate-lockfile" "--manifest-path" "Cargo.toml", kill_on_drop: false }`
[INFO] [stderr]     Updating crates.io index
[INFO] running `Command { std: CARGO_HOME="/workspace/cargo-home" RUSTUP_HOME="/workspace/rustup-home" "/workspace/cargo-home/bin/cargo" "+beta-2023-12-22" "fetch" "--manifest-path" "Cargo.toml", kill_on_drop: false }`
[INFO] running `Command { std: "docker" "create" "-v" "/var/lib/crater-agent-workspace/builds/worker-3-tc2/target:/opt/rustwide/target:rw,Z" "-v" "/var/lib/crater-agent-workspace/builds/worker-3-tc2/source:/opt/rustwide/workdir:ro,Z" "-v" "/var/lib/crater-agent-workspace/cargo-home:/opt/rustwide/cargo-home:ro,Z" "-v" "/var/lib/crater-agent-workspace/rustup-home:/opt/rustwide/rustup-home:ro,Z" "-e" "SOURCE_DIR=/opt/rustwide/workdir" "-e" "CARGO_TARGET_DIR=/opt/rustwide/target" "-e" "CARGO_HOME=/opt/rustwide/cargo-home" "-e" "RUSTUP_HOME=/opt/rustwide/rustup-home" "-w" "/opt/rustwide/workdir" "-m" "1610612736" "--user" "0:0" "--network" "none" "ghcr.io/rust-lang/crates-build-env/linux@sha256:2788e3201cd34a07e3172128adcd8b3090168a8e3bcc40d7c032b9dda1df7d1c" "/opt/rustwide/cargo-home/bin/cargo" "+beta-2023-12-22" "metadata" "--no-deps" "--format-version=1", kill_on_drop: false }`
[INFO] [stdout] 631b2367f1f2bfb5de5ca21130419b8fa11df294b726259b9a6978184b308516
[INFO] running `Command { std: "docker" "start" "-a" "631b2367f1f2bfb5de5ca21130419b8fa11df294b726259b9a6978184b308516", kill_on_drop: false }`
[INFO] running `Command { std: "docker" "inspect" "631b2367f1f2bfb5de5ca21130419b8fa11df294b726259b9a6978184b308516", kill_on_drop: false }`
[INFO] running `Command { std: "docker" "rm" "-f" "631b2367f1f2bfb5de5ca21130419b8fa11df294b726259b9a6978184b308516", kill_on_drop: false }`
[INFO] [stdout] 631b2367f1f2bfb5de5ca21130419b8fa11df294b726259b9a6978184b308516
[INFO] running `Command { std: "docker" "create" "-v" "/var/lib/crater-agent-workspace/builds/worker-3-tc2/target:/opt/rustwide/target:rw,Z" "-v" "/var/lib/crater-agent-workspace/builds/worker-3-tc2/source:/opt/rustwide/workdir:ro,Z" "-v" "/var/lib/crater-agent-workspace/cargo-home:/opt/rustwide/cargo-home:ro,Z" "-v" "/var/lib/crater-agent-workspace/rustup-home:/opt/rustwide/rustup-home:ro,Z" "-e" "SOURCE_DIR=/opt/rustwide/workdir" "-e" "CARGO_TARGET_DIR=/opt/rustwide/target" "-e" "CARGO_INCREMENTAL=0" "-e" "RUST_BACKTRACE=full" "-e" "RUSTFLAGS=--cap-lints=warn" "-e" "RUSTDOCFLAGS=--cap-lints=warn" "-e" "CARGO_HOME=/opt/rustwide/cargo-home" "-e" "RUSTUP_HOME=/opt/rustwide/rustup-home" "-w" "/opt/rustwide/workdir" "-m" "1610612736" "--user" "0:0" "--network" "none" "ghcr.io/rust-lang/crates-build-env/linux@sha256:2788e3201cd34a07e3172128adcd8b3090168a8e3bcc40d7c032b9dda1df7d1c" "/opt/rustwide/cargo-home/bin/cargo" "+beta-2023-12-22" "doc" "--frozen" "--no-deps" "--document-private-items" "--message-format=json", kill_on_drop: false }`
[INFO] [stdout] 86eec517b7e9ef318c6fad80d8396af0d2591cc6816219fe433da946efa0e2db
[INFO] running `Command { std: "docker" "start" "-a" "86eec517b7e9ef318c6fad80d8396af0d2591cc6816219fe433da946efa0e2db", kill_on_drop: false }`
[INFO] [stderr]    Compiling proc-macro2 v1.0.76
[INFO] [stderr]     Checking memchr v2.7.1
[INFO] [stderr]    Compiling tectonic_dep_support v0.1.1
[INFO] [stderr]    Compiling thiserror v1.0.56
[INFO] [stderr]    Compiling libz-sys v1.1.12
[INFO] [stderr]    Compiling anyhow v1.0.79
[INFO] [stderr]    Compiling tectonic_bridge_core v0.4.0
[INFO] [stderr]    Compiling rand v0.8.5
[INFO] [stderr]    Compiling tectonic_cfg_support v0.1.4
[INFO] [stderr]     Checking xdg v2.5.2
[INFO] [stderr]    Compiling tectonic_bridge_graphite2 v0.2.2
[INFO] [stderr]     Checking app_dirs2 v2.5.5
[INFO] [stderr]     Checking tectonic_errors v0.2.1
[INFO] [stderr]     Checking tectonic_status_base v0.2.1
[INFO] [stderr]    Compiling tectonic_bridge_icu v0.2.0
[INFO] [stderr]    Compiling regex-syntax v0.8.2
[INFO] [stderr]    Compiling tectonic_bridge_flate v0.1.7
[INFO] [stderr]    Compiling quote v1.0.35
[INFO] [stderr]     Checking aho-corasick v1.1.2
[INFO] [stderr]     Checking flate2 v1.0.28
[INFO] [stderr]    Compiling phf_generator v0.11.2
[INFO] [stderr]    Compiling syn v2.0.48
[INFO] [stderr]    Compiling syn v1.0.109
[INFO] [stderr]    Compiling phf_codegen v0.11.2
[INFO] [stderr]     Checking tokio v1.35.1
[INFO] [stderr]    Compiling tectonic_pdf_io v0.4.1
[INFO] [stderr]     Checking openssl-sys v0.9.98
[INFO] [stderr]     Checking md-5 v0.10.6
[INFO] [stderr]    Compiling tectonic_bridge_harfbuzz v0.2.8
[INFO] [stderr]    Compiling tectonic_bridge_freetype2 v0.2.0
[INFO] [stderr]     Checking futures-util v0.3.30
[INFO] [stderr]     Checking regex-automata v0.4.3
[INFO] [stderr]     Checking regex v1.10.2
[INFO] [stderr]     Checking phf v0.11.2
[INFO] [stderr]    Compiling darling_core v0.12.4
[INFO] [stderr]     Checking tokio-util v0.7.10
[INFO] [stderr]    Compiling parse-zoneinfo v0.3.0
[INFO] [stderr]     Checking bstr v0.2.17
[INFO] [stderr]     Checking aho-corasick v0.7.20
[INFO] [stderr]    Compiling crossbeam-utils v0.8.18
[INFO] [stderr]    Compiling chrono-tz-build v0.2.1
[INFO] [stderr]     Checking h2 v0.3.22
[INFO] [stderr]     Checking globset v0.4.6
[INFO] [stderr]    Compiling tectonic_xetex_layout v0.2.3
[INFO] [stderr]    Compiling thiserror-impl v1.0.56
[INFO] [stderr]    Compiling serde_derive v1.0.195
[INFO] [stderr]    Compiling openssl-macros v0.1.1
[INFO] [stderr]    Compiling memoffset v0.6.5
[INFO] [stderr]     Checking openssl v0.10.62
[INFO] [stderr]    Compiling nom v5.1.3
[INFO] [stderr]    Compiling darling_macro v0.12.4
[INFO] [stderr]     Checking unic-common v0.9.0
[INFO] [stderr]     Checking unic-char-range v0.9.0
[INFO] [stderr]    Compiling libm v0.2.8
[INFO] [stderr]     Checking unic-char-property v0.9.0
[INFO] [stderr]     Checking unic-ucd-version v0.9.0
[INFO] [stderr]    Compiling chrono-tz v0.8.5
[INFO] [stderr]     Checking tectonic_io_base v0.4.2
[INFO] [stderr]    Compiling pest v2.7.6
[INFO] [stderr]    Compiling darling v0.12.4
[INFO] [stderr]     Checking hyper v0.14.28
[INFO] [stderr]    Compiling terminfo v0.7.5
[INFO] [stderr]     Checking dirs-sys v0.3.7
[INFO] [stderr]     Checking ucd-trie v0.1.6
[INFO] [stderr]     Checking chrono v0.4.31
[INFO] [stderr]    Compiling pest_meta v2.7.6
[INFO] [stderr]     Checking mio v0.6.23
[INFO] [stderr]     Checking native-tls v0.2.11
[INFO] [stderr]     Checking tokio-native-tls v0.3.1
[INFO] [stderr]     Checking dirs v4.0.0
[INFO] [stderr]    Compiling pest_generator v2.7.6
[INFO] [stderr]     Checking hyper-tls v0.5.0
[INFO] [stderr]     Checking ignore v0.4.17
[INFO] [stderr]    Compiling derive_builder_core v0.10.2
[INFO] [stderr]     Checking serde v1.0.195
[INFO] [stderr]    Compiling proc-macro-error-attr v1.0.4
[INFO] [stderr]     Checking unic-ucd-segment v0.9.0
[INFO] [stderr]     Checking url v2.5.0
[INFO] [stderr]    Compiling pest_derive v2.7.6
[INFO] [stderr]    Compiling tectonic_engine_xetex v0.4.3
[INFO] [stderr]    Compiling backtrace v0.3.69
[INFO] [stderr]    Compiling tectonic_engine_bibtex v0.2.1
[INFO] [stderr]    Compiling tectonic_engine_xdvipdfmx v0.4.1
[INFO] [stderr]     Checking inotify-sys v0.1.5
[INFO] [stderr]     Checking utf8-width v0.1.7
[INFO] [stderr]     Checking winnow v0.5.33
[INFO] [stderr]     Checking deunicode v1.4.2
[INFO] [stderr]     Checking lazycell v1.3.0
[INFO] [stderr]     Checking which v4.4.2
[INFO] [stderr]     Checking mio-extras v2.0.6
[INFO] [stderr]     Checking slug v0.1.5
[INFO] [stderr]     Checking textwrap v0.11.0
[INFO] [stderr]     Checking inotify v0.7.1
[INFO] [stderr]     Checking humansize v2.1.3
[INFO] [stderr]     Checking unic-segment v0.9.0
[INFO] [stderr]    Compiling proc-macro-error v1.0.4
[INFO] [stderr]     Checking serde_spanned v0.6.5
[INFO] [stderr]     Checking serde_json v1.0.111
[INFO] [stderr]     Checking serde_urlencoded v0.7.1
[INFO] [stderr]     Checking toml_datetime v0.6.5
[INFO] [stderr]     Checking reqwest v0.11.23
[INFO] [stderr]    Compiling derive_builder_macro v0.10.2
[INFO] [stderr]     Checking nix v0.22.3
[INFO] [stderr]     Checking toml_edit v0.19.15
[INFO] [stderr]     Checking globwalk v0.8.1
[INFO] [stderr]     Checking object v0.32.2
[INFO] [stderr]     Checking nix v0.24.3
[INFO] [stderr]     Checking filetime v0.2.23
[INFO] [stderr]     Checking atty v0.2.14
[INFO] [stderr] The following warnings were emitted during compilation:
[INFO] [stderr] 
[INFO] [stderr] warning: tectonic_bridge_harfbuzz@0.2.8: c++: fatal error: Killed signal terminated program cc1plus
[INFO] [stderr] warning: tectonic_bridge_harfbuzz@0.2.8: compilation terminated.
[INFO] [stderr] 
[INFO] [stderr] error: failed to run custom build command for `tectonic_bridge_harfbuzz v0.2.8`
[INFO] [stderr] note: To improve backtraces for build dependencies, set the CARGO_PROFILE_DEV_BUILD_OVERRIDE_DEBUG=true environment variable to enable debug information generation.
[INFO] [stderr] 
[INFO] [stderr] Caused by:
[INFO] [stderr]   process didn't exit successfully: `/opt/rustwide/target/debug/build/tectonic_bridge_harfbuzz-33be2f87838282aa/build-script-build` (exit status: 1)
[INFO] [stderr]   --- stdout
[INFO] [stderr]   TARGET = Some("x86_64-unknown-linux-gnu")
[INFO] [stderr]   OPT_LEVEL = Some("0")
[INFO] [stderr]   HOST = Some("x86_64-unknown-linux-gnu")
[INFO] [stderr]   cargo:rerun-if-env-changed=CXX_x86_64-unknown-linux-gnu
[INFO] [stderr]   CXX_x86_64-unknown-linux-gnu = None
[INFO] [stderr]   cargo:rerun-if-env-changed=CXX_x86_64_unknown_linux_gnu
[INFO] [stderr]   CXX_x86_64_unknown_linux_gnu = None
[INFO] [stderr]   cargo:rerun-if-env-changed=HOST_CXX
[INFO] [stderr]   HOST_CXX = None
[INFO] [stderr]   cargo:rerun-if-env-changed=CXX
[INFO] [stderr]   CXX = None
[INFO] [stderr]   cargo:rerun-if-env-changed=CRATE_CC_NO_DEFAULTS
[INFO] [stderr]   CRATE_CC_NO_DEFAULTS = None
[INFO] [stderr]   DEBUG = Some("true")
[INFO] [stderr]   CARGO_CFG_TARGET_FEATURE = Some("fxsr,sse,sse2")
[INFO] [stderr]   cargo:rerun-if-env-changed=CXXFLAGS_x86_64-unknown-linux-gnu
[INFO] [stderr]   CXXFLAGS_x86_64-unknown-linux-gnu = None
[INFO] [stderr]   cargo:rerun-if-env-changed=CXXFLAGS_x86_64_unknown_linux_gnu
[INFO] [stderr]   CXXFLAGS_x86_64_unknown_linux_gnu = None
[INFO] [stderr]   cargo:rerun-if-env-changed=HOST_CXXFLAGS
[INFO] [stderr]   HOST_CXXFLAGS = None
[INFO] [stderr]   cargo:rerun-if-env-changed=CXXFLAGS
[INFO] [stderr]   CXXFLAGS = None
[INFO] [stderr]   running: "c++" "-O0" "-ffunction-sections" "-fdata-sections" "-fPIC" "-gdwarf-4" "-fno-omit-frame-pointer" "-m64" "-I" "/usr/include" "-I" "/usr/include" "-std=c++11" "-DHAVE_GRAPHITE2=1" "-DHAVE_ICU=1" "-DHAVE_PTHREAD=1" "-o" "/opt/rustwide/target/debug/build/tectonic_bridge_harfbuzz-6680a790fac12023/out/harfbuzz/src/harfbuzz.o" "-c" "harfbuzz/src/harfbuzz.cc"
[INFO] [stderr]   exit status: 1
[INFO] [stderr]   cargo:warning=c++: fatal error: Killed signal terminated program cc1plus
[INFO] [stderr] 
[INFO] [stderr]   cargo:warning=compilation terminated.
[INFO] [stderr] 
[INFO] [stderr] 
[INFO] [stderr]   --- stderr
[INFO] [stderr] 
[INFO] [stderr] 
[INFO] [stderr]   error occurred: Command "c++" "-O0" "-ffunction-sections" "-fdata-sections" "-fPIC" "-gdwarf-4" "-fno-omit-frame-pointer" "-m64" "-I" "/usr/include" "-I" "/usr/include" "-std=c++11" "-DHAVE_GRAPHITE2=1" "-DHAVE_ICU=1" "-DHAVE_PTHREAD=1" "-o" "/opt/rustwide/target/debug/build/tectonic_bridge_harfbuzz-6680a790fac12023/out/harfbuzz/src/harfbuzz.o" "-c" "harfbuzz/src/harfbuzz.cc" with args "c++" did not execute successfully (status code exit status: 1).
[INFO] [stderr] 
[INFO] [stderr] 
[INFO] [stderr] warning: build failed, waiting for other jobs to finish...
[INFO] running `Command { std: "docker" "inspect" "86eec517b7e9ef318c6fad80d8396af0d2591cc6816219fe433da946efa0e2db", kill_on_drop: false }`
[INFO] running `Command { std: "docker" "rm" "-f" "86eec517b7e9ef318c6fad80d8396af0d2591cc6816219fe433da946efa0e2db", kill_on_drop: false }`
[INFO] [stdout] 86eec517b7e9ef318c6fad80d8396af0d2591cc6816219fe433da946efa0e2db
