[INFO] fetching crate tea-wasm-client-actor-utils 0.2.0-dev.4...
[INFO] documenting tea-wasm-client-actor-utils-0.2.0-dev.4 against 1.75.0 for beta-1.76-rustdoc-1
[INFO] extracting crate tea-wasm-client-actor-utils 0.2.0-dev.4 into /workspace/builds/worker-3-tc1/source
[INFO] validating manifest of crates.io crate tea-wasm-client-actor-utils 0.2.0-dev.4 on toolchain 1.75.0
[INFO] running `Command { std: CARGO_HOME="/workspace/cargo-home" RUSTUP_HOME="/workspace/rustup-home" "/workspace/cargo-home/bin/cargo" "+1.75.0" "metadata" "--manifest-path" "Cargo.toml" "--no-deps", kill_on_drop: false }`
[INFO] started tweaking crates.io crate tea-wasm-client-actor-utils 0.2.0-dev.4
[INFO] finished tweaking crates.io crate tea-wasm-client-actor-utils 0.2.0-dev.4
[INFO] tweaked toml for crates.io crate tea-wasm-client-actor-utils 0.2.0-dev.4 written to /workspace/builds/worker-3-tc1/source/Cargo.toml
[INFO] running `Command { std: CARGO_HOME="/workspace/cargo-home" RUSTUP_HOME="/workspace/rustup-home" "/workspace/cargo-home/bin/cargo" "+1.75.0" "generate-lockfile" "--manifest-path" "Cargo.toml", kill_on_drop: false }`
[INFO] [stderr]     Updating crates.io index
[INFO] running `Command { std: CARGO_HOME="/workspace/cargo-home" RUSTUP_HOME="/workspace/rustup-home" "/workspace/cargo-home/bin/cargo" "+1.75.0" "fetch" "--manifest-path" "Cargo.toml", kill_on_drop: false }`
[INFO] [stderr]     Blocking waiting for file lock on package cache
[INFO] [stderr]  Downloading crates ...
[INFO] [stderr]   Downloaded u256-literal v1.2.1
[INFO] [stderr]   Downloaded mocktopus_macros v0.7.11
[INFO] [stderr]   Downloaded gluesql-utils v0.13.0
[INFO] [stderr]   Downloaded tea-system-actors v0.2.0-dev.22
[INFO] [stderr]   Downloaded tea-solc-codec v0.2.0-dev.4
[INFO] [stderr]   Downloaded tea-codec-macros v0.2.0-dev.22
[INFO] [stderr]   Downloaded tea-vmh-codec v0.2.0-dev.4
[INFO] [stderr]   Downloaded mocktopus v0.7.11
[INFO] [stderr]   Downloaded tea-actorx-runtime v0.2.0-dev.22
[INFO] [stderr]   Downloaded sqlparser v0.25.0
[INFO] [stderr]   Downloaded gluesql-core v0.13.1
[INFO] [stderr]   Downloaded tea-runtime-codec v0.2.0-dev.22
[INFO] [stderr]   Downloaded iter-enum v1.1.1
[INFO] [stderr]   Downloaded tea-actorx-core v0.2.0-dev.22
[INFO] [stderr]   Downloaded tea-actor-txns v0.2.0-dev.4
[INFO] [stderr]   Downloaded tea-codec v0.2.0-dev.22
[INFO] [stderr]   Downloaded tea-tapp-common v0.2.0-dev.4
[INFO] [stderr]   Downloaded tea-wasm-actor-utils v0.2.0-dev.4
[INFO] running `Command { std: "docker" "create" "-v" "/var/lib/crater-agent-workspace/builds/worker-3-tc1/target:/opt/rustwide/target:rw,Z" "-v" "/var/lib/crater-agent-workspace/builds/worker-3-tc1/source:/opt/rustwide/workdir:ro,Z" "-v" "/var/lib/crater-agent-workspace/cargo-home:/opt/rustwide/cargo-home:ro,Z" "-v" "/var/lib/crater-agent-workspace/rustup-home:/opt/rustwide/rustup-home:ro,Z" "-e" "SOURCE_DIR=/opt/rustwide/workdir" "-e" "CARGO_TARGET_DIR=/opt/rustwide/target" "-e" "CARGO_HOME=/opt/rustwide/cargo-home" "-e" "RUSTUP_HOME=/opt/rustwide/rustup-home" "-w" "/opt/rustwide/workdir" "-m" "1610612736" "--user" "0:0" "--network" "none" "ghcr.io/rust-lang/crates-build-env/linux@sha256:2788e3201cd34a07e3172128adcd8b3090168a8e3bcc40d7c032b9dda1df7d1c" "/opt/rustwide/cargo-home/bin/cargo" "+1.75.0" "metadata" "--no-deps" "--format-version=1", kill_on_drop: false }`
[INFO] [stdout] e1580c1db901b596046c1a91354721731eb5738349fc41a3f6b9332884ebb3c4
[INFO] running `Command { std: "docker" "start" "-a" "e1580c1db901b596046c1a91354721731eb5738349fc41a3f6b9332884ebb3c4", kill_on_drop: false }`
[INFO] running `Command { std: "docker" "inspect" "e1580c1db901b596046c1a91354721731eb5738349fc41a3f6b9332884ebb3c4", kill_on_drop: false }`
[INFO] running `Command { std: "docker" "rm" "-f" "e1580c1db901b596046c1a91354721731eb5738349fc41a3f6b9332884ebb3c4", kill_on_drop: false }`
[INFO] [stdout] e1580c1db901b596046c1a91354721731eb5738349fc41a3f6b9332884ebb3c4
[INFO] running `Command { std: "docker" "create" "-v" "/var/lib/crater-agent-workspace/builds/worker-3-tc1/target:/opt/rustwide/target:rw,Z" "-v" "/var/lib/crater-agent-workspace/builds/worker-3-tc1/source:/opt/rustwide/workdir:ro,Z" "-v" "/var/lib/crater-agent-workspace/cargo-home:/opt/rustwide/cargo-home:ro,Z" "-v" "/var/lib/crater-agent-workspace/rustup-home:/opt/rustwide/rustup-home:ro,Z" "-e" "SOURCE_DIR=/opt/rustwide/workdir" "-e" "CARGO_TARGET_DIR=/opt/rustwide/target" "-e" "CARGO_INCREMENTAL=0" "-e" "RUST_BACKTRACE=full" "-e" "RUSTFLAGS=--cap-lints=warn" "-e" "RUSTDOCFLAGS=--cap-lints=warn" "-e" "CARGO_HOME=/opt/rustwide/cargo-home" "-e" "RUSTUP_HOME=/opt/rustwide/rustup-home" "-w" "/opt/rustwide/workdir" "-m" "1610612736" "--user" "0:0" "--network" "none" "ghcr.io/rust-lang/crates-build-env/linux@sha256:2788e3201cd34a07e3172128adcd8b3090168a8e3bcc40d7c032b9dda1df7d1c" "/opt/rustwide/cargo-home/bin/cargo" "+1.75.0" "doc" "--frozen" "--no-deps" "--document-private-items" "--message-format=json", kill_on_drop: false }`
[INFO] [stdout] 840fcd49668c7ee8d47da75c694dd606680e3f8b41fa36b71f0063a2b59d50e6
[INFO] running `Command { std: "docker" "start" "-a" "840fcd49668c7ee8d47da75c694dd606680e3f8b41fa36b71f0063a2b59d50e6", kill_on_drop: false }`
[INFO] [stderr]    Compiling proc-macro2 v1.0.76
[INFO] [stderr]    Compiling syn v1.0.109
[INFO] [stderr]    Compiling anyhow v1.0.79
[INFO] [stderr]     Checking futures-core v0.3.30
[INFO] [stderr]     Checking futures-sink v0.3.30
[INFO] [stderr]     Checking getrandom v0.2.11
[INFO] [stderr]    Compiling rustix v0.38.28
[INFO] [stderr]     Checking byteorder v1.5.0
[INFO] [stderr]    Compiling prettyplease v0.1.25
[INFO] [stderr]    Compiling crunchy v0.2.2
[INFO] [stderr]     Checking crossbeam-deque v0.8.4
[INFO] [stderr]     Checking rlp v0.5.2
[INFO] [stderr]     Checking crossbeam-queue v0.3.10
[INFO] [stderr]     Checking crossbeam-channel v0.5.10
[INFO] [stderr]    Compiling static_assertions v1.1.0
[INFO] [stderr]    Compiling tiny-keccak v2.0.2
[INFO] [stderr]    Compiling convert_case v0.5.0
[INFO] [stderr]    Compiling winnow v0.5.33
[INFO] [stderr]     Checking futures-channel v0.3.30
[INFO] [stderr]    Compiling toml_datetime v0.6.3
[INFO] [stderr]     Checking rand_core v0.6.4
[INFO] [stderr]    Compiling hex v0.4.3
[INFO] [stderr]     Checking uint v0.9.5
[INFO] [stderr]     Checking impl-rlp v0.3.0
[INFO] [stderr]    Compiling fixed-hash v0.8.0
[INFO] [stderr]     Checking iana-time-zone v0.1.59
[INFO] [stderr]     Checking clap_builder v4.4.12
[INFO] [stderr]    Compiling indexmap v1.9.3
[INFO] [stderr]     Checking unsafe-libyaml v0.2.10
[INFO] [stderr]     Checking sha2 v0.10.8
[INFO] [stderr]     Checking rand_chacha v0.3.1
[INFO] [stderr]    Compiling quote v1.0.35
[INFO] [stderr]    Compiling num-integer v0.1.45
[INFO] [stderr]     Checking digest v0.9.0
[INFO] [stderr]     Checking crossbeam v0.8.3
[INFO] [stderr]     Checking bitmaps v2.1.0
[INFO] [stderr]    Compiling im-rc v15.1.0
[INFO] [stderr]    Compiling rust_decimal v1.33.1
[INFO] [stderr]     Checking os_str_bytes v6.6.1
[INFO] [stderr]    Compiling async-trait v0.1.77
[INFO] [stderr]    Compiling primitive-types v0.12.2
[INFO] [stderr]    Compiling syn v2.0.48
[INFO] [stderr]     Checking rand v0.8.5
[INFO] [stderr]    Compiling find-crate v0.6.3
[INFO] [stderr]     Checking clap_lex v0.2.4
[INFO] [stderr]    Compiling proc-macro-error-attr v1.0.4
[INFO] [stderr]     Checking rand_xoshiro v0.6.0
[INFO] [stderr]     Checking block-buffer v0.9.0
[INFO] [stderr]     Checking atty v0.2.14
[INFO] [stderr]     Checking num-bigint v0.4.4
[INFO] [stderr]     Checking arrayvec v0.7.4
[INFO] [stderr]     Checking signature v1.6.4
[INFO] [stderr]     Checking opaque-debug v0.3.0
[INFO] [stderr]     Checking textwrap v0.16.0
[INFO] [stderr]     Checking termcolor v1.4.0
[INFO] [stderr]     Checking subtle v2.5.0
[INFO] [stderr]     Checking sha2 v0.9.9
[INFO] [stderr]     Checking ed25519 v1.5.3
[INFO] [stderr]     Checking itertools v0.10.5
[INFO] [stderr]     Checking sized-chunks v0.6.5
[INFO] [stderr]     Checking uuid v1.6.1
[INFO] [stderr]    Compiling tempfile v3.9.0
[INFO] [stderr]    Compiling which v4.4.2
[INFO] [stderr]    Compiling toml_edit v0.19.15
[INFO] [stderr]    Compiling proc-macro-crate v1.3.1
[INFO] [stderr]    Compiling proc-macro-error v1.0.4
[INFO] [stderr]    Compiling derive_utils v0.11.2
[INFO] [stderr]    Compiling derive_utils v0.13.2
[INFO] [stderr]    Compiling prost-derive v0.11.9
[INFO] [stderr]    Compiling impl-trait-for-tuples v0.2.2
[INFO] [stderr]    Compiling tea-codec-macros v0.2.0-dev.22
[INFO] [stderr]    Compiling num-derive v0.3.3
[INFO] [stderr]    Compiling strum_macros v0.24.3
[INFO] [stderr]    Compiling num_enum_derive v0.5.11
[INFO] [stderr]    Compiling u256-literal v1.2.1
[INFO] [stderr]    Compiling clap_derive v3.2.25
[INFO] [stderr]    Compiling futures-enum v0.1.17
[INFO] [stderr]    Compiling serde_derive v1.0.195
[INFO] [stderr]    Compiling futures-macro v0.3.30
[INFO] [stderr]    Compiling tracing-attributes v0.1.27
[INFO] [stderr]    Compiling thiserror-impl v1.0.56
[INFO] [stderr]    Compiling clap_derive v4.4.7
[INFO] [stderr]    Compiling tokio-macros v2.2.0
[INFO] [stderr]    Compiling pin-project-internal v1.1.3
[INFO] [stdout] error[E0554]: `#![feature]` may not be used on the stable release channel
[INFO] [stdout]  --> /opt/rustwide/cargo-home/registry/src/index.crates.io-6f17d22bba15001f/tea-codec-macros-0.2.0-dev.22/src/lib.rs:1:12
[INFO] [stdout]   |
[INFO] [stdout] 1 | #![feature(drain_filter)]
[INFO] [stdout]   |            ^^^^^^^^^^^^
[INFO] [stdout] 
[INFO] [stdout] 
[INFO] [stdout] error[E0635]: unknown feature `drain_filter`
[INFO] [stdout]  --> /opt/rustwide/cargo-home/registry/src/index.crates.io-6f17d22bba15001f/tea-codec-macros-0.2.0-dev.22/src/lib.rs:1:12
[INFO] [stdout]   |
[INFO] [stdout] 1 | #![feature(drain_filter)]
[INFO] [stdout]   |            ^^^^^^^^^^^^
[INFO] [stdout] 
[INFO] [stdout] 
[INFO] [stdout] error: aborting due to 2 previous errors
[INFO] [stdout] 
[INFO] [stdout] 
[INFO] [stdout] Some errors have detailed explanations: E0554, E0635.
[INFO] [stdout] 
[INFO] [stdout] For more information about an error, try `rustc --explain E0554`.
[INFO] [stdout] 
[INFO] [stderr] error: could not compile `tea-codec-macros` (lib) due to 3 previous errors
[INFO] [stderr] warning: build failed, waiting for other jobs to finish...
[INFO] running `Command { std: "docker" "inspect" "840fcd49668c7ee8d47da75c694dd606680e3f8b41fa36b71f0063a2b59d50e6", kill_on_drop: false }`
[INFO] running `Command { std: "docker" "rm" "-f" "840fcd49668c7ee8d47da75c694dd606680e3f8b41fa36b71f0063a2b59d50e6", kill_on_drop: false }`
[INFO] [stdout] 840fcd49668c7ee8d47da75c694dd606680e3f8b41fa36b71f0063a2b59d50e6
[INFO] documenting tea-wasm-client-actor-utils-0.2.0-dev.4 against beta-2023-12-22 for beta-1.76-rustdoc-1
[INFO] extracting crate tea-wasm-client-actor-utils 0.2.0-dev.4 into /workspace/builds/worker-3-tc2/source
[INFO] validating manifest of crates.io crate tea-wasm-client-actor-utils 0.2.0-dev.4 on toolchain beta-2023-12-22
[INFO] running `Command { std: CARGO_HOME="/workspace/cargo-home" RUSTUP_HOME="/workspace/rustup-home" "/workspace/cargo-home/bin/cargo" "+beta-2023-12-22" "metadata" "--manifest-path" "Cargo.toml" "--no-deps", kill_on_drop: false }`
[INFO] started tweaking crates.io crate tea-wasm-client-actor-utils 0.2.0-dev.4
[INFO] finished tweaking crates.io crate tea-wasm-client-actor-utils 0.2.0-dev.4
[INFO] tweaked toml for crates.io crate tea-wasm-client-actor-utils 0.2.0-dev.4 written to /workspace/builds/worker-3-tc2/source/Cargo.toml
[INFO] running `Command { std: CARGO_HOME="/workspace/cargo-home" RUSTUP_HOME="/workspace/rustup-home" "/workspace/cargo-home/bin/cargo" "+beta-2023-12-22" "generate-lockfile" "--manifest-path" "Cargo.toml", kill_on_drop: false }`
[INFO] [stderr]     Updating crates.io index
[INFO] running `Command { std: CARGO_HOME="/workspace/cargo-home" RUSTUP_HOME="/workspace/rustup-home" "/workspace/cargo-home/bin/cargo" "+beta-2023-12-22" "fetch" "--manifest-path" "Cargo.toml", kill_on_drop: false }`
[INFO] running `Command { std: "docker" "create" "-v" "/var/lib/crater-agent-workspace/builds/worker-3-tc2/target:/opt/rustwide/target:rw,Z" "-v" "/var/lib/crater-agent-workspace/builds/worker-3-tc2/source:/opt/rustwide/workdir:ro,Z" "-v" "/var/lib/crater-agent-workspace/cargo-home:/opt/rustwide/cargo-home:ro,Z" "-v" "/var/lib/crater-agent-workspace/rustup-home:/opt/rustwide/rustup-home:ro,Z" "-e" "SOURCE_DIR=/opt/rustwide/workdir" "-e" "CARGO_TARGET_DIR=/opt/rustwide/target" "-e" "CARGO_HOME=/opt/rustwide/cargo-home" "-e" "RUSTUP_HOME=/opt/rustwide/rustup-home" "-w" "/opt/rustwide/workdir" "-m" "1610612736" "--user" "0:0" "--network" "none" "ghcr.io/rust-lang/crates-build-env/linux@sha256:2788e3201cd34a07e3172128adcd8b3090168a8e3bcc40d7c032b9dda1df7d1c" "/opt/rustwide/cargo-home/bin/cargo" "+beta-2023-12-22" "metadata" "--no-deps" "--format-version=1", kill_on_drop: false }`
[INFO] [stdout] f537041fc8aaee58ff03af84f08bce8cc88741c4c43476d4286118aa3e9a31e8
[INFO] running `Command { std: "docker" "start" "-a" "f537041fc8aaee58ff03af84f08bce8cc88741c4c43476d4286118aa3e9a31e8", kill_on_drop: false }`
[INFO] running `Command { std: "docker" "inspect" "f537041fc8aaee58ff03af84f08bce8cc88741c4c43476d4286118aa3e9a31e8", kill_on_drop: false }`
[INFO] running `Command { std: "docker" "rm" "-f" "f537041fc8aaee58ff03af84f08bce8cc88741c4c43476d4286118aa3e9a31e8", kill_on_drop: false }`
[INFO] [stdout] f537041fc8aaee58ff03af84f08bce8cc88741c4c43476d4286118aa3e9a31e8
[INFO] running `Command { std: "docker" "create" "-v" "/var/lib/crater-agent-workspace/builds/worker-3-tc2/target:/opt/rustwide/target:rw,Z" "-v" "/var/lib/crater-agent-workspace/builds/worker-3-tc2/source:/opt/rustwide/workdir:ro,Z" "-v" "/var/lib/crater-agent-workspace/cargo-home:/opt/rustwide/cargo-home:ro,Z" "-v" "/var/lib/crater-agent-workspace/rustup-home:/opt/rustwide/rustup-home:ro,Z" "-e" "SOURCE_DIR=/opt/rustwide/workdir" "-e" "CARGO_TARGET_DIR=/opt/rustwide/target" "-e" "CARGO_INCREMENTAL=0" "-e" "RUST_BACKTRACE=full" "-e" "RUSTFLAGS=--cap-lints=warn" "-e" "RUSTDOCFLAGS=--cap-lints=warn" "-e" "CARGO_HOME=/opt/rustwide/cargo-home" "-e" "RUSTUP_HOME=/opt/rustwide/rustup-home" "-w" "/opt/rustwide/workdir" "-m" "1610612736" "--user" "0:0" "--network" "none" "ghcr.io/rust-lang/crates-build-env/linux@sha256:2788e3201cd34a07e3172128adcd8b3090168a8e3bcc40d7c032b9dda1df7d1c" "/opt/rustwide/cargo-home/bin/cargo" "+beta-2023-12-22" "doc" "--frozen" "--no-deps" "--document-private-items" "--message-format=json", kill_on_drop: false }`
[INFO] [stdout] 8d7b45a40b8b173d701acb032e9472e9e9e548b343c16b1e00f249f44808738d
[INFO] running `Command { std: "docker" "start" "-a" "8d7b45a40b8b173d701acb032e9472e9e9e548b343c16b1e00f249f44808738d", kill_on_drop: false }`
[INFO] [stderr]    Compiling proc-macro2 v1.0.76
[INFO] [stderr]    Compiling syn v1.0.109
[INFO] [stderr]    Compiling anyhow v1.0.79
[INFO] [stderr]     Checking futures-core v0.3.30
[INFO] [stderr]     Checking futures-sink v0.3.30
[INFO] [stderr]     Checking getrandom v0.2.11
[INFO] [stderr]    Compiling rustix v0.38.28
[INFO] [stderr]    Compiling prettyplease v0.1.25
[INFO] [stderr]     Checking byteorder v1.5.0
[INFO] [stderr]    Compiling crunchy v0.2.2
[INFO] [stderr]     Checking crossbeam-deque v0.8.4
[INFO] [stderr]     Checking rlp v0.5.2
[INFO] [stderr]     Checking crossbeam-queue v0.3.10
[INFO] [stderr]     Checking crossbeam-channel v0.5.10
[INFO] [stderr]    Compiling static_assertions v1.1.0
[INFO] [stderr]    Compiling convert_case v0.5.0
[INFO] [stderr]    Compiling toml_datetime v0.6.3
[INFO] [stderr]     Checking futures-channel v0.3.30
[INFO] [stderr]    Compiling winnow v0.5.33
[INFO] [stderr]    Compiling tiny-keccak v2.0.2
[INFO] [stderr]     Checking rand_core v0.6.4
[INFO] [stderr]    Compiling hex v0.4.3
[INFO] [stderr]     Checking uint v0.9.5
[INFO] [stderr]     Checking impl-rlp v0.3.0
[INFO] [stderr]    Compiling fixed-hash v0.8.0
[INFO] [stderr]     Checking iana-time-zone v0.1.59
[INFO] [stderr]     Checking clap_builder v4.4.12
[INFO] [stderr]    Compiling indexmap v1.9.3
[INFO] [stderr]     Checking rand_chacha v0.3.1
[INFO] [stderr]     Checking unsafe-libyaml v0.2.10
[INFO] [stderr]     Checking sha2 v0.10.8
[INFO] [stderr]    Compiling num-integer v0.1.45
[INFO] [stderr]     Checking digest v0.9.0
[INFO] [stderr]     Checking bitmaps v2.1.0
[INFO] [stderr]    Compiling im-rc v15.1.0
[INFO] [stderr]     Checking crossbeam v0.8.3
[INFO] [stderr]     Checking os_str_bytes v6.6.1
[INFO] [stderr]    Compiling rust_decimal v1.33.1
[INFO] [stderr]    Compiling async-trait v0.1.77
[INFO] [stderr]    Compiling quote v1.0.35
[INFO] [stderr]     Checking rand v0.8.5
[INFO] [stderr]    Compiling find-crate v0.6.3
[INFO] [stderr]    Compiling primitive-types v0.12.2
[INFO] [stderr]     Checking clap_lex v0.2.4
[INFO] [stderr]    Compiling syn v2.0.48
[INFO] [stderr]     Checking rand_xoshiro v0.6.0
[INFO] [stderr]     Checking block-buffer v0.9.0
[INFO] [stderr]     Checking num-bigint v0.4.4
[INFO] [stderr]     Checking atty v0.2.14
[INFO] [stderr]     Checking subtle v2.5.0
[INFO] [stderr]     Checking opaque-debug v0.3.0
[INFO] [stderr]     Checking termcolor v1.4.0
[INFO] [stderr]     Checking signature v1.6.4
[INFO] [stderr]    Compiling proc-macro-error-attr v1.0.4
[INFO] [stderr]     Checking textwrap v0.16.0
[INFO] [stderr]     Checking arrayvec v0.7.4
[INFO] [stderr]     Checking ed25519 v1.5.3
[INFO] [stderr]     Checking itertools v0.10.5
[INFO] [stderr]     Checking sha2 v0.9.9
[INFO] [stderr]     Checking uuid v1.6.1
[INFO] [stderr]     Checking sized-chunks v0.6.5
[INFO] [stderr]    Compiling toml_edit v0.19.15
[INFO] [stderr]    Compiling which v4.4.2
[INFO] [stderr]    Compiling tempfile v3.9.0
[INFO] [stderr]    Compiling proc-macro-crate v1.3.1
[INFO] [stderr]    Compiling derive_utils v0.13.2
[INFO] [stderr]    Compiling proc-macro-error v1.0.4
[INFO] [stderr]    Compiling derive_utils v0.11.2
[INFO] [stderr]    Compiling serde_derive v1.0.195
[INFO] [stderr]    Compiling futures-macro v0.3.30
[INFO] [stderr]    Compiling tracing-attributes v0.1.27
[INFO] [stderr]    Compiling thiserror-impl v1.0.56
[INFO] [stderr]    Compiling clap_derive v4.4.7
[INFO] [stderr]    Compiling pin-project-internal v1.1.3
[INFO] [stderr]    Compiling zeroize_derive v1.4.2
[INFO] [stderr]    Compiling tokio-macros v2.2.0
[INFO] [stderr]    Compiling async-recursion v1.0.5
[INFO] [stderr]    Compiling iter-enum v1.1.1
[INFO] [stderr]    Compiling prost-derive v0.11.9
[INFO] [stderr]    Compiling impl-trait-for-tuples v0.2.2
[INFO] [stderr]    Compiling num-derive v0.3.3
[INFO] [stderr]    Compiling tea-codec-macros v0.2.0-dev.22
[INFO] [stdout] error[E0554]: `#![feature]` may not be used on the beta release channel
[INFO] [stdout]  --> /opt/rustwide/cargo-home/registry/src/index.crates.io-6f17d22bba15001f/tea-codec-macros-0.2.0-dev.22/src/lib.rs:1:12
[INFO] [stdout]   |
[INFO] [stdout] 1 | #![feature(drain_filter)]
[INFO] [stdout]   |            ^^^^^^^^^^^^
[INFO] [stdout] 
[INFO] [stdout] 
[INFO] [stdout] error[E0635]: unknown feature `drain_filter`
[INFO] [stdout]  --> /opt/rustwide/cargo-home/registry/src/index.crates.io-6f17d22bba15001f/tea-codec-macros-0.2.0-dev.22/src/lib.rs:1:12
[INFO] [stdout]   |
[INFO] [stdout] 1 | #![feature(drain_filter)]
[INFO] [stdout]   |            ^^^^^^^^^^^^
[INFO] [stdout] 
[INFO] [stdout] 
[INFO] [stdout] error: aborting due to 2 previous errors
[INFO] [stdout] 
[INFO] [stdout] 
[INFO] [stdout] Some errors have detailed explanations: E0554, E0635.
[INFO] [stdout] 
[INFO] [stdout] For more information about an error, try `rustc --explain E0554`.
[INFO] [stdout] 
[INFO] [stderr] error: could not compile `tea-codec-macros` (lib) due to 3 previous errors
[INFO] [stderr] warning: build failed, waiting for other jobs to finish...
[INFO] running `Command { std: "docker" "inspect" "8d7b45a40b8b173d701acb032e9472e9e9e548b343c16b1e00f249f44808738d", kill_on_drop: false }`
[INFO] running `Command { std: "docker" "rm" "-f" "8d7b45a40b8b173d701acb032e9472e9e9e548b343c16b1e00f249f44808738d", kill_on_drop: false }`
[INFO] [stdout] 8d7b45a40b8b173d701acb032e9472e9e9e548b343c16b1e00f249f44808738d
