[INFO] fetching crate tea-sdk 0.3.0-dev.7...
[INFO] documenting tea-sdk-0.3.0-dev.7 against 1.75.0 for beta-1.76-rustdoc-1
[INFO] extracting crate tea-sdk 0.3.0-dev.7 into /workspace/builds/worker-5-tc1/source
[INFO] validating manifest of crates.io crate tea-sdk 0.3.0-dev.7 on toolchain 1.75.0
[INFO] running `Command { std: CARGO_HOME="/workspace/cargo-home" RUSTUP_HOME="/workspace/rustup-home" "/workspace/cargo-home/bin/cargo" "+1.75.0" "metadata" "--manifest-path" "Cargo.toml" "--no-deps", kill_on_drop: false }`
[INFO] started tweaking crates.io crate tea-sdk 0.3.0-dev.7
[INFO] finished tweaking crates.io crate tea-sdk 0.3.0-dev.7
[INFO] tweaked toml for crates.io crate tea-sdk 0.3.0-dev.7 written to /workspace/builds/worker-5-tc1/source/Cargo.toml
[INFO] running `Command { std: CARGO_HOME="/workspace/cargo-home" RUSTUP_HOME="/workspace/rustup-home" "/workspace/cargo-home/bin/cargo" "+1.75.0" "generate-lockfile" "--manifest-path" "Cargo.toml", kill_on_drop: false }`
[INFO] [stderr]     Updating crates.io index
[INFO] running `Command { std: CARGO_HOME="/workspace/cargo-home" RUSTUP_HOME="/workspace/rustup-home" "/workspace/cargo-home/bin/cargo" "+1.75.0" "fetch" "--manifest-path" "Cargo.toml", kill_on_drop: false }`
[INFO] [stderr]  Downloading crates ...
[INFO] [stderr]   Downloaded futures-enum v0.1.17
[INFO] [stderr]   Downloaded gluesql-utils v0.13.0
[INFO] [stderr]   Downloaded tea-system-actors v0.3.0-dev.7
[INFO] [stderr]   Downloaded u256-literal v1.2.1
[INFO] [stderr]   Downloaded derive_utils v0.11.2
[INFO] [stderr]   Downloaded tea-codec-macros v0.3.0-dev.7
[INFO] [stderr]   Downloaded tea-wasm-actor-utils v0.3.0-dev.7
[INFO] [stderr]   Downloaded tea-actorx v0.3.0-dev.7
[INFO] [stderr]   Downloaded sqlparser v0.25.0
[INFO] [stderr]   Downloaded gluesql-core v0.13.1
[INFO] [stderr]   Downloaded tea-runtime-codec v0.3.0-dev.7
[INFO] [stderr]   Downloaded im-rc v15.1.0
[INFO] [stderr]   Downloaded tea-codec v0.3.0-dev.7
[INFO] [stderr]   Downloaded iter-enum v1.1.1
[INFO] [stderr]   Downloaded command-fds v0.2.3
[INFO] running `Command { std: "docker" "create" "-v" "/var/lib/crater-agent-workspace/builds/worker-5-tc1/target:/opt/rustwide/target:rw,Z" "-v" "/var/lib/crater-agent-workspace/builds/worker-5-tc1/source:/opt/rustwide/workdir:ro,Z" "-v" "/var/lib/crater-agent-workspace/cargo-home:/opt/rustwide/cargo-home:ro,Z" "-v" "/var/lib/crater-agent-workspace/rustup-home:/opt/rustwide/rustup-home:ro,Z" "-e" "SOURCE_DIR=/opt/rustwide/workdir" "-e" "CARGO_TARGET_DIR=/opt/rustwide/target" "-e" "CARGO_HOME=/opt/rustwide/cargo-home" "-e" "RUSTUP_HOME=/opt/rustwide/rustup-home" "-w" "/opt/rustwide/workdir" "-m" "1610612736" "--user" "0:0" "--network" "none" "ghcr.io/rust-lang/crates-build-env/linux@sha256:2788e3201cd34a07e3172128adcd8b3090168a8e3bcc40d7c032b9dda1df7d1c" "/opt/rustwide/cargo-home/bin/cargo" "+1.75.0" "metadata" "--no-deps" "--format-version=1", kill_on_drop: false }`
[INFO] [stdout] 9305c28841725bb68af18c9a91d18210856741e29f377683b35610a730ae3a61
[INFO] running `Command { std: "docker" "start" "-a" "9305c28841725bb68af18c9a91d18210856741e29f377683b35610a730ae3a61", kill_on_drop: false }`
[INFO] running `Command { std: "docker" "inspect" "9305c28841725bb68af18c9a91d18210856741e29f377683b35610a730ae3a61", kill_on_drop: false }`
[INFO] running `Command { std: "docker" "rm" "-f" "9305c28841725bb68af18c9a91d18210856741e29f377683b35610a730ae3a61", kill_on_drop: false }`
[INFO] [stdout] 9305c28841725bb68af18c9a91d18210856741e29f377683b35610a730ae3a61
[INFO] running `Command { std: "docker" "create" "-v" "/var/lib/crater-agent-workspace/builds/worker-5-tc1/target:/opt/rustwide/target:rw,Z" "-v" "/var/lib/crater-agent-workspace/builds/worker-5-tc1/source:/opt/rustwide/workdir:ro,Z" "-v" "/var/lib/crater-agent-workspace/cargo-home:/opt/rustwide/cargo-home:ro,Z" "-v" "/var/lib/crater-agent-workspace/rustup-home:/opt/rustwide/rustup-home:ro,Z" "-e" "SOURCE_DIR=/opt/rustwide/workdir" "-e" "CARGO_TARGET_DIR=/opt/rustwide/target" "-e" "CARGO_INCREMENTAL=0" "-e" "RUST_BACKTRACE=full" "-e" "RUSTFLAGS=--cap-lints=warn" "-e" "RUSTDOCFLAGS=--cap-lints=warn" "-e" "CARGO_HOME=/opt/rustwide/cargo-home" "-e" "RUSTUP_HOME=/opt/rustwide/rustup-home" "-w" "/opt/rustwide/workdir" "-m" "1610612736" "--user" "0:0" "--network" "none" "ghcr.io/rust-lang/crates-build-env/linux@sha256:2788e3201cd34a07e3172128adcd8b3090168a8e3bcc40d7c032b9dda1df7d1c" "/opt/rustwide/cargo-home/bin/cargo" "+1.75.0" "doc" "--frozen" "--no-deps" "--document-private-items" "--message-format=json", kill_on_drop: false }`
[INFO] [stdout] 0359cae45de1e68fa6ab89fcd3354f87b3d10654459d09c70d529d67580c2a60
[INFO] running `Command { std: "docker" "start" "-a" "0359cae45de1e68fa6ab89fcd3354f87b3d10654459d09c70d529d67580c2a60", kill_on_drop: false }`
[INFO] [stderr]    Compiling proc-macro2 v1.0.76
[INFO] [stderr]    Compiling unicode-ident v1.0.12
[INFO] [stderr]     Checking cfg-if v1.0.0
[INFO] [stderr]    Compiling serde v1.0.195
[INFO] [stderr]    Compiling syn v1.0.109
[INFO] [stderr]    Compiling libc v0.2.151
[INFO] [stderr]    Compiling autocfg v1.1.0
[INFO] [stderr]     Checking bytes v1.5.0
[INFO] [stderr]    Compiling crossbeam-utils v0.8.18
[INFO] [stderr]    Compiling crunchy v0.2.2
[INFO] [stderr]     Checking memchr v2.7.1
[INFO] [stderr]    Compiling typenum v1.17.0
[INFO] [stderr]     Checking ppv-lite86 v0.2.17
[INFO] [stderr]    Compiling version_check v0.9.4
[INFO] [stderr]     Checking rustc-hex v2.1.0
[INFO] [stderr]     Checking futures-core v0.3.30
[INFO] [stderr]    Compiling anyhow v1.0.79
[INFO] [stderr]     Checking futures-sink v0.3.30
[INFO] [stderr]     Checking pin-project-lite v0.2.13
[INFO] [stderr]     Checking byteorder v1.5.0
[INFO] [stderr]    Compiling either v1.9.0
[INFO] [stderr]     Checking static_assertions v1.1.0
[INFO] [stderr]     Checking futures-channel v0.3.30
[INFO] [stderr]    Compiling generic-array v0.14.7
[INFO] [stderr]    Compiling slab v0.4.9
[INFO] [stderr]    Compiling itertools v0.10.5
[INFO] [stderr]     Checking pin-utils v0.1.0
[INFO] [stderr]     Checking futures-task v0.3.30
[INFO] [stderr]     Checking hex v0.4.3
[INFO] [stderr]     Checking itoa v1.0.10
[INFO] [stderr]     Checking futures-io v0.3.30
[INFO] [stderr]    Compiling rustversion v1.0.14
[INFO] [stderr]    Compiling num-traits v0.2.17
[INFO] [stderr]    Compiling serde_json v1.0.111
[INFO] [stderr]     Checking rlp v0.5.2
[INFO] [stderr]     Checking once_cell v1.19.0
[INFO] [stderr]    Compiling thiserror v1.0.56
[INFO] [stderr]    Compiling tiny-keccak v2.0.2
[INFO] [stderr]     Checking regex-syntax v0.8.2
[INFO] [stderr]    Compiling quote v1.0.35
[INFO] [stderr]     Checking aho-corasick v1.1.2
[INFO] [stderr]     Checking crossbeam-epoch v0.9.17
[INFO] [stderr]     Checking impl-rlp v0.3.0
[INFO] [stderr]     Checking crossbeam-queue v0.3.10
[INFO] [stderr]     Checking crossbeam-channel v0.5.10
[INFO] [stderr]     Checking uint v0.9.5
[INFO] [stderr]     Checking tracing-core v0.1.32
[INFO] [stderr]    Compiling heck v0.4.1
[INFO] [stderr]     Checking ryu v1.0.16
[INFO] [stderr]    Compiling syn v2.0.48
[INFO] [stderr]     Checking crossbeam-deque v0.8.4
[INFO] [stderr]    Compiling convert_case v0.5.0
[INFO] [stderr]    Compiling fixed-hash v0.8.0
[INFO] [stderr]     Checking fnv v1.0.7
[INFO] [stderr]     Checking base64 v0.13.1
[INFO] [stderr]     Checking http v0.2.11
[INFO] [stderr]    Compiling tea-runtime-codec v0.3.0-dev.7
[INFO] [stderr]     Checking crossbeam v0.8.3
[INFO] [stderr]    Compiling primitive-types v0.12.2
[INFO] [stderr]    Compiling tea-actorx v0.3.0-dev.7
[INFO] [stderr]     Checking getrandom v0.2.11
[INFO] [stderr]     Checking cpufeatures v0.2.12
[INFO] [stderr]     Checking rand_core v0.6.4
[INFO] [stderr]     Checking rand_chacha v0.3.1
[INFO] [stderr]     Checking rand v0.8.5
[INFO] [stderr]     Checking crypto-common v0.1.6
[INFO] [stderr]     Checking block-buffer v0.10.4
[INFO] [stderr]     Checking digest v0.10.7
[INFO] [stderr]     Checking sha2 v0.10.8
[INFO] [stderr]     Checking regex-automata v0.4.3
[INFO] [stderr]     Checking regex v1.10.2
[INFO] [stderr]    Compiling serde_derive v1.0.195
[INFO] [stderr]    Compiling futures-macro v0.3.30
[INFO] [stderr]    Compiling thiserror-impl v1.0.56
[INFO] [stderr]    Compiling tracing-attributes v0.1.27
[INFO] [stderr]    Compiling prost-derive v0.11.9
[INFO] [stderr]    Compiling num-derive v0.3.3
[INFO] [stderr]    Compiling strum_macros v0.24.3
[INFO] [stderr]    Compiling tea-codec-macros v0.3.0-dev.7
[INFO] [stderr]    Compiling impl-trait-for-tuples v0.2.2
[INFO] [stderr]    Compiling u256-literal v1.2.1
[INFO] [stdout] error[E0554]: `#![feature]` may not be used on the stable release channel
[INFO] [stdout]  --> /opt/rustwide/cargo-home/registry/src/index.crates.io-6f17d22bba15001f/tea-codec-macros-0.3.0-dev.7/src/lib.rs:1:12
[INFO] [stdout]   |
[INFO] [stdout] 1 | #![feature(drain_filter)]
[INFO] [stdout]   |            ^^^^^^^^^^^^
[INFO] [stdout] 
[INFO] [stdout] 
[INFO] [stdout] error[E0635]: unknown feature `drain_filter`
[INFO] [stdout]  --> /opt/rustwide/cargo-home/registry/src/index.crates.io-6f17d22bba15001f/tea-codec-macros-0.3.0-dev.7/src/lib.rs:1:12
[INFO] [stdout]   |
[INFO] [stdout] 1 | #![feature(drain_filter)]
[INFO] [stdout]   |            ^^^^^^^^^^^^
[INFO] [stdout] 
[INFO] [stdout] 
[INFO] [stdout] error: aborting due to 2 previous errors
[INFO] [stdout] 
[INFO] [stdout] 
[INFO] [stdout] Some errors have detailed explanations: E0554, E0635.
[INFO] [stdout] 
[INFO] [stdout] For more information about an error, try `rustc --explain E0554`.
[INFO] [stdout] 
[INFO] [stderr] error: could not compile `tea-codec-macros` (lib) due to 3 previous errors
[INFO] [stderr] warning: build failed, waiting for other jobs to finish...
[INFO] running `Command { std: "docker" "inspect" "0359cae45de1e68fa6ab89fcd3354f87b3d10654459d09c70d529d67580c2a60", kill_on_drop: false }`
[INFO] running `Command { std: "docker" "rm" "-f" "0359cae45de1e68fa6ab89fcd3354f87b3d10654459d09c70d529d67580c2a60", kill_on_drop: false }`
[INFO] [stdout] 0359cae45de1e68fa6ab89fcd3354f87b3d10654459d09c70d529d67580c2a60
[INFO] documenting tea-sdk-0.3.0-dev.7 against beta-2023-12-22 for beta-1.76-rustdoc-1
[INFO] extracting crate tea-sdk 0.3.0-dev.7 into /workspace/builds/worker-5-tc2/source
[INFO] validating manifest of crates.io crate tea-sdk 0.3.0-dev.7 on toolchain beta-2023-12-22
[INFO] running `Command { std: CARGO_HOME="/workspace/cargo-home" RUSTUP_HOME="/workspace/rustup-home" "/workspace/cargo-home/bin/cargo" "+beta-2023-12-22" "metadata" "--manifest-path" "Cargo.toml" "--no-deps", kill_on_drop: false }`
[INFO] started tweaking crates.io crate tea-sdk 0.3.0-dev.7
[INFO] finished tweaking crates.io crate tea-sdk 0.3.0-dev.7
[INFO] tweaked toml for crates.io crate tea-sdk 0.3.0-dev.7 written to /workspace/builds/worker-5-tc2/source/Cargo.toml
[INFO] running `Command { std: CARGO_HOME="/workspace/cargo-home" RUSTUP_HOME="/workspace/rustup-home" "/workspace/cargo-home/bin/cargo" "+beta-2023-12-22" "generate-lockfile" "--manifest-path" "Cargo.toml", kill_on_drop: false }`
[INFO] [stderr]     Updating crates.io index
[INFO] running `Command { std: CARGO_HOME="/workspace/cargo-home" RUSTUP_HOME="/workspace/rustup-home" "/workspace/cargo-home/bin/cargo" "+beta-2023-12-22" "fetch" "--manifest-path" "Cargo.toml", kill_on_drop: false }`
[INFO] running `Command { std: "docker" "create" "-v" "/var/lib/crater-agent-workspace/builds/worker-5-tc2/target:/opt/rustwide/target:rw,Z" "-v" "/var/lib/crater-agent-workspace/builds/worker-5-tc2/source:/opt/rustwide/workdir:ro,Z" "-v" "/var/lib/crater-agent-workspace/cargo-home:/opt/rustwide/cargo-home:ro,Z" "-v" "/var/lib/crater-agent-workspace/rustup-home:/opt/rustwide/rustup-home:ro,Z" "-e" "SOURCE_DIR=/opt/rustwide/workdir" "-e" "CARGO_TARGET_DIR=/opt/rustwide/target" "-e" "CARGO_HOME=/opt/rustwide/cargo-home" "-e" "RUSTUP_HOME=/opt/rustwide/rustup-home" "-w" "/opt/rustwide/workdir" "-m" "1610612736" "--user" "0:0" "--network" "none" "ghcr.io/rust-lang/crates-build-env/linux@sha256:2788e3201cd34a07e3172128adcd8b3090168a8e3bcc40d7c032b9dda1df7d1c" "/opt/rustwide/cargo-home/bin/cargo" "+beta-2023-12-22" "metadata" "--no-deps" "--format-version=1", kill_on_drop: false }`
[INFO] [stdout] 3c4f35d48a84b8c4aff8ee4fede72773a1df4c24b5ddd336d2a118aeb5702a9c
[INFO] running `Command { std: "docker" "start" "-a" "3c4f35d48a84b8c4aff8ee4fede72773a1df4c24b5ddd336d2a118aeb5702a9c", kill_on_drop: false }`
[INFO] running `Command { std: "docker" "inspect" "3c4f35d48a84b8c4aff8ee4fede72773a1df4c24b5ddd336d2a118aeb5702a9c", kill_on_drop: false }`
[INFO] running `Command { std: "docker" "rm" "-f" "3c4f35d48a84b8c4aff8ee4fede72773a1df4c24b5ddd336d2a118aeb5702a9c", kill_on_drop: false }`
[INFO] [stdout] 3c4f35d48a84b8c4aff8ee4fede72773a1df4c24b5ddd336d2a118aeb5702a9c
[INFO] running `Command { std: "docker" "create" "-v" "/var/lib/crater-agent-workspace/builds/worker-5-tc2/target:/opt/rustwide/target:rw,Z" "-v" "/var/lib/crater-agent-workspace/builds/worker-5-tc2/source:/opt/rustwide/workdir:ro,Z" "-v" "/var/lib/crater-agent-workspace/cargo-home:/opt/rustwide/cargo-home:ro,Z" "-v" "/var/lib/crater-agent-workspace/rustup-home:/opt/rustwide/rustup-home:ro,Z" "-e" "SOURCE_DIR=/opt/rustwide/workdir" "-e" "CARGO_TARGET_DIR=/opt/rustwide/target" "-e" "CARGO_INCREMENTAL=0" "-e" "RUST_BACKTRACE=full" "-e" "RUSTFLAGS=--cap-lints=warn" "-e" "RUSTDOCFLAGS=--cap-lints=warn" "-e" "CARGO_HOME=/opt/rustwide/cargo-home" "-e" "RUSTUP_HOME=/opt/rustwide/rustup-home" "-w" "/opt/rustwide/workdir" "-m" "1610612736" "--user" "0:0" "--network" "none" "ghcr.io/rust-lang/crates-build-env/linux@sha256:2788e3201cd34a07e3172128adcd8b3090168a8e3bcc40d7c032b9dda1df7d1c" "/opt/rustwide/cargo-home/bin/cargo" "+beta-2023-12-22" "doc" "--frozen" "--no-deps" "--document-private-items" "--message-format=json", kill_on_drop: false }`
[INFO] [stdout] 20ca7e8d2eb75aa5a1e5b774cc38c6d01536893e8a88aef49864bf0b2f93fc0e
[INFO] running `Command { std: "docker" "start" "-a" "20ca7e8d2eb75aa5a1e5b774cc38c6d01536893e8a88aef49864bf0b2f93fc0e", kill_on_drop: false }`
[INFO] [stderr]    Compiling proc-macro2 v1.0.76
[INFO] [stderr]    Compiling unicode-ident v1.0.12
[INFO] [stderr]     Checking cfg-if v1.0.0
[INFO] [stderr]    Compiling serde v1.0.195
[INFO] [stderr]    Compiling syn v1.0.109
[INFO] [stderr]    Compiling libc v0.2.151
[INFO] [stderr]    Compiling autocfg v1.1.0
[INFO] [stderr]     Checking bytes v1.5.0
[INFO] [stderr]    Compiling crossbeam-utils v0.8.18
[INFO] [stderr]    Compiling crunchy v0.2.2
[INFO] [stderr]     Checking memchr v2.7.1
[INFO] [stderr]     Checking ppv-lite86 v0.2.17
[INFO] [stderr]    Compiling version_check v0.9.4
[INFO] [stderr]     Checking rustc-hex v2.1.0
[INFO] [stderr]    Compiling typenum v1.17.0
[INFO] [stderr]    Compiling anyhow v1.0.79
[INFO] [stderr]     Checking futures-sink v0.3.30
[INFO] [stderr]     Checking futures-core v0.3.30
[INFO] [stderr]     Checking byteorder v1.5.0
[INFO] [stderr]     Checking pin-project-lite v0.2.13
[INFO] [stderr]     Checking static_assertions v1.1.0
[INFO] [stderr]    Compiling either v1.9.0
[INFO] [stderr]     Checking futures-channel v0.3.30
[INFO] [stderr]     Checking itoa v1.0.10
[INFO] [stderr]    Compiling generic-array v0.14.7
[INFO] [stderr]    Compiling slab v0.4.9
[INFO] [stderr]    Compiling itertools v0.10.5
[INFO] [stderr]    Compiling rustversion v1.0.14
[INFO] [stderr]     Checking pin-utils v0.1.0
[INFO] [stderr]     Checking futures-io v0.3.30
[INFO] [stderr]     Checking futures-task v0.3.30
[INFO] [stderr]     Checking hex v0.4.3
[INFO] [stderr]    Compiling num-traits v0.2.17
[INFO] [stderr]     Checking regex-syntax v0.8.2
[INFO] [stderr]     Checking once_cell v1.19.0
[INFO] [stderr]     Checking rlp v0.5.2
[INFO] [stderr]    Compiling thiserror v1.0.56
[INFO] [stderr]    Compiling tiny-keccak v2.0.2
[INFO] [stderr]     Checking aho-corasick v1.1.2
[INFO] [stderr]    Compiling serde_json v1.0.111
[INFO] [stderr]     Checking impl-rlp v0.3.0
[INFO] [stderr]     Checking tracing-core v0.1.32
[INFO] [stderr]     Checking uint v0.9.5
[INFO] [stderr]    Compiling quote v1.0.35
[INFO] [stderr]     Checking crossbeam-epoch v0.9.17
[INFO] [stderr]     Checking crossbeam-channel v0.5.10
[INFO] [stderr]     Checking crossbeam-queue v0.3.10
[INFO] [stderr]    Compiling heck v0.4.1
[INFO] [stderr]     Checking ryu v1.0.16
[INFO] [stderr]    Compiling convert_case v0.5.0
[INFO] [stderr]     Checking crossbeam-deque v0.8.4
[INFO] [stderr]    Compiling syn v2.0.48
[INFO] [stderr]    Compiling fixed-hash v0.8.0
[INFO] [stderr]     Checking fnv v1.0.7
[INFO] [stderr]     Checking base64 v0.13.1
[INFO] [stderr]    Compiling primitive-types v0.12.2
[INFO] [stderr]     Checking http v0.2.11
[INFO] [stderr]    Compiling tea-actorx v0.3.0-dev.7
[INFO] [stderr]     Checking cpufeatures v0.2.12
[INFO] [stderr]     Checking getrandom v0.2.11
[INFO] [stderr]     Checking crossbeam v0.8.3
[INFO] [stderr]    Compiling tea-runtime-codec v0.3.0-dev.7
[INFO] [stderr]     Checking rand_core v0.6.4
[INFO] [stderr]     Checking rand_chacha v0.3.1
[INFO] [stderr]     Checking rand v0.8.5
[INFO] [stderr]     Checking crypto-common v0.1.6
[INFO] [stderr]     Checking block-buffer v0.10.4
[INFO] [stderr]     Checking digest v0.10.7
[INFO] [stderr]     Checking sha2 v0.10.8
[INFO] [stderr]     Checking regex-automata v0.4.3
[INFO] [stderr]     Checking regex v1.10.2
[INFO] [stderr]    Compiling prost-derive v0.11.9
[INFO] [stderr]    Compiling strum_macros v0.24.3
[INFO] [stderr]    Compiling impl-trait-for-tuples v0.2.2
[INFO] [stderr]    Compiling tea-codec-macros v0.3.0-dev.7
[INFO] [stderr]    Compiling num-derive v0.3.3
[INFO] [stderr]    Compiling u256-literal v1.2.1
[INFO] [stderr]    Compiling serde_derive v1.0.195
[INFO] [stderr]    Compiling futures-macro v0.3.30
[INFO] [stderr]    Compiling tracing-attributes v0.1.27
[INFO] [stderr]    Compiling thiserror-impl v1.0.56
[INFO] [stdout] error[E0554]: `#![feature]` may not be used on the beta release channel
[INFO] [stdout]  --> /opt/rustwide/cargo-home/registry/src/index.crates.io-6f17d22bba15001f/tea-codec-macros-0.3.0-dev.7/src/lib.rs:1:12
[INFO] [stdout]   |
[INFO] [stdout] 1 | #![feature(drain_filter)]
[INFO] [stdout]   |            ^^^^^^^^^^^^
[INFO] [stdout] 
[INFO] [stdout] 
[INFO] [stdout] error[E0635]: unknown feature `drain_filter`
[INFO] [stdout]  --> /opt/rustwide/cargo-home/registry/src/index.crates.io-6f17d22bba15001f/tea-codec-macros-0.3.0-dev.7/src/lib.rs:1:12
[INFO] [stdout]   |
[INFO] [stdout] 1 | #![feature(drain_filter)]
[INFO] [stdout]   |            ^^^^^^^^^^^^
[INFO] [stdout] 
[INFO] [stdout] 
[INFO] [stdout] error: aborting due to 2 previous errors
[INFO] [stdout] 
[INFO] [stdout] 
[INFO] [stdout] Some errors have detailed explanations: E0554, E0635.
[INFO] [stdout] 
[INFO] [stdout] For more information about an error, try `rustc --explain E0554`.
[INFO] [stdout] 
[INFO] [stderr] error: could not compile `tea-codec-macros` (lib) due to 3 previous errors
[INFO] [stderr] warning: build failed, waiting for other jobs to finish...
[INFO] running `Command { std: "docker" "inspect" "20ca7e8d2eb75aa5a1e5b774cc38c6d01536893e8a88aef49864bf0b2f93fc0e", kill_on_drop: false }`
[INFO] running `Command { std: "docker" "rm" "-f" "20ca7e8d2eb75aa5a1e5b774cc38c6d01536893e8a88aef49864bf0b2f93fc0e", kill_on_drop: false }`
[INFO] [stdout] 20ca7e8d2eb75aa5a1e5b774cc38c6d01536893e8a88aef49864bf0b2f93fc0e
