[INFO] fetching crate tea-http-actor-codec 0.2.0-dev.1...
[INFO] documenting tea-http-actor-codec-0.2.0-dev.1 against 1.75.0 for beta-1.76-rustdoc-1
[INFO] extracting crate tea-http-actor-codec 0.2.0-dev.1 into /workspace/builds/worker-4-tc1/source
[INFO] validating manifest of crates.io crate tea-http-actor-codec 0.2.0-dev.1 on toolchain 1.75.0
[INFO] running `Command { std: CARGO_HOME="/workspace/cargo-home" RUSTUP_HOME="/workspace/rustup-home" "/workspace/cargo-home/bin/cargo" "+1.75.0" "metadata" "--manifest-path" "Cargo.toml" "--no-deps", kill_on_drop: false }`
[INFO] started tweaking crates.io crate tea-http-actor-codec 0.2.0-dev.1
[INFO] finished tweaking crates.io crate tea-http-actor-codec 0.2.0-dev.1
[INFO] tweaked toml for crates.io crate tea-http-actor-codec 0.2.0-dev.1 written to /workspace/builds/worker-4-tc1/source/Cargo.toml
[INFO] running `Command { std: CARGO_HOME="/workspace/cargo-home" RUSTUP_HOME="/workspace/rustup-home" "/workspace/cargo-home/bin/cargo" "+1.75.0" "generate-lockfile" "--manifest-path" "Cargo.toml", kill_on_drop: false }`
[INFO] [stderr]     Updating crates.io index
[INFO] running `Command { std: CARGO_HOME="/workspace/cargo-home" RUSTUP_HOME="/workspace/rustup-home" "/workspace/cargo-home/bin/cargo" "+1.75.0" "fetch" "--manifest-path" "Cargo.toml", kill_on_drop: false }`
[INFO] running `Command { std: "docker" "create" "-v" "/var/lib/crater-agent-workspace/builds/worker-4-tc1/target:/opt/rustwide/target:rw,Z" "-v" "/var/lib/crater-agent-workspace/builds/worker-4-tc1/source:/opt/rustwide/workdir:ro,Z" "-v" "/var/lib/crater-agent-workspace/cargo-home:/opt/rustwide/cargo-home:ro,Z" "-v" "/var/lib/crater-agent-workspace/rustup-home:/opt/rustwide/rustup-home:ro,Z" "-e" "SOURCE_DIR=/opt/rustwide/workdir" "-e" "CARGO_TARGET_DIR=/opt/rustwide/target" "-e" "CARGO_HOME=/opt/rustwide/cargo-home" "-e" "RUSTUP_HOME=/opt/rustwide/rustup-home" "-w" "/opt/rustwide/workdir" "-m" "1610612736" "--user" "0:0" "--network" "none" "ghcr.io/rust-lang/crates-build-env/linux@sha256:2788e3201cd34a07e3172128adcd8b3090168a8e3bcc40d7c032b9dda1df7d1c" "/opt/rustwide/cargo-home/bin/cargo" "+1.75.0" "metadata" "--no-deps" "--format-version=1", kill_on_drop: false }`
[INFO] [stdout] a9699c81515e981cfa2ac74fad5d92de5f4a2fe52601c20188300ca98ac06c6f
[INFO] running `Command { std: "docker" "start" "-a" "a9699c81515e981cfa2ac74fad5d92de5f4a2fe52601c20188300ca98ac06c6f", kill_on_drop: false }`
[INFO] running `Command { std: "docker" "inspect" "a9699c81515e981cfa2ac74fad5d92de5f4a2fe52601c20188300ca98ac06c6f", kill_on_drop: false }`
[INFO] running `Command { std: "docker" "rm" "-f" "a9699c81515e981cfa2ac74fad5d92de5f4a2fe52601c20188300ca98ac06c6f", kill_on_drop: false }`
[INFO] [stdout] a9699c81515e981cfa2ac74fad5d92de5f4a2fe52601c20188300ca98ac06c6f
[INFO] running `Command { std: "docker" "create" "-v" "/var/lib/crater-agent-workspace/builds/worker-4-tc1/target:/opt/rustwide/target:rw,Z" "-v" "/var/lib/crater-agent-workspace/builds/worker-4-tc1/source:/opt/rustwide/workdir:ro,Z" "-v" "/var/lib/crater-agent-workspace/cargo-home:/opt/rustwide/cargo-home:ro,Z" "-v" "/var/lib/crater-agent-workspace/rustup-home:/opt/rustwide/rustup-home:ro,Z" "-e" "SOURCE_DIR=/opt/rustwide/workdir" "-e" "CARGO_TARGET_DIR=/opt/rustwide/target" "-e" "CARGO_INCREMENTAL=0" "-e" "RUST_BACKTRACE=full" "-e" "RUSTFLAGS=--cap-lints=warn" "-e" "RUSTDOCFLAGS=--cap-lints=warn" "-e" "CARGO_HOME=/opt/rustwide/cargo-home" "-e" "RUSTUP_HOME=/opt/rustwide/rustup-home" "-w" "/opt/rustwide/workdir" "-m" "1610612736" "--user" "0:0" "--network" "none" "ghcr.io/rust-lang/crates-build-env/linux@sha256:2788e3201cd34a07e3172128adcd8b3090168a8e3bcc40d7c032b9dda1df7d1c" "/opt/rustwide/cargo-home/bin/cargo" "+1.75.0" "doc" "--frozen" "--no-deps" "--document-private-items" "--message-format=json", kill_on_drop: false }`
[INFO] [stdout] 8bf1c98f6be7ae819a939294898f191bef127e5ca810d175135e7fa915432cdf
[INFO] running `Command { std: "docker" "start" "-a" "8bf1c98f6be7ae819a939294898f191bef127e5ca810d175135e7fa915432cdf", kill_on_drop: false }`
[INFO] [stderr]    Compiling proc-macro2 v1.0.76
[INFO] [stderr]    Compiling unicode-ident v1.0.12
[INFO] [stderr]    Compiling autocfg v1.1.0
[INFO] [stderr]    Compiling syn v1.0.109
[INFO] [stderr]    Compiling crossbeam-utils v0.8.18
[INFO] [stderr]    Compiling serde v1.0.195
[INFO] [stderr]     Checking cfg-if v1.0.0
[INFO] [stderr]     Checking memchr v2.7.1
[INFO] [stderr]     Checking pin-project-lite v0.2.13
[INFO] [stderr]     Checking futures-core v0.3.30
[INFO] [stderr]    Compiling anyhow v1.0.79
[INFO] [stderr]     Checking futures-sink v0.3.30
[INFO] [stderr]    Compiling either v1.9.0
[INFO] [stderr]     Checking futures-task v0.3.30
[INFO] [stderr]     Checking pin-utils v0.1.0
[INFO] [stderr]     Checking futures-io v0.3.30
[INFO] [stderr]    Compiling thiserror v1.0.56
[INFO] [stderr]     Checking once_cell v1.19.0
[INFO] [stderr]     Checking regex-syntax v0.8.2
[INFO] [stderr]    Compiling serde_json v1.0.111
[INFO] [stderr]     Checking futures-channel v0.3.30
[INFO] [stderr]     Checking ryu v1.0.16
[INFO] [stderr]    Compiling itertools v0.10.5
[INFO] [stderr]     Checking tracing-core v0.1.32
[INFO] [stderr]     Checking itoa v1.0.10
[INFO] [stderr]    Compiling convert_case v0.5.0
[INFO] [stderr]     Checking bytes v1.5.0
[INFO] [stderr]     Checking hex v0.4.3
[INFO] [stderr]     Checking base64 v0.13.1
[INFO] [stderr]    Compiling slab v0.4.9
[INFO] [stderr]    Compiling num-traits v0.2.17
[INFO] [stderr]     Checking aho-corasick v1.1.2
[INFO] [stderr]     Checking crossbeam-epoch v0.9.17
[INFO] [stderr]     Checking crossbeam-queue v0.3.10
[INFO] [stderr]     Checking crossbeam-channel v0.5.10
[INFO] [stderr]    Compiling quote v1.0.35
[INFO] [stderr]     Checking crossbeam-deque v0.8.4
[INFO] [stderr]    Compiling syn v2.0.48
[INFO] [stderr]     Checking crossbeam v0.8.3
[INFO] [stderr]     Checking regex-automata v0.4.3
[INFO] [stderr]     Checking regex v1.10.2
[INFO] [stderr]    Compiling serde_derive v1.0.195
[INFO] [stderr]    Compiling futures-macro v0.3.30
[INFO] [stderr]    Compiling tracing-attributes v0.1.27
[INFO] [stderr]    Compiling thiserror-impl v1.0.56
[INFO] [stderr]    Compiling prost-derive v0.11.9
[INFO] [stderr]    Compiling num-derive v0.3.3
[INFO] [stderr]    Compiling tea-codec-macros v0.2.0-dev.22
[INFO] [stderr]    Compiling impl-trait-for-tuples v0.2.2
[INFO] [stdout] error[E0554]: `#![feature]` may not be used on the stable release channel
[INFO] [stdout]  --> /opt/rustwide/cargo-home/registry/src/index.crates.io-6f17d22bba15001f/tea-codec-macros-0.2.0-dev.22/src/lib.rs:1:12
[INFO] [stdout]   |
[INFO] [stdout] 1 | #![feature(drain_filter)]
[INFO] [stdout]   |            ^^^^^^^^^^^^
[INFO] [stdout] 
[INFO] [stdout] 
[INFO] [stdout] error[E0635]: unknown feature `drain_filter`
[INFO] [stdout]  --> /opt/rustwide/cargo-home/registry/src/index.crates.io-6f17d22bba15001f/tea-codec-macros-0.2.0-dev.22/src/lib.rs:1:12
[INFO] [stdout]   |
[INFO] [stdout] 1 | #![feature(drain_filter)]
[INFO] [stdout]   |            ^^^^^^^^^^^^
[INFO] [stdout] 
[INFO] [stdout] 
[INFO] [stdout] error: aborting due to 2 previous errors
[INFO] [stdout] 
[INFO] [stdout] 
[INFO] [stdout] Some errors have detailed explanations: E0554, E0635.
[INFO] [stdout] 
[INFO] [stdout] For more information about an error, try `rustc --explain E0554`.
[INFO] [stdout] 
[INFO] [stderr] error: could not compile `tea-codec-macros` (lib) due to 3 previous errors
[INFO] [stderr] warning: build failed, waiting for other jobs to finish...
[INFO] running `Command { std: "docker" "inspect" "8bf1c98f6be7ae819a939294898f191bef127e5ca810d175135e7fa915432cdf", kill_on_drop: false }`
[INFO] running `Command { std: "docker" "rm" "-f" "8bf1c98f6be7ae819a939294898f191bef127e5ca810d175135e7fa915432cdf", kill_on_drop: false }`
[INFO] [stdout] 8bf1c98f6be7ae819a939294898f191bef127e5ca810d175135e7fa915432cdf
[INFO] documenting tea-http-actor-codec-0.2.0-dev.1 against beta-2023-12-22 for beta-1.76-rustdoc-1
[INFO] extracting crate tea-http-actor-codec 0.2.0-dev.1 into /workspace/builds/worker-4-tc2/source
[INFO] validating manifest of crates.io crate tea-http-actor-codec 0.2.0-dev.1 on toolchain beta-2023-12-22
[INFO] running `Command { std: CARGO_HOME="/workspace/cargo-home" RUSTUP_HOME="/workspace/rustup-home" "/workspace/cargo-home/bin/cargo" "+beta-2023-12-22" "metadata" "--manifest-path" "Cargo.toml" "--no-deps", kill_on_drop: false }`
[INFO] started tweaking crates.io crate tea-http-actor-codec 0.2.0-dev.1
[INFO] finished tweaking crates.io crate tea-http-actor-codec 0.2.0-dev.1
[INFO] tweaked toml for crates.io crate tea-http-actor-codec 0.2.0-dev.1 written to /workspace/builds/worker-4-tc2/source/Cargo.toml
[INFO] running `Command { std: CARGO_HOME="/workspace/cargo-home" RUSTUP_HOME="/workspace/rustup-home" "/workspace/cargo-home/bin/cargo" "+beta-2023-12-22" "generate-lockfile" "--manifest-path" "Cargo.toml", kill_on_drop: false }`
[INFO] [stderr]     Updating crates.io index
[INFO] running `Command { std: CARGO_HOME="/workspace/cargo-home" RUSTUP_HOME="/workspace/rustup-home" "/workspace/cargo-home/bin/cargo" "+beta-2023-12-22" "fetch" "--manifest-path" "Cargo.toml", kill_on_drop: false }`
[INFO] running `Command { std: "docker" "create" "-v" "/var/lib/crater-agent-workspace/builds/worker-4-tc2/target:/opt/rustwide/target:rw,Z" "-v" "/var/lib/crater-agent-workspace/builds/worker-4-tc2/source:/opt/rustwide/workdir:ro,Z" "-v" "/var/lib/crater-agent-workspace/cargo-home:/opt/rustwide/cargo-home:ro,Z" "-v" "/var/lib/crater-agent-workspace/rustup-home:/opt/rustwide/rustup-home:ro,Z" "-e" "SOURCE_DIR=/opt/rustwide/workdir" "-e" "CARGO_TARGET_DIR=/opt/rustwide/target" "-e" "CARGO_HOME=/opt/rustwide/cargo-home" "-e" "RUSTUP_HOME=/opt/rustwide/rustup-home" "-w" "/opt/rustwide/workdir" "-m" "1610612736" "--user" "0:0" "--network" "none" "ghcr.io/rust-lang/crates-build-env/linux@sha256:2788e3201cd34a07e3172128adcd8b3090168a8e3bcc40d7c032b9dda1df7d1c" "/opt/rustwide/cargo-home/bin/cargo" "+beta-2023-12-22" "metadata" "--no-deps" "--format-version=1", kill_on_drop: false }`
[INFO] [stdout] 58338ed989a1c2ee1698a254e2f91b79881edf09ba955b26b0eb0f1cd27461d3
[INFO] running `Command { std: "docker" "start" "-a" "58338ed989a1c2ee1698a254e2f91b79881edf09ba955b26b0eb0f1cd27461d3", kill_on_drop: false }`
[INFO] running `Command { std: "docker" "inspect" "58338ed989a1c2ee1698a254e2f91b79881edf09ba955b26b0eb0f1cd27461d3", kill_on_drop: false }`
[INFO] running `Command { std: "docker" "rm" "-f" "58338ed989a1c2ee1698a254e2f91b79881edf09ba955b26b0eb0f1cd27461d3", kill_on_drop: false }`
[INFO] [stdout] 58338ed989a1c2ee1698a254e2f91b79881edf09ba955b26b0eb0f1cd27461d3
[INFO] running `Command { std: "docker" "create" "-v" "/var/lib/crater-agent-workspace/builds/worker-4-tc2/target:/opt/rustwide/target:rw,Z" "-v" "/var/lib/crater-agent-workspace/builds/worker-4-tc2/source:/opt/rustwide/workdir:ro,Z" "-v" "/var/lib/crater-agent-workspace/cargo-home:/opt/rustwide/cargo-home:ro,Z" "-v" "/var/lib/crater-agent-workspace/rustup-home:/opt/rustwide/rustup-home:ro,Z" "-e" "SOURCE_DIR=/opt/rustwide/workdir" "-e" "CARGO_TARGET_DIR=/opt/rustwide/target" "-e" "CARGO_INCREMENTAL=0" "-e" "RUST_BACKTRACE=full" "-e" "RUSTFLAGS=--cap-lints=warn" "-e" "RUSTDOCFLAGS=--cap-lints=warn" "-e" "CARGO_HOME=/opt/rustwide/cargo-home" "-e" "RUSTUP_HOME=/opt/rustwide/rustup-home" "-w" "/opt/rustwide/workdir" "-m" "1610612736" "--user" "0:0" "--network" "none" "ghcr.io/rust-lang/crates-build-env/linux@sha256:2788e3201cd34a07e3172128adcd8b3090168a8e3bcc40d7c032b9dda1df7d1c" "/opt/rustwide/cargo-home/bin/cargo" "+beta-2023-12-22" "doc" "--frozen" "--no-deps" "--document-private-items" "--message-format=json", kill_on_drop: false }`
[INFO] [stdout] 4921b0a5510dca6901bc3f387a65ffcf5bc073cc29a080a1bfaabce0b96b6bcf
[INFO] running `Command { std: "docker" "start" "-a" "4921b0a5510dca6901bc3f387a65ffcf5bc073cc29a080a1bfaabce0b96b6bcf", kill_on_drop: false }`
[INFO] [stderr]    Compiling proc-macro2 v1.0.76
[INFO] [stderr]    Compiling unicode-ident v1.0.12
[INFO] [stderr]    Compiling autocfg v1.1.0
[INFO] [stderr]    Compiling syn v1.0.109
[INFO] [stderr]    Compiling crossbeam-utils v0.8.18
[INFO] [stderr]    Compiling serde v1.0.195
[INFO] [stderr]     Checking memchr v2.7.1
[INFO] [stderr]     Checking cfg-if v1.0.0
[INFO] [stderr]     Checking futures-sink v0.3.30
[INFO] [stderr]    Compiling either v1.9.0
[INFO] [stderr]    Compiling anyhow v1.0.79
[INFO] [stderr]     Checking futures-core v0.3.30
[INFO] [stderr]     Checking pin-project-lite v0.2.13
[INFO] [stderr]     Checking futures-io v0.3.30
[INFO] [stderr]     Checking futures-task v0.3.30
[INFO] [stderr]     Checking pin-utils v0.1.0
[INFO] [stderr]     Checking regex-syntax v0.8.2
[INFO] [stderr]     Checking once_cell v1.19.0
[INFO] [stderr]    Compiling thiserror v1.0.56
[INFO] [stderr]    Compiling serde_json v1.0.111
[INFO] [stderr]    Compiling convert_case v0.5.0
[INFO] [stderr]     Checking bytes v1.5.0
[INFO] [stderr]     Checking itoa v1.0.10
[INFO] [stderr]     Checking futures-channel v0.3.30
[INFO] [stderr]    Compiling itertools v0.10.5
[INFO] [stderr]     Checking tracing-core v0.1.32
[INFO] [stderr]     Checking aho-corasick v1.1.2
[INFO] [stderr]     Checking ryu v1.0.16
[INFO] [stderr]     Checking hex v0.4.3
[INFO] [stderr]     Checking base64 v0.13.1
[INFO] [stderr]    Compiling slab v0.4.9
[INFO] [stderr]    Compiling num-traits v0.2.17
[INFO] [stderr]    Compiling quote v1.0.35
[INFO] [stderr]     Checking crossbeam-epoch v0.9.17
[INFO] [stderr]     Checking crossbeam-channel v0.5.10
[INFO] [stderr]     Checking crossbeam-queue v0.3.10
[INFO] [stderr]    Compiling syn v2.0.48
[INFO] [stderr]     Checking crossbeam-deque v0.8.4
[INFO] [stderr]     Checking crossbeam v0.8.3
[INFO] [stderr]     Checking regex-automata v0.4.3
[INFO] [stderr]     Checking regex v1.10.2
[INFO] [stderr]    Compiling serde_derive v1.0.195
[INFO] [stderr]    Compiling futures-macro v0.3.30
[INFO] [stderr]    Compiling thiserror-impl v1.0.56
[INFO] [stderr]    Compiling tracing-attributes v0.1.27
[INFO] [stderr]    Compiling prost-derive v0.11.9
[INFO] [stderr]    Compiling num-derive v0.3.3
[INFO] [stderr]    Compiling impl-trait-for-tuples v0.2.2
[INFO] [stderr]    Compiling tea-codec-macros v0.2.0-dev.22
[INFO] [stdout] error[E0554]: `#![feature]` may not be used on the beta release channel
[INFO] [stdout]  --> /opt/rustwide/cargo-home/registry/src/index.crates.io-6f17d22bba15001f/tea-codec-macros-0.2.0-dev.22/src/lib.rs:1:12
[INFO] [stdout]   |
[INFO] [stdout] 1 | #![feature(drain_filter)]
[INFO] [stdout]   |            ^^^^^^^^^^^^
[INFO] [stdout] 
[INFO] [stdout] 
[INFO] [stdout] error[E0635]: unknown feature `drain_filter`
[INFO] [stdout]  --> /opt/rustwide/cargo-home/registry/src/index.crates.io-6f17d22bba15001f/tea-codec-macros-0.2.0-dev.22/src/lib.rs:1:12
[INFO] [stdout]   |
[INFO] [stdout] 1 | #![feature(drain_filter)]
[INFO] [stdout]   |            ^^^^^^^^^^^^
[INFO] [stdout] 
[INFO] [stdout] 
[INFO] [stdout] error: aborting due to 2 previous errors
[INFO] [stdout] 
[INFO] [stdout] 
[INFO] [stdout] Some errors have detailed explanations: E0554, E0635.
[INFO] [stdout] 
[INFO] [stdout] For more information about an error, try `rustc --explain E0554`.
[INFO] [stdout] 
[INFO] [stderr] error: could not compile `tea-codec-macros` (lib) due to 3 previous errors
[INFO] [stderr] warning: build failed, waiting for other jobs to finish...
[INFO] running `Command { std: "docker" "inspect" "4921b0a5510dca6901bc3f387a65ffcf5bc073cc29a080a1bfaabce0b96b6bcf", kill_on_drop: false }`
[INFO] running `Command { std: "docker" "rm" "-f" "4921b0a5510dca6901bc3f387a65ffcf5bc073cc29a080a1bfaabce0b96b6bcf", kill_on_drop: false }`
[INFO] [stdout] 4921b0a5510dca6901bc3f387a65ffcf5bc073cc29a080a1bfaabce0b96b6bcf
