[INFO] fetching crate tea-actorx2 0.3.0-dev.1...
[INFO] documenting tea-actorx2-0.3.0-dev.1 against 1.75.0 for beta-1.76-rustdoc-1
[INFO] extracting crate tea-actorx2 0.3.0-dev.1 into /workspace/builds/worker-2-tc1/source
[INFO] validating manifest of crates.io crate tea-actorx2 0.3.0-dev.1 on toolchain 1.75.0
[INFO] running `Command { std: CARGO_HOME="/workspace/cargo-home" RUSTUP_HOME="/workspace/rustup-home" "/workspace/cargo-home/bin/cargo" "+1.75.0" "metadata" "--manifest-path" "Cargo.toml" "--no-deps", kill_on_drop: false }`
[INFO] started tweaking crates.io crate tea-actorx2 0.3.0-dev.1
[INFO] finished tweaking crates.io crate tea-actorx2 0.3.0-dev.1
[INFO] tweaked toml for crates.io crate tea-actorx2 0.3.0-dev.1 written to /workspace/builds/worker-2-tc1/source/Cargo.toml
[INFO] crate crates.io crate tea-actorx2 0.3.0-dev.1 already has a lockfile, it will not be regenerated
[INFO] running `Command { std: CARGO_HOME="/workspace/cargo-home" RUSTUP_HOME="/workspace/rustup-home" "/workspace/cargo-home/bin/cargo" "+1.75.0" "fetch" "--manifest-path" "Cargo.toml", kill_on_drop: false }`
[INFO] [stderr]     Updating crates.io index
[INFO] [stderr]  Downloading crates ...
[INFO] [stderr]   Downloaded wat v1.0.61
[INFO] [stderr]   Downloaded prost-derive v0.11.8
[INFO] [stderr]   Downloaded rkyv_derive v0.7.41
[INFO] [stderr]   Downloaded wasmer-derive v3.1.1
[INFO] [stderr]   Downloaded cranelift-entity v0.86.1
[INFO] [stderr]   Downloaded bytecheck_derive v0.6.10
[INFO] [stderr]   Downloaded inkwell_internals v0.5.0
[INFO] [stderr]   Downloaded wasmer-middlewares v3.1.1
[INFO] [stderr]   Downloaded cranelift-isle v0.86.1
[INFO] [stderr]   Downloaded command-fds v0.2.2
[INFO] [stderr]   Downloaded bytecheck v0.6.10
[INFO] [stderr]   Downloaded wasm-encoder v0.25.0
[INFO] [stderr]   Downloaded cranelift-frontend v0.86.1
[INFO] [stderr]   Downloaded wasmer-compiler-cranelift v3.1.1
[INFO] [stderr]   Downloaded regalloc2 v0.3.2
[INFO] [stderr]   Downloaded zstd-sys v2.0.7+zstd.1.5.4
[INFO] [stderr]   Downloaded tea-codec v0.3.0-dev.1
[INFO] [stderr]   Downloaded cranelift-codegen v0.86.1
[INFO] [stderr]   Downloaded wast v55.0.0
[INFO] [stderr]   Downloaded llvm-sys v120.2.6
[INFO] [stderr]   Downloaded wasmer-compiler v3.1.1
[INFO] [stderr]   Downloaded wasmer v3.1.1
[INFO] [stderr]   Downloaded wasmer-types v3.1.1
[INFO] [stderr]   Downloaded wasmer-vm v3.1.1
[INFO] [stderr]   Downloaded cranelift-codegen-meta v0.86.1
[INFO] [stderr]   Downloaded rkyv v0.7.41
[INFO] [stderr]   Downloaded prost v0.11.8
[INFO] [stderr]   Downloaded cranelift-bforest v0.86.1
[INFO] [stderr]   Downloaded parity-scale-codec v3.4.0
[INFO] [stderr]   Downloaded target-lexicon v0.12.6
[INFO] [stderr]   Downloaded zstd-safe v6.0.4+zstd.1.5.4
[INFO] [stderr]   Downloaded cranelift-codegen-shared v0.86.1
[INFO] [stderr]   Downloaded tea-codec-macros v0.3.0-dev.1
[INFO] [stderr]   Downloaded wasmer-compiler-llvm v3.1.1
[INFO] [stderr]   Downloaded inkwell v0.1.0-beta.4
[INFO] running `Command { std: "docker" "create" "-v" "/var/lib/crater-agent-workspace/builds/worker-2-tc1/target:/opt/rustwide/target:rw,Z" "-v" "/var/lib/crater-agent-workspace/builds/worker-2-tc1/source:/opt/rustwide/workdir:ro,Z" "-v" "/var/lib/crater-agent-workspace/cargo-home:/opt/rustwide/cargo-home:ro,Z" "-v" "/var/lib/crater-agent-workspace/rustup-home:/opt/rustwide/rustup-home:ro,Z" "-e" "SOURCE_DIR=/opt/rustwide/workdir" "-e" "CARGO_TARGET_DIR=/opt/rustwide/target" "-e" "CARGO_HOME=/opt/rustwide/cargo-home" "-e" "RUSTUP_HOME=/opt/rustwide/rustup-home" "-w" "/opt/rustwide/workdir" "-m" "1610612736" "--user" "0:0" "--network" "none" "ghcr.io/rust-lang/crates-build-env/linux@sha256:2788e3201cd34a07e3172128adcd8b3090168a8e3bcc40d7c032b9dda1df7d1c" "/opt/rustwide/cargo-home/bin/cargo" "+1.75.0" "metadata" "--no-deps" "--format-version=1", kill_on_drop: false }`
[INFO] [stdout] bd57d30bc56ba82321294ed2721c3bab98cb460497641b8175ae058779ee49a5
[INFO] running `Command { std: "docker" "start" "-a" "bd57d30bc56ba82321294ed2721c3bab98cb460497641b8175ae058779ee49a5", kill_on_drop: false }`
[INFO] running `Command { std: "docker" "inspect" "bd57d30bc56ba82321294ed2721c3bab98cb460497641b8175ae058779ee49a5", kill_on_drop: false }`
[INFO] running `Command { std: "docker" "rm" "-f" "bd57d30bc56ba82321294ed2721c3bab98cb460497641b8175ae058779ee49a5", kill_on_drop: false }`
[INFO] [stdout] bd57d30bc56ba82321294ed2721c3bab98cb460497641b8175ae058779ee49a5
[INFO] running `Command { std: "docker" "create" "-v" "/var/lib/crater-agent-workspace/builds/worker-2-tc1/target:/opt/rustwide/target:rw,Z" "-v" "/var/lib/crater-agent-workspace/builds/worker-2-tc1/source:/opt/rustwide/workdir:ro,Z" "-v" "/var/lib/crater-agent-workspace/cargo-home:/opt/rustwide/cargo-home:ro,Z" "-v" "/var/lib/crater-agent-workspace/rustup-home:/opt/rustwide/rustup-home:ro,Z" "-e" "SOURCE_DIR=/opt/rustwide/workdir" "-e" "CARGO_TARGET_DIR=/opt/rustwide/target" "-e" "CARGO_INCREMENTAL=0" "-e" "RUST_BACKTRACE=full" "-e" "RUSTFLAGS=--cap-lints=warn" "-e" "RUSTDOCFLAGS=--cap-lints=warn" "-e" "CARGO_HOME=/opt/rustwide/cargo-home" "-e" "RUSTUP_HOME=/opt/rustwide/rustup-home" "-w" "/opt/rustwide/workdir" "-m" "1610612736" "--user" "0:0" "--network" "none" "ghcr.io/rust-lang/crates-build-env/linux@sha256:2788e3201cd34a07e3172128adcd8b3090168a8e3bcc40d7c032b9dda1df7d1c" "/opt/rustwide/cargo-home/bin/cargo" "+1.75.0" "doc" "--frozen" "--no-deps" "--document-private-items" "--message-format=json", kill_on_drop: false }`
[INFO] [stdout] 41afa07c94e7ae4c397e7e8dee3545bca17a7594f332b23cdabd4c0ad889e52f
[INFO] running `Command { std: "docker" "start" "-a" "41afa07c94e7ae4c397e7e8dee3545bca17a7594f332b23cdabd4c0ad889e52f", kill_on_drop: false }`
[INFO] [stderr]    Compiling proc-macro2 v1.0.56
[INFO] [stderr]    Compiling quote v1.0.26
[INFO] [stderr]    Compiling unicode-ident v1.0.8
[INFO] [stderr]    Compiling serde_derive v1.0.159
[INFO] [stderr]    Compiling serde v1.0.159
[INFO] [stderr]    Compiling libc v0.2.141
[INFO] [stderr]    Compiling futures-core v0.3.28
[INFO] [stderr]    Compiling futures-channel v0.3.28
[INFO] [stderr]    Compiling crossbeam-epoch v0.9.14
[INFO] [stderr]    Compiling either v1.8.1
[INFO] [stderr]     Checking futures-sink v0.3.28
[INFO] [stderr]    Compiling anyhow v1.0.70
[INFO] [stderr]    Compiling crunchy v0.2.2
[INFO] [stderr]    Compiling crossbeam-queue v0.3.8
[INFO] [stderr]    Compiling serde_json v1.0.95
[INFO] [stderr]    Compiling log v0.4.17
[INFO] [stderr]     Checking once_cell v1.17.1
[INFO] [stderr]     Checking byteorder v1.4.3
[INFO] [stderr]    Compiling itertools v0.10.5
[INFO] [stderr]     Checking aho-corasick v0.7.20
[INFO] [stderr]     Checking tracing-core v0.1.30
[INFO] [stderr]     Checking crossbeam-channel v0.5.7
[INFO] [stderr]     Checking bytes v1.4.0
[INFO] [stderr]     Checking rustc-hex v2.1.0
[INFO] [stderr]    Compiling tea-actorx2 v0.3.0-dev.1 (/opt/rustwide/workdir)
[INFO] [stderr]     Checking uint v0.9.5
[INFO] [stderr]     Checking crossbeam-deque v0.8.3
[INFO] [stderr]     Checking crossbeam v0.8.2
[INFO] [stderr]     Checking regex v1.7.3
[INFO] [stderr]    Compiling syn v2.0.13
[INFO] [stderr]    Compiling syn v1.0.109
[INFO] [stderr]     Checking getrandom v0.2.8
[INFO] [stderr]     Checking rand_core v0.6.4
[INFO] [stderr]     Checking rand_chacha v0.3.1
[INFO] [stderr]     Checking rand v0.8.5
[INFO] [stderr]     Checking fixed-hash v0.8.0
[INFO] [stderr]    Compiling futures-macro v0.3.28
[INFO] [stderr]    Compiling thiserror-impl v1.0.40
[INFO] [stderr]     Checking futures-util v0.3.28
[INFO] [stderr]     Checking thiserror v1.0.40
[INFO] [stderr]    Compiling prost-derive v0.11.8
[INFO] [stderr]    Compiling tracing-attributes v0.1.23
[INFO] [stderr]    Compiling strum_macros v0.24.3
[INFO] [stderr]    Compiling num-derive v0.3.3
[INFO] [stderr]    Compiling tea-codec-macros v0.3.0-dev.1
[INFO] [stderr]    Compiling impl-trait-for-tuples v0.2.2
[INFO] [stdout] error[E0554]: `#![feature]` may not be used on the stable release channel
[INFO] [stdout]  --> /opt/rustwide/cargo-home/registry/src/index.crates.io-6f17d22bba15001f/tea-codec-macros-0.3.0-dev.1/src/lib.rs:1:12
[INFO] [stdout]   |
[INFO] [stdout] 1 | #![feature(drain_filter)]
[INFO] [stdout]   |            ^^^^^^^^^^^^
[INFO] [stdout] 
[INFO] [stdout] 
[INFO] [stdout] error[E0635]: unknown feature `drain_filter`
[INFO] [stdout]  --> /opt/rustwide/cargo-home/registry/src/index.crates.io-6f17d22bba15001f/tea-codec-macros-0.3.0-dev.1/src/lib.rs:1:12
[INFO] [stdout]   |
[INFO] [stdout] 1 | #![feature(drain_filter)]
[INFO] [stdout]   |            ^^^^^^^^^^^^
[INFO] [stdout] 
[INFO] [stdout] 
[INFO] [stdout] error: aborting due to 2 previous errors
[INFO] [stdout] 
[INFO] [stdout] 
[INFO] [stdout] Some errors have detailed explanations: E0554, E0635.
[INFO] [stdout] 
[INFO] [stdout] For more information about an error, try `rustc --explain E0554`.
[INFO] [stdout] 
[INFO] [stderr] error: could not compile `tea-codec-macros` (lib) due to 3 previous errors
[INFO] [stderr] warning: build failed, waiting for other jobs to finish...
[INFO] running `Command { std: "docker" "inspect" "41afa07c94e7ae4c397e7e8dee3545bca17a7594f332b23cdabd4c0ad889e52f", kill_on_drop: false }`
[INFO] running `Command { std: "docker" "rm" "-f" "41afa07c94e7ae4c397e7e8dee3545bca17a7594f332b23cdabd4c0ad889e52f", kill_on_drop: false }`
[INFO] [stdout] 41afa07c94e7ae4c397e7e8dee3545bca17a7594f332b23cdabd4c0ad889e52f
[INFO] documenting tea-actorx2-0.3.0-dev.1 against beta-2023-12-22 for beta-1.76-rustdoc-1
[INFO] extracting crate tea-actorx2 0.3.0-dev.1 into /workspace/builds/worker-2-tc2/source
[INFO] validating manifest of crates.io crate tea-actorx2 0.3.0-dev.1 on toolchain beta-2023-12-22
[INFO] running `Command { std: CARGO_HOME="/workspace/cargo-home" RUSTUP_HOME="/workspace/rustup-home" "/workspace/cargo-home/bin/cargo" "+beta-2023-12-22" "metadata" "--manifest-path" "Cargo.toml" "--no-deps", kill_on_drop: false }`
[INFO] started tweaking crates.io crate tea-actorx2 0.3.0-dev.1
[INFO] finished tweaking crates.io crate tea-actorx2 0.3.0-dev.1
[INFO] tweaked toml for crates.io crate tea-actorx2 0.3.0-dev.1 written to /workspace/builds/worker-2-tc2/source/Cargo.toml
[INFO] crate crates.io crate tea-actorx2 0.3.0-dev.1 already has a lockfile, it will not be regenerated
[INFO] running `Command { std: CARGO_HOME="/workspace/cargo-home" RUSTUP_HOME="/workspace/rustup-home" "/workspace/cargo-home/bin/cargo" "+beta-2023-12-22" "fetch" "--manifest-path" "Cargo.toml", kill_on_drop: false }`
[INFO] running `Command { std: "docker" "create" "-v" "/var/lib/crater-agent-workspace/builds/worker-2-tc2/target:/opt/rustwide/target:rw,Z" "-v" "/var/lib/crater-agent-workspace/builds/worker-2-tc2/source:/opt/rustwide/workdir:ro,Z" "-v" "/var/lib/crater-agent-workspace/cargo-home:/opt/rustwide/cargo-home:ro,Z" "-v" "/var/lib/crater-agent-workspace/rustup-home:/opt/rustwide/rustup-home:ro,Z" "-e" "SOURCE_DIR=/opt/rustwide/workdir" "-e" "CARGO_TARGET_DIR=/opt/rustwide/target" "-e" "CARGO_HOME=/opt/rustwide/cargo-home" "-e" "RUSTUP_HOME=/opt/rustwide/rustup-home" "-w" "/opt/rustwide/workdir" "-m" "1610612736" "--user" "0:0" "--network" "none" "ghcr.io/rust-lang/crates-build-env/linux@sha256:2788e3201cd34a07e3172128adcd8b3090168a8e3bcc40d7c032b9dda1df7d1c" "/opt/rustwide/cargo-home/bin/cargo" "+beta-2023-12-22" "metadata" "--no-deps" "--format-version=1", kill_on_drop: false }`
[INFO] [stdout] cf51827da59966e02f740468c00159f02517b1ebe2db5acd0bae48876e435df0
[INFO] running `Command { std: "docker" "start" "-a" "cf51827da59966e02f740468c00159f02517b1ebe2db5acd0bae48876e435df0", kill_on_drop: false }`
[INFO] running `Command { std: "docker" "inspect" "cf51827da59966e02f740468c00159f02517b1ebe2db5acd0bae48876e435df0", kill_on_drop: false }`
[INFO] running `Command { std: "docker" "rm" "-f" "cf51827da59966e02f740468c00159f02517b1ebe2db5acd0bae48876e435df0", kill_on_drop: false }`
[INFO] [stdout] cf51827da59966e02f740468c00159f02517b1ebe2db5acd0bae48876e435df0
[INFO] running `Command { std: "docker" "create" "-v" "/var/lib/crater-agent-workspace/builds/worker-2-tc2/target:/opt/rustwide/target:rw,Z" "-v" "/var/lib/crater-agent-workspace/builds/worker-2-tc2/source:/opt/rustwide/workdir:ro,Z" "-v" "/var/lib/crater-agent-workspace/cargo-home:/opt/rustwide/cargo-home:ro,Z" "-v" "/var/lib/crater-agent-workspace/rustup-home:/opt/rustwide/rustup-home:ro,Z" "-e" "SOURCE_DIR=/opt/rustwide/workdir" "-e" "CARGO_TARGET_DIR=/opt/rustwide/target" "-e" "CARGO_INCREMENTAL=0" "-e" "RUST_BACKTRACE=full" "-e" "RUSTFLAGS=--cap-lints=warn" "-e" "RUSTDOCFLAGS=--cap-lints=warn" "-e" "CARGO_HOME=/opt/rustwide/cargo-home" "-e" "RUSTUP_HOME=/opt/rustwide/rustup-home" "-w" "/opt/rustwide/workdir" "-m" "1610612736" "--user" "0:0" "--network" "none" "ghcr.io/rust-lang/crates-build-env/linux@sha256:2788e3201cd34a07e3172128adcd8b3090168a8e3bcc40d7c032b9dda1df7d1c" "/opt/rustwide/cargo-home/bin/cargo" "+beta-2023-12-22" "doc" "--frozen" "--no-deps" "--document-private-items" "--message-format=json", kill_on_drop: false }`
[INFO] [stdout] 519873ad0125d160827c8f52453b624e6b39ca0f8c07356fb0aa6eb439c59b84
[INFO] running `Command { std: "docker" "start" "-a" "519873ad0125d160827c8f52453b624e6b39ca0f8c07356fb0aa6eb439c59b84", kill_on_drop: false }`
[INFO] [stderr]    Compiling proc-macro2 v1.0.56
[INFO] [stderr]    Compiling quote v1.0.26
[INFO] [stderr]    Compiling unicode-ident v1.0.8
[INFO] [stderr]    Compiling serde_derive v1.0.159
[INFO] [stderr]    Compiling serde v1.0.159
[INFO] [stderr]    Compiling libc v0.2.141
[INFO] [stderr]    Compiling futures-core v0.3.28
[INFO] [stderr]    Compiling futures-channel v0.3.28
[INFO] [stderr]     Checking futures-sink v0.3.28
[INFO] [stderr]    Compiling crossbeam-epoch v0.9.14
[INFO] [stderr]    Compiling anyhow v1.0.70
[INFO] [stderr]    Compiling either v1.8.1
[INFO] [stderr]    Compiling crunchy v0.2.2
[INFO] [stderr]    Compiling crossbeam-queue v0.3.8
[INFO] [stderr]     Checking byteorder v1.4.3
[INFO] [stderr]    Compiling log v0.4.17
[INFO] [stderr]    Compiling serde_json v1.0.95
[INFO] [stderr]     Checking once_cell v1.17.1
[INFO] [stderr]    Compiling itertools v0.10.5
[INFO] [stderr]     Checking aho-corasick v0.7.20
[INFO] [stderr]     Checking crossbeam-channel v0.5.7
[INFO] [stderr]     Checking rustc-hex v2.1.0
[INFO] [stderr]     Checking tracing-core v0.1.30
[INFO] [stderr]     Checking bytes v1.4.0
[INFO] [stderr]    Compiling tea-actorx2 v0.3.0-dev.1 (/opt/rustwide/workdir)
[INFO] [stderr]     Checking uint v0.9.5
[INFO] [stderr]     Checking crossbeam-deque v0.8.3
[INFO] [stderr]     Checking crossbeam v0.8.2
[INFO] [stderr]     Checking regex v1.7.3
[INFO] [stderr]    Compiling syn v2.0.13
[INFO] [stderr]    Compiling syn v1.0.109
[INFO] [stderr]     Checking getrandom v0.2.8
[INFO] [stderr]     Checking rand_core v0.6.4
[INFO] [stderr]     Checking rand_chacha v0.3.1
[INFO] [stderr]     Checking rand v0.8.5
[INFO] [stderr]     Checking fixed-hash v0.8.0
[INFO] [stderr]    Compiling futures-macro v0.3.28
[INFO] [stderr]    Compiling thiserror-impl v1.0.40
[INFO] [stderr]     Checking futures-util v0.3.28
[INFO] [stderr]     Checking thiserror v1.0.40
[INFO] [stderr]    Compiling prost-derive v0.11.8
[INFO] [stderr]    Compiling tracing-attributes v0.1.23
[INFO] [stderr]    Compiling num-derive v0.3.3
[INFO] [stderr]    Compiling strum_macros v0.24.3
[INFO] [stderr]    Compiling impl-trait-for-tuples v0.2.2
[INFO] [stderr]    Compiling tea-codec-macros v0.3.0-dev.1
[INFO] [stdout] error[E0554]: `#![feature]` may not be used on the beta release channel
[INFO] [stdout]  --> /opt/rustwide/cargo-home/registry/src/index.crates.io-6f17d22bba15001f/tea-codec-macros-0.3.0-dev.1/src/lib.rs:1:12
[INFO] [stdout]   |
[INFO] [stdout] 1 | #![feature(drain_filter)]
[INFO] [stdout]   |            ^^^^^^^^^^^^
[INFO] [stdout] 
[INFO] [stdout] 
[INFO] [stdout] error[E0635]: unknown feature `drain_filter`
[INFO] [stdout]  --> /opt/rustwide/cargo-home/registry/src/index.crates.io-6f17d22bba15001f/tea-codec-macros-0.3.0-dev.1/src/lib.rs:1:12
[INFO] [stdout]   |
[INFO] [stdout] 1 | #![feature(drain_filter)]
[INFO] [stdout]   |            ^^^^^^^^^^^^
[INFO] [stdout] 
[INFO] [stdout] 
[INFO] [stdout] error: aborting due to 2 previous errors
[INFO] [stdout] 
[INFO] [stdout] 
[INFO] [stdout] Some errors have detailed explanations: E0554, E0635.
[INFO] [stdout] 
[INFO] [stdout] For more information about an error, try `rustc --explain E0554`.
[INFO] [stdout] 
[INFO] [stderr] error: could not compile `tea-codec-macros` (lib) due to 3 previous errors
[INFO] [stderr] warning: build failed, waiting for other jobs to finish...
[INFO] running `Command { std: "docker" "inspect" "519873ad0125d160827c8f52453b624e6b39ca0f8c07356fb0aa6eb439c59b84", kill_on_drop: false }`
[INFO] running `Command { std: "docker" "rm" "-f" "519873ad0125d160827c8f52453b624e6b39ca0f8c07356fb0aa6eb439c59b84", kill_on_drop: false }`
[INFO] [stdout] 519873ad0125d160827c8f52453b624e6b39ca0f8c07356fb0aa6eb439c59b84
