[INFO] fetching crate tea-actorx2-worker 0.2.0-dev.16...
[INFO] documenting tea-actorx2-worker-0.2.0-dev.16 against 1.75.0 for beta-1.76-rustdoc-1
[INFO] extracting crate tea-actorx2-worker 0.2.0-dev.16 into /workspace/builds/worker-6-tc1/source
[INFO] validating manifest of crates.io crate tea-actorx2-worker 0.2.0-dev.16 on toolchain 1.75.0
[INFO] running `Command { std: CARGO_HOME="/workspace/cargo-home" RUSTUP_HOME="/workspace/rustup-home" "/workspace/cargo-home/bin/cargo" "+1.75.0" "metadata" "--manifest-path" "Cargo.toml" "--no-deps", kill_on_drop: false }`
[INFO] started tweaking crates.io crate tea-actorx2-worker 0.2.0-dev.16
[INFO] finished tweaking crates.io crate tea-actorx2-worker 0.2.0-dev.16
[INFO] tweaked toml for crates.io crate tea-actorx2-worker 0.2.0-dev.16 written to /workspace/builds/worker-6-tc1/source/Cargo.toml
[INFO] crate crates.io crate tea-actorx2-worker 0.2.0-dev.16 already has a lockfile, it will not be regenerated
[INFO] running `Command { std: CARGO_HOME="/workspace/cargo-home" RUSTUP_HOME="/workspace/rustup-home" "/workspace/cargo-home/bin/cargo" "+1.75.0" "fetch" "--manifest-path" "Cargo.toml", kill_on_drop: false }`
[INFO] [stderr]     Updating crates.io index
[INFO] [stderr]  Downloading crates ...
[INFO] [stderr]   Downloaded inkwell_internals v0.5.0
[INFO] [stderr]   Downloaded wasmer-middlewares v3.1.1
[INFO] [stderr]   Downloaded enumset v1.0.12
[INFO] [stderr]   Downloaded cranelift-entity v0.86.1
[INFO] [stderr]   Downloaded rend v0.4.0
[INFO] [stderr]   Downloaded bytecheck_derive v0.6.10
[INFO] [stderr]   Downloaded cranelift-codegen-shared v0.86.1
[INFO] [stderr]   Downloaded wasmer-derive v3.1.1
[INFO] [stderr]   Downloaded wasmer-types v3.1.1
[INFO] [stderr]   Downloaded slice-group-by v0.3.0
[INFO] [stderr]   Downloaded wasmer v3.1.1
[INFO] [stderr]   Downloaded inkwell v0.1.0-beta.4
[INFO] [stderr]   Downloaded rkyv v0.7.41
[INFO] [stderr]   Downloaded wast v55.0.0
[INFO] [stderr]   Downloaded openssl-src v111.25.2+1.1.1t
[INFO] [stderr]   Downloaded tea-actorx2-core v0.2.0-dev.16
[INFO] [stderr]   Downloaded tea-codec-macros v0.2.0-dev.16
[INFO] [stderr]   Downloaded tea-codec v0.2.0-dev.16
[INFO] [stderr]   Downloaded regalloc2 v0.3.2
[INFO] [stderr]   Downloaded cranelift-codegen v0.86.1
[INFO] [stderr]   Downloaded zstd v0.12.3+zstd.1.5.2
[INFO] [stderr]   Downloaded cranelift-isle v0.86.1
[INFO] [stderr]   Downloaded wasmer-compiler-llvm v3.1.1
[INFO] [stderr]   Downloaded wasmer-compiler v3.1.1
[INFO] [stderr]   Downloaded wasm-encoder v0.25.0
[INFO] [stderr]   Downloaded rkyv_derive v0.7.41
[INFO] [stderr]   Downloaded cranelift-bforest v0.86.1
[INFO] [stderr]   Downloaded cranelift-codegen-meta v0.86.1
[INFO] [stderr]   Downloaded cranelift-frontend v0.86.1
[INFO] [stderr]   Downloaded llvm-sys v120.2.6
[INFO] [stderr]   Downloaded wat v1.0.61
[INFO] [stderr]   Downloaded bytecheck v0.6.10
[INFO] [stderr]   Downloaded wasmer-vm v3.1.1
[INFO] [stderr]   Downloaded zstd-safe v6.0.4+zstd.1.5.4
[INFO] [stderr]   Downloaded enumset_derive v0.6.1
[INFO] [stderr]   Downloaded wasmer-compiler-cranelift v3.1.1
[INFO] running `Command { std: "docker" "create" "-v" "/var/lib/crater-agent-workspace/builds/worker-6-tc1/target:/opt/rustwide/target:rw,Z" "-v" "/var/lib/crater-agent-workspace/builds/worker-6-tc1/source:/opt/rustwide/workdir:ro,Z" "-v" "/var/lib/crater-agent-workspace/cargo-home:/opt/rustwide/cargo-home:ro,Z" "-v" "/var/lib/crater-agent-workspace/rustup-home:/opt/rustwide/rustup-home:ro,Z" "-e" "SOURCE_DIR=/opt/rustwide/workdir" "-e" "CARGO_TARGET_DIR=/opt/rustwide/target" "-e" "CARGO_HOME=/opt/rustwide/cargo-home" "-e" "RUSTUP_HOME=/opt/rustwide/rustup-home" "-w" "/opt/rustwide/workdir" "-m" "1610612736" "--user" "0:0" "--network" "none" "ghcr.io/rust-lang/crates-build-env/linux@sha256:2788e3201cd34a07e3172128adcd8b3090168a8e3bcc40d7c032b9dda1df7d1c" "/opt/rustwide/cargo-home/bin/cargo" "+1.75.0" "metadata" "--no-deps" "--format-version=1", kill_on_drop: false }`
[INFO] [stdout] e906205dccc155a2852f012e142163db40fe814f7715a2c5642a678b6bcf54be
[INFO] running `Command { std: "docker" "start" "-a" "e906205dccc155a2852f012e142163db40fe814f7715a2c5642a678b6bcf54be", kill_on_drop: false }`
[INFO] running `Command { std: "docker" "inspect" "e906205dccc155a2852f012e142163db40fe814f7715a2c5642a678b6bcf54be", kill_on_drop: false }`
[INFO] running `Command { std: "docker" "rm" "-f" "e906205dccc155a2852f012e142163db40fe814f7715a2c5642a678b6bcf54be", kill_on_drop: false }`
[INFO] [stdout] e906205dccc155a2852f012e142163db40fe814f7715a2c5642a678b6bcf54be
[INFO] running `Command { std: "docker" "create" "-v" "/var/lib/crater-agent-workspace/builds/worker-6-tc1/target:/opt/rustwide/target:rw,Z" "-v" "/var/lib/crater-agent-workspace/builds/worker-6-tc1/source:/opt/rustwide/workdir:ro,Z" "-v" "/var/lib/crater-agent-workspace/cargo-home:/opt/rustwide/cargo-home:ro,Z" "-v" "/var/lib/crater-agent-workspace/rustup-home:/opt/rustwide/rustup-home:ro,Z" "-e" "SOURCE_DIR=/opt/rustwide/workdir" "-e" "CARGO_TARGET_DIR=/opt/rustwide/target" "-e" "CARGO_INCREMENTAL=0" "-e" "RUST_BACKTRACE=full" "-e" "RUSTFLAGS=--cap-lints=warn" "-e" "RUSTDOCFLAGS=--cap-lints=warn" "-e" "CARGO_HOME=/opt/rustwide/cargo-home" "-e" "RUSTUP_HOME=/opt/rustwide/rustup-home" "-w" "/opt/rustwide/workdir" "-m" "1610612736" "--user" "0:0" "--network" "none" "ghcr.io/rust-lang/crates-build-env/linux@sha256:2788e3201cd34a07e3172128adcd8b3090168a8e3bcc40d7c032b9dda1df7d1c" "/opt/rustwide/cargo-home/bin/cargo" "+1.75.0" "doc" "--frozen" "--no-deps" "--document-private-items" "--message-format=json", kill_on_drop: false }`
[INFO] [stdout] 0f1ffc84664666ea78c713cb163844a8f768b22a672eed6df444f147704b6885
[INFO] running `Command { std: "docker" "start" "-a" "0f1ffc84664666ea78c713cb163844a8f768b22a672eed6df444f147704b6885", kill_on_drop: false }`
[INFO] [stderr]    Compiling proc-macro2 v1.0.56
[INFO] [stderr]    Compiling quote v1.0.26
[INFO] [stderr]    Compiling unicode-ident v1.0.8
[INFO] [stderr]    Compiling libc v0.2.141
[INFO] [stderr]    Compiling syn v1.0.109
[INFO] [stderr]    Compiling serde_derive v1.0.159
[INFO] [stderr]    Compiling serde v1.0.159
[INFO] [stderr]    Compiling memchr v2.5.0
[INFO] [stderr]     Checking once_cell v1.17.1
[INFO] [stderr]     Checking scopeguard v1.1.0
[INFO] [stderr]    Compiling ahash v0.7.6
[INFO] [stderr]    Compiling crossbeam-utils v0.8.15
[INFO] [stderr]    Compiling memoffset v0.8.0
[INFO] [stderr]    Compiling pkg-config v0.3.26
[INFO] [stderr]    Compiling log v0.4.17
[INFO] [stderr]    Compiling crossbeam-epoch v0.9.14
[INFO] [stderr]     Checking byteorder v1.4.3
[INFO] [stderr]    Compiling thiserror v1.0.40
[INFO] [stderr]    Compiling target-lexicon v0.12.6
[INFO] [stderr]    Compiling syn v2.0.13
[INFO] [stderr]    Compiling jobserver v0.1.26
[INFO] [stderr]     Checking getrandom v0.2.8
[INFO] [stderr]     Checking pin-project-lite v0.2.9
[INFO] [stderr]    Compiling bytecheck v0.6.10
[INFO] [stderr]    Compiling cranelift-isle v0.86.1
[INFO] [stderr]    Compiling cc v1.0.79
[INFO] [stderr]     Checking hashbrown v0.12.3
[INFO] [stderr]    Compiling rend v0.4.0
[INFO] [stderr]     Checking crossbeam-deque v0.8.3
[INFO] [stderr]     Checking crossbeam-channel v0.5.7
[INFO] [stderr]    Compiling cranelift-codegen-shared v0.86.1
[INFO] [stderr]    Compiling rkyv v0.7.41
[INFO] [stderr]    Compiling futures-core v0.3.28
[INFO] [stderr]     Checking leb128 v0.2.5
[INFO] [stderr]    Compiling cranelift-codegen-meta v0.86.1
[INFO] [stderr]     Checking num_cpus v1.15.0
[INFO] [stderr]    Compiling corosensei v0.1.3
[INFO] [stderr]     Checking indexmap v1.9.3
[INFO] [stderr]    Compiling memoffset v0.6.5
[INFO] [stderr]    Compiling slab v0.4.8
[INFO] [stderr]     Checking gimli v0.27.2
[INFO] [stderr]    Compiling futures-channel v0.3.28
[INFO] [stderr]     Checking miniz_oxide v0.6.2
[INFO] [stderr]    Compiling backtrace v0.3.67
[INFO] [stderr]    Compiling zstd-sys v2.0.7+zstd.1.5.4
[INFO] [stderr]    Compiling openssl-src v111.25.2+1.1.1t
[INFO] [stderr]     Checking fxhash v0.2.1
[INFO] [stderr]     Checking object v0.30.3
[INFO] [stderr]     Checking tracing-core v0.1.30
[INFO] [stderr]    Compiling futures-util v0.3.28
[INFO] [stderr]     Checking rustc-demangle v0.1.22
[INFO] [stderr]    Compiling rayon-core v1.11.0
[INFO] [stderr]     Checking cranelift-entity v0.86.1
[INFO] [stderr]     Checking fallible-iterator v0.2.0
[INFO] [stderr]    Compiling anyhow v1.0.70
[INFO] [stderr]    Compiling either v1.8.1
[INFO] [stderr]     Checking bytes v1.4.0
[INFO] [stderr]     Checking stable_deref_trait v1.2.0
[INFO] [stderr]     Checking futures-sink v0.3.28
[INFO] [stderr]     Checking more-asserts v0.2.2
[INFO] [stderr]     Checking slice-group-by v0.3.0
[INFO] [stderr]     Checking gimli v0.26.2
[INFO] [stderr]    Compiling itertools v0.10.5
[INFO] [stderr]     Checking addr2line v0.19.0
[INFO] [stderr]     Checking cranelift-bforest v0.86.1
[INFO] [stderr]    Compiling openssl-sys v0.9.84
[INFO] [stderr]    Compiling cranelift-codegen v0.86.1
[INFO] [stderr]    Compiling thiserror-impl v1.0.40
[INFO] [stderr]    Compiling futures-macro v0.3.28
[INFO] [stderr]     Checking region v3.0.0
[INFO] [stderr]    Compiling darling_core v0.14.4
[INFO] [stderr]     Checking rand_core v0.6.4
[INFO] [stderr]    Compiling parking_lot_core v0.9.7
[INFO] [stderr]    Compiling crunchy v0.2.2
[INFO] [stderr]    Compiling crossbeam-queue v0.3.8
[INFO] [stderr]     Checking futures-io v0.3.28
[INFO] [stderr]     Checking wasmparser v0.83.0
[INFO] [stderr]    Compiling rustversion v1.0.12
[INFO] [stderr]     Checking rand_chacha v0.3.1
[INFO] [stderr]    Compiling proc-macro-error-attr v1.0.4
[INFO] [stderr]     Checking wasm-encoder v0.25.0
[INFO] [stderr]    Compiling ptr_meta_derive v0.1.4
[INFO] [stderr]    Compiling darling_macro v0.14.4
[INFO] [stderr]    Compiling bytecheck_derive v0.6.10
[INFO] [stderr]    Compiling rkyv_derive v0.7.41
[INFO] [stderr]     Checking ptr_meta v0.1.4
[INFO] [stderr]    Compiling enum-iterator-derive v0.7.0
[INFO] [stderr]    Compiling darling v0.14.4
[INFO] [stderr]    Compiling tracing-attributes v0.1.23
[INFO] [stderr]     Checking memmap2 v0.5.10
[INFO] [stderr]    Compiling enumset_derive v0.6.1
[INFO] [stderr]    Compiling num-traits v0.2.15
[INFO] [stderr]     Checking enum-iterator v0.7.0
[INFO] [stderr]    Compiling zstd-safe v6.0.4+zstd.1.5.4
[INFO] [stderr]    Compiling wasmer-compiler-cranelift v3.1.1
[INFO] [stderr]    Compiling serde_json v1.0.95
[INFO] [stderr]     Checking rayon v1.7.0
[INFO] [stderr]     Checking wast v55.0.0
[INFO] [stderr]     Checking enumset v1.0.12
[INFO] [stderr]     Checking futures-executor v0.3.28
[INFO] [stderr]    Compiling prost-derive v0.11.8
[INFO] [stderr]     Checking tracing v0.1.37
[INFO] [stderr]    Compiling proc-macro-error v1.0.4
[INFO] [stderr]     Checking lock_api v0.4.9
[INFO] [stderr]     Checking rand v0.8.5
[INFO] [stderr]     Checking aho-corasick v0.7.20
[INFO] [stderr]    Compiling tokio v1.27.0
[INFO] [stderr]     Checking smallvec v1.10.0
[INFO] [stderr]    Compiling openssl v0.10.49
[INFO] [stderr]     Checking ryu v1.0.13
[INFO] [stderr]     Checking regalloc2 v0.3.2
[INFO] [stderr]     Checking foreign-types-shared v0.1.1
[INFO] [stderr]    Compiling heck v0.4.1
[INFO] [stderr]    Compiling convert_case v0.5.0
[INFO] [stderr]     Checking itoa v1.0.6
[INFO] [stderr]    Compiling strum_macros v0.24.3
[INFO] [stderr]    Compiling tea-codec-macros v0.2.0-dev.16
[INFO] [stdout] error[E0554]: `#![feature]` may not be used on the stable release channel
[INFO] [stdout]  --> /opt/rustwide/cargo-home/registry/src/index.crates.io-6f17d22bba15001f/tea-codec-macros-0.2.0-dev.16/src/lib.rs:1:12
[INFO] [stdout]   |
[INFO] [stdout] 1 | #![feature(drain_filter)]
[INFO] [stdout]   |            ^^^^^^^^^^^^
[INFO] [stdout] 
[INFO] [stdout] 
[INFO] [stdout] error[E0635]: unknown feature `drain_filter`
[INFO] [stdout]  --> /opt/rustwide/cargo-home/registry/src/index.crates.io-6f17d22bba15001f/tea-codec-macros-0.2.0-dev.16/src/lib.rs:1:12
[INFO] [stdout]   |
[INFO] [stdout] 1 | #![feature(drain_filter)]
[INFO] [stdout]   |            ^^^^^^^^^^^^
[INFO] [stdout] 
[INFO] [stdout] 
[INFO] [stderr]     Checking prost v0.11.8
[INFO] [stdout] error: aborting due to 2 previous errors
[INFO] [stdout] 
[INFO] [stdout] 
[INFO] [stdout] Some errors have detailed explanations: E0554, E0635.
[INFO] [stdout] 
[INFO] [stdout] For more information about an error, try `rustc --explain E0554`.
[INFO] [stdout] 
[INFO] [stderr] error: could not compile `tea-codec-macros` (lib) due to 3 previous errors
[INFO] [stderr] warning: build failed, waiting for other jobs to finish...
[INFO] running `Command { std: "docker" "inspect" "0f1ffc84664666ea78c713cb163844a8f768b22a672eed6df444f147704b6885", kill_on_drop: false }`
[INFO] running `Command { std: "docker" "rm" "-f" "0f1ffc84664666ea78c713cb163844a8f768b22a672eed6df444f147704b6885", kill_on_drop: false }`
[INFO] [stdout] 0f1ffc84664666ea78c713cb163844a8f768b22a672eed6df444f147704b6885
[INFO] documenting tea-actorx2-worker-0.2.0-dev.16 against beta-2023-12-22 for beta-1.76-rustdoc-1
[INFO] extracting crate tea-actorx2-worker 0.2.0-dev.16 into /workspace/builds/worker-6-tc2/source
[INFO] validating manifest of crates.io crate tea-actorx2-worker 0.2.0-dev.16 on toolchain beta-2023-12-22
[INFO] running `Command { std: CARGO_HOME="/workspace/cargo-home" RUSTUP_HOME="/workspace/rustup-home" "/workspace/cargo-home/bin/cargo" "+beta-2023-12-22" "metadata" "--manifest-path" "Cargo.toml" "--no-deps", kill_on_drop: false }`
[INFO] started tweaking crates.io crate tea-actorx2-worker 0.2.0-dev.16
[INFO] finished tweaking crates.io crate tea-actorx2-worker 0.2.0-dev.16
[INFO] tweaked toml for crates.io crate tea-actorx2-worker 0.2.0-dev.16 written to /workspace/builds/worker-6-tc2/source/Cargo.toml
[INFO] crate crates.io crate tea-actorx2-worker 0.2.0-dev.16 already has a lockfile, it will not be regenerated
[INFO] running `Command { std: CARGO_HOME="/workspace/cargo-home" RUSTUP_HOME="/workspace/rustup-home" "/workspace/cargo-home/bin/cargo" "+beta-2023-12-22" "fetch" "--manifest-path" "Cargo.toml", kill_on_drop: false }`
[INFO] running `Command { std: "docker" "create" "-v" "/var/lib/crater-agent-workspace/builds/worker-6-tc2/target:/opt/rustwide/target:rw,Z" "-v" "/var/lib/crater-agent-workspace/builds/worker-6-tc2/source:/opt/rustwide/workdir:ro,Z" "-v" "/var/lib/crater-agent-workspace/cargo-home:/opt/rustwide/cargo-home:ro,Z" "-v" "/var/lib/crater-agent-workspace/rustup-home:/opt/rustwide/rustup-home:ro,Z" "-e" "SOURCE_DIR=/opt/rustwide/workdir" "-e" "CARGO_TARGET_DIR=/opt/rustwide/target" "-e" "CARGO_HOME=/opt/rustwide/cargo-home" "-e" "RUSTUP_HOME=/opt/rustwide/rustup-home" "-w" "/opt/rustwide/workdir" "-m" "1610612736" "--user" "0:0" "--network" "none" "ghcr.io/rust-lang/crates-build-env/linux@sha256:2788e3201cd34a07e3172128adcd8b3090168a8e3bcc40d7c032b9dda1df7d1c" "/opt/rustwide/cargo-home/bin/cargo" "+beta-2023-12-22" "metadata" "--no-deps" "--format-version=1", kill_on_drop: false }`
[INFO] [stdout] b8a99ea91b82bc33950c8b6bc10079759602dea0e821ce1837d4580d8074676b
[INFO] running `Command { std: "docker" "start" "-a" "b8a99ea91b82bc33950c8b6bc10079759602dea0e821ce1837d4580d8074676b", kill_on_drop: false }`
[INFO] running `Command { std: "docker" "inspect" "b8a99ea91b82bc33950c8b6bc10079759602dea0e821ce1837d4580d8074676b", kill_on_drop: false }`
[INFO] running `Command { std: "docker" "rm" "-f" "b8a99ea91b82bc33950c8b6bc10079759602dea0e821ce1837d4580d8074676b", kill_on_drop: false }`
[INFO] [stdout] b8a99ea91b82bc33950c8b6bc10079759602dea0e821ce1837d4580d8074676b
[INFO] running `Command { std: "docker" "create" "-v" "/var/lib/crater-agent-workspace/builds/worker-6-tc2/target:/opt/rustwide/target:rw,Z" "-v" "/var/lib/crater-agent-workspace/builds/worker-6-tc2/source:/opt/rustwide/workdir:ro,Z" "-v" "/var/lib/crater-agent-workspace/cargo-home:/opt/rustwide/cargo-home:ro,Z" "-v" "/var/lib/crater-agent-workspace/rustup-home:/opt/rustwide/rustup-home:ro,Z" "-e" "SOURCE_DIR=/opt/rustwide/workdir" "-e" "CARGO_TARGET_DIR=/opt/rustwide/target" "-e" "CARGO_INCREMENTAL=0" "-e" "RUST_BACKTRACE=full" "-e" "RUSTFLAGS=--cap-lints=warn" "-e" "RUSTDOCFLAGS=--cap-lints=warn" "-e" "CARGO_HOME=/opt/rustwide/cargo-home" "-e" "RUSTUP_HOME=/opt/rustwide/rustup-home" "-w" "/opt/rustwide/workdir" "-m" "1610612736" "--user" "0:0" "--network" "none" "ghcr.io/rust-lang/crates-build-env/linux@sha256:2788e3201cd34a07e3172128adcd8b3090168a8e3bcc40d7c032b9dda1df7d1c" "/opt/rustwide/cargo-home/bin/cargo" "+beta-2023-12-22" "doc" "--frozen" "--no-deps" "--document-private-items" "--message-format=json", kill_on_drop: false }`
[INFO] [stdout] 71f795365b2ec80c8f39b6b9f94e143a3b222e7410f2292dc0c90c366eadbf2c
[INFO] running `Command { std: "docker" "start" "-a" "71f795365b2ec80c8f39b6b9f94e143a3b222e7410f2292dc0c90c366eadbf2c", kill_on_drop: false }`
[INFO] [stderr]    Compiling proc-macro2 v1.0.56
[INFO] [stderr]    Compiling unicode-ident v1.0.8
[INFO] [stderr]    Compiling quote v1.0.26
[INFO] [stderr]    Compiling libc v0.2.141
[INFO] [stderr]    Compiling syn v1.0.109
[INFO] [stderr]    Compiling serde_derive v1.0.159
[INFO] [stderr]    Compiling serde v1.0.159
[INFO] [stderr]    Compiling memchr v2.5.0
[INFO] [stderr]     Checking once_cell v1.17.1
[INFO] [stderr]     Checking scopeguard v1.1.0
[INFO] [stderr]    Compiling ahash v0.7.6
[INFO] [stderr]    Compiling crossbeam-utils v0.8.15
[INFO] [stderr]    Compiling memoffset v0.8.0
[INFO] [stderr]    Compiling pkg-config v0.3.26
[INFO] [stderr]    Compiling log v0.4.17
[INFO] [stderr]    Compiling crossbeam-epoch v0.9.14
[INFO] [stderr]     Checking byteorder v1.4.3
[INFO] [stderr]    Compiling syn v2.0.13
[INFO] [stderr]     Checking getrandom v0.2.8
[INFO] [stderr]    Compiling jobserver v0.1.26
[INFO] [stderr]    Compiling target-lexicon v0.12.6
[INFO] [stderr]    Compiling thiserror v1.0.40
[INFO] [stderr]    Compiling bytecheck v0.6.10
[INFO] [stderr]    Compiling cc v1.0.79
[INFO] [stderr]     Checking hashbrown v0.12.3
[INFO] [stderr]     Checking pin-project-lite v0.2.9
[INFO] [stderr]    Compiling cranelift-isle v0.86.1
[INFO] [stderr]    Compiling rend v0.4.0
[INFO] [stderr]     Checking crossbeam-deque v0.8.3
[INFO] [stderr]     Checking indexmap v1.9.3
[INFO] [stderr]     Checking crossbeam-channel v0.5.7
[INFO] [stderr]    Compiling futures-core v0.3.28
[INFO] [stderr]    Compiling cranelift-codegen-shared v0.86.1
[INFO] [stderr]     Checking leb128 v0.2.5
[INFO] [stderr]    Compiling rkyv v0.7.41
[INFO] [stderr]    Compiling cranelift-codegen-meta v0.86.1
[INFO] [stderr]     Checking num_cpus v1.15.0
[INFO] [stderr]    Compiling slab v0.4.8
[INFO] [stderr]    Compiling memoffset v0.6.5
[INFO] [stderr]    Compiling corosensei v0.1.3
[INFO] [stderr]    Compiling backtrace v0.3.67
[INFO] [stderr]     Checking gimli v0.27.2
[INFO] [stderr]    Compiling futures-channel v0.3.28
[INFO] [stderr]     Checking miniz_oxide v0.6.2
[INFO] [stderr]    Compiling zstd-sys v2.0.7+zstd.1.5.4
[INFO] [stderr]    Compiling openssl-src v111.25.2+1.1.1t
[INFO] [stderr]     Checking fxhash v0.2.1
[INFO] [stderr]     Checking object v0.30.3
[INFO] [stderr]     Checking tracing-core v0.1.30
[INFO] [stderr]     Checking stable_deref_trait v1.2.0
[INFO] [stderr]     Checking fallible-iterator v0.2.0
[INFO] [stderr]    Compiling either v1.8.1
[INFO] [stderr]     Checking bytes v1.4.0
[INFO] [stderr]    Compiling rayon-core v1.11.0
[INFO] [stderr]     Checking futures-sink v0.3.28
[INFO] [stderr]     Checking more-asserts v0.2.2
[INFO] [stderr]     Checking rustc-demangle v0.1.22
[INFO] [stderr]     Checking cranelift-entity v0.86.1
[INFO] [stderr]    Compiling futures-util v0.3.28
[INFO] [stderr]     Checking slice-group-by v0.3.0
[INFO] [stderr]    Compiling anyhow v1.0.70
[INFO] [stderr]     Checking addr2line v0.19.0
[INFO] [stderr]     Checking cranelift-bforest v0.86.1
[INFO] [stderr]     Checking gimli v0.26.2
[INFO] [stderr]    Compiling itertools v0.10.5
[INFO] [stderr]    Compiling openssl-sys v0.9.84
[INFO] [stderr]    Compiling darling_core v0.14.4
[INFO] [stderr]    Compiling cranelift-codegen v0.86.1
[INFO] [stderr]     Checking region v3.0.0
[INFO] [stderr]    Compiling thiserror-impl v1.0.40
[INFO] [stderr]    Compiling futures-macro v0.3.28
[INFO] [stderr]     Checking rand_core v0.6.4
[INFO] [stderr]    Compiling parking_lot_core v0.9.7
[INFO] [stderr]     Checking futures-io v0.3.28
[INFO] [stderr]    Compiling crossbeam-queue v0.3.8
[INFO] [stderr]    Compiling rustversion v1.0.12
[INFO] [stderr]     Checking wasmparser v0.83.0
[INFO] [stderr]    Compiling crunchy v0.2.2
[INFO] [stderr]     Checking rand_chacha v0.3.1
[INFO] [stderr]    Compiling proc-macro-error-attr v1.0.4
[INFO] [stderr]    Compiling ptr_meta_derive v0.1.4
[INFO] [stderr]    Compiling darling_macro v0.14.4
[INFO] [stderr]    Compiling bytecheck_derive v0.6.10
[INFO] [stderr]     Checking ptr_meta v0.1.4
[INFO] [stderr]    Compiling enum-iterator-derive v0.7.0
[INFO] [stderr]    Compiling rkyv_derive v0.7.41
[INFO] [stderr]    Compiling darling v0.14.4
[INFO] [stderr]    Compiling enumset_derive v0.6.1
[INFO] [stderr]     Checking enum-iterator v0.7.0
[INFO] [stderr]    Compiling tracing-attributes v0.1.23
[INFO] [stderr]     Checking wasm-encoder v0.25.0
[INFO] [stderr]     Checking enumset v1.0.12
[INFO] [stderr]     Checking memmap2 v0.5.10
[INFO] [stderr]    Compiling num-traits v0.2.15
[INFO] [stderr]    Compiling wasmer-compiler-cranelift v3.1.1
[INFO] [stderr]    Compiling serde_json v1.0.95
[INFO] [stderr]    Compiling zstd-safe v6.0.4+zstd.1.5.4
[INFO] [stderr]     Checking rayon v1.7.0
[INFO] [stderr]     Checking wast v55.0.0
[INFO] [stderr]     Checking futures-executor v0.3.28
[INFO] [stderr]    Compiling proc-macro-error v1.0.4
[INFO] [stderr]    Compiling prost-derive v0.11.8
[INFO] [stderr]     Checking tracing v0.1.37
[INFO] [stderr]     Checking rand v0.8.5
[INFO] [stderr]     Checking lock_api v0.4.9
[INFO] [stderr]     Checking aho-corasick v0.7.20
[INFO] [stderr]     Checking smallvec v1.10.0
[INFO] [stderr]     Checking regalloc2 v0.3.2
[INFO] [stderr]    Compiling tokio v1.27.0
[INFO] [stderr]    Compiling heck v0.4.1
[INFO] [stderr]    Compiling convert_case v0.5.0
[INFO] [stderr]    Compiling openssl v0.10.49
[INFO] [stderr]     Checking itoa v1.0.6
[INFO] [stderr]     Checking foreign-types-shared v0.1.1
[INFO] [stderr]     Checking ryu v1.0.13
[INFO] [stderr]     Checking fixed-hash v0.8.0
[INFO] [stderr]     Checking foreign-types v0.3.2
[INFO] [stderr]    Compiling tea-codec-macros v0.2.0-dev.16
[INFO] [stderr]    Compiling strum_macros v0.24.3
[INFO] [stdout] error[E0554]: `#![feature]` may not be used on the beta release channel
[INFO] [stdout]  --> /opt/rustwide/cargo-home/registry/src/index.crates.io-6f17d22bba15001f/tea-codec-macros-0.2.0-dev.16/src/lib.rs:1:12
[INFO] [stdout]   |
[INFO] [stdout] 1 | #![feature(drain_filter)]
[INFO] [stdout]   |            ^^^^^^^^^^^^
[INFO] [stdout] 
[INFO] [stdout] 
[INFO] [stdout] error[E0635]: unknown feature `drain_filter`
[INFO] [stdout]  --> /opt/rustwide/cargo-home/registry/src/index.crates.io-6f17d22bba15001f/tea-codec-macros-0.2.0-dev.16/src/lib.rs:1:12
[INFO] [stdout]   |
[INFO] [stdout] 1 | #![feature(drain_filter)]
[INFO] [stdout]   |            ^^^^^^^^^^^^
[INFO] [stdout] 
[INFO] [stdout] 
[INFO] [stdout] error: aborting due to 2 previous errors
[INFO] [stdout] 
[INFO] [stdout] 
[INFO] [stdout] Some errors have detailed explanations: E0554, E0635.
[INFO] [stdout] 
[INFO] [stdout] For more information about an error, try `rustc --explain E0554`.
[INFO] [stdout] 
[INFO] [stderr] error: could not compile `tea-codec-macros` (lib) due to 3 previous errors
[INFO] [stderr] warning: build failed, waiting for other jobs to finish...
[INFO] running `Command { std: "docker" "inspect" "71f795365b2ec80c8f39b6b9f94e143a3b222e7410f2292dc0c90c366eadbf2c", kill_on_drop: false }`
[INFO] running `Command { std: "docker" "rm" "-f" "71f795365b2ec80c8f39b6b9f94e143a3b222e7410f2292dc0c90c366eadbf2c", kill_on_drop: false }`
[INFO] [stdout] 71f795365b2ec80c8f39b6b9f94e143a3b222e7410f2292dc0c90c366eadbf2c
