[INFO] fetching crate tea-actorx-host 0.2.0-dev.22...
[INFO] documenting tea-actorx-host-0.2.0-dev.22 against 1.75.0 for beta-1.76-rustdoc-1
[INFO] extracting crate tea-actorx-host 0.2.0-dev.22 into /workspace/builds/worker-4-tc1/source
[INFO] validating manifest of crates.io crate tea-actorx-host 0.2.0-dev.22 on toolchain 1.75.0
[INFO] running `Command { std: CARGO_HOME="/workspace/cargo-home" RUSTUP_HOME="/workspace/rustup-home" "/workspace/cargo-home/bin/cargo" "+1.75.0" "metadata" "--manifest-path" "Cargo.toml" "--no-deps", kill_on_drop: false }`
[INFO] started tweaking crates.io crate tea-actorx-host 0.2.0-dev.22
[INFO] finished tweaking crates.io crate tea-actorx-host 0.2.0-dev.22
[INFO] tweaked toml for crates.io crate tea-actorx-host 0.2.0-dev.22 written to /workspace/builds/worker-4-tc1/source/Cargo.toml
[INFO] running `Command { std: CARGO_HOME="/workspace/cargo-home" RUSTUP_HOME="/workspace/rustup-home" "/workspace/cargo-home/bin/cargo" "+1.75.0" "generate-lockfile" "--manifest-path" "Cargo.toml", kill_on_drop: false }`
[INFO] [stderr]     Updating crates.io index
[INFO] running `Command { std: CARGO_HOME="/workspace/cargo-home" RUSTUP_HOME="/workspace/rustup-home" "/workspace/cargo-home/bin/cargo" "+1.75.0" "fetch" "--manifest-path" "Cargo.toml", kill_on_drop: false }`
[INFO] [stderr]  Downloading crates ...
[INFO] [stderr]   Downloaded wasmer-vm v3.3.0
[INFO] [stderr]   Downloaded tea-actorx-core v0.2.0-dev.22
[INFO] [stderr]   Downloaded cranelift-codegen-shared v0.91.1
[INFO] [stderr]   Downloaded cranelift-egraph v0.91.1
[INFO] [stderr]   Downloaded cranelift-entity v0.91.1
[INFO] [stderr]   Downloaded wasm-bindgen-downcast-macros v0.1.1
[INFO] [stderr]   Downloaded cranelift-frontend v0.91.1
[INFO] [stderr]   Downloaded tea-codec v0.2.0-dev.22
[INFO] [stderr]   Downloaded wasmer-derive v3.3.0
[INFO] [stderr]   Downloaded wasm-bindgen-downcast v0.1.1
[INFO] [stderr]   Downloaded wasmer-types v3.3.0
[INFO] [stderr]   Downloaded cranelift-bforest v0.91.1
[INFO] [stderr]   Downloaded wasmer v3.3.0
[INFO] [stderr]   Downloaded cranelift-codegen v0.91.1
[INFO] [stderr]   Downloaded wasmparser v0.95.0
[INFO] [stderr]   Downloaded regalloc2 v0.5.1
[INFO] [stderr]   Downloaded wasmer-compiler v3.3.0
[INFO] [stderr]   Downloaded tea-codec-macros v0.2.0-dev.22
[INFO] [stderr]   Downloaded cranelift-codegen-meta v0.91.1
[INFO] [stderr]   Downloaded tea-actorx-signer v0.2.0-dev.22
[INFO] [stderr]   Downloaded wasmer-compiler-cranelift v3.3.0
[INFO] [stderr]   Downloaded wasmer-middlewares v3.3.0
[INFO] [stderr]   Downloaded cranelift-isle v0.91.1
[INFO] running `Command { std: "docker" "create" "-v" "/var/lib/crater-agent-workspace/builds/worker-4-tc1/target:/opt/rustwide/target:rw,Z" "-v" "/var/lib/crater-agent-workspace/builds/worker-4-tc1/source:/opt/rustwide/workdir:ro,Z" "-v" "/var/lib/crater-agent-workspace/cargo-home:/opt/rustwide/cargo-home:ro,Z" "-v" "/var/lib/crater-agent-workspace/rustup-home:/opt/rustwide/rustup-home:ro,Z" "-e" "SOURCE_DIR=/opt/rustwide/workdir" "-e" "CARGO_TARGET_DIR=/opt/rustwide/target" "-e" "CARGO_HOME=/opt/rustwide/cargo-home" "-e" "RUSTUP_HOME=/opt/rustwide/rustup-home" "-w" "/opt/rustwide/workdir" "-m" "1610612736" "--user" "0:0" "--network" "none" "ghcr.io/rust-lang/crates-build-env/linux@sha256:2788e3201cd34a07e3172128adcd8b3090168a8e3bcc40d7c032b9dda1df7d1c" "/opt/rustwide/cargo-home/bin/cargo" "+1.75.0" "metadata" "--no-deps" "--format-version=1", kill_on_drop: false }`
[INFO] [stdout] 09778cb95a5adebd18fc6f290ec3e068a7e5cf5ffe534e943efe3078fd61a2f7
[INFO] running `Command { std: "docker" "start" "-a" "09778cb95a5adebd18fc6f290ec3e068a7e5cf5ffe534e943efe3078fd61a2f7", kill_on_drop: false }`
[INFO] running `Command { std: "docker" "inspect" "09778cb95a5adebd18fc6f290ec3e068a7e5cf5ffe534e943efe3078fd61a2f7", kill_on_drop: false }`
[INFO] running `Command { std: "docker" "rm" "-f" "09778cb95a5adebd18fc6f290ec3e068a7e5cf5ffe534e943efe3078fd61a2f7", kill_on_drop: false }`
[INFO] [stdout] 09778cb95a5adebd18fc6f290ec3e068a7e5cf5ffe534e943efe3078fd61a2f7
[INFO] running `Command { std: "docker" "create" "-v" "/var/lib/crater-agent-workspace/builds/worker-4-tc1/target:/opt/rustwide/target:rw,Z" "-v" "/var/lib/crater-agent-workspace/builds/worker-4-tc1/source:/opt/rustwide/workdir:ro,Z" "-v" "/var/lib/crater-agent-workspace/cargo-home:/opt/rustwide/cargo-home:ro,Z" "-v" "/var/lib/crater-agent-workspace/rustup-home:/opt/rustwide/rustup-home:ro,Z" "-e" "SOURCE_DIR=/opt/rustwide/workdir" "-e" "CARGO_TARGET_DIR=/opt/rustwide/target" "-e" "CARGO_INCREMENTAL=0" "-e" "RUST_BACKTRACE=full" "-e" "RUSTFLAGS=--cap-lints=warn" "-e" "RUSTDOCFLAGS=--cap-lints=warn" "-e" "CARGO_HOME=/opt/rustwide/cargo-home" "-e" "RUSTUP_HOME=/opt/rustwide/rustup-home" "-w" "/opt/rustwide/workdir" "-m" "1610612736" "--user" "0:0" "--network" "none" "ghcr.io/rust-lang/crates-build-env/linux@sha256:2788e3201cd34a07e3172128adcd8b3090168a8e3bcc40d7c032b9dda1df7d1c" "/opt/rustwide/cargo-home/bin/cargo" "+1.75.0" "doc" "--frozen" "--no-deps" "--document-private-items" "--message-format=json", kill_on_drop: false }`
[INFO] [stdout] 04077815145a53148ea4425d4ea74c36e4bbab04c3a9f2635a6f84a06ff55293
[INFO] running `Command { std: "docker" "start" "-a" "04077815145a53148ea4425d4ea74c36e4bbab04c3a9f2635a6f84a06ff55293", kill_on_drop: false }`
[INFO] [stderr]    Compiling proc-macro2 v1.0.76
[INFO] [stderr]    Compiling unicode-ident v1.0.12
[INFO] [stderr]     Checking cfg-if v1.0.0
[INFO] [stderr]    Compiling syn v1.0.109
[INFO] [stderr]    Compiling serde v1.0.195
[INFO] [stderr]    Compiling version_check v0.9.4
[INFO] [stderr]     Checking once_cell v1.19.0
[INFO] [stderr]     Checking memchr v2.7.1
[INFO] [stderr]    Compiling crossbeam-utils v0.8.18
[INFO] [stderr]    Compiling ident_case v1.0.1
[INFO] [stderr]     Checking byteorder v1.5.0
[INFO] [stderr]     Checking scopeguard v1.2.0
[INFO] [stderr]    Compiling parking_lot_core v0.9.9
[INFO] [stderr]    Compiling fnv v1.0.7
[INFO] [stderr]    Compiling indexmap v1.9.3
[INFO] [stderr]    Compiling libc v0.2.151
[INFO] [stderr]     Checking getrandom v0.2.11
[INFO] [stderr]    Compiling lock_api v0.4.11
[INFO] [stderr]    Compiling bytecheck v0.6.11
[INFO] [stderr]    Compiling target-lexicon v0.12.13
[INFO] [stderr]    Compiling pkg-config v0.3.28
[INFO] [stderr]     Checking simdutf8 v0.1.4
[INFO] [stderr]     Checking tinyvec_macros v0.1.1
[INFO] [stderr]    Compiling thiserror v1.0.56
[INFO] [stderr]     Checking pin-project-lite v0.2.13
[INFO] [stderr]    Compiling rend v0.4.1
[INFO] [stderr]    Compiling cranelift-isle v0.91.1
[INFO] [stderr]     Checking tinyvec v1.6.0
[INFO] [stderr]     Checking hashbrown v0.14.3
[INFO] [stderr]    Compiling ahash v0.7.7
[INFO] [stderr]    Compiling rkyv v0.7.43
[INFO] [stderr]    Compiling cranelift-codegen-shared v0.91.1
[INFO] [stderr]     Checking fxhash v0.2.1
[INFO] [stderr]    Compiling cranelift-codegen-meta v0.91.1
[INFO] [stderr]    Compiling corosensei v0.1.4
[INFO] [stderr]    Compiling memoffset v0.8.0
[INFO] [stderr]     Checking adler v1.0.2
[INFO] [stderr]     Checking gimli v0.28.1
[INFO] [stderr]     Checking seahash v4.1.0
[INFO] [stderr]     Checking leb128 v0.2.5
[INFO] [stderr]     Checking unicode-bidi v0.3.14
[INFO] [stderr]     Checking percent-encoding v2.3.1
[INFO] [stderr]     Checking cranelift-entity v0.91.1
[INFO] [stderr]     Checking miniz_oxide v0.7.1
[INFO] [stderr]     Checking form_urlencoded v1.2.1
[INFO] [stderr]    Compiling jobserver v0.1.27
[INFO] [stderr]     Checking crossbeam-epoch v0.9.17
[INFO] [stderr]     Checking hashbrown v0.12.3
[INFO] [stderr]    Compiling quote v1.0.35
[INFO] [stderr]     Checking object v0.32.2
[INFO] [stderr]    Compiling proc-macro-error-attr v1.0.4
[INFO] [stderr]    Compiling slab v0.4.9
[INFO] [stderr]     Checking more-asserts v0.2.2
[INFO] [stderr]     Checking rustc-demangle v0.1.23
[INFO] [stderr]     Checking bitflags v1.3.2
[INFO] [stderr]    Compiling cc v1.0.83
[INFO] [stderr]     Checking lazy_static v1.4.0
[INFO] [stderr]     Checking fallible-iterator v0.2.0
[INFO] [stderr]    Compiling syn v2.0.48
[INFO] [stderr]     Checking crossbeam-deque v0.8.4
[INFO] [stderr]    Compiling rayon-core v1.12.0
[INFO] [stderr]     Checking slice-group-by v0.3.1
[INFO] [stderr]     Checking stable_deref_trait v1.2.0
[INFO] [stderr]     Checking unicode-normalization v0.1.22
[INFO] [stderr]     Checking region v3.0.0
[INFO] [stderr]     Checking cranelift-bforest v0.91.1
[INFO] [stderr]    Compiling proc-macro-error v1.0.4
[INFO] [stderr]     Checking tracing-core v0.1.32
[INFO] [stderr]     Checking bytes v1.5.0
[INFO] [stderr]    Compiling anyhow v1.0.79
[INFO] [stderr]     Checking arrayvec v0.7.4
[INFO] [stderr]    Compiling either v1.9.0
[INFO] [stderr]     Checking futures-core v0.3.30
[INFO] [stderr]     Checking bumpalo v3.14.0
[INFO] [stderr]     Checking futures-sink v0.3.30
[INFO] [stderr]    Compiling itertools v0.10.5
[INFO] [stderr]     Checking futures-channel v0.3.30
[INFO] [stderr]    Compiling openssl-src v300.2.1+3.2.0
[INFO] [stderr]     Checking idna v0.5.0
[INFO] [stderr]     Checking gimli v0.26.2
[INFO] [stderr]     Checking wasm-encoder v0.38.1
[INFO] [stderr]     Checking memmap2 v0.5.10
[INFO] [stderr]     Checking futures-task v0.3.30
[INFO] [stderr]     Checking unicode-width v0.1.11
[INFO] [stderr]     Checking pin-utils v0.1.0
[INFO] [stderr]    Compiling wasmer-compiler-cranelift v3.3.0
[INFO] [stderr]    Compiling vcpkg v0.2.15
[INFO] [stderr]     Checking futures-io v0.3.30
[INFO] [stderr]     Checking rayon v1.8.0
[INFO] [stderr]     Checking url v2.5.0
[INFO] [stderr]     Checking aho-corasick v1.1.2
[INFO] [stderr]     Checking rand_core v0.6.4
[INFO] [stderr]     Checking utf8parse v0.2.1
[INFO] [stderr]     Checking ryu v1.0.16
[INFO] [stderr]    Compiling backtrace v0.3.69
[INFO] [stderr]    Compiling zstd-sys v2.0.9+zstd.1.5.5
[INFO] [stderr]     Checking wasmparser v0.95.0
[INFO] [stderr]     Checking wast v69.0.1
[INFO] [stderr]     Checking ppv-lite86 v0.2.17
[INFO] [stderr]     Checking addr2line v0.21.0
[INFO] [stderr]     Checking itoa v1.0.10
[INFO] [stderr]     Checking hex v0.4.3
[INFO] [stderr]    Compiling openssl-sys v0.9.98
[INFO] [stderr]    Compiling crunchy v0.2.2
[INFO] [stderr]    Compiling serde_json v1.0.111
[INFO] [stderr]     Checking regex-syntax v0.8.2
[INFO] [stderr]     Checking rand_chacha v0.3.1
[INFO] [stderr]     Checking anstyle-parse v0.2.3
[INFO] [stderr]     Checking crossbeam-channel v0.5.10
[INFO] [stderr]     Checking crossbeam-queue v0.3.10
[INFO] [stderr]     Checking signal-hook-registry v1.4.1
[INFO] [stderr]     Checking num_cpus v1.16.0
[INFO] [stderr]     Checking mio v0.8.10
[INFO] [stderr]     Checking socket2 v0.5.5
[INFO] [stderr]     Checking colorchoice v1.0.0
[INFO] [stderr]     Checking static_assertions v1.1.0
[INFO] [stderr]    Compiling convert_case v0.5.0
[INFO] [stderr]    Compiling zstd-safe v6.0.6
[INFO] [stderr]     Checking anstyle-query v1.0.2
[INFO] [stderr]     Checking anstyle v1.0.4
[INFO] [stderr]     Checking crossbeam v0.8.3
[INFO] [stderr]     Checking rand v0.8.5
[INFO] [stderr]     Checking strsim v0.10.0
[INFO] [stderr]    Compiling openssl v0.10.62
[INFO] [stderr]     Checking anstream v0.6.5
[INFO] [stderr]     Checking foreign-types-shared v0.1.1
[INFO] [stderr]     Checking rustc-hex v2.1.0
[INFO] [stderr]     Checking clap_lex v0.6.0
[INFO] [stderr]    Compiling heck v0.4.1
[INFO] [stderr]     Checking equivalent v1.0.1
[INFO] [stderr]     Checking base64 v0.13.1
[INFO] [stderr]     Checking indexmap v2.1.0
[INFO] [stderr]     Checking clap_builder v4.4.12
[INFO] [stderr]     Checking foreign-types v0.3.2
[INFO] [stderr]     Checking uint v0.9.5
[INFO] [stderr]     Checking unsafe-libyaml v0.2.10
[INFO] [stderr]     Checking bitflags v2.4.1
[INFO] [stderr]    Compiling cranelift-codegen v0.91.1
[INFO] [stderr]     Checking fixed-hash v0.8.0
[INFO] [stderr]    Compiling darling_core v0.20.3
[INFO] [stderr]     Checking regex-automata v0.4.3
[INFO] [stderr]    Compiling serde_derive v1.0.195
[INFO] [stderr]    Compiling thiserror-impl v1.0.56
[INFO] [stderr]    Compiling tracing-attributes v0.1.27
[INFO] [stderr]    Compiling futures-macro v0.3.30
[INFO] [stderr]    Compiling tokio-macros v2.2.0
[INFO] [stderr]    Compiling ptr_meta_derive v0.1.4
[INFO] [stderr]    Compiling bytecheck_derive v0.6.11
[INFO] [stderr]    Compiling enum-iterator-derive v0.7.0
[INFO] [stderr]    Compiling rkyv_derive v0.7.43
[INFO] [stderr]    Compiling derivative v2.2.0
[INFO] [stderr]    Compiling wasmer-derive v3.3.0
[INFO] [stderr]     Checking wat v1.0.82
[INFO] [stderr]    Compiling prost-derive v0.11.9
[INFO] [stderr]     Checking ptr_meta v0.1.4
[INFO] [stderr]    Compiling darling_macro v0.20.3
[INFO] [stderr]     Checking enum-iterator v0.7.0
[INFO] [stderr]     Checking regex v1.10.2
[INFO] [stderr]    Compiling tea-codec-macros v0.2.0-dev.22
[INFO] [stdout] error[E0554]: `#![feature]` may not be used on the stable release channel
[INFO] [stdout]  --> /opt/rustwide/cargo-home/registry/src/index.crates.io-6f17d22bba15001f/tea-codec-macros-0.2.0-dev.22/src/lib.rs:1:12
[INFO] [stdout]   |
[INFO] [stdout] 1 | #![feature(drain_filter)]
[INFO] [stdout]   |            ^^^^^^^^^^^^
[INFO] [stdout] 
[INFO] [stdout] 
[INFO] [stdout] error[E0635]: unknown feature `drain_filter`
[INFO] [stdout]  --> /opt/rustwide/cargo-home/registry/src/index.crates.io-6f17d22bba15001f/tea-codec-macros-0.2.0-dev.22/src/lib.rs:1:12
[INFO] [stdout]   |
[INFO] [stdout] 1 | #![feature(drain_filter)]
[INFO] [stdout]   |            ^^^^^^^^^^^^
[INFO] [stdout] 
[INFO] [stdout] 
[INFO] [stderr]    Compiling num-derive v0.3.3
[INFO] [stderr]    Compiling impl-trait-for-tuples v0.2.2
[INFO] [stdout] error: aborting due to 2 previous errors
[INFO] [stdout] 
[INFO] [stdout] 
[INFO] [stdout] Some errors have detailed explanations: E0554, E0635.
[INFO] [stdout] 
[INFO] [stdout] For more information about an error, try `rustc --explain E0554`.
[INFO] [stdout] 
[INFO] [stderr] error: could not compile `tea-codec-macros` (lib) due to 3 previous errors
[INFO] [stderr] warning: build failed, waiting for other jobs to finish...
[INFO] running `Command { std: "docker" "inspect" "04077815145a53148ea4425d4ea74c36e4bbab04c3a9f2635a6f84a06ff55293", kill_on_drop: false }`
[INFO] running `Command { std: "docker" "rm" "-f" "04077815145a53148ea4425d4ea74c36e4bbab04c3a9f2635a6f84a06ff55293", kill_on_drop: false }`
[INFO] [stdout] 04077815145a53148ea4425d4ea74c36e4bbab04c3a9f2635a6f84a06ff55293
[INFO] documenting tea-actorx-host-0.2.0-dev.22 against beta-2023-12-22 for beta-1.76-rustdoc-1
[INFO] extracting crate tea-actorx-host 0.2.0-dev.22 into /workspace/builds/worker-4-tc2/source
[INFO] validating manifest of crates.io crate tea-actorx-host 0.2.0-dev.22 on toolchain beta-2023-12-22
[INFO] running `Command { std: CARGO_HOME="/workspace/cargo-home" RUSTUP_HOME="/workspace/rustup-home" "/workspace/cargo-home/bin/cargo" "+beta-2023-12-22" "metadata" "--manifest-path" "Cargo.toml" "--no-deps", kill_on_drop: false }`
[INFO] started tweaking crates.io crate tea-actorx-host 0.2.0-dev.22
[INFO] finished tweaking crates.io crate tea-actorx-host 0.2.0-dev.22
[INFO] tweaked toml for crates.io crate tea-actorx-host 0.2.0-dev.22 written to /workspace/builds/worker-4-tc2/source/Cargo.toml
[INFO] running `Command { std: CARGO_HOME="/workspace/cargo-home" RUSTUP_HOME="/workspace/rustup-home" "/workspace/cargo-home/bin/cargo" "+beta-2023-12-22" "generate-lockfile" "--manifest-path" "Cargo.toml", kill_on_drop: false }`
[INFO] [stderr]     Updating crates.io index
[INFO] running `Command { std: CARGO_HOME="/workspace/cargo-home" RUSTUP_HOME="/workspace/rustup-home" "/workspace/cargo-home/bin/cargo" "+beta-2023-12-22" "fetch" "--manifest-path" "Cargo.toml", kill_on_drop: false }`
[INFO] running `Command { std: "docker" "create" "-v" "/var/lib/crater-agent-workspace/builds/worker-4-tc2/target:/opt/rustwide/target:rw,Z" "-v" "/var/lib/crater-agent-workspace/builds/worker-4-tc2/source:/opt/rustwide/workdir:ro,Z" "-v" "/var/lib/crater-agent-workspace/cargo-home:/opt/rustwide/cargo-home:ro,Z" "-v" "/var/lib/crater-agent-workspace/rustup-home:/opt/rustwide/rustup-home:ro,Z" "-e" "SOURCE_DIR=/opt/rustwide/workdir" "-e" "CARGO_TARGET_DIR=/opt/rustwide/target" "-e" "CARGO_HOME=/opt/rustwide/cargo-home" "-e" "RUSTUP_HOME=/opt/rustwide/rustup-home" "-w" "/opt/rustwide/workdir" "-m" "1610612736" "--user" "0:0" "--network" "none" "ghcr.io/rust-lang/crates-build-env/linux@sha256:2788e3201cd34a07e3172128adcd8b3090168a8e3bcc40d7c032b9dda1df7d1c" "/opt/rustwide/cargo-home/bin/cargo" "+beta-2023-12-22" "metadata" "--no-deps" "--format-version=1", kill_on_drop: false }`
[INFO] [stdout] 6426286e77a1a6f45430fff3f51cda07571dc8ae7687985446e9d76af747879e
[INFO] running `Command { std: "docker" "start" "-a" "6426286e77a1a6f45430fff3f51cda07571dc8ae7687985446e9d76af747879e", kill_on_drop: false }`
[INFO] running `Command { std: "docker" "inspect" "6426286e77a1a6f45430fff3f51cda07571dc8ae7687985446e9d76af747879e", kill_on_drop: false }`
[INFO] running `Command { std: "docker" "rm" "-f" "6426286e77a1a6f45430fff3f51cda07571dc8ae7687985446e9d76af747879e", kill_on_drop: false }`
[INFO] [stdout] 6426286e77a1a6f45430fff3f51cda07571dc8ae7687985446e9d76af747879e
[INFO] running `Command { std: "docker" "create" "-v" "/var/lib/crater-agent-workspace/builds/worker-4-tc2/target:/opt/rustwide/target:rw,Z" "-v" "/var/lib/crater-agent-workspace/builds/worker-4-tc2/source:/opt/rustwide/workdir:ro,Z" "-v" "/var/lib/crater-agent-workspace/cargo-home:/opt/rustwide/cargo-home:ro,Z" "-v" "/var/lib/crater-agent-workspace/rustup-home:/opt/rustwide/rustup-home:ro,Z" "-e" "SOURCE_DIR=/opt/rustwide/workdir" "-e" "CARGO_TARGET_DIR=/opt/rustwide/target" "-e" "CARGO_INCREMENTAL=0" "-e" "RUST_BACKTRACE=full" "-e" "RUSTFLAGS=--cap-lints=warn" "-e" "RUSTDOCFLAGS=--cap-lints=warn" "-e" "CARGO_HOME=/opt/rustwide/cargo-home" "-e" "RUSTUP_HOME=/opt/rustwide/rustup-home" "-w" "/opt/rustwide/workdir" "-m" "1610612736" "--user" "0:0" "--network" "none" "ghcr.io/rust-lang/crates-build-env/linux@sha256:2788e3201cd34a07e3172128adcd8b3090168a8e3bcc40d7c032b9dda1df7d1c" "/opt/rustwide/cargo-home/bin/cargo" "+beta-2023-12-22" "doc" "--frozen" "--no-deps" "--document-private-items" "--message-format=json", kill_on_drop: false }`
[INFO] [stdout] 35ade5e9f072d2bac8229ff9a37f8119e13768441f3686135d7fa36d3398ddd0
[INFO] running `Command { std: "docker" "start" "-a" "35ade5e9f072d2bac8229ff9a37f8119e13768441f3686135d7fa36d3398ddd0", kill_on_drop: false }`
[INFO] [stderr]    Compiling proc-macro2 v1.0.76
[INFO] [stderr]    Compiling unicode-ident v1.0.12
[INFO] [stderr]     Checking cfg-if v1.0.0
[INFO] [stderr]    Compiling syn v1.0.109
[INFO] [stderr]    Compiling serde v1.0.195
[INFO] [stderr]    Compiling version_check v0.9.4
[INFO] [stderr]     Checking once_cell v1.19.0
[INFO] [stderr]     Checking memchr v2.7.1
[INFO] [stderr]    Compiling crossbeam-utils v0.8.18
[INFO] [stderr]    Compiling parking_lot_core v0.9.9
[INFO] [stderr]     Checking scopeguard v1.2.0
[INFO] [stderr]     Checking byteorder v1.5.0
[INFO] [stderr]    Compiling ident_case v1.0.1
[INFO] [stderr]    Compiling fnv v1.0.7
[INFO] [stderr]    Compiling indexmap v1.9.3
[INFO] [stderr]    Compiling libc v0.2.151
[INFO] [stderr]     Checking getrandom v0.2.11
[INFO] [stderr]    Compiling lock_api v0.4.11
[INFO] [stderr]    Compiling pkg-config v0.3.28
[INFO] [stderr]    Compiling target-lexicon v0.12.13
[INFO] [stderr]    Compiling bytecheck v0.6.11
[INFO] [stderr]     Checking simdutf8 v0.1.4
[INFO] [stderr]     Checking tinyvec_macros v0.1.1
[INFO] [stderr]     Checking pin-project-lite v0.2.13
[INFO] [stderr]    Compiling thiserror v1.0.56
[INFO] [stderr]    Compiling cranelift-isle v0.91.1
[INFO] [stderr]    Compiling rend v0.4.1
[INFO] [stderr]     Checking tinyvec v1.6.0
[INFO] [stderr]    Compiling rkyv v0.7.43
[INFO] [stderr]    Compiling ahash v0.7.7
[INFO] [stderr]     Checking hashbrown v0.14.3
[INFO] [stderr]    Compiling cranelift-codegen-shared v0.91.1
[INFO] [stderr]     Checking fxhash v0.2.1
[INFO] [stderr]    Compiling cranelift-codegen-meta v0.91.1
[INFO] [stderr]    Compiling corosensei v0.1.4
[INFO] [stderr]    Compiling memoffset v0.8.0
[INFO] [stderr]     Checking adler v1.0.2
[INFO] [stderr]     Checking cranelift-entity v0.91.1
[INFO] [stderr]     Checking seahash v4.1.0
[INFO] [stderr]     Checking unicode-bidi v0.3.14
[INFO] [stderr]     Checking leb128 v0.2.5
[INFO] [stderr]     Checking gimli v0.28.1
[INFO] [stderr]     Checking percent-encoding v2.3.1
[INFO] [stderr]    Compiling jobserver v0.1.27
[INFO] [stderr]    Compiling quote v1.0.35
[INFO] [stderr]     Checking miniz_oxide v0.7.1
[INFO] [stderr]     Checking crossbeam-epoch v0.9.17
[INFO] [stderr]     Checking object v0.32.2
[INFO] [stderr]     Checking form_urlencoded v1.2.1
[INFO] [stderr]    Compiling proc-macro-error-attr v1.0.4
[INFO] [stderr]     Checking hashbrown v0.12.3
[INFO] [stderr]    Compiling slab v0.4.9
[INFO] [stderr]     Checking fallible-iterator v0.2.0
[INFO] [stderr]    Compiling cc v1.0.83
[INFO] [stderr]    Compiling syn v2.0.48
[INFO] [stderr]     Checking crossbeam-deque v0.8.4
[INFO] [stderr]    Compiling rayon-core v1.12.0
[INFO] [stderr]     Checking rustc-demangle v0.1.23
[INFO] [stderr]     Checking lazy_static v1.4.0
[INFO] [stderr]     Checking slice-group-by v0.3.1
[INFO] [stderr]     Checking unicode-normalization v0.1.22
[INFO] [stderr]     Checking bitflags v1.3.2
[INFO] [stderr]     Checking stable_deref_trait v1.2.0
[INFO] [stderr]     Checking more-asserts v0.2.2
[INFO] [stderr]     Checking region v3.0.0
[INFO] [stderr]     Checking cranelift-bforest v0.91.1
[INFO] [stderr]    Compiling proc-macro-error v1.0.4
[INFO] [stderr]     Checking tracing-core v0.1.32
[INFO] [stderr]     Checking bumpalo v3.14.0
[INFO] [stderr]     Checking futures-core v0.3.30
[INFO] [stderr]     Checking bytes v1.5.0
[INFO] [stderr]    Compiling anyhow v1.0.79
[INFO] [stderr]     Checking futures-sink v0.3.30
[INFO] [stderr]     Checking arrayvec v0.7.4
[INFO] [stderr]    Compiling either v1.9.0
[INFO] [stderr]     Checking futures-channel v0.3.30
[INFO] [stderr]    Compiling openssl-src v300.2.1+3.2.0
[INFO] [stderr]     Checking idna v0.5.0
[INFO] [stderr]    Compiling itertools v0.10.5
[INFO] [stderr]     Checking wasm-encoder v0.38.1
[INFO] [stderr]     Checking memmap2 v0.5.10
[INFO] [stderr]    Compiling wasmer-compiler-cranelift v3.3.0
[INFO] [stderr]     Checking pin-utils v0.1.0
[INFO] [stderr]     Checking gimli v0.26.2
[INFO] [stderr]     Checking futures-io v0.3.30
[INFO] [stderr]     Checking unicode-width v0.1.11
[INFO] [stderr]    Compiling vcpkg v0.2.15
[INFO] [stderr]     Checking futures-task v0.3.30
[INFO] [stderr]     Checking url v2.5.0
[INFO] [stderr]     Checking aho-corasick v1.1.2
[INFO] [stderr]     Checking rayon v1.8.0
[INFO] [stderr]     Checking rand_core v0.6.4
[INFO] [stderr]    Compiling serde_json v1.0.111
[INFO] [stderr]     Checking ryu v1.0.16
[INFO] [stderr]    Compiling backtrace v0.3.69
[INFO] [stderr]     Checking wasmparser v0.95.0
[INFO] [stderr]    Compiling zstd-sys v2.0.9+zstd.1.5.5
[INFO] [stderr]     Checking wast v69.0.1
[INFO] [stderr]     Checking regex-syntax v0.8.2
[INFO] [stderr]     Checking itoa v1.0.10
[INFO] [stderr]    Compiling openssl-sys v0.9.98
[INFO] [stderr]     Checking addr2line v0.21.0
[INFO] [stderr]    Compiling crunchy v0.2.2
[INFO] [stderr]     Checking ppv-lite86 v0.2.17
[INFO] [stderr]     Checking hex v0.4.3
[INFO] [stderr]     Checking utf8parse v0.2.1
[INFO] [stderr]     Checking anstyle-parse v0.2.3
[INFO] [stderr]     Checking crossbeam-queue v0.3.10
[INFO] [stderr]     Checking crossbeam-channel v0.5.10
[INFO] [stderr]     Checking signal-hook-registry v1.4.1
[INFO] [stderr]     Checking socket2 v0.5.5
[INFO] [stderr]     Checking rand_chacha v0.3.1
[INFO] [stderr]     Checking num_cpus v1.16.0
[INFO] [stderr]     Checking mio v0.8.10
[INFO] [stderr]    Compiling convert_case v0.5.0
[INFO] [stderr]     Checking anstyle-query v1.0.2
[INFO] [stderr]    Compiling zstd-safe v6.0.6
[INFO] [stderr]     Checking static_assertions v1.1.0
[INFO] [stderr]     Checking anstyle v1.0.4
[INFO] [stderr]     Checking colorchoice v1.0.0
[INFO] [stderr]     Checking crossbeam v0.8.3
[INFO] [stderr]     Checking rand v0.8.5
[INFO] [stderr]     Checking strsim v0.10.0
[INFO] [stderr]    Compiling openssl v0.10.62
[INFO] [stderr]     Checking anstream v0.6.5
[INFO] [stderr]     Checking equivalent v1.0.1
[INFO] [stderr]     Checking base64 v0.13.1
[INFO] [stderr]     Checking clap_lex v0.6.0
[INFO] [stderr]     Checking foreign-types-shared v0.1.1
[INFO] [stderr]    Compiling cranelift-codegen v0.91.1
[INFO] [stderr]    Compiling heck v0.4.1
[INFO] [stderr]     Checking rustc-hex v2.1.0
[INFO] [stderr]     Checking clap_builder v4.4.12
[INFO] [stderr]     Checking foreign-types v0.3.2
[INFO] [stderr]     Checking indexmap v2.1.0
[INFO] [stderr]     Checking uint v0.9.5
[INFO] [stderr]     Checking unsafe-libyaml v0.2.10
[INFO] [stderr]     Checking bitflags v2.4.1
[INFO] [stderr]     Checking fixed-hash v0.8.0
[INFO] [stderr]    Compiling darling_core v0.20.3
[INFO] [stderr]     Checking regex-automata v0.4.3
[INFO] [stderr]    Compiling serde_derive v1.0.195
[INFO] [stderr]    Compiling thiserror-impl v1.0.56
[INFO] [stderr]    Compiling tracing-attributes v0.1.27
[INFO] [stderr]    Compiling futures-macro v0.3.30
[INFO] [stderr]    Compiling tokio-macros v2.2.0
[INFO] [stderr]    Compiling clap_derive v4.4.7
[INFO] [stderr]    Compiling openssl-macros v0.1.1
[INFO] [stderr]     Checking regex v1.10.2
[INFO] [stderr]    Compiling darling_macro v0.20.3
[INFO] [stderr]     Checking wat v1.0.82
[INFO] [stderr]     Checking futures-util v0.3.30
[INFO] [stderr]    Compiling ptr_meta_derive v0.1.4
[INFO] [stderr]    Compiling bytecheck_derive v0.6.11
[INFO] [stderr]    Compiling enum-iterator-derive v0.7.0
[INFO] [stderr]    Compiling rkyv_derive v0.7.43
[INFO] [stderr]    Compiling derivative v2.2.0
[INFO] [stderr]    Compiling prost-derive v0.11.9
[INFO] [stderr]    Compiling wasmer-derive v3.3.0
[INFO] [stderr]    Compiling darling v0.20.3
[INFO] [stderr]    Compiling enumset_derive v0.8.1
[INFO] [stderr]    Compiling impl-trait-for-tuples v0.2.2
[INFO] [stderr]     Checking tracing v0.1.40
[INFO] [stderr]    Compiling tea-codec-macros v0.2.0-dev.22
[INFO] [stderr]     Checking ptr_meta v0.1.4
[INFO] [stderr]    Compiling num-derive v0.3.3
[INFO] [stdout] error[E0554]: `#![feature]` may not be used on the beta release channel
[INFO] [stdout]  --> /opt/rustwide/cargo-home/registry/src/index.crates.io-6f17d22bba15001f/tea-codec-macros-0.2.0-dev.22/src/lib.rs:1:12
[INFO] [stdout]   |
[INFO] [stdout] 1 | #![feature(drain_filter)]
[INFO] [stdout]   |            ^^^^^^^^^^^^
[INFO] [stdout] 
[INFO] [stdout] 
[INFO] [stdout] error[E0635]: unknown feature `drain_filter`
[INFO] [stdout]  --> /opt/rustwide/cargo-home/registry/src/index.crates.io-6f17d22bba15001f/tea-codec-macros-0.2.0-dev.22/src/lib.rs:1:12
[INFO] [stdout]   |
[INFO] [stdout] 1 | #![feature(drain_filter)]
[INFO] [stdout]   |            ^^^^^^^^^^^^
[INFO] [stdout] 
[INFO] [stdout] 
[INFO] [stderr]     Checking clap v4.4.13
[INFO] [stderr]     Checking enum-iterator v0.7.0
[INFO] [stdout] error: aborting due to 2 previous errors
[INFO] [stdout] 
[INFO] [stdout] 
[INFO] [stdout] Some errors have detailed explanations: E0554, E0635.
[INFO] [stdout] 
[INFO] [stdout] For more information about an error, try `rustc --explain E0554`.
[INFO] [stdout] 
[INFO] [stderr] error: could not compile `tea-codec-macros` (lib) due to 3 previous errors
[INFO] [stderr] warning: build failed, waiting for other jobs to finish...
[INFO] running `Command { std: "docker" "inspect" "35ade5e9f072d2bac8229ff9a37f8119e13768441f3686135d7fa36d3398ddd0", kill_on_drop: false }`
[INFO] running `Command { std: "docker" "rm" "-f" "35ade5e9f072d2bac8229ff9a37f8119e13768441f3686135d7fa36d3398ddd0", kill_on_drop: false }`
[INFO] [stdout] 35ade5e9f072d2bac8229ff9a37f8119e13768441f3686135d7fa36d3398ddd0
