[INFO] fetching crate tauri-specta 2.0.0-rc.3...
[INFO] documenting tauri-specta-2.0.0-rc.3 against 1.75.0 for beta-1.76-rustdoc-1
[INFO] extracting crate tauri-specta 2.0.0-rc.3 into /workspace/builds/worker-1-tc1/source
[INFO] validating manifest of crates.io crate tauri-specta 2.0.0-rc.3 on toolchain 1.75.0
[INFO] running `Command { std: CARGO_HOME="/workspace/cargo-home" RUSTUP_HOME="/workspace/rustup-home" "/workspace/cargo-home/bin/cargo" "+1.75.0" "metadata" "--manifest-path" "Cargo.toml" "--no-deps", kill_on_drop: false }`
[INFO] started tweaking crates.io crate tauri-specta 2.0.0-rc.3
[INFO] finished tweaking crates.io crate tauri-specta 2.0.0-rc.3
[INFO] tweaked toml for crates.io crate tauri-specta 2.0.0-rc.3 written to /workspace/builds/worker-1-tc1/source/Cargo.toml
[INFO] running `Command { std: CARGO_HOME="/workspace/cargo-home" RUSTUP_HOME="/workspace/rustup-home" "/workspace/cargo-home/bin/cargo" "+1.75.0" "generate-lockfile" "--manifest-path" "Cargo.toml", kill_on_drop: false }`
[INFO] [stderr]     Updating crates.io index
[INFO] running `Command { std: CARGO_HOME="/workspace/cargo-home" RUSTUP_HOME="/workspace/rustup-home" "/workspace/cargo-home/bin/cargo" "+1.75.0" "fetch" "--manifest-path" "Cargo.toml", kill_on_drop: false }`
[INFO] [stderr]  Downloading crates ...
[INFO] [stderr]   Downloaded specta v2.0.0-rc.6
[INFO] [stderr]   Downloaded specta-macros v2.0.0-rc.7
[INFO] [stderr]   Downloaded tauri-specta-macros v2.0.0-rc.3
[INFO] running `Command { std: "docker" "create" "-v" "/var/lib/crater-agent-workspace/builds/worker-1-tc1/target:/opt/rustwide/target:rw,Z" "-v" "/var/lib/crater-agent-workspace/builds/worker-1-tc1/source:/opt/rustwide/workdir:ro,Z" "-v" "/var/lib/crater-agent-workspace/cargo-home:/opt/rustwide/cargo-home:ro,Z" "-v" "/var/lib/crater-agent-workspace/rustup-home:/opt/rustwide/rustup-home:ro,Z" "-e" "SOURCE_DIR=/opt/rustwide/workdir" "-e" "CARGO_TARGET_DIR=/opt/rustwide/target" "-e" "CARGO_HOME=/opt/rustwide/cargo-home" "-e" "RUSTUP_HOME=/opt/rustwide/rustup-home" "-w" "/opt/rustwide/workdir" "-m" "1610612736" "--user" "0:0" "--network" "none" "ghcr.io/rust-lang/crates-build-env/linux@sha256:2788e3201cd34a07e3172128adcd8b3090168a8e3bcc40d7c032b9dda1df7d1c" "/opt/rustwide/cargo-home/bin/cargo" "+1.75.0" "metadata" "--no-deps" "--format-version=1", kill_on_drop: false }`
[INFO] [stdout] 7d845fee468ccc3b180c16bba8afc1b687edb03ad2f8f2baa89920fcacab6fc6
[INFO] running `Command { std: "docker" "start" "-a" "7d845fee468ccc3b180c16bba8afc1b687edb03ad2f8f2baa89920fcacab6fc6", kill_on_drop: false }`
[INFO] running `Command { std: "docker" "inspect" "7d845fee468ccc3b180c16bba8afc1b687edb03ad2f8f2baa89920fcacab6fc6", kill_on_drop: false }`
[INFO] running `Command { std: "docker" "rm" "-f" "7d845fee468ccc3b180c16bba8afc1b687edb03ad2f8f2baa89920fcacab6fc6", kill_on_drop: false }`
[INFO] [stdout] 7d845fee468ccc3b180c16bba8afc1b687edb03ad2f8f2baa89920fcacab6fc6
[INFO] running `Command { std: "docker" "create" "-v" "/var/lib/crater-agent-workspace/builds/worker-1-tc1/target:/opt/rustwide/target:rw,Z" "-v" "/var/lib/crater-agent-workspace/builds/worker-1-tc1/source:/opt/rustwide/workdir:ro,Z" "-v" "/var/lib/crater-agent-workspace/cargo-home:/opt/rustwide/cargo-home:ro,Z" "-v" "/var/lib/crater-agent-workspace/rustup-home:/opt/rustwide/rustup-home:ro,Z" "-e" "SOURCE_DIR=/opt/rustwide/workdir" "-e" "CARGO_TARGET_DIR=/opt/rustwide/target" "-e" "CARGO_INCREMENTAL=0" "-e" "RUST_BACKTRACE=full" "-e" "RUSTFLAGS=--cap-lints=warn" "-e" "RUSTDOCFLAGS=--cap-lints=warn" "-e" "CARGO_HOME=/opt/rustwide/cargo-home" "-e" "RUSTUP_HOME=/opt/rustwide/rustup-home" "-w" "/opt/rustwide/workdir" "-m" "1610612736" "--user" "0:0" "--network" "none" "ghcr.io/rust-lang/crates-build-env/linux@sha256:2788e3201cd34a07e3172128adcd8b3090168a8e3bcc40d7c032b9dda1df7d1c" "/opt/rustwide/cargo-home/bin/cargo" "+1.75.0" "doc" "--frozen" "--no-deps" "--document-private-items" "--message-format=json", kill_on_drop: false }`
[INFO] [stdout] aabbb47e0a612417f5bc3035a9c48d2963eae58595b9df0f1c2d01b822883af8
[INFO] running `Command { std: "docker" "start" "-a" "aabbb47e0a612417f5bc3035a9c48d2963eae58595b9df0f1c2d01b822883af8", kill_on_drop: false }`
[INFO] [stderr]    Compiling proc-macro2 v1.0.76
[INFO] [stderr]    Compiling serde v1.0.195
[INFO] [stderr]    Compiling smallvec v1.11.2
[INFO] [stderr]    Compiling equivalent v1.0.1
[INFO] [stderr]    Compiling hashbrown v0.14.3
[INFO] [stderr]    Compiling winnow v0.5.33
[INFO] [stderr]    Compiling target-lexicon v0.12.13
[INFO] [stderr]    Compiling version-compare v0.1.1
[INFO] [stderr]    Compiling libc v0.2.151
[INFO] [stderr]    Compiling cfg-if v1.0.0
[INFO] [stderr]    Compiling syn v1.0.109
[INFO] [stderr]    Compiling siphasher v0.3.11
[INFO] [stderr]    Compiling ppv-lite86 v0.2.17
[INFO] [stderr]    Compiling once_cell v1.19.0
[INFO] [stderr]    Compiling getrandom v0.1.16
[INFO] [stderr]    Compiling thiserror v1.0.56
[INFO] [stderr]    Compiling anyhow v1.0.79
[INFO] [stderr]    Compiling phf_shared v0.10.0
[INFO] [stderr]    Compiling indexmap v2.1.0
[INFO] [stderr]    Compiling phf_shared v0.8.0
[INFO] [stderr]    Compiling unicode-segmentation v1.10.1
[INFO] [stderr]    Compiling cfg-expr v0.15.6
[INFO] [stderr]    Compiling quote v1.0.35
[INFO] [stderr]    Compiling getrandom v0.2.11
[INFO] [stderr]    Compiling syn v2.0.48
[INFO] [stderr]    Compiling rand_core v0.6.4
[INFO] [stderr]    Compiling heck v0.3.3
[INFO] [stderr]    Compiling rand_core v0.5.1
[INFO] [stderr]    Compiling rand_chacha v0.3.1
[INFO] [stderr]    Compiling proc-macro-error-attr v1.0.4
[INFO] [stderr]     Checking futures-channel v0.3.30
[INFO] [stderr]    Compiling cfg-expr v0.9.1
[INFO] [stderr]    Compiling rand_chacha v0.2.2
[INFO] [stderr]    Compiling rand v0.8.5
[INFO] [stderr]    Compiling rand_pcg v0.2.1
[INFO] [stderr]    Compiling version-compare v0.0.11
[INFO] [stderr]    Compiling rand v0.7.3
[INFO] [stderr]    Compiling crc32fast v1.3.2
[INFO] [stderr]    Compiling strsim v0.10.0
[INFO] [stderr]    Compiling convert_case v0.4.0
[INFO] [stderr]    Compiling gio v0.15.12
[INFO] [stderr]    Compiling phf_shared v0.11.2
[INFO] [stderr]    Compiling phf_generator v0.10.0
[INFO] [stderr]    Compiling phf_generator v0.11.2
[INFO] [stderr]    Compiling memoffset v0.9.0
[INFO] [stderr]    Compiling byteorder v1.5.0
[INFO] [stderr]    Compiling phf_codegen v0.10.0
[INFO] [stderr]    Compiling string_cache_codegen v0.5.2
[INFO] [stderr]    Compiling new_debug_unreachable v1.0.4
[INFO] [stderr]    Compiling scopeguard v1.2.0
[INFO] [stderr]    Compiling serde_json v1.0.111
[INFO] [stderr]    Compiling lock_api v0.4.11
[INFO] [stderr]    Compiling typenum v1.17.0
[INFO] [stderr]    Compiling field-offset v0.3.6
[INFO] [stderr]    Compiling phf_generator v0.8.0
[INFO] [stderr]    Compiling phf_codegen v0.8.0
[INFO] [stderr]    Compiling parking_lot_core v0.9.9
[INFO] [stderr]    Compiling precomputed-hash v0.1.1
[INFO] [stderr]    Compiling selectors v0.22.0
[INFO] [stderr]    Compiling mac v0.1.1
[INFO] [stderr]    Compiling markup5ever v0.11.0
[INFO] [stderr]    Compiling futf v0.1.5
[INFO] [stderr]    Compiling parking_lot v0.12.1
[INFO] [stderr]    Compiling generic-array v0.14.7
[INFO] [stderr]     Checking uuid v1.6.1
[INFO] [stderr]    Compiling gtk v0.15.5
[INFO] [stderr]    Compiling log v0.4.20
[INFO] [stderr]     Checking utf-8 v0.7.6
[INFO] [stderr]    Compiling tinyvec_macros v0.1.1
[INFO] [stderr]    Compiling dtoa v1.0.9
[INFO] [stderr]     Checking simd-adler32 v0.3.7
[INFO] [stderr]    Compiling bitflags v1.3.2
[INFO] [stderr]    Compiling tendril v0.4.3
[INFO] [stderr]    Compiling dtoa-short v0.3.4
[INFO] [stderr]    Compiling tinyvec v1.6.0
[INFO] [stderr]     Checking phf v0.10.1
[INFO] [stderr]    Compiling x11 v2.21.0
[INFO] [stderr]    Compiling stable_deref_trait v1.2.0
[INFO] [stderr]     Checking alloc-no-stdlib v2.0.4
[INFO] [stderr]     Checking nodrop v0.1.14
[INFO] [stderr]     Checking matches v0.1.10
[INFO] [stderr]    Compiling itoa v0.4.8
[INFO] [stderr]    Compiling adler v1.0.2
[INFO] [stderr]    Compiling itoa v1.0.10
[INFO] [stderr]    Compiling ryu v1.0.16
[INFO] [stderr]     Checking servo_arc v0.1.1
[INFO] [stderr]    Compiling alloc-stdlib v0.2.2
[INFO] [stderr]     Checking miniz_oxide v0.7.1
[INFO] [stderr]    Compiling darling_core v0.20.3
[INFO] [stderr]     Checking fxhash v0.2.1
[INFO] [stderr]    Compiling unicode-normalization v0.1.22
[INFO] [stderr]    Compiling proc-macro-error v1.0.4
[INFO] [stderr]    Compiling cc v1.0.83
[INFO] [stderr]    Compiling x11-dl v2.21.0
[INFO] [stderr]    Compiling unicode-bidi v0.3.14
[INFO] [stderr]     Checking same-file v1.0.6
[INFO] [stderr]    Compiling semver v1.0.21
[INFO] [stderr]    Compiling percent-encoding v2.3.1
[INFO] [stderr]    Compiling rustix v0.38.28
[INFO] [stderr]    Compiling thin-slice v0.1.1
[INFO] [stderr]    Compiling hashbrown v0.12.3
[INFO] [stderr]    Compiling idna v0.5.0
[INFO] [stderr]    Compiling form_urlencoded v1.2.1
[INFO] [stderr]     Checking walkdir v2.4.0
[INFO] [stderr]    Compiling cfb v0.7.3
[INFO] [stderr]    Compiling flate2 v1.0.28
[INFO] [stderr]    Compiling indexmap v1.9.3
[INFO] [stderr]    Compiling tao v0.16.5
[INFO] [stderr]     Checking brotli-decompressor v2.5.1
[INFO] [stderr]    Compiling block-buffer v0.10.4
[INFO] [stderr]    Compiling crypto-common v0.1.6
[INFO] [stderr]    Compiling fdeflate v0.3.3
[INFO] [stderr]     Checking linux-raw-sys v0.4.12
[INFO] [stderr]    Compiling serde_derive v1.0.195
[INFO] [stderr]    Compiling thiserror-impl v1.0.56
[INFO] [stderr]    Compiling futures-macro v0.3.30
[INFO] [stderr]    Compiling cssparser-macros v0.6.1
[INFO] [stderr]    Compiling darling_macro v0.20.3
[INFO] [stderr]    Compiling phf_macros v0.8.0
[INFO] [stderr]    Compiling cssparser v0.27.2
[INFO] [stderr]    Compiling html5ever v0.26.0
[INFO] [stderr]    Compiling derive_more v0.99.17
[INFO] [stderr]    Compiling darling v0.20.3
[INFO] [stderr]    Compiling serde_with_macros v3.4.0
[INFO] [stderr]     Checking futures-util v0.3.30
[INFO] [stderr]    Compiling phf_macros v0.11.2
[INFO] [stderr]    Compiling phf v0.8.0
[INFO] [stderr]    Compiling ctor v0.2.6
[INFO] [stderr]     Checking raw-window-handle v0.5.2
[INFO] [stderr]     Checking phf v0.11.2
[INFO] [stderr]     Checking infer v0.13.0
[INFO] [stderr]    Compiling brotli v3.4.0
[INFO] [stderr]     Checking futures-executor v0.3.30
[INFO] [stderr]     Checking png v0.17.10
[INFO] [stderr]    Compiling digest v0.10.7
[INFO] [stderr]     Checking http v0.2.11
[INFO] [stderr]     Checking crossbeam-channel v0.5.10
[INFO] [stderr]     Checking aho-corasick v1.1.2
[INFO] [stderr]     Checking instant v0.1.12
[INFO] [stderr]     Checking glob v0.3.1
[INFO] [stderr]    Compiling cpufeatures v0.2.12
[INFO] [stderr]     Checking dunce v1.0.4
[INFO] [stderr]    Compiling tauri-runtime v0.14.2
[INFO] [stderr]     Checking regex-syntax v0.8.2
[INFO] [stderr]     Checking heck v0.4.1
[INFO] [stderr]    Compiling wry v0.24.7
[INFO] [stderr]    Compiling sha2 v0.10.8
[INFO] [stderr]    Compiling ico v0.3.0
[INFO] [stderr]     Checking regex-automata v0.4.3
[INFO] [stderr]     Checking string_cache v0.8.7
[INFO] [stderr]     Checking url v2.5.0
[INFO] [stderr]    Compiling toml_datetime v0.6.5
[INFO] [stderr]    Compiling serde_spanned v0.6.5
[INFO] [stderr]    Compiling toml v0.5.11
[INFO] [stderr]    Compiling toml_edit v0.21.0
[INFO] [stderr]    Compiling toml_edit v0.19.15
[INFO] [stderr]     Checking treediff v4.0.2
[INFO] [stderr]     Checking json-patch v1.2.0
[INFO] [stderr]    Compiling serde_with v3.4.0
[INFO] [stderr]    Compiling system-deps v5.0.0
[INFO] [stderr]    Compiling proc-macro-crate v1.3.1
[INFO] [stderr]     Checking kuchikiki v0.8.2
[INFO] [stderr]    Compiling toml v0.8.8
[INFO] [stderr]    Compiling soup2-sys v0.2.0
[INFO] [stderr]    Compiling javascriptcore-rs-sys v0.4.0
[INFO] [stderr]    Compiling system-deps v6.2.0
[INFO] [stderr]     Checking crossbeam-epoch v0.9.17
[INFO] [stderr]     Checking bstr v1.9.0
[INFO] [stderr]     Checking http-range v0.1.5
[INFO] [stderr]    Compiling tauri-utils v1.5.2
[INFO] [stderr]    Compiling base64 v0.21.5
[INFO] [stderr]    Compiling tauri-runtime-wry v0.14.3
[INFO] [stderr]     Checking globset v0.4.14
[INFO] [stderr]     Checking crossbeam-deque v0.8.4
[INFO] [stderr]     Checking xattr v1.2.0
[INFO] [stderr]    Compiling serialize-to-javascript-impl v0.1.1
[INFO] [stderr]    Compiling tauri v1.5.4
[INFO] [stderr]     Checking filetime v0.2.23
[INFO] [stderr]     Checking dirs-sys-next v0.1.2
[INFO] [stderr]     Checking num_cpus v1.16.0
[INFO] [stderr]     Checking fastrand v2.0.1
[INFO] [stderr]    Compiling glib-macros v0.15.13
[INFO] [stderr]    Compiling gtk3-macros v0.15.6
[INFO] [stderr]     Checking tempfile v3.9.0
[INFO] [stderr]    Compiling glib-sys v0.15.10
[INFO] [stderr]    Compiling gobject-sys v0.15.10
[INFO] [stderr]    Compiling gdk-sys v0.15.1
[INFO] [stderr]    Compiling gio-sys v0.15.10
[INFO] [stderr]    Compiling gdk-pixbuf-sys v0.15.10
[INFO] [stderr]    Compiling atk-sys v0.15.1
[INFO] [stderr]    Compiling cairo-sys-rs v0.15.1
[INFO] [stderr]    Compiling pango-sys v0.15.10
[INFO] [stderr]    Compiling gtk-sys v0.15.3
[INFO] [stderr]    Compiling webkit2gtk-sys v0.18.0
[INFO] [stderr]    Compiling gdkx11-sys v0.15.1
[INFO] [stderr]     Checking serialize-to-javascript v0.1.1
[INFO] [stderr]     Checking tokio v1.35.1
[INFO] [stderr]     Checking tar v0.4.40
[INFO] [stderr]     Checking dirs-next v2.0.0
[INFO] [stderr]     Checking ignore v0.4.22
[INFO] [stderr]    Compiling serde_repr v0.1.18
[INFO] [stderr]     Checking encoding_rs v0.8.33
[INFO] [stderr]    Compiling tauri-codegen v1.4.2
[INFO] [stderr]     Checking gdkwayland-sys v0.15.3
[INFO] [stderr]    Compiling Inflector v0.11.4
[INFO] [stderr]     Checking state v0.5.3
[INFO] [stderr]     Checking glib v0.15.12
[INFO] [stderr]    Compiling specta-macros v2.0.0-rc.7
[INFO] [stderr]    Compiling tauri-specta-macros v2.0.0-rc.3
[INFO] [stderr]    Compiling indoc v2.0.4
[INFO] [stderr]    Compiling tauri-macros v1.4.3
[INFO] [stderr]     Checking cairo-rs v0.15.12
[INFO] [stderr]     Checking pango v0.15.10
[INFO] [stderr]     Checking atk v0.15.1
[INFO] [stderr]     Checking javascriptcore-rs v0.16.0
[INFO] [stderr]     Checking gdk-pixbuf v0.15.11
[INFO] [stderr]     Checking soup2 v0.2.1
[INFO] [stderr]     Checking gdk v0.15.4
[INFO] [stderr]     Checking webkit2gtk v0.18.2
[INFO] [stderr]     Checking specta v2.0.0-rc.6
[INFO] [stdout] error[E0053]: method `inline` has an incompatible type for trait
[INFO] [stdout]    --> /opt/rustwide/cargo-home/registry/src/index.crates.io-6f17d22bba15001f/specta-2.0.0-rc.6/src/type/impls.rs:169:10
[INFO] [stdout]     |
[INFO] [stdout] 169 | #[derive(Type)]
[INFO] [stdout]     |          ^^^^
[INFO] [stdout]     |          |
[INFO] [stdout]     |          expected `datatype::DefOpts<'_>`, found `&mut BTreeMap<SpectaID, ...>`
[INFO] [stdout]     |          help: change the parameter type to match the trait: `datatype::DefOpts<'_>`
[INFO] [stdout]     |
[INFO] [stdout] note: type in trait
[INFO] [stdout]    --> /opt/rustwide/cargo-home/registry/src/index.crates.io-6f17d22bba15001f/specta-2.0.0-rc.6/src/type/mod.rs:22:21
[INFO] [stdout]     |
[INFO] [stdout] 22  |     fn inline(opts: DefOpts, generics: &[DataType]) -> DataType;
[INFO] [stdout]     |                     ^^^^^^^
[INFO] [stdout]     = note: expected signature `fn(datatype::DefOpts<'_>, &[datatype::DataType]) -> datatype::DataType`
[INFO] [stdout]                found signature `fn(&mut std::collections::BTreeMap<specta_id::SpectaID, Option<named::NamedDataType>>, &[datatype::DataType]) -> datatype::DataType`
[INFO] [stdout]     = note: this error originates in the derive macro `Type` (in Nightly builds, run with -Z macro-backtrace for more info)
[INFO] [stdout] 
[INFO] [stdout] 
[INFO] [stdout] error[E0053]: method `definition` has an incompatible type for trait
[INFO] [stdout]    --> /opt/rustwide/cargo-home/registry/src/index.crates.io-6f17d22bba15001f/specta-2.0.0-rc.6/src/type/impls.rs:169:10
[INFO] [stdout]     |
[INFO] [stdout] 169 | #[derive(Type)]
[INFO] [stdout]     |          ^^^^
[INFO] [stdout]     |          |
[INFO] [stdout]     |          expected `datatype::DefOpts<'_>`, found `&mut BTreeMap<SpectaID, ...>`
[INFO] [stdout]     |          help: change the parameter type to match the trait: `datatype::DefOpts<'_>`
[INFO] [stdout]     |
[INFO] [stdout] note: type in trait
[INFO] [stdout]    --> /opt/rustwide/cargo-home/registry/src/index.crates.io-6f17d22bba15001f/specta-2.0.0-rc.6/src/type/mod.rs:37:25
[INFO] [stdout]     |
[INFO] [stdout] 37  |     fn definition(opts: DefOpts) -> DataType {
[INFO] [stdout]     |                         ^^^^^^^
[INFO] [stdout]     = note: expected signature `fn(datatype::DefOpts<'_>) -> datatype::DataType`
[INFO] [stdout]                found signature `fn(&mut std::collections::BTreeMap<specta_id::SpectaID, Option<named::NamedDataType>>) -> datatype::DataType`
[INFO] [stdout]     = note: this error originates in the derive macro `Type` (in Nightly builds, run with -Z macro-backtrace for more info)
[INFO] [stdout] 
[INFO] [stdout] 
[INFO] [stdout] error[E0053]: method `reference` has an incompatible type for trait
[INFO] [stdout]    --> /opt/rustwide/cargo-home/registry/src/index.crates.io-6f17d22bba15001f/specta-2.0.0-rc.6/src/type/impls.rs:169:10
[INFO] [stdout]     |
[INFO] [stdout] 169 | #[derive(Type)]
[INFO] [stdout]     |          ^^^^
[INFO] [stdout]     |          |
[INFO] [stdout]     |          expected `datatype::DefOpts<'_>`, found `&mut BTreeMap<SpectaID, ...>`
[INFO] [stdout]     |          help: change the parameter type to match the trait: `datatype::DefOpts<'_>`
[INFO] [stdout]     |
[INFO] [stdout] note: type in trait
[INFO] [stdout]    --> /opt/rustwide/cargo-home/registry/src/index.crates.io-6f17d22bba15001f/specta-2.0.0-rc.6/src/type/mod.rs:51:24
[INFO] [stdout]     |
[INFO] [stdout] 51  |     fn reference(opts: DefOpts, generics: &[DataType]) -> Reference {
[INFO] [stdout]     |                        ^^^^^^^
[INFO] [stdout]     = note: expected signature `fn(datatype::DefOpts<'_>, &[datatype::DataType]) -> Reference`
[INFO] [stdout]                found signature `fn(&mut std::collections::BTreeMap<specta_id::SpectaID, Option<named::NamedDataType>>, &[datatype::DataType]) -> Reference`
[INFO] [stdout]     = note: this error originates in the derive macro `Type` (in Nightly builds, run with -Z macro-backtrace for more info)
[INFO] [stdout] 
[INFO] [stdout] 
[INFO] [stdout] error[E0053]: method `named_data_type` has an incompatible type for trait
[INFO] [stdout]    --> /opt/rustwide/cargo-home/registry/src/index.crates.io-6f17d22bba15001f/specta-2.0.0-rc.6/src/type/impls.rs:169:10
[INFO] [stdout]     |
[INFO] [stdout] 169 | #[derive(Type)]
[INFO] [stdout]     |          ^^^^
[INFO] [stdout]     |          |
[INFO] [stdout]     |          expected `datatype::DefOpts<'_>`, found `&mut BTreeMap<SpectaID, ...>`
[INFO] [stdout]     |          help: change the parameter type to match the trait: `datatype::DefOpts<'_>`
[INFO] [stdout]     |
[INFO] [stdout] note: type in trait
[INFO] [stdout]    --> /opt/rustwide/cargo-home/registry/src/index.crates.io-6f17d22bba15001f/specta-2.0.0-rc.6/src/type/mod.rs:63:30
[INFO] [stdout]     |
[INFO] [stdout] 63  |     fn named_data_type(opts: DefOpts, generics: &[DataType]) -> NamedDataType;
[INFO] [stdout]     |                              ^^^^^^^
[INFO] [stdout]     = note: expected signature `fn(datatype::DefOpts<'_>, &[datatype::DataType]) -> named::NamedDataType`
[INFO] [stdout]                found signature `fn(&mut std::collections::BTreeMap<specta_id::SpectaID, Option<named::NamedDataType>>, &[datatype::DataType]) -> named::NamedDataType`
[INFO] [stdout]     = note: this error originates in the derive macro `Type` (in Nightly builds, run with -Z macro-backtrace for more info)
[INFO] [stdout] 
[INFO] [stdout] 
[INFO] [stdout] error[E0053]: method `definition_named_data_type` has an incompatible type for trait
[INFO] [stdout]    --> /opt/rustwide/cargo-home/registry/src/index.crates.io-6f17d22bba15001f/specta-2.0.0-rc.6/src/type/impls.rs:169:10
[INFO] [stdout]     |
[INFO] [stdout] 169 | #[derive(Type)]
[INFO] [stdout]     |          ^^^^
[INFO] [stdout]     |          |
[INFO] [stdout]     |          expected `datatype::DefOpts<'_>`, found `&mut BTreeMap<SpectaID, ...>`
[INFO] [stdout]     |          help: change the parameter type to match the trait: `datatype::DefOpts<'_>`
[INFO] [stdout]     |
[INFO] [stdout] note: type in trait
[INFO] [stdout]    --> /opt/rustwide/cargo-home/registry/src/index.crates.io-6f17d22bba15001f/specta-2.0.0-rc.6/src/type/mod.rs:66:41
[INFO] [stdout]     |
[INFO] [stdout] 66  |     fn definition_named_data_type(opts: DefOpts) -> NamedDataType {
[INFO] [stdout]     |                                         ^^^^^^^
[INFO] [stdout]     = note: expected signature `fn(datatype::DefOpts<'_>) -> named::NamedDataType`
[INFO] [stdout]                found signature `fn(&mut std::collections::BTreeMap<specta_id::SpectaID, Option<named::NamedDataType>>) -> named::NamedDataType`
[INFO] [stdout]     = note: this error originates in the derive macro `Type` (in Nightly builds, run with -Z macro-backtrace for more info)
[INFO] [stdout] 
[INFO] [stdout] 
[INFO] [stdout] error[E0053]: method `inline` has an incompatible type for trait
[INFO] [stdout]    --> /opt/rustwide/cargo-home/registry/src/index.crates.io-6f17d22bba15001f/specta-2.0.0-rc.6/src/type/impls.rs:219:10
[INFO] [stdout]     |
[INFO] [stdout] 219 | #[derive(Type)]
[INFO] [stdout]     |          ^^^^
[INFO] [stdout]     |          |
[INFO] [stdout]     |          expected `datatype::DefOpts<'_>`, found `&mut BTreeMap<SpectaID, ...>`
[INFO] [stdout]     |          help: change the parameter type to match the trait: `datatype::DefOpts<'_>`
[INFO] [stdout]     |
[INFO] [stdout] note: type in trait
[INFO] [stdout]    --> /opt/rustwide/cargo-home/registry/src/index.crates.io-6f17d22bba15001f/specta-2.0.0-rc.6/src/type/mod.rs:22:21
[INFO] [stdout]     |
[INFO] [stdout] 22  |     fn inline(opts: DefOpts, generics: &[DataType]) -> DataType;
[INFO] [stdout]     |                     ^^^^^^^
[INFO] [stdout]     = note: expected signature `fn(datatype::DefOpts<'_>, &[datatype::DataType]) -> datatype::DataType`
[INFO] [stdout]                found signature `fn(&mut std::collections::BTreeMap<specta_id::SpectaID, Option<named::NamedDataType>>, &[datatype::DataType]) -> datatype::DataType`
[INFO] [stdout]     = note: this error originates in the derive macro `Type` (in Nightly builds, run with -Z macro-backtrace for more info)
[INFO] [stdout] 
[INFO] [stdout] 
[INFO] [stdout] error[E0053]: method `definition` has an incompatible type for trait
[INFO] [stdout]    --> /opt/rustwide/cargo-home/registry/src/index.crates.io-6f17d22bba15001f/specta-2.0.0-rc.6/src/type/impls.rs:219:10
[INFO] [stdout]     |
[INFO] [stdout] 219 | #[derive(Type)]
[INFO] [stdout]     |          ^^^^
[INFO] [stdout]     |          |
[INFO] [stdout]     |          expected `datatype::DefOpts<'_>`, found `&mut BTreeMap<SpectaID, ...>`
[INFO] [stdout]     |          help: change the parameter type to match the trait: `datatype::DefOpts<'_>`
[INFO] [stdout]     |
[INFO] [stdout] note: type in trait
[INFO] [stdout]    --> /opt/rustwide/cargo-home/registry/src/index.crates.io-6f17d22bba15001f/specta-2.0.0-rc.6/src/type/mod.rs:37:25
[INFO] [stdout]     |
[INFO] [stdout] 37  |     fn definition(opts: DefOpts) -> DataType {
[INFO] [stdout]     |                         ^^^^^^^
[INFO] [stdout]     = note: expected signature `fn(datatype::DefOpts<'_>) -> datatype::DataType`
[INFO] [stdout]                found signature `fn(&mut std::collections::BTreeMap<specta_id::SpectaID, Option<named::NamedDataType>>) -> datatype::DataType`
[INFO] [stdout]     = note: this error originates in the derive macro `Type` (in Nightly builds, run with -Z macro-backtrace for more info)
[INFO] [stdout] 
[INFO] [stdout] 
[INFO] [stdout] error[E0053]: method `reference` has an incompatible type for trait
[INFO] [stdout]    --> /opt/rustwide/cargo-home/registry/src/index.crates.io-6f17d22bba15001f/specta-2.0.0-rc.6/src/type/impls.rs:219:10
[INFO] [stdout]     |
[INFO] [stdout] 219 | #[derive(Type)]
[INFO] [stdout]     |          ^^^^
[INFO] [stdout]     |          |
[INFO] [stdout]     |          expected `datatype::DefOpts<'_>`, found `&mut BTreeMap<SpectaID, ...>`
[INFO] [stdout]     |          help: change the parameter type to match the trait: `datatype::DefOpts<'_>`
[INFO] [stdout]     |
[INFO] [stdout] note: type in trait
[INFO] [stdout]    --> /opt/rustwide/cargo-home/registry/src/index.crates.io-6f17d22bba15001f/specta-2.0.0-rc.6/src/type/mod.rs:51:24
[INFO] [stdout]     |
[INFO] [stdout] 51  |     fn reference(opts: DefOpts, generics: &[DataType]) -> Reference {
[INFO] [stdout]     |                        ^^^^^^^
[INFO] [stdout]     = note: expected signature `fn(datatype::DefOpts<'_>, &[datatype::DataType]) -> Reference`
[INFO] [stdout]                found signature `fn(&mut std::collections::BTreeMap<specta_id::SpectaID, Option<named::NamedDataType>>, &[datatype::DataType]) -> Reference`
[INFO] [stdout]     = note: this error originates in the derive macro `Type` (in Nightly builds, run with -Z macro-backtrace for more info)
[INFO] [stdout] 
[INFO] [stdout] 
[INFO] [stdout] error[E0053]: method `named_data_type` has an incompatible type for trait
[INFO] [stdout]    --> /opt/rustwide/cargo-home/registry/src/index.crates.io-6f17d22bba15001f/specta-2.0.0-rc.6/src/type/impls.rs:219:10
[INFO] [stdout]     |
[INFO] [stdout] 219 | #[derive(Type)]
[INFO] [stdout]     |          ^^^^
[INFO] [stdout]     |          |
[INFO] [stdout]     |          expected `datatype::DefOpts<'_>`, found `&mut BTreeMap<SpectaID, ...>`
[INFO] [stdout]     |          help: change the parameter type to match the trait: `datatype::DefOpts<'_>`
[INFO] [stdout]     |
[INFO] [stdout] note: type in trait
[INFO] [stdout]    --> /opt/rustwide/cargo-home/registry/src/index.crates.io-6f17d22bba15001f/specta-2.0.0-rc.6/src/type/mod.rs:63:30
[INFO] [stdout]     |
[INFO] [stdout] 63  |     fn named_data_type(opts: DefOpts, generics: &[DataType]) -> NamedDataType;
[INFO] [stdout]     |                              ^^^^^^^
[INFO] [stdout]     = note: expected signature `fn(datatype::DefOpts<'_>, &[datatype::DataType]) -> named::NamedDataType`
[INFO] [stdout]                found signature `fn(&mut std::collections::BTreeMap<specta_id::SpectaID, Option<named::NamedDataType>>, &[datatype::DataType]) -> named::NamedDataType`
[INFO] [stdout]     = note: this error originates in the derive macro `Type` (in Nightly builds, run with -Z macro-backtrace for more info)
[INFO] [stdout] 
[INFO] [stdout] 
[INFO] [stdout] error[E0053]: method `definition_named_data_type` has an incompatible type for trait
[INFO] [stdout]    --> /opt/rustwide/cargo-home/registry/src/index.crates.io-6f17d22bba15001f/specta-2.0.0-rc.6/src/type/impls.rs:219:10
[INFO] [stdout]     |
[INFO] [stdout] 219 | #[derive(Type)]
[INFO] [stdout]     |          ^^^^
[INFO] [stdout]     |          |
[INFO] [stdout]     |          expected `datatype::DefOpts<'_>`, found `&mut BTreeMap<SpectaID, ...>`
[INFO] [stdout]     |          help: change the parameter type to match the trait: `datatype::DefOpts<'_>`
[INFO] [stdout]     |
[INFO] [stdout] note: type in trait
[INFO] [stdout]    --> /opt/rustwide/cargo-home/registry/src/index.crates.io-6f17d22bba15001f/specta-2.0.0-rc.6/src/type/mod.rs:66:41
[INFO] [stdout]     |
[INFO] [stdout] 66  |     fn definition_named_data_type(opts: DefOpts) -> NamedDataType {
[INFO] [stdout]     |                                         ^^^^^^^
[INFO] [stdout]     = note: expected signature `fn(datatype::DefOpts<'_>) -> named::NamedDataType`
[INFO] [stdout]                found signature `fn(&mut std::collections::BTreeMap<specta_id::SpectaID, Option<named::NamedDataType>>) -> named::NamedDataType`
[INFO] [stdout]     = note: this error originates in the derive macro `Type` (in Nightly builds, run with -Z macro-backtrace for more info)
[INFO] [stdout] 
[INFO] [stdout] 
[INFO] [stdout] error[E0053]: method `inline` has an incompatible type for trait
[INFO] [stdout]    --> /opt/rustwide/cargo-home/registry/src/index.crates.io-6f17d22bba15001f/specta-2.0.0-rc.6/src/type/impls.rs:227:10
[INFO] [stdout]     |
[INFO] [stdout] 227 | #[derive(Type)]
[INFO] [stdout]     |          ^^^^
[INFO] [stdout]     |          |
[INFO] [stdout]     |          expected `datatype::DefOpts<'_>`, found `&mut BTreeMap<SpectaID, ...>`
[INFO] [stdout]     |          help: change the parameter type to match the trait: `datatype::DefOpts<'_>`
[INFO] [stdout]     |
[INFO] [stdout] note: type in trait
[INFO] [stdout]    --> /opt/rustwide/cargo-home/registry/src/index.crates.io-6f17d22bba15001f/specta-2.0.0-rc.6/src/type/mod.rs:22:21
[INFO] [stdout]     |
[INFO] [stdout] 22  |     fn inline(opts: DefOpts, generics: &[DataType]) -> DataType;
[INFO] [stdout]     |                     ^^^^^^^
[INFO] [stdout]     = note: expected signature `fn(datatype::DefOpts<'_>, &[datatype::DataType]) -> datatype::DataType`
[INFO] [stdout]                found signature `fn(&mut std::collections::BTreeMap<specta_id::SpectaID, Option<named::NamedDataType>>, &[datatype::DataType]) -> datatype::DataType`
[INFO] [stdout]     = note: this error originates in the derive macro `Type` (in Nightly builds, run with -Z macro-backtrace for more info)
[INFO] [stdout] 
[INFO] [stdout] 
[INFO] [stdout] error[E0053]: method `definition` has an incompatible type for trait
[INFO] [stdout]    --> /opt/rustwide/cargo-home/registry/src/index.crates.io-6f17d22bba15001f/specta-2.0.0-rc.6/src/type/impls.rs:227:10
[INFO] [stdout]     |
[INFO] [stdout] 227 | #[derive(Type)]
[INFO] [stdout]     |          ^^^^
[INFO] [stdout]     |          |
[INFO] [stdout]     |          expected `datatype::DefOpts<'_>`, found `&mut BTreeMap<SpectaID, ...>`
[INFO] [stdout]     |          help: change the parameter type to match the trait: `datatype::DefOpts<'_>`
[INFO] [stdout]     |
[INFO] [stdout] note: type in trait
[INFO] [stdout]    --> /opt/rustwide/cargo-home/registry/src/index.crates.io-6f17d22bba15001f/specta-2.0.0-rc.6/src/type/mod.rs:37:25
[INFO] [stdout]     |
[INFO] [stdout] 37  |     fn definition(opts: DefOpts) -> DataType {
[INFO] [stdout]     |                         ^^^^^^^
[INFO] [stdout]     = note: expected signature `fn(datatype::DefOpts<'_>) -> datatype::DataType`
[INFO] [stdout]                found signature `fn(&mut std::collections::BTreeMap<specta_id::SpectaID, Option<named::NamedDataType>>) -> datatype::DataType`
[INFO] [stdout]     = note: this error originates in the derive macro `Type` (in Nightly builds, run with -Z macro-backtrace for more info)
[INFO] [stdout] 
[INFO] [stdout] 
[INFO] [stdout] error[E0053]: method `reference` has an incompatible type for trait
[INFO] [stdout]    --> /opt/rustwide/cargo-home/registry/src/index.crates.io-6f17d22bba15001f/specta-2.0.0-rc.6/src/type/impls.rs:227:10
[INFO] [stdout]     |
[INFO] [stdout] 227 | #[derive(Type)]
[INFO] [stdout]     |          ^^^^
[INFO] [stdout]     |          |
[INFO] [stdout]     |          expected `datatype::DefOpts<'_>`, found `&mut BTreeMap<SpectaID, ...>`
[INFO] [stdout]     |          help: change the parameter type to match the trait: `datatype::DefOpts<'_>`
[INFO] [stdout]     |
[INFO] [stdout] note: type in trait
[INFO] [stdout]    --> /opt/rustwide/cargo-home/registry/src/index.crates.io-6f17d22bba15001f/specta-2.0.0-rc.6/src/type/mod.rs:51:24
[INFO] [stdout]     |
[INFO] [stdout] 51  |     fn reference(opts: DefOpts, generics: &[DataType]) -> Reference {
[INFO] [stdout]     |                        ^^^^^^^
[INFO] [stdout]     = note: expected signature `fn(datatype::DefOpts<'_>, &[datatype::DataType]) -> Reference`
[INFO] [stdout]                found signature `fn(&mut std::collections::BTreeMap<specta_id::SpectaID, Option<named::NamedDataType>>, &[datatype::DataType]) -> Reference`
[INFO] [stdout]     = note: this error originates in the derive macro `Type` (in Nightly builds, run with -Z macro-backtrace for more info)
[INFO] [stdout] 
[INFO] [stdout] 
[INFO] [stdout] error[E0053]: method `named_data_type` has an incompatible type for trait
[INFO] [stdout]    --> /opt/rustwide/cargo-home/registry/src/index.crates.io-6f17d22bba15001f/specta-2.0.0-rc.6/src/type/impls.rs:227:10
[INFO] [stdout]     |
[INFO] [stdout] 227 | #[derive(Type)]
[INFO] [stdout]     |          ^^^^
[INFO] [stdout]     |          |
[INFO] [stdout]     |          expected `datatype::DefOpts<'_>`, found `&mut BTreeMap<SpectaID, ...>`
[INFO] [stdout]     |          help: change the parameter type to match the trait: `datatype::DefOpts<'_>`
[INFO] [stdout]     |
[INFO] [stdout] note: type in trait
[INFO] [stdout]    --> /opt/rustwide/cargo-home/registry/src/index.crates.io-6f17d22bba15001f/specta-2.0.0-rc.6/src/type/mod.rs:63:30
[INFO] [stdout]     |
[INFO] [stdout] 63  |     fn named_data_type(opts: DefOpts, generics: &[DataType]) -> NamedDataType;
[INFO] [stdout]     |                              ^^^^^^^
[INFO] [stdout]     = note: expected signature `fn(datatype::DefOpts<'_>, &[datatype::DataType]) -> named::NamedDataType`
[INFO] [stdout]                found signature `fn(&mut std::collections::BTreeMap<specta_id::SpectaID, Option<named::NamedDataType>>, &[datatype::DataType]) -> named::NamedDataType`
[INFO] [stdout]     = note: this error originates in the derive macro `Type` (in Nightly builds, run with -Z macro-backtrace for more info)
[INFO] [stdout] 
[INFO] [stdout] 
[INFO] [stdout] error[E0053]: method `definition_named_data_type` has an incompatible type for trait
[INFO] [stdout]    --> /opt/rustwide/cargo-home/registry/src/index.crates.io-6f17d22bba15001f/specta-2.0.0-rc.6/src/type/impls.rs:227:10
[INFO] [stdout]     |
[INFO] [stdout] 227 | #[derive(Type)]
[INFO] [stdout]     |          ^^^^
[INFO] [stdout]     |          |
[INFO] [stdout]     |          expected `datatype::DefOpts<'_>`, found `&mut BTreeMap<SpectaID, ...>`
[INFO] [stdout]     |          help: change the parameter type to match the trait: `datatype::DefOpts<'_>`
[INFO] [stdout]     |
[INFO] [stdout] note: type in trait
[INFO] [stdout]    --> /opt/rustwide/cargo-home/registry/src/index.crates.io-6f17d22bba15001f/specta-2.0.0-rc.6/src/type/mod.rs:66:41
[INFO] [stdout]     |
[INFO] [stdout] 66  |     fn definition_named_data_type(opts: DefOpts) -> NamedDataType {
[INFO] [stdout]     |                                         ^^^^^^^
[INFO] [stdout]     = note: expected signature `fn(datatype::DefOpts<'_>) -> named::NamedDataType`
[INFO] [stdout]                found signature `fn(&mut std::collections::BTreeMap<specta_id::SpectaID, Option<named::NamedDataType>>) -> named::NamedDataType`
[INFO] [stdout]     = note: this error originates in the derive macro `Type` (in Nightly builds, run with -Z macro-backtrace for more info)
[INFO] [stdout] 
[INFO] [stdout] 
[INFO] [stdout] error[E0061]: this function takes 4 arguments but 6 arguments were supplied
[INFO] [stdout]    --> /opt/rustwide/cargo-home/registry/src/index.crates.io-6f17d22bba15001f/specta-2.0.0-rc.6/src/type/impls.rs:169:10
[INFO] [stdout]     |
[INFO] [stdout] 169 | #[derive(Type)]
[INFO] [stdout]     |          ^^^^
[INFO] [stdout]     |          |
[INFO] [stdout]     |          unexpected argument of type `specta_id::SpectaID`
[INFO] [stdout]     |          unexpected argument of type `bool`
[INFO] [stdout]     |
[INFO] [stdout] note: function defined here
[INFO] [stdout]    --> /opt/rustwide/cargo-home/registry/src/index.crates.io-6f17d22bba15001f/specta-2.0.0-rc.6/src/internal.rs:68:18
[INFO] [stdout]     |
[INFO] [stdout] 68  |     pub const fn r#enum(
[INFO] [stdout]     |                  ^^^^^^
[INFO] [stdout] 69  |         name: Cow<'static, str>,
[INFO] [stdout]     |         -----------------------
[INFO] [stdout] 70  |         repr: EnumRepr,
[INFO] [stdout]     |         --------------
[INFO] [stdout] 71  |         generics: Vec<GenericType>,
[INFO] [stdout]     |         --------------------------
[INFO] [stdout] 72  |         variants: Vec<(Cow<'static, str>, EnumVariant)>,
[INFO] [stdout]     |         -----------------------------------------------
[INFO] [stdout]     = note: this error originates in the derive macro `Type` (in Nightly builds, run with -Z macro-backtrace for more info)
[INFO] [stdout] 
[INFO] [stdout] 
[INFO] [stdout] error[E0308]: mismatched types
[INFO] [stdout]    --> /opt/rustwide/cargo-home/registry/src/index.crates.io-6f17d22bba15001f/specta-2.0.0-rc.6/src/type/impls.rs:169:10
[INFO] [stdout]     |
[INFO] [stdout] 169 | #[derive(Type)]
[INFO] [stdout]     |          ^^^^
[INFO] [stdout]     |          |
[INFO] [stdout]     |          expected `DefOpts<'_>`, found `&mut BTreeMap<SpectaID, ...>`
[INFO] [stdout]     |          arguments to this function are incorrect
[INFO] [stdout]     |
[INFO] [stdout]     = note:         expected struct `datatype::DefOpts<'_>`
[INFO] [stdout]             found mutable reference `&mut std::collections::BTreeMap<specta_id::SpectaID, Option<named::NamedDataType>>`
[INFO] [stdout] note: associated function defined here
[INFO] [stdout]    --> /opt/rustwide/cargo-home/registry/src/index.crates.io-6f17d22bba15001f/specta-2.0.0-rc.6/src/type/mod.rs:22:8
[INFO] [stdout]     |
[INFO] [stdout] 22  |     fn inline(opts: DefOpts, generics: &[DataType]) -> DataType;
[INFO] [stdout]     |        ^^^^^^
[INFO] [stdout]     = note: this error originates in the derive macro `Type` (in Nightly builds, run with -Z macro-backtrace for more info)
[INFO] [stdout] 
[INFO] [stdout] 
[INFO] [stdout] error[E0061]: this function takes 3 arguments but 2 arguments were supplied
[INFO] [stdout]    --> /opt/rustwide/cargo-home/registry/src/index.crates.io-6f17d22bba15001f/specta-2.0.0-rc.6/src/type/impls.rs:169:10
[INFO] [stdout]     |
[INFO] [stdout] 169 | #[derive(Type)]
[INFO] [stdout]     |          ^^^^
[INFO] [stdout]     |          |
[INFO] [stdout]     |          expected `DefOpts<'_>`, found `&mut BTreeMap<SpectaID, ...>`
[INFO] [stdout]     |          an argument of type `&[datatype::DataType]` is missing
[INFO] [stdout]     |
[INFO] [stdout]     = note:         expected struct `datatype::DefOpts<'_>`
[INFO] [stdout]             found mutable reference `&mut std::collections::BTreeMap<specta_id::SpectaID, Option<named::NamedDataType>>`
[INFO] [stdout] note: function defined here
[INFO] [stdout]    --> /opt/rustwide/cargo-home/registry/src/index.crates.io-6f17d22bba15001f/specta-2.0.0-rc.6/src/type/mod.rs:98:12
[INFO] [stdout]     |
[INFO] [stdout] 98  |     pub fn reference<T: NamedType>(
[INFO] [stdout]     |            ^^^^^^^^^
[INFO] [stdout] 99  |         opts: DefOpts,
[INFO] [stdout]     |         -------------
[INFO] [stdout] 100 |         generics: &[DataType],
[INFO] [stdout]     |         ---------------------
[INFO] [stdout] 101 |         reference: DataTypeReference,
[INFO] [stdout]     |         ----------------------------
[INFO] [stdout]     = note: this error originates in the derive macro `Type` (in Nightly builds, run with -Z macro-backtrace for more info)
[INFO] [stdout] help: provide the argument
[INFO] [stdout]     |
[INFO] [stdout] 169 | #[derive(Type(/* datatype::DefOpts<'_> */, /* &[datatype::DataType] */, Type))]
[INFO] [stdout]     |              ++++++++++++++++++++++++++++++++++++++++++++++++++++++++++++++++
[INFO] [stdout] 
[INFO] [stdout] 
[INFO] [stdout] error[E0061]: this function takes 7 arguments but 6 arguments were supplied
[INFO] [stdout]    --> /opt/rustwide/cargo-home/registry/src/index.crates.io-6f17d22bba15001f/specta-2.0.0-rc.6/src/type/impls.rs:169:10
[INFO] [stdout]     |
[INFO] [stdout] 169 | #[derive(Type)]
[INFO] [stdout]     |          ^^^^ an argument of type `Option<bool>` is missing
[INFO] [stdout]     |
[INFO] [stdout] note: function defined here
[INFO] [stdout]    --> /opt/rustwide/cargo-home/registry/src/index.crates.io-6f17d22bba15001f/specta-2.0.0-rc.6/src/internal.rs:111:18
[INFO] [stdout]     |
[INFO] [stdout] 111 |     pub const fn named_data_type(
[INFO] [stdout]     |                  ^^^^^^^^^^^^^^^
[INFO] [stdout] 112 |         name: Cow<'static, str>,
[INFO] [stdout]     |         -----------------------
[INFO] [stdout] 113 |         docs: Cow<'static, str>,
[INFO] [stdout]     |         -----------------------
[INFO] [stdout] 114 |         deprecated: Option<DeprecatedType>,
[INFO] [stdout]     |         ----------------------------------
[INFO] [stdout] 115 |         sid: SpectaID,
[INFO] [stdout]     |         -------------
[INFO] [stdout] 116 |         impl_location: ImplLocation,
[INFO] [stdout]     |         ---------------------------
[INFO] [stdout] 117 |         export: Option<bool>,
[INFO] [stdout]     |         --------------------
[INFO] [stdout] 118 |         inner: DataType,
[INFO] [stdout]     |         ---------------
[INFO] [stdout]     = note: this error originates in the derive macro `Type` (in Nightly builds, run with -Z macro-backtrace for more info)
[INFO] [stdout] help: provide the argument
[INFO] [stdout]     |
[INFO] [stdout] 169 | #[derive(Type(Type, Type, Type, Type, Type, /* Option<bool> */, Type))]
[INFO] [stdout]     |              ++++++++++++++++++++++++++++++++++++++++++++++++++++++++
[INFO] [stdout] 
[INFO] [stdout] 
[INFO] [stdout] error[E0308]: mismatched types
[INFO] [stdout]    --> /opt/rustwide/cargo-home/registry/src/index.crates.io-6f17d22bba15001f/specta-2.0.0-rc.6/src/type/impls.rs:169:10
[INFO] [stdout]     |
[INFO] [stdout] 169 | #[derive(Type)]
[INFO] [stdout]     |          ^^^^
[INFO] [stdout]     |          |
[INFO] [stdout]     |          expected `DefOpts<'_>`, found `&mut BTreeMap<SpectaID, ...>`
[INFO] [stdout]     |          arguments to this function are incorrect
[INFO] [stdout]     |
[INFO] [stdout]     = note:         expected struct `datatype::DefOpts<'_>`
[INFO] [stdout]             found mutable reference `&mut std::collections::BTreeMap<specta_id::SpectaID, Option<named::NamedDataType>>`
[INFO] [stdout] note: associated function defined here
[INFO] [stdout]    --> /opt/rustwide/cargo-home/registry/src/index.crates.io-6f17d22bba15001f/specta-2.0.0-rc.6/src/type/mod.rs:37:8
[INFO] [stdout]     |
[INFO] [stdout] 37  |     fn definition(opts: DefOpts) -> DataType {
[INFO] [stdout]     |        ^^^^^^^^^^ -------------
[INFO] [stdout]     = note: this error originates in the derive macro `Type` (in Nightly builds, run with -Z macro-backtrace for more info)
[INFO] [stdout] 
[INFO] [stdout] 
[INFO] [stdout] error[E0308]: mismatched types
[INFO] [stdout]    --> /opt/rustwide/cargo-home/registry/src/index.crates.io-6f17d22bba15001f/specta-2.0.0-rc.6/src/type/impls.rs:219:10
[INFO] [stdout]     |
[INFO] [stdout] 219 | #[derive(Type)]
[INFO] [stdout]     |          ^^^^
[INFO] [stdout]     |          |
[INFO] [stdout]     |          expected `DefOpts<'_>`, found `&mut BTreeMap<SpectaID, ...>`
[INFO] [stdout]     |          arguments to this function are incorrect
[INFO] [stdout]     |
[INFO] [stdout]     = note:         expected struct `datatype::DefOpts<'_>`
[INFO] [stdout]             found mutable reference `&mut std::collections::BTreeMap<specta_id::SpectaID, Option<named::NamedDataType>>`
[INFO] [stdout] note: associated function defined here
[INFO] [stdout]    --> /opt/rustwide/cargo-home/registry/src/index.crates.io-6f17d22bba15001f/specta-2.0.0-rc.6/src/type/mod.rs:51:8
[INFO] [stdout]     |
[INFO] [stdout] 51  |     fn reference(opts: DefOpts, generics: &[DataType]) -> Reference {
[INFO] [stdout]     |        ^^^^^^^^^ -------------
[INFO] [stdout]     = note: this error originates in the derive macro `Type` (in Nightly builds, run with -Z macro-backtrace for more info)
[INFO] [stdout] 
[INFO] [stdout] 
[INFO] [stdout] error[E0061]: this function takes 3 arguments but 4 arguments were supplied
[INFO] [stdout]    --> /opt/rustwide/cargo-home/registry/src/index.crates.io-6f17d22bba15001f/specta-2.0.0-rc.6/src/type/impls.rs:219:10
[INFO] [stdout]     |
[INFO] [stdout] 219 | #[derive(Type)]
[INFO] [stdout]     |          ^^^^ unexpected argument of type `Option<specta_id::SpectaID>`
[INFO] [stdout]     |
[INFO] [stdout] note: function defined here
[INFO] [stdout]    --> /opt/rustwide/cargo-home/registry/src/index.crates.io-6f17d22bba15001f/specta-2.0.0-rc.6/src/internal.rs:41:18
[INFO] [stdout]     |
[INFO] [stdout] 41  |     pub const fn r#struct(
[INFO] [stdout]     |                  ^^^^^^^^
[INFO] [stdout] 42  |         name: Cow<'static, str>,
[INFO] [stdout]     |         -----------------------
[INFO] [stdout] 43  |         generics: Vec<GenericType>,
[INFO] [stdout]     |         --------------------------
[INFO] [stdout] 44  |         fields: StructFields,
[INFO] [stdout]     |         --------------------
[INFO] [stdout]     = note: this error originates in the derive macro `Type` (in Nightly builds, run with -Z macro-backtrace for more info)
[INFO] [stdout] 
[INFO] [stdout] 
[INFO] [stdout] error[E0308]: mismatched types
[INFO] [stdout]    --> /opt/rustwide/cargo-home/registry/src/index.crates.io-6f17d22bba15001f/specta-2.0.0-rc.6/src/type/impls.rs:219:10
[INFO] [stdout]     |
[INFO] [stdout] 219 | #[derive(Type)]
[INFO] [stdout]     |          ^^^^
[INFO] [stdout]     |          |
[INFO] [stdout]     |          expected `DefOpts<'_>`, found `&mut BTreeMap<SpectaID, ...>`
[INFO] [stdout]     |          arguments to this function are incorrect
[INFO] [stdout]     |
[INFO] [stdout]     = note:         expected struct `datatype::DefOpts<'_>`
[INFO] [stdout]             found mutable reference `&mut std::collections::BTreeMap<specta_id::SpectaID, Option<named::NamedDataType>>`
[INFO] [stdout] note: associated function defined here
[INFO] [stdout]    --> /opt/rustwide/cargo-home/registry/src/index.crates.io-6f17d22bba15001f/specta-2.0.0-rc.6/src/type/mod.rs:22:8
[INFO] [stdout]     |
[INFO] [stdout] 22  |     fn inline(opts: DefOpts, generics: &[DataType]) -> DataType;
[INFO] [stdout]     |        ^^^^^^
[INFO] [stdout]     = note: this error originates in the derive macro `Type` (in Nightly builds, run with -Z macro-backtrace for more info)
[INFO] [stdout] 
[INFO] [stdout] 
[INFO] [stdout] error[E0061]: this function takes 3 arguments but 2 arguments were supplied
[INFO] [stdout]    --> /opt/rustwide/cargo-home/registry/src/index.crates.io-6f17d22bba15001f/specta-2.0.0-rc.6/src/type/impls.rs:219:10
[INFO] [stdout]     |
[INFO] [stdout] 219 | #[derive(Type)]
[INFO] [stdout]     |          ^^^^
[INFO] [stdout]     |          |
[INFO] [stdout]     |          expected `DefOpts<'_>`, found `&mut BTreeMap<SpectaID, ...>`
[INFO] [stdout]     |          an argument of type `&[datatype::DataType]` is missing
[INFO] [stdout]     |
[INFO] [stdout]     = note:         expected struct `datatype::DefOpts<'_>`
[INFO] [stdout]             found mutable reference `&mut std::collections::BTreeMap<specta_id::SpectaID, Option<named::NamedDataType>>`
[INFO] [stdout] note: function defined here
[INFO] [stdout]    --> /opt/rustwide/cargo-home/registry/src/index.crates.io-6f17d22bba15001f/specta-2.0.0-rc.6/src/type/mod.rs:98:12
[INFO] [stdout]     |
[INFO] [stdout] 98  |     pub fn reference<T: NamedType>(
[INFO] [stdout]     |            ^^^^^^^^^
[INFO] [stdout] 99  |         opts: DefOpts,
[INFO] [stdout]     |         -------------
[INFO] [stdout] 100 |         generics: &[DataType],
[INFO] [stdout]     |         ---------------------
[INFO] [stdout] 101 |         reference: DataTypeReference,
[INFO] [stdout]     |         ----------------------------
[INFO] [stdout]     = note: this error originates in the derive macro `Type` (in Nightly builds, run with -Z macro-backtrace for more info)
[INFO] [stdout] help: provide the argument
[INFO] [stdout]     |
[INFO] [stdout] 219 | #[derive(Type(/* datatype::DefOpts<'_> */, /* &[datatype::DataType] */, Type))]
[INFO] [stdout]     |              ++++++++++++++++++++++++++++++++++++++++++++++++++++++++++++++++
[INFO] [stdout] 
[INFO] [stdout] 
[INFO] [stdout] error[E0061]: this function takes 7 arguments but 6 arguments were supplied
[INFO] [stdout]    --> /opt/rustwide/cargo-home/registry/src/index.crates.io-6f17d22bba15001f/specta-2.0.0-rc.6/src/type/impls.rs:219:10
[INFO] [stdout]     |
[INFO] [stdout] 219 | #[derive(Type)]
[INFO] [stdout]     |          ^^^^ an argument of type `Option<bool>` is missing
[INFO] [stdout]     |
[INFO] [stdout] note: function defined here
[INFO] [stdout]    --> /opt/rustwide/cargo-home/registry/src/index.crates.io-6f17d22bba15001f/specta-2.0.0-rc.6/src/internal.rs:111:18
[INFO] [stdout]     |
[INFO] [stdout] 111 |     pub const fn named_data_type(
[INFO] [stdout]     |                  ^^^^^^^^^^^^^^^
[INFO] [stdout] 112 |         name: Cow<'static, str>,
[INFO] [stdout]     |         -----------------------
[INFO] [stdout] 113 |         docs: Cow<'static, str>,
[INFO] [stdout]     |         -----------------------
[INFO] [stdout] 114 |         deprecated: Option<DeprecatedType>,
[INFO] [stdout]     |         ----------------------------------
[INFO] [stdout] 115 |         sid: SpectaID,
[INFO] [stdout]     |         -------------
[INFO] [stdout] 116 |         impl_location: ImplLocation,
[INFO] [stdout]     |         ---------------------------
[INFO] [stdout] 117 |         export: Option<bool>,
[INFO] [stdout]     |         --------------------
[INFO] [stdout] 118 |         inner: DataType,
[INFO] [stdout]     |         ---------------
[INFO] [stdout]     = note: this error originates in the derive macro `Type` (in Nightly builds, run with -Z macro-backtrace for more info)
[INFO] [stdout] help: provide the argument
[INFO] [stdout]     |
[INFO] [stdout] 219 | #[derive(Type(Type, Type, Type, Type, Type, /* Option<bool> */, Type))]
[INFO] [stdout]     |              ++++++++++++++++++++++++++++++++++++++++++++++++++++++++
[INFO] [stdout] 
[INFO] [stdout] 
[INFO] [stdout] error[E0308]: mismatched types
[INFO] [stdout]    --> /opt/rustwide/cargo-home/registry/src/index.crates.io-6f17d22bba15001f/specta-2.0.0-rc.6/src/type/impls.rs:219:10
[INFO] [stdout]     |
[INFO] [stdout] 219 | #[derive(Type)]
[INFO] [stdout]     |          ^^^^
[INFO] [stdout]     |          |
[INFO] [stdout]     |          expected `DefOpts<'_>`, found `&mut BTreeMap<SpectaID, ...>`
[INFO] [stdout]     |          arguments to this function are incorrect
[INFO] [stdout]     |
[INFO] [stdout]     = note:         expected struct `datatype::DefOpts<'_>`
[INFO] [stdout]             found mutable reference `&mut std::collections::BTreeMap<specta_id::SpectaID, Option<named::NamedDataType>>`
[INFO] [stdout] note: associated function defined here
[INFO] [stdout]    --> /opt/rustwide/cargo-home/registry/src/index.crates.io-6f17d22bba15001f/specta-2.0.0-rc.6/src/type/mod.rs:37:8
[INFO] [stdout]     |
[INFO] [stdout] 37  |     fn definition(opts: DefOpts) -> DataType {
[INFO] [stdout]     |        ^^^^^^^^^^ -------------
[INFO] [stdout]     = note: this error originates in the derive macro `Type` (in Nightly builds, run with -Z macro-backtrace for more info)
[INFO] [stdout] 
[INFO] [stdout] 
[INFO] [stdout] error[E0308]: mismatched types
[INFO] [stdout]    --> /opt/rustwide/cargo-home/registry/src/index.crates.io-6f17d22bba15001f/specta-2.0.0-rc.6/src/type/impls.rs:227:10
[INFO] [stdout]     |
[INFO] [stdout] 227 | #[derive(Type)]
[INFO] [stdout]     |          ^^^^
[INFO] [stdout]     |          |
[INFO] [stdout]     |          expected `DefOpts<'_>`, found `&mut BTreeMap<SpectaID, ...>`
[INFO] [stdout]     |          arguments to this function are incorrect
[INFO] [stdout]     |
[INFO] [stdout]     = note:         expected struct `datatype::DefOpts<'_>`
[INFO] [stdout]             found mutable reference `&mut std::collections::BTreeMap<specta_id::SpectaID, Option<named::NamedDataType>>`
[INFO] [stdout] note: associated function defined here
[INFO] [stdout]    --> /opt/rustwide/cargo-home/registry/src/index.crates.io-6f17d22bba15001f/specta-2.0.0-rc.6/src/type/mod.rs:51:8
[INFO] [stdout]     |
[INFO] [stdout] 51  |     fn reference(opts: DefOpts, generics: &[DataType]) -> Reference {
[INFO] [stdout]     |        ^^^^^^^^^ -------------
[INFO] [stdout]     = note: this error originates in the derive macro `Type` (in Nightly builds, run with -Z macro-backtrace for more info)
[INFO] [stdout] 
[INFO] [stdout] 
[INFO] [stdout] error[E0061]: this function takes 3 arguments but 4 arguments were supplied
[INFO] [stdout]    --> /opt/rustwide/cargo-home/registry/src/index.crates.io-6f17d22bba15001f/specta-2.0.0-rc.6/src/type/impls.rs:227:10
[INFO] [stdout]     |
[INFO] [stdout] 227 | #[derive(Type)]
[INFO] [stdout]     |          ^^^^ unexpected argument of type `Option<specta_id::SpectaID>`
[INFO] [stdout]     |
[INFO] [stdout] note: function defined here
[INFO] [stdout]    --> /opt/rustwide/cargo-home/registry/src/index.crates.io-6f17d22bba15001f/specta-2.0.0-rc.6/src/internal.rs:41:18
[INFO] [stdout]     |
[INFO] [stdout] 41  |     pub const fn r#struct(
[INFO] [stdout]     |                  ^^^^^^^^
[INFO] [stdout] 42  |         name: Cow<'static, str>,
[INFO] [stdout]     |         -----------------------
[INFO] [stdout] 43  |         generics: Vec<GenericType>,
[INFO] [stdout]     |         --------------------------
[INFO] [stdout] 44  |         fields: StructFields,
[INFO] [stdout]     |         --------------------
[INFO] [stdout]     = note: this error originates in the derive macro `Type` (in Nightly builds, run with -Z macro-backtrace for more info)
[INFO] [stdout] 
[INFO] [stdout] 
[INFO] [stdout] error[E0308]: mismatched types
[INFO] [stdout]    --> /opt/rustwide/cargo-home/registry/src/index.crates.io-6f17d22bba15001f/specta-2.0.0-rc.6/src/type/impls.rs:227:10
[INFO] [stdout]     |
[INFO] [stdout] 227 | #[derive(Type)]
[INFO] [stdout]     |          ^^^^
[INFO] [stdout]     |          |
[INFO] [stdout]     |          expected `DefOpts<'_>`, found `&mut BTreeMap<SpectaID, ...>`
[INFO] [stdout]     |          arguments to this function are incorrect
[INFO] [stdout]     |
[INFO] [stdout]     = note:         expected struct `datatype::DefOpts<'_>`
[INFO] [stdout]             found mutable reference `&mut std::collections::BTreeMap<specta_id::SpectaID, Option<named::NamedDataType>>`
[INFO] [stdout] note: associated function defined here
[INFO] [stdout]    --> /opt/rustwide/cargo-home/registry/src/index.crates.io-6f17d22bba15001f/specta-2.0.0-rc.6/src/type/mod.rs:22:8
[INFO] [stdout]     |
[INFO] [stdout] 22  |     fn inline(opts: DefOpts, generics: &[DataType]) -> DataType;
[INFO] [stdout]     |        ^^^^^^
[INFO] [stdout]     = note: this error originates in the derive macro `Type` (in Nightly builds, run with -Z macro-backtrace for more info)
[INFO] [stdout] 
[INFO] [stdout] 
[INFO] [stdout] error[E0061]: this function takes 3 arguments but 2 arguments were supplied
[INFO] [stdout]    --> /opt/rustwide/cargo-home/registry/src/index.crates.io-6f17d22bba15001f/specta-2.0.0-rc.6/src/type/impls.rs:227:10
[INFO] [stdout]     |
[INFO] [stdout] 227 | #[derive(Type)]
[INFO] [stdout]     |          ^^^^
[INFO] [stdout]     |          |
[INFO] [stdout]     |          expected `DefOpts<'_>`, found `&mut BTreeMap<SpectaID, ...>`
[INFO] [stdout]     |          an argument of type `&[datatype::DataType]` is missing
[INFO] [stdout]     |
[INFO] [stdout]     = note:         expected struct `datatype::DefOpts<'_>`
[INFO] [stdout]             found mutable reference `&mut std::collections::BTreeMap<specta_id::SpectaID, Option<named::NamedDataType>>`
[INFO] [stdout] note: function defined here
[INFO] [stdout]    --> /opt/rustwide/cargo-home/registry/src/index.crates.io-6f17d22bba15001f/specta-2.0.0-rc.6/src/type/mod.rs:98:12
[INFO] [stdout]     |
[INFO] [stdout] 98  |     pub fn reference<T: NamedType>(
[INFO] [stdout]     |            ^^^^^^^^^
[INFO] [stdout] 99  |         opts: DefOpts,
[INFO] [stdout]     |         -------------
[INFO] [stdout] 100 |         generics: &[DataType],
[INFO] [stdout]     |         ---------------------
[INFO] [stdout] 101 |         reference: DataTypeReference,
[INFO] [stdout]     |         ----------------------------
[INFO] [stdout]     = note: this error originates in the derive macro `Type` (in Nightly builds, run with -Z macro-backtrace for more info)
[INFO] [stdout] help: provide the argument
[INFO] [stdout]     |
[INFO] [stdout] 227 | #[derive(Type(/* datatype::DefOpts<'_> */, /* &[datatype::DataType] */, Type))]
[INFO] [stdout]     |              ++++++++++++++++++++++++++++++++++++++++++++++++++++++++++++++++
[INFO] [stdout] 
[INFO] [stdout] 
[INFO] [stdout] error[E0061]: this function takes 7 arguments but 6 arguments were supplied
[INFO] [stdout]    --> /opt/rustwide/cargo-home/registry/src/index.crates.io-6f17d22bba15001f/specta-2.0.0-rc.6/src/type/impls.rs:227:10
[INFO] [stdout]     |
[INFO] [stdout] 227 | #[derive(Type)]
[INFO] [stdout]     |          ^^^^ an argument of type `Option<bool>` is missing
[INFO] [stdout]     |
[INFO] [stdout] note: function defined here
[INFO] [stdout]    --> /opt/rustwide/cargo-home/registry/src/index.crates.io-6f17d22bba15001f/specta-2.0.0-rc.6/src/internal.rs:111:18
[INFO] [stdout]     |
[INFO] [stdout] 111 |     pub const fn named_data_type(
[INFO] [stdout]     |                  ^^^^^^^^^^^^^^^
[INFO] [stdout] 112 |         name: Cow<'static, str>,
[INFO] [stdout]     |         -----------------------
[INFO] [stdout] 113 |         docs: Cow<'static, str>,
[INFO] [stdout]     |         -----------------------
[INFO] [stdout] 114 |         deprecated: Option<DeprecatedType>,
[INFO] [stdout]     |         ----------------------------------
[INFO] [stdout] 115 |         sid: SpectaID,
[INFO] [stdout]     |         -------------
[INFO] [stdout] 116 |         impl_location: ImplLocation,
[INFO] [stdout]     |         ---------------------------
[INFO] [stdout] 117 |         export: Option<bool>,
[INFO] [stdout]     |         --------------------
[INFO] [stdout] 118 |         inner: DataType,
[INFO] [stdout]     |         ---------------
[INFO] [stdout]     = note: this error originates in the derive macro `Type` (in Nightly builds, run with -Z macro-backtrace for more info)
[INFO] [stdout] help: provide the argument
[INFO] [stdout]     |
[INFO] [stdout] 227 | #[derive(Type(Type, Type, Type, Type, Type, /* Option<bool> */, Type))]
[INFO] [stdout]     |              ++++++++++++++++++++++++++++++++++++++++++++++++++++++++
[INFO] [stdout] 
[INFO] [stdout] 
[INFO] [stdout] error[E0308]: mismatched types
[INFO] [stdout]    --> /opt/rustwide/cargo-home/registry/src/index.crates.io-6f17d22bba15001f/specta-2.0.0-rc.6/src/type/impls.rs:227:10
[INFO] [stdout]     |
[INFO] [stdout] 227 | #[derive(Type)]
[INFO] [stdout]     |          ^^^^
[INFO] [stdout]     |          |
[INFO] [stdout]     |          expected `DefOpts<'_>`, found `&mut BTreeMap<SpectaID, ...>`
[INFO] [stdout]     |          arguments to this function are incorrect
[INFO] [stdout]     |
[INFO] [stdout]     = note:         expected struct `datatype::DefOpts<'_>`
[INFO] [stdout]             found mutable reference `&mut std::collections::BTreeMap<specta_id::SpectaID, Option<named::NamedDataType>>`
[INFO] [stdout] note: associated function defined here
[INFO] [stdout]    --> /opt/rustwide/cargo-home/registry/src/index.crates.io-6f17d22bba15001f/specta-2.0.0-rc.6/src/type/mod.rs:37:8
[INFO] [stdout]     |
[INFO] [stdout] 37  |     fn definition(opts: DefOpts) -> DataType {
[INFO] [stdout]     |        ^^^^^^^^^^ -------------
[INFO] [stdout]     = note: this error originates in the derive macro `Type` (in Nightly builds, run with -Z macro-backtrace for more info)
[INFO] [stdout] 
[INFO] [stdout] 
[INFO] [stdout] error: aborting due to 32 previous errors
[INFO] [stdout] 
[INFO] [stdout] 
[INFO] [stdout] Some errors have detailed explanations: E0053, E0061, E0308.
[INFO] [stdout] 
[INFO] [stdout] For more information about an error, try `rustc --explain E0053`.
[INFO] [stdout] 
[INFO] [stderr] error: could not compile `specta` (lib) due to 33 previous errors
[INFO] running `Command { std: "docker" "inspect" "aabbb47e0a612417f5bc3035a9c48d2963eae58595b9df0f1c2d01b822883af8", kill_on_drop: false }`
[INFO] running `Command { std: "docker" "rm" "-f" "aabbb47e0a612417f5bc3035a9c48d2963eae58595b9df0f1c2d01b822883af8", kill_on_drop: false }`
[INFO] [stdout] aabbb47e0a612417f5bc3035a9c48d2963eae58595b9df0f1c2d01b822883af8
[INFO] documenting tauri-specta-2.0.0-rc.3 against beta-2023-12-22 for beta-1.76-rustdoc-1
[INFO] extracting crate tauri-specta 2.0.0-rc.3 into /workspace/builds/worker-1-tc2/source
[INFO] validating manifest of crates.io crate tauri-specta 2.0.0-rc.3 on toolchain beta-2023-12-22
[INFO] running `Command { std: CARGO_HOME="/workspace/cargo-home" RUSTUP_HOME="/workspace/rustup-home" "/workspace/cargo-home/bin/cargo" "+beta-2023-12-22" "metadata" "--manifest-path" "Cargo.toml" "--no-deps", kill_on_drop: false }`
[INFO] started tweaking crates.io crate tauri-specta 2.0.0-rc.3
[INFO] finished tweaking crates.io crate tauri-specta 2.0.0-rc.3
[INFO] tweaked toml for crates.io crate tauri-specta 2.0.0-rc.3 written to /workspace/builds/worker-1-tc2/source/Cargo.toml
[INFO] running `Command { std: CARGO_HOME="/workspace/cargo-home" RUSTUP_HOME="/workspace/rustup-home" "/workspace/cargo-home/bin/cargo" "+beta-2023-12-22" "generate-lockfile" "--manifest-path" "Cargo.toml", kill_on_drop: false }`
[INFO] [stderr]     Updating crates.io index
[INFO] running `Command { std: CARGO_HOME="/workspace/cargo-home" RUSTUP_HOME="/workspace/rustup-home" "/workspace/cargo-home/bin/cargo" "+beta-2023-12-22" "fetch" "--manifest-path" "Cargo.toml", kill_on_drop: false }`
[INFO] [stderr]     Blocking waiting for file lock on package cache
[INFO] running `Command { std: "docker" "create" "-v" "/var/lib/crater-agent-workspace/builds/worker-1-tc2/target:/opt/rustwide/target:rw,Z" "-v" "/var/lib/crater-agent-workspace/builds/worker-1-tc2/source:/opt/rustwide/workdir:ro,Z" "-v" "/var/lib/crater-agent-workspace/cargo-home:/opt/rustwide/cargo-home:ro,Z" "-v" "/var/lib/crater-agent-workspace/rustup-home:/opt/rustwide/rustup-home:ro,Z" "-e" "SOURCE_DIR=/opt/rustwide/workdir" "-e" "CARGO_TARGET_DIR=/opt/rustwide/target" "-e" "CARGO_HOME=/opt/rustwide/cargo-home" "-e" "RUSTUP_HOME=/opt/rustwide/rustup-home" "-w" "/opt/rustwide/workdir" "-m" "1610612736" "--user" "0:0" "--network" "none" "ghcr.io/rust-lang/crates-build-env/linux@sha256:2788e3201cd34a07e3172128adcd8b3090168a8e3bcc40d7c032b9dda1df7d1c" "/opt/rustwide/cargo-home/bin/cargo" "+beta-2023-12-22" "metadata" "--no-deps" "--format-version=1", kill_on_drop: false }`
[INFO] [stdout] e066e9b2f345831d595a40f866c157ab05e6e2b5442ff1a4c63ca93213314cfd
[INFO] running `Command { std: "docker" "start" "-a" "e066e9b2f345831d595a40f866c157ab05e6e2b5442ff1a4c63ca93213314cfd", kill_on_drop: false }`
[INFO] running `Command { std: "docker" "inspect" "e066e9b2f345831d595a40f866c157ab05e6e2b5442ff1a4c63ca93213314cfd", kill_on_drop: false }`
[INFO] running `Command { std: "docker" "rm" "-f" "e066e9b2f345831d595a40f866c157ab05e6e2b5442ff1a4c63ca93213314cfd", kill_on_drop: false }`
[INFO] [stdout] e066e9b2f345831d595a40f866c157ab05e6e2b5442ff1a4c63ca93213314cfd
[INFO] running `Command { std: "docker" "create" "-v" "/var/lib/crater-agent-workspace/builds/worker-1-tc2/target:/opt/rustwide/target:rw,Z" "-v" "/var/lib/crater-agent-workspace/builds/worker-1-tc2/source:/opt/rustwide/workdir:ro,Z" "-v" "/var/lib/crater-agent-workspace/cargo-home:/opt/rustwide/cargo-home:ro,Z" "-v" "/var/lib/crater-agent-workspace/rustup-home:/opt/rustwide/rustup-home:ro,Z" "-e" "SOURCE_DIR=/opt/rustwide/workdir" "-e" "CARGO_TARGET_DIR=/opt/rustwide/target" "-e" "CARGO_INCREMENTAL=0" "-e" "RUST_BACKTRACE=full" "-e" "RUSTFLAGS=--cap-lints=warn" "-e" "RUSTDOCFLAGS=--cap-lints=warn" "-e" "CARGO_HOME=/opt/rustwide/cargo-home" "-e" "RUSTUP_HOME=/opt/rustwide/rustup-home" "-w" "/opt/rustwide/workdir" "-m" "1610612736" "--user" "0:0" "--network" "none" "ghcr.io/rust-lang/crates-build-env/linux@sha256:2788e3201cd34a07e3172128adcd8b3090168a8e3bcc40d7c032b9dda1df7d1c" "/opt/rustwide/cargo-home/bin/cargo" "+beta-2023-12-22" "doc" "--frozen" "--no-deps" "--document-private-items" "--message-format=json", kill_on_drop: false }`
[INFO] [stdout] 70cfd7dacbfc7b5c85381863eee8faa4bfd4b7ee60119420207c8dc2868b09d1
[INFO] running `Command { std: "docker" "start" "-a" "70cfd7dacbfc7b5c85381863eee8faa4bfd4b7ee60119420207c8dc2868b09d1", kill_on_drop: false }`
[INFO] [stderr]    Compiling proc-macro2 v1.0.76
[INFO] [stderr]    Compiling serde v1.0.195
[INFO] [stderr]    Compiling smallvec v1.11.2
[INFO] [stderr]    Compiling hashbrown v0.14.3
[INFO] [stderr]    Compiling equivalent v1.0.1
[INFO] [stderr]    Compiling winnow v0.5.33
[INFO] [stderr]    Compiling target-lexicon v0.12.13
[INFO] [stderr]    Compiling version-compare v0.1.1
[INFO] [stderr]    Compiling libc v0.2.151
[INFO] [stderr]    Compiling cfg-if v1.0.0
[INFO] [stderr]    Compiling syn v1.0.109
[INFO] [stderr]    Compiling siphasher v0.3.11
[INFO] [stderr]    Compiling ppv-lite86 v0.2.17
[INFO] [stderr]    Compiling once_cell v1.19.0
[INFO] [stderr]    Compiling getrandom v0.1.16
[INFO] [stderr]    Compiling thiserror v1.0.56
[INFO] [stderr]    Compiling getrandom v0.2.11
[INFO] [stderr]    Compiling indexmap v2.1.0
[INFO] [stderr]    Compiling anyhow v1.0.79
[INFO] [stderr]    Compiling phf_shared v0.8.0
[INFO] [stderr]    Compiling rand_core v0.6.4
[INFO] [stderr]    Compiling phf_shared v0.10.0
[INFO] [stderr]    Compiling rand_core v0.5.1
[INFO] [stderr]    Compiling quote v1.0.35
[INFO] [stderr]    Compiling cfg-expr v0.15.6
[INFO] [stderr]    Compiling rand_chacha v0.3.1
[INFO] [stderr]    Compiling rand_pcg v0.2.1
[INFO] [stderr]    Compiling rand_chacha v0.2.2
[INFO] [stderr]    Compiling syn v2.0.48
[INFO] [stderr]    Compiling rand v0.8.5
[INFO] [stderr]    Compiling rand v0.7.3
[INFO] [stderr]    Compiling proc-macro-error-attr v1.0.4
[INFO] [stderr]    Compiling unicode-segmentation v1.10.1
[INFO] [stderr]    Compiling phf_generator v0.10.0
[INFO] [stderr]     Checking futures-channel v0.3.30
[INFO] [stderr]    Compiling heck v0.3.3
[INFO] [stderr]    Compiling cfg-expr v0.9.1
[INFO] [stderr]    Compiling version-compare v0.0.11
[INFO] [stderr]    Compiling phf_codegen v0.10.0
[INFO] [stderr]    Compiling phf_generator v0.8.0
[INFO] [stderr]    Compiling string_cache_codegen v0.5.2
[INFO] [stderr]    Compiling crc32fast v1.3.2
[INFO] [stderr]    Compiling phf_codegen v0.8.0
[INFO] [stderr]    Compiling strsim v0.10.0
[INFO] [stderr]    Compiling selectors v0.22.0
[INFO] [stderr]    Compiling gio v0.15.12
[INFO] [stderr]    Compiling convert_case v0.4.0
[INFO] [stderr]    Compiling phf_shared v0.11.2
[INFO] [stderr]    Compiling memoffset v0.9.0
[INFO] [stderr]    Compiling serde_json v1.0.111
[INFO] [stderr]    Compiling markup5ever v0.11.0
[INFO] [stderr]    Compiling new_debug_unreachable v1.0.4
[INFO] [stderr]    Compiling scopeguard v1.2.0
[INFO] [stderr]    Compiling byteorder v1.5.0
[INFO] [stderr]    Compiling phf_generator v0.11.2
[INFO] [stderr]    Compiling lock_api v0.4.11
[INFO] [stderr]    Compiling typenum v1.17.0
[INFO] [stderr]    Compiling field-offset v0.3.6
[INFO] [stderr]    Compiling parking_lot_core v0.9.9
[INFO] [stderr]     Checking precomputed-hash v0.1.1
[INFO] [stderr]    Compiling mac v0.1.1
[INFO] [stderr]     Checking futf v0.1.5
[INFO] [stderr]    Compiling parking_lot v0.12.1
[INFO] [stderr]    Compiling generic-array v0.14.7
[INFO] [stderr]     Checking uuid v1.6.1
[INFO] [stderr]    Compiling gtk v0.15.5
[INFO] [stderr]     Checking dtoa v1.0.9
[INFO] [stderr]    Compiling log v0.4.20
[INFO] [stderr]    Compiling utf-8 v0.7.6
[INFO] [stderr]    Compiling tinyvec_macros v0.1.1
[INFO] [stderr]    Compiling simd-adler32 v0.3.7
[INFO] [stderr]    Compiling bitflags v1.3.2
[INFO] [stderr]     Checking tendril v0.4.3
[INFO] [stderr]    Compiling darling_core v0.20.3
[INFO] [stderr]    Compiling tinyvec v1.6.0
[INFO] [stderr]    Compiling dtoa-short v0.3.4
[INFO] [stderr]     Checking phf v0.10.1
[INFO] [stderr]    Compiling x11 v2.21.0
[INFO] [stderr]     Checking stable_deref_trait v1.2.0
[INFO] [stderr]     Checking matches v0.1.10
[INFO] [stderr]    Compiling itoa v0.4.8
[INFO] [stderr]     Checking nodrop v0.1.14
[INFO] [stderr]    Compiling ryu v1.0.16
[INFO] [stderr]     Checking alloc-no-stdlib v2.0.4
[INFO] [stderr]    Compiling adler v1.0.2
[INFO] [stderr]    Compiling itoa v1.0.10
[INFO] [stderr]    Compiling servo_arc v0.1.1
[INFO] [stderr]     Checking miniz_oxide v0.7.1
[INFO] [stderr]    Compiling alloc-stdlib v0.2.2
[INFO] [stderr]    Compiling unicode-normalization v0.1.22
[INFO] [stderr]    Compiling proc-macro-error v1.0.4
[INFO] [stderr]     Checking fxhash v0.2.1
[INFO] [stderr]    Compiling cc v1.0.83
[INFO] [stderr]    Compiling x11-dl v2.21.0
[INFO] [stderr]    Compiling rustix v0.38.28
[INFO] [stderr]    Compiling hashbrown v0.12.3
[INFO] [stderr]    Compiling percent-encoding v2.3.1
[INFO] [stderr]     Checking same-file v1.0.6
[INFO] [stderr]    Compiling semver v1.0.21
[INFO] [stderr]    Compiling thin-slice v0.1.1
[INFO] [stderr]    Compiling unicode-bidi v0.3.14
[INFO] [stderr]     Checking walkdir v2.4.0
[INFO] [stderr]    Compiling indexmap v1.9.3
[INFO] [stderr]    Compiling form_urlencoded v1.2.1
[INFO] [stderr]    Compiling cfb v0.7.3
[INFO] [stderr]    Compiling idna v0.5.0
[INFO] [stderr]     Checking flate2 v1.0.28
[INFO] [stderr]    Compiling tao v0.16.5
[INFO] [stderr]     Checking brotli-decompressor v2.5.1
[INFO] [stderr]    Compiling crypto-common v0.1.6
[INFO] [stderr]    Compiling serde_derive v1.0.195
[INFO] [stderr]    Compiling thiserror-impl v1.0.56
[INFO] [stderr]    Compiling futures-macro v0.3.30
[INFO] [stderr]    Compiling cssparser-macros v0.6.1
[INFO] [stderr]    Compiling darling_macro v0.20.3
[INFO] [stderr]    Compiling phf_macros v0.11.2
[INFO] [stderr]    Compiling ctor v0.2.6
[INFO] [stderr]    Compiling block-buffer v0.10.4
[INFO] [stderr]     Checking fdeflate v0.3.3
[INFO] [stderr]    Compiling phf_macros v0.8.0
[INFO] [stderr]     Checking futures-util v0.3.30
[INFO] [stderr]    Compiling cssparser v0.27.2
[INFO] [stderr]    Compiling html5ever v0.26.0
[INFO] [stderr]    Compiling derive_more v0.99.17
[INFO] [stderr]    Compiling darling v0.20.3
[INFO] [stderr]    Compiling serde_with_macros v3.4.0
[INFO] [stderr]     Checking phf v0.8.0
[INFO] [stderr]     Checking raw-window-handle v0.5.2
[INFO] [stderr]     Checking linux-raw-sys v0.4.12
[INFO] [stderr]     Checking futures-executor v0.3.30
[INFO] [stderr]     Checking phf v0.11.2
[INFO] [stderr]     Checking infer v0.13.0
[INFO] [stderr]    Compiling png v0.17.10
[INFO] [stderr]    Compiling digest v0.10.7
[INFO] [stderr]     Checking brotli v3.4.0
[INFO] [stderr]     Checking http v0.2.11
[INFO] [stderr]     Checking crossbeam-channel v0.5.10
[INFO] [stderr]     Checking aho-corasick v1.1.2
[INFO] [stderr]     Checking instant v0.1.12
[INFO] [stderr]    Compiling wry v0.24.7
[INFO] [stderr]     Checking string_cache v0.8.7
[INFO] [stderr]     Checking url v2.5.0
[INFO] [stderr]     Checking serde_with v3.4.0
[INFO] [stderr]    Compiling toml_datetime v0.6.5
[INFO] [stderr]    Compiling serde_spanned v0.6.5
[INFO] [stderr]    Compiling toml v0.5.11
[INFO] [stderr]    Compiling toml_edit v0.21.0
[INFO] [stderr]    Compiling toml_edit v0.19.15
[INFO] [stderr]     Checking treediff v4.0.2
[INFO] [stderr]     Checking json-patch v1.2.0
[INFO] [stderr]    Compiling system-deps v5.0.0
[INFO] [stderr]     Checking kuchikiki v0.8.2
[INFO] [stderr]    Compiling toml v0.8.8
[INFO] [stderr]    Compiling proc-macro-crate v1.3.1
[INFO] [stderr]    Compiling soup2-sys v0.2.0
[INFO] [stderr]    Compiling javascriptcore-rs-sys v0.4.0
[INFO] [stderr]    Compiling system-deps v6.2.0
[INFO] [stderr]    Compiling cpufeatures v0.2.12
[INFO] [stderr]     Checking glob v0.3.1
[INFO] [stderr]     Checking dunce v1.0.4
[INFO] [stderr]    Compiling tauri-runtime v0.14.2
[INFO] [stderr]     Checking regex-syntax v0.8.2
[INFO] [stderr]     Checking heck v0.4.1
[INFO] [stderr]     Checking tauri-utils v1.5.2
[INFO] [stderr]    Compiling sha2 v0.10.8
[INFO] [stderr]    Compiling ico v0.3.0
[INFO] [stderr]     Checking regex-automata v0.4.3
[INFO] [stderr]    Compiling glib-sys v0.15.10
[INFO] [stderr]    Compiling gobject-sys v0.15.10
[INFO] [stderr]    Compiling gio-sys v0.15.10
[INFO] [stderr]    Compiling gdk-sys v0.15.1
[INFO] [stderr]    Compiling glib-macros v0.15.13
[INFO] [stderr]    Compiling cairo-sys-rs v0.15.1
[INFO] [stderr]    Compiling atk-sys v0.15.1
[INFO] [stderr]    Compiling pango-sys v0.15.10
[INFO] [stderr]    Compiling gdk-pixbuf-sys v0.15.10
[INFO] [stderr]    Compiling gtk-sys v0.15.3
[INFO] [stderr]    Compiling gtk3-macros v0.15.6
[INFO] [stderr]    Compiling webkit2gtk-sys v0.18.0
[INFO] [stderr]    Compiling gdkx11-sys v0.15.1
[INFO] [stderr]     Checking crossbeam-epoch v0.9.17
[INFO] [stderr]     Checking bstr v1.9.0
[INFO] [stderr]    Compiling tauri-runtime-wry v0.14.3
[INFO] [stderr]    Compiling base64 v0.21.5
[INFO] [stderr]     Checking http-range v0.1.5
[INFO] [stderr]     Checking globset v0.4.14
[INFO] [stderr]     Checking crossbeam-deque v0.8.4
[INFO] [stderr]     Checking xattr v1.2.0
[INFO] [stderr]     Checking gdkwayland-sys v0.15.3
[INFO] [stderr]    Compiling serialize-to-javascript-impl v0.1.1
[INFO] [stderr]    Compiling tauri v1.5.4
[INFO] [stderr]     Checking filetime v0.2.23
[INFO] [stderr]     Checking num_cpus v1.16.0
[INFO] [stderr]     Checking dirs-sys-next v0.1.2
[INFO] [stderr]     Checking fastrand v2.0.1
[INFO] [stderr]     Checking tokio v1.35.1
[INFO] [stderr]     Checking dirs-next v2.0.0
[INFO] [stderr]     Checking tar v0.4.40
[INFO] [stderr]     Checking tempfile v3.9.0
[INFO] [stderr]    Compiling tauri-codegen v1.4.2
[INFO] [stderr]     Checking ignore v0.4.22
[INFO] [stderr]     Checking glib v0.15.12
[INFO] [stderr]    Compiling serde_repr v0.1.18
[INFO] [stderr]     Checking serialize-to-javascript v0.1.1
[INFO] [stderr]     Checking encoding_rs v0.8.33
[INFO] [stderr]    Compiling Inflector v0.11.4
[INFO] [stderr]     Checking state v0.5.3
[INFO] [stderr]    Compiling specta-macros v2.0.0-rc.7
[INFO] [stderr]    Compiling tauri-specta-macros v2.0.0-rc.3
[INFO] [stderr]    Compiling indoc v2.0.4
[INFO] [stderr]    Compiling tauri-macros v1.4.3
[INFO] [stderr]     Checking pango v0.15.10
[INFO] [stderr]     Checking cairo-rs v0.15.12
[INFO] [stderr]     Checking atk v0.15.1
[INFO] [stderr]     Checking javascriptcore-rs v0.16.0
[INFO] [stderr]     Checking gdk-pixbuf v0.15.11
[INFO] [stderr]     Checking soup2 v0.2.1
[INFO] [stderr]     Checking gdk v0.15.4
[INFO] [stderr]     Checking webkit2gtk v0.18.2
[INFO] [stderr]     Checking specta v2.0.0-rc.6
[INFO] [stdout] error[E0053]: method `inline` has an incompatible type for trait
[INFO] [stdout]    --> /opt/rustwide/cargo-home/registry/src/index.crates.io-6f17d22bba15001f/specta-2.0.0-rc.6/src/type/impls.rs:169:10
[INFO] [stdout]     |
[INFO] [stdout] 169 | #[derive(Type)]
[INFO] [stdout]     |          ^^^^
[INFO] [stdout]     |          |
[INFO] [stdout]     |          expected `datatype::DefOpts<'_>`, found `&mut BTreeMap<SpectaID, ...>`
[INFO] [stdout]     |          help: change the parameter type to match the trait: `datatype::DefOpts<'_>`
[INFO] [stdout]     |
[INFO] [stdout] note: type in trait
[INFO] [stdout]    --> /opt/rustwide/cargo-home/registry/src/index.crates.io-6f17d22bba15001f/specta-2.0.0-rc.6/src/type/mod.rs:22:21
[INFO] [stdout]     |
[INFO] [stdout] 22  |     fn inline(opts: DefOpts, generics: &[DataType]) -> DataType;
[INFO] [stdout]     |                     ^^^^^^^
[INFO] [stdout]     = note: expected signature `fn(datatype::DefOpts<'_>, &_) -> datatype::DataType`
[INFO] [stdout]                found signature `fn(&mut std::collections::BTreeMap<specta_id::SpectaID, Option<named::NamedDataType>>, &_) -> datatype::DataType`
[INFO] [stdout]     = note: this error originates in the derive macro `Type` (in Nightly builds, run with -Z macro-backtrace for more info)
[INFO] [stdout] 
[INFO] [stdout] 
[INFO] [stdout] error[E0053]: method `definition` has an incompatible type for trait
[INFO] [stdout]    --> /opt/rustwide/cargo-home/registry/src/index.crates.io-6f17d22bba15001f/specta-2.0.0-rc.6/src/type/impls.rs:169:10
[INFO] [stdout]     |
[INFO] [stdout] 169 | #[derive(Type)]
[INFO] [stdout]     |          ^^^^
[INFO] [stdout]     |          |
[INFO] [stdout]     |          expected `datatype::DefOpts<'_>`, found `&mut BTreeMap<SpectaID, ...>`
[INFO] [stdout]     |          help: change the parameter type to match the trait: `datatype::DefOpts<'_>`
[INFO] [stdout]     |
[INFO] [stdout] note: type in trait
[INFO] [stdout]    --> /opt/rustwide/cargo-home/registry/src/index.crates.io-6f17d22bba15001f/specta-2.0.0-rc.6/src/type/mod.rs:37:25
[INFO] [stdout]     |
[INFO] [stdout] 37  |     fn definition(opts: DefOpts) -> DataType {
[INFO] [stdout]     |                         ^^^^^^^
[INFO] [stdout]     = note: expected signature `fn(datatype::DefOpts<'_>) -> datatype::DataType`
[INFO] [stdout]                found signature `fn(&mut std::collections::BTreeMap<specta_id::SpectaID, Option<named::NamedDataType>>) -> datatype::DataType`
[INFO] [stdout]     = note: this error originates in the derive macro `Type` (in Nightly builds, run with -Z macro-backtrace for more info)
[INFO] [stdout] 
[INFO] [stdout] 
[INFO] [stdout] error[E0053]: method `reference` has an incompatible type for trait
[INFO] [stdout]    --> /opt/rustwide/cargo-home/registry/src/index.crates.io-6f17d22bba15001f/specta-2.0.0-rc.6/src/type/impls.rs:169:10
[INFO] [stdout]     |
[INFO] [stdout] 169 | #[derive(Type)]
[INFO] [stdout]     |          ^^^^
[INFO] [stdout]     |          |
[INFO] [stdout]     |          expected `datatype::DefOpts<'_>`, found `&mut BTreeMap<SpectaID, ...>`
[INFO] [stdout]     |          help: change the parameter type to match the trait: `datatype::DefOpts<'_>`
[INFO] [stdout]     |
[INFO] [stdout] note: type in trait
[INFO] [stdout]    --> /opt/rustwide/cargo-home/registry/src/index.crates.io-6f17d22bba15001f/specta-2.0.0-rc.6/src/type/mod.rs:51:24
[INFO] [stdout]     |
[INFO] [stdout] 51  |     fn reference(opts: DefOpts, generics: &[DataType]) -> Reference {
[INFO] [stdout]     |                        ^^^^^^^
[INFO] [stdout]     = note: expected signature `fn(datatype::DefOpts<'_>, &_) -> Reference`
[INFO] [stdout]                found signature `fn(&mut std::collections::BTreeMap<specta_id::SpectaID, Option<named::NamedDataType>>, &_) -> Reference`
[INFO] [stdout]     = note: this error originates in the derive macro `Type` (in Nightly builds, run with -Z macro-backtrace for more info)
[INFO] [stdout] 
[INFO] [stdout] 
[INFO] [stdout] error[E0053]: method `named_data_type` has an incompatible type for trait
[INFO] [stdout]    --> /opt/rustwide/cargo-home/registry/src/index.crates.io-6f17d22bba15001f/specta-2.0.0-rc.6/src/type/impls.rs:169:10
[INFO] [stdout]     |
[INFO] [stdout] 169 | #[derive(Type)]
[INFO] [stdout]     |          ^^^^
[INFO] [stdout]     |          |
[INFO] [stdout]     |          expected `datatype::DefOpts<'_>`, found `&mut BTreeMap<SpectaID, ...>`
[INFO] [stdout]     |          help: change the parameter type to match the trait: `datatype::DefOpts<'_>`
[INFO] [stdout]     |
[INFO] [stdout] note: type in trait
[INFO] [stdout]    --> /opt/rustwide/cargo-home/registry/src/index.crates.io-6f17d22bba15001f/specta-2.0.0-rc.6/src/type/mod.rs:63:30
[INFO] [stdout]     |
[INFO] [stdout] 63  |     fn named_data_type(opts: DefOpts, generics: &[DataType]) -> NamedDataType;
[INFO] [stdout]     |                              ^^^^^^^
[INFO] [stdout]     = note: expected signature `fn(datatype::DefOpts<'_>, &_) -> named::NamedDataType`
[INFO] [stdout]                found signature `fn(&mut std::collections::BTreeMap<specta_id::SpectaID, Option<named::NamedDataType>>, &_) -> named::NamedDataType`
[INFO] [stdout]     = note: this error originates in the derive macro `Type` (in Nightly builds, run with -Z macro-backtrace for more info)
[INFO] [stdout] 
[INFO] [stdout] 
[INFO] [stdout] error[E0053]: method `definition_named_data_type` has an incompatible type for trait
[INFO] [stdout]    --> /opt/rustwide/cargo-home/registry/src/index.crates.io-6f17d22bba15001f/specta-2.0.0-rc.6/src/type/impls.rs:169:10
[INFO] [stdout]     |
[INFO] [stdout] 169 | #[derive(Type)]
[INFO] [stdout]     |          ^^^^
[INFO] [stdout]     |          |
[INFO] [stdout]     |          expected `datatype::DefOpts<'_>`, found `&mut BTreeMap<SpectaID, ...>`
[INFO] [stdout]     |          help: change the parameter type to match the trait: `datatype::DefOpts<'_>`
[INFO] [stdout]     |
[INFO] [stdout] note: type in trait
[INFO] [stdout]    --> /opt/rustwide/cargo-home/registry/src/index.crates.io-6f17d22bba15001f/specta-2.0.0-rc.6/src/type/mod.rs:66:41
[INFO] [stdout]     |
[INFO] [stdout] 66  |     fn definition_named_data_type(opts: DefOpts) -> NamedDataType {
[INFO] [stdout]     |                                         ^^^^^^^
[INFO] [stdout]     = note: expected signature `fn(datatype::DefOpts<'_>) -> named::NamedDataType`
[INFO] [stdout]                found signature `fn(&mut std::collections::BTreeMap<specta_id::SpectaID, Option<named::NamedDataType>>) -> named::NamedDataType`
[INFO] [stdout]     = note: this error originates in the derive macro `Type` (in Nightly builds, run with -Z macro-backtrace for more info)
[INFO] [stdout] 
[INFO] [stdout] 
[INFO] [stdout] error[E0053]: method `inline` has an incompatible type for trait
[INFO] [stdout]    --> /opt/rustwide/cargo-home/registry/src/index.crates.io-6f17d22bba15001f/specta-2.0.0-rc.6/src/type/impls.rs:219:10
[INFO] [stdout]     |
[INFO] [stdout] 219 | #[derive(Type)]
[INFO] [stdout]     |          ^^^^
[INFO] [stdout]     |          |
[INFO] [stdout]     |          expected `datatype::DefOpts<'_>`, found `&mut BTreeMap<SpectaID, ...>`
[INFO] [stdout]     |          help: change the parameter type to match the trait: `datatype::DefOpts<'_>`
[INFO] [stdout]     |
[INFO] [stdout] note: type in trait
[INFO] [stdout]    --> /opt/rustwide/cargo-home/registry/src/index.crates.io-6f17d22bba15001f/specta-2.0.0-rc.6/src/type/mod.rs:22:21
[INFO] [stdout]     |
[INFO] [stdout] 22  |     fn inline(opts: DefOpts, generics: &[DataType]) -> DataType;
[INFO] [stdout]     |                     ^^^^^^^
[INFO] [stdout]     = note: expected signature `fn(datatype::DefOpts<'_>, &_) -> datatype::DataType`
[INFO] [stdout]                found signature `fn(&mut std::collections::BTreeMap<specta_id::SpectaID, Option<named::NamedDataType>>, &_) -> datatype::DataType`
[INFO] [stdout]     = note: this error originates in the derive macro `Type` (in Nightly builds, run with -Z macro-backtrace for more info)
[INFO] [stdout] 
[INFO] [stdout] 
[INFO] [stdout] error[E0053]: method `definition` has an incompatible type for trait
[INFO] [stdout]    --> /opt/rustwide/cargo-home/registry/src/index.crates.io-6f17d22bba15001f/specta-2.0.0-rc.6/src/type/impls.rs:219:10
[INFO] [stdout]     |
[INFO] [stdout] 219 | #[derive(Type)]
[INFO] [stdout]     |          ^^^^
[INFO] [stdout]     |          |
[INFO] [stdout]     |          expected `datatype::DefOpts<'_>`, found `&mut BTreeMap<SpectaID, ...>`
[INFO] [stdout]     |          help: change the parameter type to match the trait: `datatype::DefOpts<'_>`
[INFO] [stdout]     |
[INFO] [stdout] note: type in trait
[INFO] [stdout]    --> /opt/rustwide/cargo-home/registry/src/index.crates.io-6f17d22bba15001f/specta-2.0.0-rc.6/src/type/mod.rs:37:25
[INFO] [stdout]     |
[INFO] [stdout] 37  |     fn definition(opts: DefOpts) -> DataType {
[INFO] [stdout]     |                         ^^^^^^^
[INFO] [stdout]     = note: expected signature `fn(datatype::DefOpts<'_>) -> datatype::DataType`
[INFO] [stdout]                found signature `fn(&mut std::collections::BTreeMap<specta_id::SpectaID, Option<named::NamedDataType>>) -> datatype::DataType`
[INFO] [stdout]     = note: this error originates in the derive macro `Type` (in Nightly builds, run with -Z macro-backtrace for more info)
[INFO] [stdout] 
[INFO] [stdout] 
[INFO] [stdout] error[E0053]: method `reference` has an incompatible type for trait
[INFO] [stdout]    --> /opt/rustwide/cargo-home/registry/src/index.crates.io-6f17d22bba15001f/specta-2.0.0-rc.6/src/type/impls.rs:219:10
[INFO] [stdout]     |
[INFO] [stdout] 219 | #[derive(Type)]
[INFO] [stdout]     |          ^^^^
[INFO] [stdout]     |          |
[INFO] [stdout]     |          expected `datatype::DefOpts<'_>`, found `&mut BTreeMap<SpectaID, ...>`
[INFO] [stdout]     |          help: change the parameter type to match the trait: `datatype::DefOpts<'_>`
[INFO] [stdout]     |
[INFO] [stdout] note: type in trait
[INFO] [stdout]    --> /opt/rustwide/cargo-home/registry/src/index.crates.io-6f17d22bba15001f/specta-2.0.0-rc.6/src/type/mod.rs:51:24
[INFO] [stdout]     |
[INFO] [stdout] 51  |     fn reference(opts: DefOpts, generics: &[DataType]) -> Reference {
[INFO] [stdout]     |                        ^^^^^^^
[INFO] [stdout]     = note: expected signature `fn(datatype::DefOpts<'_>, &_) -> Reference`
[INFO] [stdout]                found signature `fn(&mut std::collections::BTreeMap<specta_id::SpectaID, Option<named::NamedDataType>>, &_) -> Reference`
[INFO] [stdout]     = note: this error originates in the derive macro `Type` (in Nightly builds, run with -Z macro-backtrace for more info)
[INFO] [stdout] 
[INFO] [stdout] 
[INFO] [stdout] error[E0053]: method `named_data_type` has an incompatible type for trait
[INFO] [stdout]    --> /opt/rustwide/cargo-home/registry/src/index.crates.io-6f17d22bba15001f/specta-2.0.0-rc.6/src/type/impls.rs:219:10
[INFO] [stdout]     |
[INFO] [stdout] 219 | #[derive(Type)]
[INFO] [stdout]     |          ^^^^
[INFO] [stdout]     |          |
[INFO] [stdout]     |          expected `datatype::DefOpts<'_>`, found `&mut BTreeMap<SpectaID, ...>`
[INFO] [stdout]     |          help: change the parameter type to match the trait: `datatype::DefOpts<'_>`
[INFO] [stdout]     |
[INFO] [stdout] note: type in trait
[INFO] [stdout]    --> /opt/rustwide/cargo-home/registry/src/index.crates.io-6f17d22bba15001f/specta-2.0.0-rc.6/src/type/mod.rs:63:30
[INFO] [stdout]     |
[INFO] [stdout] 63  |     fn named_data_type(opts: DefOpts, generics: &[DataType]) -> NamedDataType;
[INFO] [stdout]     |                              ^^^^^^^
[INFO] [stdout]     = note: expected signature `fn(datatype::DefOpts<'_>, &_) -> named::NamedDataType`
[INFO] [stdout]                found signature `fn(&mut std::collections::BTreeMap<specta_id::SpectaID, Option<named::NamedDataType>>, &_) -> named::NamedDataType`
[INFO] [stdout]     = note: this error originates in the derive macro `Type` (in Nightly builds, run with -Z macro-backtrace for more info)
[INFO] [stdout] 
[INFO] [stdout] 
[INFO] [stdout] error[E0053]: method `definition_named_data_type` has an incompatible type for trait
[INFO] [stdout]    --> /opt/rustwide/cargo-home/registry/src/index.crates.io-6f17d22bba15001f/specta-2.0.0-rc.6/src/type/impls.rs:219:10
[INFO] [stdout]     |
[INFO] [stdout] 219 | #[derive(Type)]
[INFO] [stdout]     |          ^^^^
[INFO] [stdout]     |          |
[INFO] [stdout]     |          expected `datatype::DefOpts<'_>`, found `&mut BTreeMap<SpectaID, ...>`
[INFO] [stdout]     |          help: change the parameter type to match the trait: `datatype::DefOpts<'_>`
[INFO] [stdout]     |
[INFO] [stdout] note: type in trait
[INFO] [stdout]    --> /opt/rustwide/cargo-home/registry/src/index.crates.io-6f17d22bba15001f/specta-2.0.0-rc.6/src/type/mod.rs:66:41
[INFO] [stdout]     |
[INFO] [stdout] 66  |     fn definition_named_data_type(opts: DefOpts) -> NamedDataType {
[INFO] [stdout]     |                                         ^^^^^^^
[INFO] [stdout]     = note: expected signature `fn(datatype::DefOpts<'_>) -> named::NamedDataType`
[INFO] [stdout]                found signature `fn(&mut std::collections::BTreeMap<specta_id::SpectaID, Option<named::NamedDataType>>) -> named::NamedDataType`
[INFO] [stdout]     = note: this error originates in the derive macro `Type` (in Nightly builds, run with -Z macro-backtrace for more info)
[INFO] [stdout] 
[INFO] [stdout] 
[INFO] [stdout] error[E0053]: method `inline` has an incompatible type for trait
[INFO] [stdout]    --> /opt/rustwide/cargo-home/registry/src/index.crates.io-6f17d22bba15001f/specta-2.0.0-rc.6/src/type/impls.rs:227:10
[INFO] [stdout]     |
[INFO] [stdout] 227 | #[derive(Type)]
[INFO] [stdout]     |          ^^^^
[INFO] [stdout]     |          |
[INFO] [stdout]     |          expected `datatype::DefOpts<'_>`, found `&mut BTreeMap<SpectaID, ...>`
[INFO] [stdout]     |          help: change the parameter type to match the trait: `datatype::DefOpts<'_>`
[INFO] [stdout]     |
[INFO] [stdout] note: type in trait
[INFO] [stdout]    --> /opt/rustwide/cargo-home/registry/src/index.crates.io-6f17d22bba15001f/specta-2.0.0-rc.6/src/type/mod.rs:22:21
[INFO] [stdout]     |
[INFO] [stdout] 22  |     fn inline(opts: DefOpts, generics: &[DataType]) -> DataType;
[INFO] [stdout]     |                     ^^^^^^^
[INFO] [stdout]     = note: expected signature `fn(datatype::DefOpts<'_>, &_) -> datatype::DataType`
[INFO] [stdout]                found signature `fn(&mut std::collections::BTreeMap<specta_id::SpectaID, Option<named::NamedDataType>>, &_) -> datatype::DataType`
[INFO] [stdout]     = note: this error originates in the derive macro `Type` (in Nightly builds, run with -Z macro-backtrace for more info)
[INFO] [stdout] 
[INFO] [stdout] 
[INFO] [stdout] error[E0053]: method `definition` has an incompatible type for trait
[INFO] [stdout]    --> /opt/rustwide/cargo-home/registry/src/index.crates.io-6f17d22bba15001f/specta-2.0.0-rc.6/src/type/impls.rs:227:10
[INFO] [stdout]     |
[INFO] [stdout] 227 | #[derive(Type)]
[INFO] [stdout]     |          ^^^^
[INFO] [stdout]     |          |
[INFO] [stdout]     |          expected `datatype::DefOpts<'_>`, found `&mut BTreeMap<SpectaID, ...>`
[INFO] [stdout]     |          help: change the parameter type to match the trait: `datatype::DefOpts<'_>`
[INFO] [stdout]     |
[INFO] [stdout] note: type in trait
[INFO] [stdout]    --> /opt/rustwide/cargo-home/registry/src/index.crates.io-6f17d22bba15001f/specta-2.0.0-rc.6/src/type/mod.rs:37:25
[INFO] [stdout]     |
[INFO] [stdout] 37  |     fn definition(opts: DefOpts) -> DataType {
[INFO] [stdout]     |                         ^^^^^^^
[INFO] [stdout]     = note: expected signature `fn(datatype::DefOpts<'_>) -> datatype::DataType`
[INFO] [stdout]                found signature `fn(&mut std::collections::BTreeMap<specta_id::SpectaID, Option<named::NamedDataType>>) -> datatype::DataType`
[INFO] [stdout]     = note: this error originates in the derive macro `Type` (in Nightly builds, run with -Z macro-backtrace for more info)
[INFO] [stdout] 
[INFO] [stdout] 
[INFO] [stdout] error[E0053]: method `reference` has an incompatible type for trait
[INFO] [stdout]    --> /opt/rustwide/cargo-home/registry/src/index.crates.io-6f17d22bba15001f/specta-2.0.0-rc.6/src/type/impls.rs:227:10
[INFO] [stdout]     |
[INFO] [stdout] 227 | #[derive(Type)]
[INFO] [stdout]     |          ^^^^
[INFO] [stdout]     |          |
[INFO] [stdout]     |          expected `datatype::DefOpts<'_>`, found `&mut BTreeMap<SpectaID, ...>`
[INFO] [stdout]     |          help: change the parameter type to match the trait: `datatype::DefOpts<'_>`
[INFO] [stdout]     |
[INFO] [stdout] note: type in trait
[INFO] [stdout]    --> /opt/rustwide/cargo-home/registry/src/index.crates.io-6f17d22bba15001f/specta-2.0.0-rc.6/src/type/mod.rs:51:24
[INFO] [stdout]     |
[INFO] [stdout] 51  |     fn reference(opts: DefOpts, generics: &[DataType]) -> Reference {
[INFO] [stdout]     |                        ^^^^^^^
[INFO] [stdout]     = note: expected signature `fn(datatype::DefOpts<'_>, &_) -> Reference`
[INFO] [stdout]                found signature `fn(&mut std::collections::BTreeMap<specta_id::SpectaID, Option<named::NamedDataType>>, &_) -> Reference`
[INFO] [stdout]     = note: this error originates in the derive macro `Type` (in Nightly builds, run with -Z macro-backtrace for more info)
[INFO] [stdout] 
[INFO] [stdout] 
[INFO] [stdout] error[E0053]: method `named_data_type` has an incompatible type for trait
[INFO] [stdout]    --> /opt/rustwide/cargo-home/registry/src/index.crates.io-6f17d22bba15001f/specta-2.0.0-rc.6/src/type/impls.rs:227:10
[INFO] [stdout]     |
[INFO] [stdout] 227 | #[derive(Type)]
[INFO] [stdout]     |          ^^^^
[INFO] [stdout]     |          |
[INFO] [stdout]     |          expected `datatype::DefOpts<'_>`, found `&mut BTreeMap<SpectaID, ...>`
[INFO] [stdout]     |          help: change the parameter type to match the trait: `datatype::DefOpts<'_>`
[INFO] [stdout]     |
[INFO] [stdout] note: type in trait
[INFO] [stdout]    --> /opt/rustwide/cargo-home/registry/src/index.crates.io-6f17d22bba15001f/specta-2.0.0-rc.6/src/type/mod.rs:63:30
[INFO] [stdout]     |
[INFO] [stdout] 63  |     fn named_data_type(opts: DefOpts, generics: &[DataType]) -> NamedDataType;
[INFO] [stdout]     |                              ^^^^^^^
[INFO] [stdout]     = note: expected signature `fn(datatype::DefOpts<'_>, &_) -> named::NamedDataType`
[INFO] [stdout]                found signature `fn(&mut std::collections::BTreeMap<specta_id::SpectaID, Option<named::NamedDataType>>, &_) -> named::NamedDataType`
[INFO] [stdout]     = note: this error originates in the derive macro `Type` (in Nightly builds, run with -Z macro-backtrace for more info)
[INFO] [stdout] 
[INFO] [stdout] 
[INFO] [stdout] error[E0053]: method `definition_named_data_type` has an incompatible type for trait
[INFO] [stdout]    --> /opt/rustwide/cargo-home/registry/src/index.crates.io-6f17d22bba15001f/specta-2.0.0-rc.6/src/type/impls.rs:227:10
[INFO] [stdout]     |
[INFO] [stdout] 227 | #[derive(Type)]
[INFO] [stdout]     |          ^^^^
[INFO] [stdout]     |          |
[INFO] [stdout]     |          expected `datatype::DefOpts<'_>`, found `&mut BTreeMap<SpectaID, ...>`
[INFO] [stdout]     |          help: change the parameter type to match the trait: `datatype::DefOpts<'_>`
[INFO] [stdout]     |
[INFO] [stdout] note: type in trait
[INFO] [stdout]    --> /opt/rustwide/cargo-home/registry/src/index.crates.io-6f17d22bba15001f/specta-2.0.0-rc.6/src/type/mod.rs:66:41
[INFO] [stdout]     |
[INFO] [stdout] 66  |     fn definition_named_data_type(opts: DefOpts) -> NamedDataType {
[INFO] [stdout]     |                                         ^^^^^^^
[INFO] [stdout]     = note: expected signature `fn(datatype::DefOpts<'_>) -> named::NamedDataType`
[INFO] [stdout]                found signature `fn(&mut std::collections::BTreeMap<specta_id::SpectaID, Option<named::NamedDataType>>) -> named::NamedDataType`
[INFO] [stdout]     = note: this error originates in the derive macro `Type` (in Nightly builds, run with -Z macro-backtrace for more info)
[INFO] [stdout] 
[INFO] [stdout] 
[INFO] [stdout] error[E0061]: this function takes 4 arguments but 6 arguments were supplied
[INFO] [stdout]    --> /opt/rustwide/cargo-home/registry/src/index.crates.io-6f17d22bba15001f/specta-2.0.0-rc.6/src/type/impls.rs:169:10
[INFO] [stdout]     |
[INFO] [stdout] 169 | #[derive(Type)]
[INFO] [stdout]     |          ^^^^
[INFO] [stdout]     |          |
[INFO] [stdout]     |          unexpected argument of type `specta_id::SpectaID`
[INFO] [stdout]     |          unexpected argument of type `bool`
[INFO] [stdout]     |
[INFO] [stdout] note: function defined here
[INFO] [stdout]    --> /opt/rustwide/cargo-home/registry/src/index.crates.io-6f17d22bba15001f/specta-2.0.0-rc.6/src/internal.rs:68:18
[INFO] [stdout]     |
[INFO] [stdout] 68  |     pub const fn r#enum(
[INFO] [stdout]     |                  ^^^^^^
[INFO] [stdout] 69  |         name: Cow<'static, str>,
[INFO] [stdout]     |         -----------------------
[INFO] [stdout] 70  |         repr: EnumRepr,
[INFO] [stdout]     |         --------------
[INFO] [stdout] 71  |         generics: Vec<GenericType>,
[INFO] [stdout]     |         --------------------------
[INFO] [stdout] 72  |         variants: Vec<(Cow<'static, str>, EnumVariant)>,
[INFO] [stdout]     |         -----------------------------------------------
[INFO] [stdout]     = note: this error originates in the derive macro `Type` (in Nightly builds, run with -Z macro-backtrace for more info)
[INFO] [stdout] 
[INFO] [stdout] 
[INFO] [stdout] error[E0308]: mismatched types
[INFO] [stdout]    --> /opt/rustwide/cargo-home/registry/src/index.crates.io-6f17d22bba15001f/specta-2.0.0-rc.6/src/type/impls.rs:169:10
[INFO] [stdout]     |
[INFO] [stdout] 169 | #[derive(Type)]
[INFO] [stdout]     |          ^^^^
[INFO] [stdout]     |          |
[INFO] [stdout]     |          expected `DefOpts<'_>`, found `&mut BTreeMap<SpectaID, ...>`
[INFO] [stdout]     |          arguments to this function are incorrect
[INFO] [stdout]     |
[INFO] [stdout]     = note:         expected struct `datatype::DefOpts<'_>`
[INFO] [stdout]             found mutable reference `&mut std::collections::BTreeMap<specta_id::SpectaID, Option<named::NamedDataType>>`
[INFO] [stdout] note: associated function defined here
[INFO] [stdout]    --> /opt/rustwide/cargo-home/registry/src/index.crates.io-6f17d22bba15001f/specta-2.0.0-rc.6/src/type/mod.rs:22:8
[INFO] [stdout]     |
[INFO] [stdout] 22  |     fn inline(opts: DefOpts, generics: &[DataType]) -> DataType;
[INFO] [stdout]     |        ^^^^^^
[INFO] [stdout]     = note: this error originates in the derive macro `Type` (in Nightly builds, run with -Z macro-backtrace for more info)
[INFO] [stdout] 
[INFO] [stdout] 
[INFO] [stdout] error[E0061]: this function takes 3 arguments but 2 arguments were supplied
[INFO] [stdout]    --> /opt/rustwide/cargo-home/registry/src/index.crates.io-6f17d22bba15001f/specta-2.0.0-rc.6/src/type/impls.rs:169:10
[INFO] [stdout]     |
[INFO] [stdout] 169 | #[derive(Type)]
[INFO] [stdout]     |          ^^^^
[INFO] [stdout]     |          |
[INFO] [stdout]     |          expected `DefOpts<'_>`, found `&mut BTreeMap<SpectaID, ...>`
[INFO] [stdout]     |          an argument of type `&[datatype::DataType]` is missing
[INFO] [stdout]     |
[INFO] [stdout]     = note:         expected struct `datatype::DefOpts<'_>`
[INFO] [stdout]             found mutable reference `&mut std::collections::BTreeMap<specta_id::SpectaID, Option<named::NamedDataType>>`
[INFO] [stdout] note: function defined here
[INFO] [stdout]    --> /opt/rustwide/cargo-home/registry/src/index.crates.io-6f17d22bba15001f/specta-2.0.0-rc.6/src/type/mod.rs:98:12
[INFO] [stdout]     |
[INFO] [stdout] 98  |     pub fn reference<T: NamedType>(
[INFO] [stdout]     |            ^^^^^^^^^
[INFO] [stdout] 99  |         opts: DefOpts,
[INFO] [stdout]     |         -------------
[INFO] [stdout] 100 |         generics: &[DataType],
[INFO] [stdout]     |         ---------------------
[INFO] [stdout] 101 |         reference: DataTypeReference,
[INFO] [stdout]     |         ----------------------------
[INFO] [stdout]     = note: this error originates in the derive macro `Type` (in Nightly builds, run with -Z macro-backtrace for more info)
[INFO] [stdout] help: provide the argument
[INFO] [stdout]     |
[INFO] [stdout] 169 | #[derive(Type(/* datatype::DefOpts<'_> */, /* &[datatype::DataType] */, Type))]
[INFO] [stdout]     |              ++++++++++++++++++++++++++++++++++++++++++++++++++++++++++++++++
[INFO] [stdout] 
[INFO] [stdout] 
[INFO] [stdout] error[E0061]: this function takes 7 arguments but 6 arguments were supplied
[INFO] [stdout]    --> /opt/rustwide/cargo-home/registry/src/index.crates.io-6f17d22bba15001f/specta-2.0.0-rc.6/src/type/impls.rs:169:10
[INFO] [stdout]     |
[INFO] [stdout] 169 | #[derive(Type)]
[INFO] [stdout]     |          ^^^^ an argument of type `Option<bool>` is missing
[INFO] [stdout]     |
[INFO] [stdout] note: function defined here
[INFO] [stdout]    --> /opt/rustwide/cargo-home/registry/src/index.crates.io-6f17d22bba15001f/specta-2.0.0-rc.6/src/internal.rs:111:18
[INFO] [stdout]     |
[INFO] [stdout] 111 |     pub const fn named_data_type(
[INFO] [stdout]     |                  ^^^^^^^^^^^^^^^
[INFO] [stdout] 112 |         name: Cow<'static, str>,
[INFO] [stdout]     |         -----------------------
[INFO] [stdout] 113 |         docs: Cow<'static, str>,
[INFO] [stdout]     |         -----------------------
[INFO] [stdout] 114 |         deprecated: Option<DeprecatedType>,
[INFO] [stdout]     |         ----------------------------------
[INFO] [stdout] 115 |         sid: SpectaID,
[INFO] [stdout]     |         -------------
[INFO] [stdout] 116 |         impl_location: ImplLocation,
[INFO] [stdout]     |         ---------------------------
[INFO] [stdout] 117 |         export: Option<bool>,
[INFO] [stdout]     |         --------------------
[INFO] [stdout] 118 |         inner: DataType,
[INFO] [stdout]     |         ---------------
[INFO] [stdout]     = note: this error originates in the derive macro `Type` (in Nightly builds, run with -Z macro-backtrace for more info)
[INFO] [stdout] help: provide the argument
[INFO] [stdout]     |
[INFO] [stdout] 169 | #[derive(Type(Type, Type, Type, Type, Type, /* Option<bool> */, Type))]
[INFO] [stdout]     |              ++++++++++++++++++++++++++++++++++++++++++++++++++++++++
[INFO] [stdout] 
[INFO] [stdout] 
[INFO] [stdout] error[E0308]: mismatched types
[INFO] [stdout]    --> /opt/rustwide/cargo-home/registry/src/index.crates.io-6f17d22bba15001f/specta-2.0.0-rc.6/src/type/impls.rs:169:10
[INFO] [stdout]     |
[INFO] [stdout] 169 | #[derive(Type)]
[INFO] [stdout]     |          ^^^^
[INFO] [stdout]     |          |
[INFO] [stdout]     |          expected `DefOpts<'_>`, found `&mut BTreeMap<SpectaID, ...>`
[INFO] [stdout]     |          arguments to this function are incorrect
[INFO] [stdout]     |
[INFO] [stdout]     = note:         expected struct `datatype::DefOpts<'_>`
[INFO] [stdout]             found mutable reference `&mut std::collections::BTreeMap<specta_id::SpectaID, Option<named::NamedDataType>>`
[INFO] [stdout] note: associated function defined here
[INFO] [stdout]    --> /opt/rustwide/cargo-home/registry/src/index.crates.io-6f17d22bba15001f/specta-2.0.0-rc.6/src/type/mod.rs:37:8
[INFO] [stdout]     |
[INFO] [stdout] 37  |     fn definition(opts: DefOpts) -> DataType {
[INFO] [stdout]     |        ^^^^^^^^^^ -------------
[INFO] [stdout]     = note: this error originates in the derive macro `Type` (in Nightly builds, run with -Z macro-backtrace for more info)
[INFO] [stdout] 
[INFO] [stdout] 
[INFO] [stdout] error[E0308]: mismatched types
[INFO] [stdout]    --> /opt/rustwide/cargo-home/registry/src/index.crates.io-6f17d22bba15001f/specta-2.0.0-rc.6/src/type/impls.rs:219:10
[INFO] [stdout]     |
[INFO] [stdout] 219 | #[derive(Type)]
[INFO] [stdout]     |          ^^^^
[INFO] [stdout]     |          |
[INFO] [stdout]     |          expected `DefOpts<'_>`, found `&mut BTreeMap<SpectaID, ...>`
[INFO] [stdout]     |          arguments to this function are incorrect
[INFO] [stdout]     |
[INFO] [stdout]     = note:         expected struct `datatype::DefOpts<'_>`
[INFO] [stdout]             found mutable reference `&mut std::collections::BTreeMap<specta_id::SpectaID, Option<named::NamedDataType>>`
[INFO] [stdout] note: associated function defined here
[INFO] [stdout]    --> /opt/rustwide/cargo-home/registry/src/index.crates.io-6f17d22bba15001f/specta-2.0.0-rc.6/src/type/mod.rs:51:8
[INFO] [stdout]     |
[INFO] [stdout] 51  |     fn reference(opts: DefOpts, generics: &[DataType]) -> Reference {
[INFO] [stdout]     |        ^^^^^^^^^ -------------
[INFO] [stdout]     = note: this error originates in the derive macro `Type` (in Nightly builds, run with -Z macro-backtrace for more info)
[INFO] [stdout] 
[INFO] [stdout] 
[INFO] [stdout] error[E0061]: this function takes 3 arguments but 4 arguments were supplied
[INFO] [stdout]    --> /opt/rustwide/cargo-home/registry/src/index.crates.io-6f17d22bba15001f/specta-2.0.0-rc.6/src/type/impls.rs:219:10
[INFO] [stdout]     |
[INFO] [stdout] 219 | #[derive(Type)]
[INFO] [stdout]     |          ^^^^ unexpected argument of type `Option<specta_id::SpectaID>`
[INFO] [stdout]     |
[INFO] [stdout] note: function defined here
[INFO] [stdout]    --> /opt/rustwide/cargo-home/registry/src/index.crates.io-6f17d22bba15001f/specta-2.0.0-rc.6/src/internal.rs:41:18
[INFO] [stdout]     |
[INFO] [stdout] 41  |     pub const fn r#struct(
[INFO] [stdout]     |                  ^^^^^^^^
[INFO] [stdout] 42  |         name: Cow<'static, str>,
[INFO] [stdout]     |         -----------------------
[INFO] [stdout] 43  |         generics: Vec<GenericType>,
[INFO] [stdout]     |         --------------------------
[INFO] [stdout] 44  |         fields: StructFields,
[INFO] [stdout]     |         --------------------
[INFO] [stdout]     = note: this error originates in the derive macro `Type` (in Nightly builds, run with -Z macro-backtrace for more info)
[INFO] [stdout] 
[INFO] [stdout] 
[INFO] [stdout] error[E0308]: mismatched types
[INFO] [stdout]    --> /opt/rustwide/cargo-home/registry/src/index.crates.io-6f17d22bba15001f/specta-2.0.0-rc.6/src/type/impls.rs:219:10
[INFO] [stdout]     |
[INFO] [stdout] 219 | #[derive(Type)]
[INFO] [stdout]     |          ^^^^
[INFO] [stdout]     |          |
[INFO] [stdout]     |          expected `DefOpts<'_>`, found `&mut BTreeMap<SpectaID, ...>`
[INFO] [stdout]     |          arguments to this function are incorrect
[INFO] [stdout]     |
[INFO] [stdout]     = note:         expected struct `datatype::DefOpts<'_>`
[INFO] [stdout]             found mutable reference `&mut std::collections::BTreeMap<specta_id::SpectaID, Option<named::NamedDataType>>`
[INFO] [stdout] note: associated function defined here
[INFO] [stdout]    --> /opt/rustwide/cargo-home/registry/src/index.crates.io-6f17d22bba15001f/specta-2.0.0-rc.6/src/type/mod.rs:22:8
[INFO] [stdout]     |
[INFO] [stdout] 22  |     fn inline(opts: DefOpts, generics: &[DataType]) -> DataType;
[INFO] [stdout]     |        ^^^^^^
[INFO] [stdout]     = note: this error originates in the derive macro `Type` (in Nightly builds, run with -Z macro-backtrace for more info)
[INFO] [stdout] 
[INFO] [stdout] 
[INFO] [stdout] error[E0061]: this function takes 3 arguments but 2 arguments were supplied
[INFO] [stdout]    --> /opt/rustwide/cargo-home/registry/src/index.crates.io-6f17d22bba15001f/specta-2.0.0-rc.6/src/type/impls.rs:219:10
[INFO] [stdout]     |
[INFO] [stdout] 219 | #[derive(Type)]
[INFO] [stdout]     |          ^^^^
[INFO] [stdout]     |          |
[INFO] [stdout]     |          expected `DefOpts<'_>`, found `&mut BTreeMap<SpectaID, ...>`
[INFO] [stdout]     |          an argument of type `&[datatype::DataType]` is missing
[INFO] [stdout]     |
[INFO] [stdout]     = note:         expected struct `datatype::DefOpts<'_>`
[INFO] [stdout]             found mutable reference `&mut std::collections::BTreeMap<specta_id::SpectaID, Option<named::NamedDataType>>`
[INFO] [stdout] note: function defined here
[INFO] [stdout]    --> /opt/rustwide/cargo-home/registry/src/index.crates.io-6f17d22bba15001f/specta-2.0.0-rc.6/src/type/mod.rs:98:12
[INFO] [stdout]     |
[INFO] [stdout] 98  |     pub fn reference<T: NamedType>(
[INFO] [stdout]     |            ^^^^^^^^^
[INFO] [stdout] 99  |         opts: DefOpts,
[INFO] [stdout]     |         -------------
[INFO] [stdout] 100 |         generics: &[DataType],
[INFO] [stdout]     |         ---------------------
[INFO] [stdout] 101 |         reference: DataTypeReference,
[INFO] [stdout]     |         ----------------------------
[INFO] [stdout]     = note: this error originates in the derive macro `Type` (in Nightly builds, run with -Z macro-backtrace for more info)
[INFO] [stdout] help: provide the argument
[INFO] [stdout]     |
[INFO] [stdout] 219 | #[derive(Type(/* datatype::DefOpts<'_> */, /* &[datatype::DataType] */, Type))]
[INFO] [stdout]     |              ++++++++++++++++++++++++++++++++++++++++++++++++++++++++++++++++
[INFO] [stdout] 
[INFO] [stdout] 
[INFO] [stdout] error[E0061]: this function takes 7 arguments but 6 arguments were supplied
[INFO] [stdout]    --> /opt/rustwide/cargo-home/registry/src/index.crates.io-6f17d22bba15001f/specta-2.0.0-rc.6/src/type/impls.rs:219:10
[INFO] [stdout]     |
[INFO] [stdout] 219 | #[derive(Type)]
[INFO] [stdout]     |          ^^^^ an argument of type `Option<bool>` is missing
[INFO] [stdout]     |
[INFO] [stdout] note: function defined here
[INFO] [stdout]    --> /opt/rustwide/cargo-home/registry/src/index.crates.io-6f17d22bba15001f/specta-2.0.0-rc.6/src/internal.rs:111:18
[INFO] [stdout]     |
[INFO] [stdout] 111 |     pub const fn named_data_type(
[INFO] [stdout]     |                  ^^^^^^^^^^^^^^^
[INFO] [stdout] 112 |         name: Cow<'static, str>,
[INFO] [stdout]     |         -----------------------
[INFO] [stdout] 113 |         docs: Cow<'static, str>,
[INFO] [stdout]     |         -----------------------
[INFO] [stdout] 114 |         deprecated: Option<DeprecatedType>,
[INFO] [stdout]     |         ----------------------------------
[INFO] [stdout] 115 |         sid: SpectaID,
[INFO] [stdout]     |         -------------
[INFO] [stdout] 116 |         impl_location: ImplLocation,
[INFO] [stdout]     |         ---------------------------
[INFO] [stdout] 117 |         export: Option<bool>,
[INFO] [stdout]     |         --------------------
[INFO] [stdout] 118 |         inner: DataType,
[INFO] [stdout]     |         ---------------
[INFO] [stdout]     = note: this error originates in the derive macro `Type` (in Nightly builds, run with -Z macro-backtrace for more info)
[INFO] [stdout] help: provide the argument
[INFO] [stdout]     |
[INFO] [stdout] 219 | #[derive(Type(Type, Type, Type, Type, Type, /* Option<bool> */, Type))]
[INFO] [stdout]     |              ++++++++++++++++++++++++++++++++++++++++++++++++++++++++
[INFO] [stdout] 
[INFO] [stdout] 
[INFO] [stdout] error[E0308]: mismatched types
[INFO] [stdout]    --> /opt/rustwide/cargo-home/registry/src/index.crates.io-6f17d22bba15001f/specta-2.0.0-rc.6/src/type/impls.rs:219:10
[INFO] [stdout]     |
[INFO] [stdout] 219 | #[derive(Type)]
[INFO] [stdout]     |          ^^^^
[INFO] [stdout]     |          |
[INFO] [stdout]     |          expected `DefOpts<'_>`, found `&mut BTreeMap<SpectaID, ...>`
[INFO] [stdout]     |          arguments to this function are incorrect
[INFO] [stdout]     |
[INFO] [stdout]     = note:         expected struct `datatype::DefOpts<'_>`
[INFO] [stdout]             found mutable reference `&mut std::collections::BTreeMap<specta_id::SpectaID, Option<named::NamedDataType>>`
[INFO] [stdout] note: associated function defined here
[INFO] [stdout]    --> /opt/rustwide/cargo-home/registry/src/index.crates.io-6f17d22bba15001f/specta-2.0.0-rc.6/src/type/mod.rs:37:8
[INFO] [stdout]     |
[INFO] [stdout] 37  |     fn definition(opts: DefOpts) -> DataType {
[INFO] [stdout]     |        ^^^^^^^^^^ -------------
[INFO] [stdout]     = note: this error originates in the derive macro `Type` (in Nightly builds, run with -Z macro-backtrace for more info)
[INFO] [stdout] 
[INFO] [stdout] 
[INFO] [stdout] error[E0308]: mismatched types
[INFO] [stdout]    --> /opt/rustwide/cargo-home/registry/src/index.crates.io-6f17d22bba15001f/specta-2.0.0-rc.6/src/type/impls.rs:227:10
[INFO] [stdout]     |
[INFO] [stdout] 227 | #[derive(Type)]
[INFO] [stdout]     |          ^^^^
[INFO] [stdout]     |          |
[INFO] [stdout]     |          expected `DefOpts<'_>`, found `&mut BTreeMap<SpectaID, ...>`
[INFO] [stdout]     |          arguments to this function are incorrect
[INFO] [stdout]     |
[INFO] [stdout]     = note:         expected struct `datatype::DefOpts<'_>`
[INFO] [stdout]             found mutable reference `&mut std::collections::BTreeMap<specta_id::SpectaID, Option<named::NamedDataType>>`
[INFO] [stdout] note: associated function defined here
[INFO] [stdout]    --> /opt/rustwide/cargo-home/registry/src/index.crates.io-6f17d22bba15001f/specta-2.0.0-rc.6/src/type/mod.rs:51:8
[INFO] [stdout]     |
[INFO] [stdout] 51  |     fn reference(opts: DefOpts, generics: &[DataType]) -> Reference {
[INFO] [stdout]     |        ^^^^^^^^^ -------------
[INFO] [stdout]     = note: this error originates in the derive macro `Type` (in Nightly builds, run with -Z macro-backtrace for more info)
[INFO] [stdout] 
[INFO] [stdout] 
[INFO] [stdout] error[E0061]: this function takes 3 arguments but 4 arguments were supplied
[INFO] [stdout]    --> /opt/rustwide/cargo-home/registry/src/index.crates.io-6f17d22bba15001f/specta-2.0.0-rc.6/src/type/impls.rs:227:10
[INFO] [stdout]     |
[INFO] [stdout] 227 | #[derive(Type)]
[INFO] [stdout]     |          ^^^^ unexpected argument of type `Option<specta_id::SpectaID>`
[INFO] [stdout]     |
[INFO] [stdout] note: function defined here
[INFO] [stdout]    --> /opt/rustwide/cargo-home/registry/src/index.crates.io-6f17d22bba15001f/specta-2.0.0-rc.6/src/internal.rs:41:18
[INFO] [stdout]     |
[INFO] [stdout] 41  |     pub const fn r#struct(
[INFO] [stdout]     |                  ^^^^^^^^
[INFO] [stdout] 42  |         name: Cow<'static, str>,
[INFO] [stdout]     |         -----------------------
[INFO] [stdout] 43  |         generics: Vec<GenericType>,
[INFO] [stdout]     |         --------------------------
[INFO] [stdout] 44  |         fields: StructFields,
[INFO] [stdout]     |         --------------------
[INFO] [stdout]     = note: this error originates in the derive macro `Type` (in Nightly builds, run with -Z macro-backtrace for more info)
[INFO] [stdout] 
[INFO] [stdout] 
[INFO] [stdout] error[E0308]: mismatched types
[INFO] [stdout]    --> /opt/rustwide/cargo-home/registry/src/index.crates.io-6f17d22bba15001f/specta-2.0.0-rc.6/src/type/impls.rs:227:10
[INFO] [stdout]     |
[INFO] [stdout] 227 | #[derive(Type)]
[INFO] [stdout]     |          ^^^^
[INFO] [stdout]     |          |
[INFO] [stdout]     |          expected `DefOpts<'_>`, found `&mut BTreeMap<SpectaID, ...>`
[INFO] [stdout]     |          arguments to this function are incorrect
[INFO] [stdout]     |
[INFO] [stdout]     = note:         expected struct `datatype::DefOpts<'_>`
[INFO] [stdout]             found mutable reference `&mut std::collections::BTreeMap<specta_id::SpectaID, Option<named::NamedDataType>>`
[INFO] [stdout] note: associated function defined here
[INFO] [stdout]    --> /opt/rustwide/cargo-home/registry/src/index.crates.io-6f17d22bba15001f/specta-2.0.0-rc.6/src/type/mod.rs:22:8
[INFO] [stdout]     |
[INFO] [stdout] 22  |     fn inline(opts: DefOpts, generics: &[DataType]) -> DataType;
[INFO] [stdout]     |        ^^^^^^
[INFO] [stdout]     = note: this error originates in the derive macro `Type` (in Nightly builds, run with -Z macro-backtrace for more info)
[INFO] [stdout] 
[INFO] [stdout] 
[INFO] [stdout] error[E0061]: this function takes 3 arguments but 2 arguments were supplied
[INFO] [stdout]    --> /opt/rustwide/cargo-home/registry/src/index.crates.io-6f17d22bba15001f/specta-2.0.0-rc.6/src/type/impls.rs:227:10
[INFO] [stdout]     |
[INFO] [stdout] 227 | #[derive(Type)]
[INFO] [stdout]     |          ^^^^
[INFO] [stdout]     |          |
[INFO] [stdout]     |          expected `DefOpts<'_>`, found `&mut BTreeMap<SpectaID, ...>`
[INFO] [stdout]     |          an argument of type `&[datatype::DataType]` is missing
[INFO] [stdout]     |
[INFO] [stdout]     = note:         expected struct `datatype::DefOpts<'_>`
[INFO] [stdout]             found mutable reference `&mut std::collections::BTreeMap<specta_id::SpectaID, Option<named::NamedDataType>>`
[INFO] [stdout] note: function defined here
[INFO] [stdout]    --> /opt/rustwide/cargo-home/registry/src/index.crates.io-6f17d22bba15001f/specta-2.0.0-rc.6/src/type/mod.rs:98:12
[INFO] [stdout]     |
[INFO] [stdout] 98  |     pub fn reference<T: NamedType>(
[INFO] [stdout]     |            ^^^^^^^^^
[INFO] [stdout] 99  |         opts: DefOpts,
[INFO] [stdout]     |         -------------
[INFO] [stdout] 100 |         generics: &[DataType],
[INFO] [stdout]     |         ---------------------
[INFO] [stdout] 101 |         reference: DataTypeReference,
[INFO] [stdout]     |         ----------------------------
[INFO] [stdout]     = note: this error originates in the derive macro `Type` (in Nightly builds, run with -Z macro-backtrace for more info)
[INFO] [stdout] help: provide the argument
[INFO] [stdout]     |
[INFO] [stdout] 227 | #[derive(Type(/* datatype::DefOpts<'_> */, /* &[datatype::DataType] */, Type))]
[INFO] [stdout]     |              ++++++++++++++++++++++++++++++++++++++++++++++++++++++++++++++++
[INFO] [stdout] 
[INFO] [stdout] 
[INFO] [stdout] error[E0061]: this function takes 7 arguments but 6 arguments were supplied
[INFO] [stdout]    --> /opt/rustwide/cargo-home/registry/src/index.crates.io-6f17d22bba15001f/specta-2.0.0-rc.6/src/type/impls.rs:227:10
[INFO] [stdout]     |
[INFO] [stdout] 227 | #[derive(Type)]
[INFO] [stdout]     |          ^^^^ an argument of type `Option<bool>` is missing
[INFO] [stdout]     |
[INFO] [stdout] note: function defined here
[INFO] [stdout]    --> /opt/rustwide/cargo-home/registry/src/index.crates.io-6f17d22bba15001f/specta-2.0.0-rc.6/src/internal.rs:111:18
[INFO] [stdout]     |
[INFO] [stdout] 111 |     pub const fn named_data_type(
[INFO] [stdout]     |                  ^^^^^^^^^^^^^^^
[INFO] [stdout] 112 |         name: Cow<'static, str>,
[INFO] [stdout]     |         -----------------------
[INFO] [stdout] 113 |         docs: Cow<'static, str>,
[INFO] [stdout]     |         -----------------------
[INFO] [stdout] 114 |         deprecated: Option<DeprecatedType>,
[INFO] [stdout]     |         ----------------------------------
[INFO] [stdout] 115 |         sid: SpectaID,
[INFO] [stdout]     |         -------------
[INFO] [stdout] 116 |         impl_location: ImplLocation,
[INFO] [stdout]     |         ---------------------------
[INFO] [stdout] 117 |         export: Option<bool>,
[INFO] [stdout]     |         --------------------
[INFO] [stdout] 118 |         inner: DataType,
[INFO] [stdout]     |         ---------------
[INFO] [stdout]     = note: this error originates in the derive macro `Type` (in Nightly builds, run with -Z macro-backtrace for more info)
[INFO] [stdout] help: provide the argument
[INFO] [stdout]     |
[INFO] [stdout] 227 | #[derive(Type(Type, Type, Type, Type, Type, /* Option<bool> */, Type))]
[INFO] [stdout]     |              ++++++++++++++++++++++++++++++++++++++++++++++++++++++++
[INFO] [stdout] 
[INFO] [stdout] 
[INFO] [stdout] error[E0308]: mismatched types
[INFO] [stdout]    --> /opt/rustwide/cargo-home/registry/src/index.crates.io-6f17d22bba15001f/specta-2.0.0-rc.6/src/type/impls.rs:227:10
[INFO] [stdout]     |
[INFO] [stdout] 227 | #[derive(Type)]
[INFO] [stdout]     |          ^^^^
[INFO] [stdout]     |          |
[INFO] [stdout]     |          expected `DefOpts<'_>`, found `&mut BTreeMap<SpectaID, ...>`
[INFO] [stdout]     |          arguments to this function are incorrect
[INFO] [stdout]     |
[INFO] [stdout]     = note:         expected struct `datatype::DefOpts<'_>`
[INFO] [stdout]             found mutable reference `&mut std::collections::BTreeMap<specta_id::SpectaID, Option<named::NamedDataType>>`
[INFO] [stdout] note: associated function defined here
[INFO] [stdout]    --> /opt/rustwide/cargo-home/registry/src/index.crates.io-6f17d22bba15001f/specta-2.0.0-rc.6/src/type/mod.rs:37:8
[INFO] [stdout]     |
[INFO] [stdout] 37  |     fn definition(opts: DefOpts) -> DataType {
[INFO] [stdout]     |        ^^^^^^^^^^ -------------
[INFO] [stdout]     = note: this error originates in the derive macro `Type` (in Nightly builds, run with -Z macro-backtrace for more info)
[INFO] [stdout] 
[INFO] [stdout] 
[INFO] [stdout] error: aborting due to 32 previous errors
[INFO] [stdout] 
[INFO] [stdout] 
[INFO] [stdout] Some errors have detailed explanations: E0053, E0061, E0308.
[INFO] [stdout] 
[INFO] [stdout] For more information about an error, try `rustc --explain E0053`.
[INFO] [stdout] 
[INFO] [stderr] error: could not compile `specta` (lib) due to 33 previous errors
[INFO] running `Command { std: "docker" "inspect" "70cfd7dacbfc7b5c85381863eee8faa4bfd4b7ee60119420207c8dc2868b09d1", kill_on_drop: false }`
[INFO] running `Command { std: "docker" "rm" "-f" "70cfd7dacbfc7b5c85381863eee8faa4bfd4b7ee60119420207c8dc2868b09d1", kill_on_drop: false }`
[INFO] [stdout] 70cfd7dacbfc7b5c85381863eee8faa4bfd4b7ee60119420207c8dc2868b09d1
