[INFO] fetching crate tailwind-rs 0.2.0...
[INFO] documenting tailwind-rs-0.2.0 against 1.75.0 for beta-1.76-rustdoc-1
[INFO] extracting crate tailwind-rs 0.2.0 into /workspace/builds/worker-1-tc1/source
[INFO] validating manifest of crates.io crate tailwind-rs 0.2.0 on toolchain 1.75.0
[INFO] running `Command { std: CARGO_HOME="/workspace/cargo-home" RUSTUP_HOME="/workspace/rustup-home" "/workspace/cargo-home/bin/cargo" "+1.75.0" "metadata" "--manifest-path" "Cargo.toml" "--no-deps", kill_on_drop: false }`
[INFO] started tweaking crates.io crate tailwind-rs 0.2.0
[INFO] finished tweaking crates.io crate tailwind-rs 0.2.0
[INFO] tweaked toml for crates.io crate tailwind-rs 0.2.0 written to /workspace/builds/worker-1-tc1/source/Cargo.toml
[INFO] running `Command { std: CARGO_HOME="/workspace/cargo-home" RUSTUP_HOME="/workspace/rustup-home" "/workspace/cargo-home/bin/cargo" "+1.75.0" "generate-lockfile" "--manifest-path" "Cargo.toml", kill_on_drop: false }`
[INFO] [stderr]     Updating crates.io index
[INFO] running `Command { std: CARGO_HOME="/workspace/cargo-home" RUSTUP_HOME="/workspace/rustup-home" "/workspace/cargo-home/bin/cargo" "+1.75.0" "fetch" "--manifest-path" "Cargo.toml", kill_on_drop: false }`
[INFO] [stderr]  Downloading crates ...
[INFO] [stderr]   Downloaded tailwind-error v1.3.2
[INFO] [stderr]   Downloaded tailwind-ast v0.4.1
[INFO] [stderr]   Downloaded css-color v0.2.5
[INFO] [stderr]   Downloaded tailwind-css v0.12.7
[INFO] [stderr]   Downloaded diagnostic v0.3.12
[INFO] [stderr]   Downloaded parcel_selectors v0.24.9
[INFO] [stderr]   Downloaded parcel_css v1.0.0-alpha.32
[INFO] running `Command { std: "docker" "create" "-v" "/var/lib/crater-agent-workspace/builds/worker-1-tc1/target:/opt/rustwide/target:rw,Z" "-v" "/var/lib/crater-agent-workspace/builds/worker-1-tc1/source:/opt/rustwide/workdir:ro,Z" "-v" "/var/lib/crater-agent-workspace/cargo-home:/opt/rustwide/cargo-home:ro,Z" "-v" "/var/lib/crater-agent-workspace/rustup-home:/opt/rustwide/rustup-home:ro,Z" "-e" "SOURCE_DIR=/opt/rustwide/workdir" "-e" "CARGO_TARGET_DIR=/opt/rustwide/target" "-e" "CARGO_HOME=/opt/rustwide/cargo-home" "-e" "RUSTUP_HOME=/opt/rustwide/rustup-home" "-w" "/opt/rustwide/workdir" "-m" "1610612736" "--user" "0:0" "--network" "none" "ghcr.io/rust-lang/crates-build-env/linux@sha256:2788e3201cd34a07e3172128adcd8b3090168a8e3bcc40d7c032b9dda1df7d1c" "/opt/rustwide/cargo-home/bin/cargo" "+1.75.0" "metadata" "--no-deps" "--format-version=1", kill_on_drop: false }`
[INFO] [stdout] 9c02d6476b109b04671fcb689fe0aa836e2ac985af2ef405e3ff8bb62ae5a26c
[INFO] running `Command { std: "docker" "start" "-a" "9c02d6476b109b04671fcb689fe0aa836e2ac985af2ef405e3ff8bb62ae5a26c", kill_on_drop: false }`
[INFO] running `Command { std: "docker" "inspect" "9c02d6476b109b04671fcb689fe0aa836e2ac985af2ef405e3ff8bb62ae5a26c", kill_on_drop: false }`
[INFO] running `Command { std: "docker" "rm" "-f" "9c02d6476b109b04671fcb689fe0aa836e2ac985af2ef405e3ff8bb62ae5a26c", kill_on_drop: false }`
[INFO] [stdout] 9c02d6476b109b04671fcb689fe0aa836e2ac985af2ef405e3ff8bb62ae5a26c
[INFO] running `Command { std: "docker" "create" "-v" "/var/lib/crater-agent-workspace/builds/worker-1-tc1/target:/opt/rustwide/target:rw,Z" "-v" "/var/lib/crater-agent-workspace/builds/worker-1-tc1/source:/opt/rustwide/workdir:ro,Z" "-v" "/var/lib/crater-agent-workspace/cargo-home:/opt/rustwide/cargo-home:ro,Z" "-v" "/var/lib/crater-agent-workspace/rustup-home:/opt/rustwide/rustup-home:ro,Z" "-e" "SOURCE_DIR=/opt/rustwide/workdir" "-e" "CARGO_TARGET_DIR=/opt/rustwide/target" "-e" "CARGO_INCREMENTAL=0" "-e" "RUST_BACKTRACE=full" "-e" "RUSTFLAGS=--cap-lints=warn" "-e" "RUSTDOCFLAGS=--cap-lints=warn" "-e" "CARGO_HOME=/opt/rustwide/cargo-home" "-e" "RUSTUP_HOME=/opt/rustwide/rustup-home" "-w" "/opt/rustwide/workdir" "-m" "1610612736" "--user" "0:0" "--network" "none" "ghcr.io/rust-lang/crates-build-env/linux@sha256:2788e3201cd34a07e3172128adcd8b3090168a8e3bcc40d7c032b9dda1df7d1c" "/opt/rustwide/cargo-home/bin/cargo" "+1.75.0" "doc" "--frozen" "--no-deps" "--document-private-items" "--message-format=json", kill_on_drop: false }`
[INFO] [stdout] 97f9e7e821211b1c2805e6569b5afa1da0a09c920532bbc95cc1fdf5c771c69c
[INFO] running `Command { std: "docker" "start" "-a" "97f9e7e821211b1c2805e6569b5afa1da0a09c920532bbc95cc1fdf5c771c69c", kill_on_drop: false }`
[INFO] [stderr]    Compiling libc v0.2.151
[INFO] [stderr]    Compiling syn v1.0.109
[INFO] [stderr]    Compiling ppv-lite86 v0.2.17
[INFO] [stderr]    Compiling siphasher v0.3.11
[INFO] [stderr]    Compiling proc-macro-hack v0.5.20+deprecated
[INFO] [stderr]    Compiling serde v1.0.195
[INFO] [stderr]     Checking getrandom v0.2.11
[INFO] [stderr]     Checking smallvec v1.11.2
[INFO] [stderr]    Compiling lock_api v0.4.11
[INFO] [stderr]     Checking outref v0.1.0
[INFO] [stderr]    Compiling parking_lot_core v0.9.9
[INFO] [stderr]    Compiling syn v2.0.48
[INFO] [stderr]    Compiling rkyv v0.7.43
[INFO] [stderr]     Checking either v1.9.0
[INFO] [stderr]     Checking dtoa v1.0.9
[INFO] [stderr]     Checking simd-abstraction v0.7.1
[INFO] [stderr]     Checking ahash v0.7.7
[INFO] [stderr]     Checking dtoa-short v0.3.4
[INFO] [stderr]    Compiling phf_shared v0.8.0
[INFO] [stderr]    Compiling phf_shared v0.10.0
[INFO] [stderr]     Checking seahash v4.1.0
[INFO] [stderr]     Checking base64-simd v0.7.0
[INFO] [stderr]     Checking fxhash v0.2.1
[INFO] [stderr]     Checking data-url v0.1.1
[INFO] [stderr]     Checking phf v0.8.0
[INFO] [stderr]     Checking hashbrown v0.14.3
[INFO] [stderr]     Checking hashbrown v0.12.3
[INFO] [stderr]     Checking vlq v0.5.1
[INFO] [stderr]     Checking nom v7.1.3
[INFO] [stderr]     Checking rayon v1.8.0
[INFO] [stderr]     Checking itertools v0.10.5
[INFO] [stderr]     Checking termcolor v1.4.0
[INFO] [stderr]     Checking data-encoding v2.5.0
[INFO] [stderr]     Checking tl v0.7.7
[INFO] [stderr]     Checking css-color v0.2.5
[INFO] [stderr]     Checking itertools v0.11.0
[INFO] [stderr]    Compiling getrandom v0.1.16
[INFO] [stderr]     Checking dashmap v5.5.3
[INFO] [stderr]    Compiling rand_core v0.5.1
[INFO] [stderr]    Compiling rand_core v0.6.4
[INFO] [stderr]    Compiling rand_chacha v0.2.2
[INFO] [stderr]    Compiling rand_pcg v0.2.1
[INFO] [stderr]    Compiling rand_chacha v0.3.1
[INFO] [stderr]    Compiling rand v0.7.3
[INFO] [stderr]    Compiling rand v0.8.5
[INFO] [stderr]     Checking tailwind-ast v0.4.1
[INFO] [stderr]    Compiling phf_generator v0.8.0
[INFO] [stderr]    Compiling phf_codegen v0.8.0
[INFO] [stderr]    Compiling parcel_selectors v0.24.9
[INFO] [stderr]    Compiling phf_generator v0.10.0
[INFO] [stderr]    Compiling serde_derive v1.0.195
[INFO] [stderr]    Compiling cssparser-macros v0.6.1
[INFO] [stderr]    Compiling cssparser v0.29.6
[INFO] [stderr]    Compiling ptr_meta_derive v0.1.4
[INFO] [stderr]    Compiling phf_macros v0.10.0
[INFO] [stderr]    Compiling rkyv_derive v0.7.43
[INFO] [stderr]    Compiling derive_more v0.99.17
[INFO] [stderr]    Compiling const-str-proc-macro v0.3.2
[INFO] [stderr]     Checking ptr_meta v0.1.4
[INFO] [stderr]     Checking const-str v0.3.2
[INFO] [stderr]     Checking phf v0.10.1
[INFO] [stderr]     Checking serde_json v1.0.111
[INFO] [stderr]     Checking diagnostic v0.3.12
[INFO] [stderr]     Checking parcel_sourcemap v2.1.1
[INFO] [stderr]     Checking parcel_css v1.0.0-alpha.32
[INFO] [stdout] error[E0599]: no function or associated item named `from_vec2` found for struct `Selector` in the current scope
[INFO] [stdout]     --> /opt/rustwide/cargo-home/registry/src/index.crates.io-6f17d22bba15001f/parcel_css-1.0.0-alpha.32/src/parser.rs:873:89
[INFO] [stdout]      |
[INFO] [stdout] 873  |         selectors: SelectorList(smallvec::smallvec![parcel_selectors::parser::Selector::from_vec2(
[INFO] [stdout]      |                                                                                         ^^^^^^^^^ function or associated item not found in `Selector<'_, _>`
[INFO] [stdout]      |
[INFO] [stdout] note: if you're trying to build a new `Selector<'_, _>` consider using one of the following associated functions:
[INFO] [stdout]       Selector::<'i, Impl>::from_vec
[INFO] [stdout]       Selector::<'i, Impl>::parse
[INFO] [stdout]     --> /opt/rustwide/cargo-home/registry/src/index.crates.io-6f17d22bba15001f/parcel_selectors-0.24.9/parser.rs:839:3
[INFO] [stdout]      |
[INFO] [stdout] 839  |     pub(crate) fn from_vec(vec: Vec<Component<'i, Impl>>, specificity: u32, flags: SelectorFlags) -> Self {
[INFO] [stdout]      |     ^^^^^^^^^^^^^^^^^^^^^^^^^^^^^^^^^^^^^^^^^^^^^^^^^^^^^^^^^^^^^^^^^^^^^^^^^^^^^^^^^^^^^^^^^^^^^^^^^^^^^
[INFO] [stdout] ...
[INFO] [stdout] 1859 | /   pub fn parse<'t, P>(parser: &P, input: &mut CssParser<'i, 't>) -> Result<Self, ParseError<'i, P::Error>>
[INFO] [stdout] 1860 | |   where
[INFO] [stdout] 1861 | |     P: Parser<'i, Impl = Impl>,
[INFO] [stdout]      | |_______________________________^
[INFO] [stdout] 
[INFO] [stdout] 
[INFO] [stdout] error[E0599]: no function or associated item named `from_vec2` found for struct `Selector` in the current scope
[INFO] [stdout]     --> /opt/rustwide/cargo-home/registry/src/index.crates.io-6f17d22bba15001f/parcel_css-1.0.0-alpha.32/src/selector.rs:1611:27
[INFO] [stdout]      |
[INFO] [stdout] 1611 |     .map(|lang| Selector::from_vec2(vec![Component::NonTSPseudoClass(PseudoClass::Lang(vec![lang.clone()]))]))
[INFO] [stdout]      |                           ^^^^^^^^^ function or associated item not found in `Selector<'_, _>`
[INFO] [stdout]      |
[INFO] [stdout] note: if you're trying to build a new `Selector<'_, _>` consider using one of the following associated functions:
[INFO] [stdout]       Selector::<'i, Impl>::from_vec
[INFO] [stdout]       Selector::<'i, Impl>::parse
[INFO] [stdout]     --> /opt/rustwide/cargo-home/registry/src/index.crates.io-6f17d22bba15001f/parcel_selectors-0.24.9/parser.rs:839:3
[INFO] [stdout]      |
[INFO] [stdout] 839  |     pub(crate) fn from_vec(vec: Vec<Component<'i, Impl>>, specificity: u32, flags: SelectorFlags) -> Self {
[INFO] [stdout]      |     ^^^^^^^^^^^^^^^^^^^^^^^^^^^^^^^^^^^^^^^^^^^^^^^^^^^^^^^^^^^^^^^^^^^^^^^^^^^^^^^^^^^^^^^^^^^^^^^^^^^^^
[INFO] [stdout] ...
[INFO] [stdout] 1859 | /   pub fn parse<'t, P>(parser: &P, input: &mut CssParser<'i, 't>) -> Result<Self, ParseError<'i, P::Error>>
[INFO] [stdout] 1860 | |   where
[INFO] [stdout] 1861 | |     P: Parser<'i, Impl = Impl>,
[INFO] [stdout]      | |_______________________________^
[INFO] [stdout] 
[INFO] [stdout] 
[INFO] [stdout] error[E0599]: no function or associated item named `from_vec2` found for struct `Selector` in the current scope
[INFO] [stdout]     --> /opt/rustwide/cargo-home/registry/src/index.crates.io-6f17d22bba15001f/parcel_css-1.0.0-alpha.32/src/selector.rs:1623:42
[INFO] [stdout]      |
[INFO] [stdout] 1623 |       Component::Negation(vec![Selector::from_vec2(vec![c])].into_boxed_slice())
[INFO] [stdout]      |                                          ^^^^^^^^^ function or associated item not found in `Selector<'_, _>`
[INFO] [stdout]      |
[INFO] [stdout] note: if you're trying to build a new `Selector<'_, _>` consider using one of the following associated functions:
[INFO] [stdout]       Selector::<'i, Impl>::from_vec
[INFO] [stdout]       Selector::<'i, Impl>::parse
[INFO] [stdout]     --> /opt/rustwide/cargo-home/registry/src/index.crates.io-6f17d22bba15001f/parcel_selectors-0.24.9/parser.rs:839:3
[INFO] [stdout]      |
[INFO] [stdout] 839  |     pub(crate) fn from_vec(vec: Vec<Component<'i, Impl>>, specificity: u32, flags: SelectorFlags) -> Self {
[INFO] [stdout]      |     ^^^^^^^^^^^^^^^^^^^^^^^^^^^^^^^^^^^^^^^^^^^^^^^^^^^^^^^^^^^^^^^^^^^^^^^^^^^^^^^^^^^^^^^^^^^^^^^^^^^^^
[INFO] [stdout] ...
[INFO] [stdout] 1859 | /   pub fn parse<'t, P>(parser: &P, input: &mut CssParser<'i, 't>) -> Result<Self, ParseError<'i, P::Error>>
[INFO] [stdout] 1860 | |   where
[INFO] [stdout] 1861 | |     P: Parser<'i, Impl = Impl>,
[INFO] [stdout]      | |_______________________________^
[INFO] [stdout] 
[INFO] [stdout] 
[INFO] [stdout] error: aborting due to 3 previous errors
[INFO] [stdout] 
[INFO] [stdout] 
[INFO] [stdout] For more information about this error, try `rustc --explain E0599`.
[INFO] [stdout] 
[INFO] [stderr] error: could not compile `parcel_css` (lib) due to 4 previous errors
[INFO] running `Command { std: "docker" "inspect" "97f9e7e821211b1c2805e6569b5afa1da0a09c920532bbc95cc1fdf5c771c69c", kill_on_drop: false }`
[INFO] running `Command { std: "docker" "rm" "-f" "97f9e7e821211b1c2805e6569b5afa1da0a09c920532bbc95cc1fdf5c771c69c", kill_on_drop: false }`
[INFO] [stdout] 97f9e7e821211b1c2805e6569b5afa1da0a09c920532bbc95cc1fdf5c771c69c
[INFO] documenting tailwind-rs-0.2.0 against beta-2023-12-22 for beta-1.76-rustdoc-1
[INFO] extracting crate tailwind-rs 0.2.0 into /workspace/builds/worker-1-tc2/source
[INFO] validating manifest of crates.io crate tailwind-rs 0.2.0 on toolchain beta-2023-12-22
[INFO] running `Command { std: CARGO_HOME="/workspace/cargo-home" RUSTUP_HOME="/workspace/rustup-home" "/workspace/cargo-home/bin/cargo" "+beta-2023-12-22" "metadata" "--manifest-path" "Cargo.toml" "--no-deps", kill_on_drop: false }`
[INFO] started tweaking crates.io crate tailwind-rs 0.2.0
[INFO] finished tweaking crates.io crate tailwind-rs 0.2.0
[INFO] tweaked toml for crates.io crate tailwind-rs 0.2.0 written to /workspace/builds/worker-1-tc2/source/Cargo.toml
[INFO] running `Command { std: CARGO_HOME="/workspace/cargo-home" RUSTUP_HOME="/workspace/rustup-home" "/workspace/cargo-home/bin/cargo" "+beta-2023-12-22" "generate-lockfile" "--manifest-path" "Cargo.toml", kill_on_drop: false }`
[INFO] [stderr]     Updating crates.io index
[INFO] running `Command { std: CARGO_HOME="/workspace/cargo-home" RUSTUP_HOME="/workspace/rustup-home" "/workspace/cargo-home/bin/cargo" "+beta-2023-12-22" "fetch" "--manifest-path" "Cargo.toml", kill_on_drop: false }`
[INFO] running `Command { std: "docker" "create" "-v" "/var/lib/crater-agent-workspace/builds/worker-1-tc2/target:/opt/rustwide/target:rw,Z" "-v" "/var/lib/crater-agent-workspace/builds/worker-1-tc2/source:/opt/rustwide/workdir:ro,Z" "-v" "/var/lib/crater-agent-workspace/cargo-home:/opt/rustwide/cargo-home:ro,Z" "-v" "/var/lib/crater-agent-workspace/rustup-home:/opt/rustwide/rustup-home:ro,Z" "-e" "SOURCE_DIR=/opt/rustwide/workdir" "-e" "CARGO_TARGET_DIR=/opt/rustwide/target" "-e" "CARGO_HOME=/opt/rustwide/cargo-home" "-e" "RUSTUP_HOME=/opt/rustwide/rustup-home" "-w" "/opt/rustwide/workdir" "-m" "1610612736" "--user" "0:0" "--network" "none" "ghcr.io/rust-lang/crates-build-env/linux@sha256:2788e3201cd34a07e3172128adcd8b3090168a8e3bcc40d7c032b9dda1df7d1c" "/opt/rustwide/cargo-home/bin/cargo" "+beta-2023-12-22" "metadata" "--no-deps" "--format-version=1", kill_on_drop: false }`
[INFO] [stdout] 00b06357ca57320b9bef6d5673d5d0730f0a92e0cc4d9ff686860179a283b0e3
[INFO] running `Command { std: "docker" "start" "-a" "00b06357ca57320b9bef6d5673d5d0730f0a92e0cc4d9ff686860179a283b0e3", kill_on_drop: false }`
[INFO] running `Command { std: "docker" "inspect" "00b06357ca57320b9bef6d5673d5d0730f0a92e0cc4d9ff686860179a283b0e3", kill_on_drop: false }`
[INFO] running `Command { std: "docker" "rm" "-f" "00b06357ca57320b9bef6d5673d5d0730f0a92e0cc4d9ff686860179a283b0e3", kill_on_drop: false }`
[INFO] [stdout] 00b06357ca57320b9bef6d5673d5d0730f0a92e0cc4d9ff686860179a283b0e3
[INFO] running `Command { std: "docker" "create" "-v" "/var/lib/crater-agent-workspace/builds/worker-1-tc2/target:/opt/rustwide/target:rw,Z" "-v" "/var/lib/crater-agent-workspace/builds/worker-1-tc2/source:/opt/rustwide/workdir:ro,Z" "-v" "/var/lib/crater-agent-workspace/cargo-home:/opt/rustwide/cargo-home:ro,Z" "-v" "/var/lib/crater-agent-workspace/rustup-home:/opt/rustwide/rustup-home:ro,Z" "-e" "SOURCE_DIR=/opt/rustwide/workdir" "-e" "CARGO_TARGET_DIR=/opt/rustwide/target" "-e" "CARGO_INCREMENTAL=0" "-e" "RUST_BACKTRACE=full" "-e" "RUSTFLAGS=--cap-lints=warn" "-e" "RUSTDOCFLAGS=--cap-lints=warn" "-e" "CARGO_HOME=/opt/rustwide/cargo-home" "-e" "RUSTUP_HOME=/opt/rustwide/rustup-home" "-w" "/opt/rustwide/workdir" "-m" "1610612736" "--user" "0:0" "--network" "none" "ghcr.io/rust-lang/crates-build-env/linux@sha256:2788e3201cd34a07e3172128adcd8b3090168a8e3bcc40d7c032b9dda1df7d1c" "/opt/rustwide/cargo-home/bin/cargo" "+beta-2023-12-22" "doc" "--frozen" "--no-deps" "--document-private-items" "--message-format=json", kill_on_drop: false }`
[INFO] [stdout] de858a68efce1e5dfe87192ff005d9deb0700748adc53efe0ab494c4c1db96cf
[INFO] running `Command { std: "docker" "start" "-a" "de858a68efce1e5dfe87192ff005d9deb0700748adc53efe0ab494c4c1db96cf", kill_on_drop: false }`
[INFO] [stderr]    Compiling syn v1.0.109
[INFO] [stderr]    Compiling ppv-lite86 v0.2.17
[INFO] [stderr]    Compiling siphasher v0.3.11
[INFO] [stderr]    Compiling proc-macro-hack v0.5.20+deprecated
[INFO] [stderr]    Compiling serde v1.0.195
[INFO] [stderr]    Compiling libc v0.2.151
[INFO] [stderr]     Checking smallvec v1.11.2
[INFO] [stderr]    Compiling lock_api v0.4.11
[INFO] [stderr]     Checking getrandom v0.2.11
[INFO] [stderr]     Checking either v1.9.0
[INFO] [stderr]     Checking dtoa v1.0.9
[INFO] [stderr]    Compiling rkyv v0.7.43
[INFO] [stderr]    Compiling syn v2.0.48
[INFO] [stderr]    Compiling parking_lot_core v0.9.9
[INFO] [stderr]     Checking outref v0.1.0
[INFO] [stderr]     Checking simd-abstraction v0.7.1
[INFO] [stderr]     Checking dtoa-short v0.3.4
[INFO] [stderr]     Checking ahash v0.7.7
[INFO] [stderr]    Compiling phf_shared v0.10.0
[INFO] [stderr]    Compiling phf_shared v0.8.0
[INFO] [stderr]     Checking seahash v4.1.0
[INFO] [stderr]     Checking fxhash v0.2.1
[INFO] [stderr]     Checking base64-simd v0.7.0
[INFO] [stderr]     Checking data-url v0.1.1
[INFO] [stderr]     Checking hashbrown v0.12.3
[INFO] [stderr]     Checking phf v0.8.0
[INFO] [stderr]     Checking vlq v0.5.1
[INFO] [stderr]     Checking hashbrown v0.14.3
[INFO] [stderr]     Checking nom v7.1.3
[INFO] [stderr]     Checking rayon v1.8.0
[INFO] [stderr]     Checking itertools v0.10.5
[INFO] [stderr]     Checking data-encoding v2.5.0
[INFO] [stderr]     Checking termcolor v1.4.0
[INFO] [stderr]     Checking tl v0.7.7
[INFO] [stderr]     Checking css-color v0.2.5
[INFO] [stderr]     Checking itertools v0.11.0
[INFO] [stderr]    Compiling getrandom v0.1.16
[INFO] [stderr]     Checking dashmap v5.5.3
[INFO] [stderr]    Compiling rand_core v0.6.4
[INFO] [stderr]    Compiling rand_core v0.5.1
[INFO] [stderr]    Compiling rand_chacha v0.3.1
[INFO] [stderr]    Compiling rand_pcg v0.2.1
[INFO] [stderr]    Compiling rand_chacha v0.2.2
[INFO] [stderr]    Compiling rand v0.8.5
[INFO] [stderr]    Compiling rand v0.7.3
[INFO] [stderr]     Checking tailwind-ast v0.4.1
[INFO] [stderr]    Compiling phf_generator v0.10.0
[INFO] [stderr]    Compiling phf_generator v0.8.0
[INFO] [stderr]    Compiling phf_codegen v0.8.0
[INFO] [stderr]    Compiling parcel_selectors v0.24.9
[INFO] [stderr]    Compiling serde_derive v1.0.195
[INFO] [stderr]    Compiling cssparser-macros v0.6.1
[INFO] [stderr]    Compiling phf_macros v0.10.0
[INFO] [stderr]    Compiling ptr_meta_derive v0.1.4
[INFO] [stderr]    Compiling cssparser v0.29.6
[INFO] [stderr]    Compiling rkyv_derive v0.7.43
[INFO] [stderr]    Compiling const-str-proc-macro v0.3.2
[INFO] [stderr]    Compiling derive_more v0.99.17
[INFO] [stderr]     Checking ptr_meta v0.1.4
[INFO] [stderr]     Checking const-str v0.3.2
[INFO] [stderr]     Checking phf v0.10.1
[INFO] [stderr]     Checking serde_json v1.0.111
[INFO] [stderr]     Checking diagnostic v0.3.12
[INFO] [stderr]     Checking parcel_sourcemap v2.1.1
[INFO] [stderr]     Checking parcel_css v1.0.0-alpha.32
[INFO] [stdout] error[E0599]: no function or associated item named `from_vec2` found for struct `Selector` in the current scope
[INFO] [stdout]     --> /opt/rustwide/cargo-home/registry/src/index.crates.io-6f17d22bba15001f/parcel_css-1.0.0-alpha.32/src/parser.rs:873:89
[INFO] [stdout]      |
[INFO] [stdout] 873  |         selectors: SelectorList(smallvec::smallvec![parcel_selectors::parser::Selector::from_vec2(
[INFO] [stdout]      |                                                                                         ^^^^^^^^^ function or associated item not found in `Selector<'_, _>`
[INFO] [stdout]      |
[INFO] [stdout] note: if you're trying to build a new `Selector<'_, _>` consider using one of the following associated functions:
[INFO] [stdout]       Selector::<'i, Impl>::from_vec
[INFO] [stdout]       Selector::<'i, Impl>::parse
[INFO] [stdout]     --> /opt/rustwide/cargo-home/registry/src/index.crates.io-6f17d22bba15001f/parcel_selectors-0.24.9/parser.rs:839:3
[INFO] [stdout]      |
[INFO] [stdout] 839  |     pub(crate) fn from_vec(vec: Vec<Component<'i, Impl>>, specificity: u32, flags: SelectorFlags) -> Self {
[INFO] [stdout]      |     ^^^^^^^^^^^^^^^^^^^^^^^^^^^^^^^^^^^^^^^^^^^^^^^^^^^^^^^^^^^^^^^^^^^^^^^^^^^^^^^^^^^^^^^^^^^^^^^^^^^^^
[INFO] [stdout] ...
[INFO] [stdout] 1859 | /   pub fn parse<'t, P>(parser: &P, input: &mut CssParser<'i, 't>) -> Result<Self, ParseError<'i, P::Error>>
[INFO] [stdout] 1860 | |   where
[INFO] [stdout] 1861 | |     P: Parser<'i, Impl = Impl>,
[INFO] [stdout]      | |_______________________________^
[INFO] [stdout] 
[INFO] [stdout] 
[INFO] [stdout] error[E0599]: no function or associated item named `from_vec2` found for struct `Selector` in the current scope
[INFO] [stdout]     --> /opt/rustwide/cargo-home/registry/src/index.crates.io-6f17d22bba15001f/parcel_css-1.0.0-alpha.32/src/selector.rs:1611:27
[INFO] [stdout]      |
[INFO] [stdout] 1611 |     .map(|lang| Selector::from_vec2(vec![Component::NonTSPseudoClass(PseudoClass::Lang(vec![lang.clone()]))]))
[INFO] [stdout]      |                           ^^^^^^^^^ function or associated item not found in `Selector<'_, _>`
[INFO] [stdout]      |
[INFO] [stdout] note: if you're trying to build a new `Selector<'_, _>` consider using one of the following associated functions:
[INFO] [stdout]       Selector::<'i, Impl>::from_vec
[INFO] [stdout]       Selector::<'i, Impl>::parse
[INFO] [stdout]     --> /opt/rustwide/cargo-home/registry/src/index.crates.io-6f17d22bba15001f/parcel_selectors-0.24.9/parser.rs:839:3
[INFO] [stdout]      |
[INFO] [stdout] 839  |     pub(crate) fn from_vec(vec: Vec<Component<'i, Impl>>, specificity: u32, flags: SelectorFlags) -> Self {
[INFO] [stdout]      |     ^^^^^^^^^^^^^^^^^^^^^^^^^^^^^^^^^^^^^^^^^^^^^^^^^^^^^^^^^^^^^^^^^^^^^^^^^^^^^^^^^^^^^^^^^^^^^^^^^^^^^
[INFO] [stdout] ...
[INFO] [stdout] 1859 | /   pub fn parse<'t, P>(parser: &P, input: &mut CssParser<'i, 't>) -> Result<Self, ParseError<'i, P::Error>>
[INFO] [stdout] 1860 | |   where
[INFO] [stdout] 1861 | |     P: Parser<'i, Impl = Impl>,
[INFO] [stdout]      | |_______________________________^
[INFO] [stdout] 
[INFO] [stdout] 
[INFO] [stdout] error[E0599]: no function or associated item named `from_vec2` found for struct `Selector` in the current scope
[INFO] [stdout]     --> /opt/rustwide/cargo-home/registry/src/index.crates.io-6f17d22bba15001f/parcel_css-1.0.0-alpha.32/src/selector.rs:1623:42
[INFO] [stdout]      |
[INFO] [stdout] 1623 |       Component::Negation(vec![Selector::from_vec2(vec![c])].into_boxed_slice())
[INFO] [stdout]      |                                          ^^^^^^^^^ function or associated item not found in `Selector<'_, _>`
[INFO] [stdout]      |
[INFO] [stdout] note: if you're trying to build a new `Selector<'_, _>` consider using one of the following associated functions:
[INFO] [stdout]       Selector::<'i, Impl>::from_vec
[INFO] [stdout]       Selector::<'i, Impl>::parse
[INFO] [stdout]     --> /opt/rustwide/cargo-home/registry/src/index.crates.io-6f17d22bba15001f/parcel_selectors-0.24.9/parser.rs:839:3
[INFO] [stdout]      |
[INFO] [stdout] 839  |     pub(crate) fn from_vec(vec: Vec<Component<'i, Impl>>, specificity: u32, flags: SelectorFlags) -> Self {
[INFO] [stdout]      |     ^^^^^^^^^^^^^^^^^^^^^^^^^^^^^^^^^^^^^^^^^^^^^^^^^^^^^^^^^^^^^^^^^^^^^^^^^^^^^^^^^^^^^^^^^^^^^^^^^^^^^
[INFO] [stdout] ...
[INFO] [stdout] 1859 | /   pub fn parse<'t, P>(parser: &P, input: &mut CssParser<'i, 't>) -> Result<Self, ParseError<'i, P::Error>>
[INFO] [stdout] 1860 | |   where
[INFO] [stdout] 1861 | |     P: Parser<'i, Impl = Impl>,
[INFO] [stdout]      | |_______________________________^
[INFO] [stdout] 
[INFO] [stdout] 
[INFO] [stdout] error: aborting due to 3 previous errors
[INFO] [stdout] 
[INFO] [stdout] 
[INFO] [stdout] For more information about this error, try `rustc --explain E0599`.
[INFO] [stdout] 
[INFO] [stderr] error: could not compile `parcel_css` (lib) due to 4 previous errors
[INFO] running `Command { std: "docker" "inspect" "de858a68efce1e5dfe87192ff005d9deb0700748adc53efe0ab494c4c1db96cf", kill_on_drop: false }`
[INFO] running `Command { std: "docker" "rm" "-f" "de858a68efce1e5dfe87192ff005d9deb0700748adc53efe0ab494c4c1db96cf", kill_on_drop: false }`
[INFO] [stdout] de858a68efce1e5dfe87192ff005d9deb0700748adc53efe0ab494c4c1db96cf
