[INFO] fetching crate tackler 0.2.0...
[INFO] documenting tackler-0.2.0 against 1.75.0 for beta-1.76-rustdoc-1
[INFO] extracting crate tackler 0.2.0 into /workspace/builds/worker-2-tc1/source
[INFO] validating manifest of crates.io crate tackler 0.2.0 on toolchain 1.75.0
[INFO] running `Command { std: CARGO_HOME="/workspace/cargo-home" RUSTUP_HOME="/workspace/rustup-home" "/workspace/cargo-home/bin/cargo" "+1.75.0" "metadata" "--manifest-path" "Cargo.toml" "--no-deps", kill_on_drop: false }`
[INFO] started tweaking crates.io crate tackler 0.2.0
[INFO] finished tweaking crates.io crate tackler 0.2.0
[INFO] tweaked toml for crates.io crate tackler 0.2.0 written to /workspace/builds/worker-2-tc1/source/Cargo.toml
[INFO] crate crates.io crate tackler 0.2.0 already has a lockfile, it will not be regenerated
[INFO] running `Command { std: CARGO_HOME="/workspace/cargo-home" RUSTUP_HOME="/workspace/rustup-home" "/workspace/cargo-home/bin/cargo" "+1.75.0" "fetch" "--manifest-path" "Cargo.toml", kill_on_drop: false }`
[INFO] [stderr]     Updating crates.io index
[INFO] [stderr]  Downloading crates ...
[INFO] [stderr]   Downloaded tackler-api v0.2.0
[INFO] [stderr]   Downloaded gix-lock v5.0.0
[INFO] [stderr]   Downloaded gix-object v0.28.0
[INFO] [stderr]   Downloaded gix-refspec v0.9.0
[INFO] [stderr]   Downloaded gix-diff v0.28.1
[INFO] [stderr]   Downloaded gix-actor v0.19.0
[INFO] [stderr]   Downloaded gix-traverse v0.24.0
[INFO] [stderr]   Downloaded gix-prompt v0.3.3
[INFO] [stderr]   Downloaded gix-bitmap v0.2.2
[INFO] [stderr]   Downloaded gix-path v0.7.3
[INFO] [stderr]   Downloaded better_any v0.2.0
[INFO] [stderr]   Downloaded gix-hashtable v0.1.2
[INFO] [stderr]   Downloaded gix-mailmap v0.11.0
[INFO] [stderr]   Downloaded gix-discover v0.16.2
[INFO] [stderr]   Downloaded gix-hash v0.10.3
[INFO] [stderr]   Downloaded gix-index v0.15.1
[INFO] [stderr]   Downloaded gix-config v0.20.1
[INFO] [stderr]   Downloaded antlr-rust v0.3.0-beta
[INFO] [stderr]   Downloaded gix-odb v0.43.1
[INFO] [stderr]   Downloaded gix-pack v0.33.2
[INFO] [stderr]   Downloaded gix v0.43.1
[INFO] [stderr]   Downloaded gix-features v0.28.1
[INFO] [stderr]   Downloaded gix-tempfile v5.0.2
[INFO] [stderr]   Downloaded gix-ref v0.27.2
[INFO] [stderr]   Downloaded windows v0.43.0
[INFO] [stderr]   Downloaded tackler-rs v0.2.0
[INFO] [stderr]   Downloaded gix-quote v0.4.3
[INFO] [stderr]   Downloaded tackler-core v0.2.0
[INFO] [stderr]   Downloaded rust_decimal v1.29.1
[INFO] [stderr]   Downloaded home v0.5.4
[INFO] [stderr]   Downloaded gix-revision v0.12.2
[INFO] [stderr]   Downloaded gix-date v0.4.3
[INFO] [stderr]   Downloaded gix-glob v0.5.5
[INFO] [stderr]   Downloaded unicode-bom v1.1.4
[INFO] [stderr]   Downloaded gix-config-value v0.10.2
[INFO] [stderr]   Downloaded gix-credentials v0.12.0
[INFO] [stderr]   Downloaded gix-worktree v0.15.2
[INFO] [stderr]   Downloaded gix-url v0.16.0
[INFO] [stderr]   Downloaded gix-validate v0.7.4
[INFO] [stderr]   Downloaded murmur3 v0.4.1
[INFO] [stderr]   Downloaded gix-chunk v0.4.1
[INFO] [stderr]   Downloaded gix-command v0.2.4
[INFO] [stderr]   Downloaded gix-attributes v0.10.0
[INFO] [stderr]   Downloaded cpufeatures v0.2.6
[INFO] [stderr]   Downloaded gix-sec v0.6.2
[INFO] running `Command { std: "docker" "create" "-v" "/var/lib/crater-agent-workspace/builds/worker-2-tc1/target:/opt/rustwide/target:rw,Z" "-v" "/var/lib/crater-agent-workspace/builds/worker-2-tc1/source:/opt/rustwide/workdir:ro,Z" "-v" "/var/lib/crater-agent-workspace/cargo-home:/opt/rustwide/cargo-home:ro,Z" "-v" "/var/lib/crater-agent-workspace/rustup-home:/opt/rustwide/rustup-home:ro,Z" "-e" "SOURCE_DIR=/opt/rustwide/workdir" "-e" "CARGO_TARGET_DIR=/opt/rustwide/target" "-e" "CARGO_HOME=/opt/rustwide/cargo-home" "-e" "RUSTUP_HOME=/opt/rustwide/rustup-home" "-w" "/opt/rustwide/workdir" "-m" "1610612736" "--user" "0:0" "--network" "none" "ghcr.io/rust-lang/crates-build-env/linux@sha256:2788e3201cd34a07e3172128adcd8b3090168a8e3bcc40d7c032b9dda1df7d1c" "/opt/rustwide/cargo-home/bin/cargo" "+1.75.0" "metadata" "--no-deps" "--format-version=1", kill_on_drop: false }`
[INFO] [stdout] 53d6c976ce8c6a3b3294ca1d4702ccae50193e34020543600bf46daee7bbf932
[INFO] running `Command { std: "docker" "start" "-a" "53d6c976ce8c6a3b3294ca1d4702ccae50193e34020543600bf46daee7bbf932", kill_on_drop: false }`
[INFO] running `Command { std: "docker" "inspect" "53d6c976ce8c6a3b3294ca1d4702ccae50193e34020543600bf46daee7bbf932", kill_on_drop: false }`
[INFO] running `Command { std: "docker" "rm" "-f" "53d6c976ce8c6a3b3294ca1d4702ccae50193e34020543600bf46daee7bbf932", kill_on_drop: false }`
[INFO] [stdout] 53d6c976ce8c6a3b3294ca1d4702ccae50193e34020543600bf46daee7bbf932
[INFO] running `Command { std: "docker" "create" "-v" "/var/lib/crater-agent-workspace/builds/worker-2-tc1/target:/opt/rustwide/target:rw,Z" "-v" "/var/lib/crater-agent-workspace/builds/worker-2-tc1/source:/opt/rustwide/workdir:ro,Z" "-v" "/var/lib/crater-agent-workspace/cargo-home:/opt/rustwide/cargo-home:ro,Z" "-v" "/var/lib/crater-agent-workspace/rustup-home:/opt/rustwide/rustup-home:ro,Z" "-e" "SOURCE_DIR=/opt/rustwide/workdir" "-e" "CARGO_TARGET_DIR=/opt/rustwide/target" "-e" "CARGO_INCREMENTAL=0" "-e" "RUST_BACKTRACE=full" "-e" "RUSTFLAGS=--cap-lints=warn" "-e" "RUSTDOCFLAGS=--cap-lints=warn" "-e" "CARGO_HOME=/opt/rustwide/cargo-home" "-e" "RUSTUP_HOME=/opt/rustwide/rustup-home" "-w" "/opt/rustwide/workdir" "-m" "1610612736" "--user" "0:0" "--network" "none" "ghcr.io/rust-lang/crates-build-env/linux@sha256:2788e3201cd34a07e3172128adcd8b3090168a8e3bcc40d7c032b9dda1df7d1c" "/opt/rustwide/cargo-home/bin/cargo" "+1.75.0" "doc" "--frozen" "--no-deps" "--document-private-items" "--message-format=json", kill_on_drop: false }`
[INFO] [stdout] ec2f90e79ca439a52d72c9d0c724db974dd7ff379a5b4d59c165f10f9152090d
[INFO] running `Command { std: "docker" "start" "-a" "ec2f90e79ca439a52d72c9d0c724db974dd7ff379a5b4d59c165f10f9152090d", kill_on_drop: false }`
[INFO] [stderr]    Compiling libc v0.2.141
[INFO] [stderr]    Compiling proc-macro2 v1.0.56
[INFO] [stderr]    Compiling quote v1.0.26
[INFO] [stderr]    Compiling unicode-ident v1.0.8
[INFO] [stderr]    Compiling memchr v2.5.0
[INFO] [stderr]     Checking once_cell v1.17.1
[INFO] [stderr]    Compiling thiserror v1.0.40
[INFO] [stderr]     Checking scopeguard v1.1.0
[INFO] [stderr]    Compiling crossbeam-utils v0.8.15
[INFO] [stderr]     Checking regex-automata v0.1.10
[INFO] [stderr]    Compiling lock_api v0.4.9
[INFO] [stderr]     Checking smallvec v1.10.0
[INFO] [stderr]    Compiling memoffset v0.8.0
[INFO] [stderr]    Compiling num-traits v0.2.15
[INFO] [stderr]    Compiling crossbeam-epoch v0.9.14
[INFO] [stderr]    Compiling parking_lot_core v0.9.7
[INFO] [stderr]     Checking bstr v1.4.0
[INFO] [stderr]     Checking crossbeam-channel v0.5.7
[INFO] [stderr]    Compiling crossbeam-queue v0.3.8
[INFO] [stderr]    Compiling syn v2.0.13
[INFO] [stderr]    Compiling rayon-core v1.11.0
[INFO] [stderr]     Checking either v1.8.1
[INFO] [stderr]     Checking crossbeam-deque v0.8.3
[INFO] [stderr]     Checking itoa v1.0.6
[INFO] [stderr]     Checking same-file v1.0.6
[INFO] [stderr]     Checking miniz_oxide v0.6.2
[INFO] [stderr]    Compiling io-lifetimes v1.0.10
[INFO] [stderr]     Checking walkdir v2.3.3
[INFO] [stderr]    Compiling time-core v0.1.0
[INFO] [stderr]     Checking crossbeam v0.8.2
[INFO] [stderr]    Compiling time-macros v0.2.8
[INFO] [stderr]     Checking num_threads v0.1.6
[INFO] [stderr]    Compiling rustix v0.37.8
[INFO] [stderr]     Checking prodash v23.1.2
[INFO] [stderr]     Checking num_cpus v1.15.0
[INFO] [stderr]     Checking parking_lot v0.12.1
[INFO] [stderr]     Checking btoi v0.4.3
[INFO] [stderr]     Checking flate2 v1.0.25
[INFO] [stderr]     Checking linux-raw-sys v0.3.1
[INFO] [stderr]     Checking minimal-lexical v0.2.1
[INFO] [stderr]    Compiling signal-hook v0.3.15
[INFO] [stderr]     Checking signal-hook-registry v1.4.1
[INFO] [stderr]     Checking fastrand v1.9.0
[INFO] [stderr]    Compiling serde_derive v1.0.159
[INFO] [stderr]     Checking rayon v1.7.0
[INFO] [stderr]     Checking nom v7.1.3
[INFO] [stderr]     Checking hashbrown v0.13.2
[INFO] [stderr]     Checking memmap2 v0.5.10
[INFO] [stderr]    Compiling serde v1.0.159
[INFO] [stderr]    Compiling ahash v0.8.3
[INFO] [stderr]     Checking getrandom v0.2.9
[INFO] [stderr]     Checking arrayvec v0.7.2
[INFO] [stderr]     Checking unicode-normalization v0.1.22
[INFO] [stderr]    Compiling log v0.4.17
[INFO] [stderr]     Checking percent-encoding v2.2.0
[INFO] [stderr]     Checking unicode-bidi v0.3.13
[INFO] [stderr]     Checking hashbrown v0.12.3
[INFO] [stderr]     Checking time v0.3.20
[INFO] [stderr]     Checking form_urlencoded v1.1.0
[INFO] [stderr]     Checking gix-sec v0.6.2
[INFO] [stderr]     Checking idna v0.3.0
[INFO] [stderr]     Checking gix-glob v0.5.5
[INFO] [stderr]    Compiling num-integer v0.1.45
[INFO] [stderr]     Checking imara-diff v0.1.5
[INFO] [stderr]     Checking unicode-bom v1.1.4
[INFO] [stderr]     Checking static_assertions v1.1.0
[INFO] [stderr]    Compiling serde_json v1.0.95
[INFO] [stderr]     Checking nix v0.26.2
[INFO] [stderr]     Checking jwalk v0.8.1
[INFO] [stderr]     Checking url v2.3.1
[INFO] [stderr]     Checking tempfile v3.5.0
[INFO] [stderr]     Checking uluru v3.0.0
[INFO] [stderr]     Checking filetime v0.2.21
[INFO] [stderr]     Checking gix-command v0.2.4
[INFO] [stderr]     Checking aho-corasick v0.7.20
[INFO] [stderr]     Checking clru v0.6.1
[INFO] [stderr]     Checking gix-tempfile v5.0.2
[INFO] [stderr]     Checking home v0.5.4
[INFO] [stderr]     Checking ryu v1.0.13
[INFO] [stderr]    Compiling rust_decimal v1.29.1
[INFO] [stderr]     Checking anstyle-parse v0.1.1
[INFO] [stderr]     Checking parking_lot_core v0.8.6
[INFO] [stderr]     Checking is-terminal v0.4.7
[INFO] [stderr]     Checking io-close v0.3.7
[INFO] [stderr]     Checking arc-swap v1.6.0
[INFO] [stderr]     Checking anstyle v0.3.5
[INFO] [stderr]    Compiling indoc v2.0.1
[INFO] [stderr]     Checking iana-time-zone v0.1.56
[INFO] [stderr]     Checking bit-vec v0.6.3
[INFO] [stderr]     Checking concolor-override v1.0.0
[INFO] [stderr]     Checking concolor-query v0.3.3
[INFO] [stderr]     Checking parking_lot v0.11.2
[INFO] [stderr]     Checking murmur3 v0.4.1
[INFO] [stderr]     Checking digest v0.10.6
[INFO] [stderr]     Checking regex v1.7.3
[INFO] [stderr]     Checking anstream v0.2.6
[INFO] [stderr]     Checking base64 v0.21.0
[INFO] [stderr]     Checking bit-set v0.5.3
[INFO] [stderr]     Checking cpufeatures v0.2.6
[INFO] [stderr]     Checking clap_lex v0.4.1
[INFO] [stderr]     Checking uuid v0.8.2
[INFO] [stderr]     Checking typed-arena v2.0.2
[INFO] [stderr]     Checking better_any v0.2.0
[INFO] [stderr]     Checking sha2 v0.10.6
[INFO] [stderr]     Checking clap_builder v4.2.1
[INFO] [stderr]     Checking itertools v0.10.5
[INFO] [stderr]    Compiling tackler v0.2.0 (/opt/rustwide/workdir)
[INFO] [stderr]     Checking antlr-rust v0.3.0-beta
[INFO] [stderr]     Checking tackler-rs v0.2.0
[INFO] [stderr]    Compiling thiserror-impl v1.0.40
[INFO] [stderr]    Compiling clap_derive v4.2.0
[INFO] [stderr]     Checking gix-hash v0.10.3
[INFO] [stderr]     Checking gix-date v0.4.3
[INFO] [stderr]     Checking gix-validate v0.7.4
[INFO] [stderr]     Checking gix-path v0.7.3
[INFO] [stderr]     Checking gix-lock v5.0.0
[INFO] [stderr]     Checking gix-quote v0.4.3
[INFO] [stderr]     Checking gix-bitmap v0.2.2
[INFO] [stderr]     Checking gix-chunk v0.4.1
[INFO] [stderr]     Checking gix-features v0.28.1
[INFO] [stderr]     Checking gix-hashtable v0.1.2
[INFO] [stderr]     Checking gix-actor v0.19.0
[INFO] [stderr]     Checking gix-config-value v0.10.2
[INFO] [stderr]     Checking gix-mailmap v0.11.0
[INFO] [stderr]     Checking gix-prompt v0.3.3
[INFO] [stderr]     Checking gix-object v0.28.0
[INFO] [stderr]     Checking gix-url v0.16.0
[INFO] [stderr]     Checking gix-attributes v0.10.0
[INFO] [stderr]     Checking clap v4.2.1
[INFO] [stderr]     Checking gix-credentials v0.12.0
[INFO] [stderr]     Checking gix-traverse v0.24.0
[INFO] [stderr]     Checking gix-diff v0.28.1
[INFO] [stderr]     Checking gix-ref v0.27.2
[INFO] [stderr]     Checking gix-revision v0.12.2
[INFO] [stderr]     Checking gix-index v0.15.1
[INFO] [stderr]     Checking gix-pack v0.33.2
[INFO] [stderr]     Checking gix-refspec v0.9.0
[INFO] [stderr]     Checking gix-config v0.20.1
[INFO] [stderr]     Checking gix-discover v0.16.2
[INFO] [stderr]     Checking gix-worktree v0.15.2
[INFO] [stderr]     Checking gix-odb v0.43.1
[INFO] [stderr]     Checking gix v0.43.1
[INFO] [stderr]     Checking serde_regex v1.1.0
[INFO] [stderr]     Checking chrono v0.4.24
[INFO] [stderr]     Checking uuid v1.3.0
[INFO] [stderr]     Checking tackler-api v0.2.0
[INFO] [stderr]     Checking tackler-core v0.2.0
[INFO] [stdout] error[E0554]: `#![feature]` may not be used on the stable release channel
[INFO] [stdout]   --> /opt/rustwide/cargo-home/registry/src/index.crates.io-6f17d22bba15001f/tackler-core-0.2.0/src/lib.rs:18:12
[INFO] [stdout]    |
[INFO] [stdout] 18 | #![feature(hash_raw_entry)]
[INFO] [stdout]    |            ^^^^^^^^^^^^^^
[INFO] [stdout] 
[INFO] [stdout] 
[INFO] [stdout] error[E0554]: `#![feature]` may not be used on the stable release channel
[INFO] [stdout]   --> /opt/rustwide/cargo-home/registry/src/index.crates.io-6f17d22bba15001f/tackler-core-0.2.0/src/lib.rs:19:12
[INFO] [stdout]    |
[INFO] [stdout] 19 | #![feature(is_some_and)]
[INFO] [stdout]    |            ^^^^^^^^^^^
[INFO] [stdout] 
[INFO] [stdout] 
[INFO] [stdout] error: aborting due to 2 previous errors
[INFO] [stdout] 
[INFO] [stdout] 
[INFO] [stdout] For more information about this error, try `rustc --explain E0554`.
[INFO] [stdout] 
[INFO] [stderr] error: could not compile `tackler-core` (lib) due to 3 previous errors
[INFO] running `Command { std: "docker" "inspect" "ec2f90e79ca439a52d72c9d0c724db974dd7ff379a5b4d59c165f10f9152090d", kill_on_drop: false }`
[INFO] running `Command { std: "docker" "rm" "-f" "ec2f90e79ca439a52d72c9d0c724db974dd7ff379a5b4d59c165f10f9152090d", kill_on_drop: false }`
[INFO] [stdout] ec2f90e79ca439a52d72c9d0c724db974dd7ff379a5b4d59c165f10f9152090d
[INFO] documenting tackler-0.2.0 against beta-2023-12-22 for beta-1.76-rustdoc-1
[INFO] extracting crate tackler 0.2.0 into /workspace/builds/worker-2-tc2/source
[INFO] validating manifest of crates.io crate tackler 0.2.0 on toolchain beta-2023-12-22
[INFO] running `Command { std: CARGO_HOME="/workspace/cargo-home" RUSTUP_HOME="/workspace/rustup-home" "/workspace/cargo-home/bin/cargo" "+beta-2023-12-22" "metadata" "--manifest-path" "Cargo.toml" "--no-deps", kill_on_drop: false }`
[INFO] started tweaking crates.io crate tackler 0.2.0
[INFO] finished tweaking crates.io crate tackler 0.2.0
[INFO] tweaked toml for crates.io crate tackler 0.2.0 written to /workspace/builds/worker-2-tc2/source/Cargo.toml
[INFO] crate crates.io crate tackler 0.2.0 already has a lockfile, it will not be regenerated
[INFO] running `Command { std: CARGO_HOME="/workspace/cargo-home" RUSTUP_HOME="/workspace/rustup-home" "/workspace/cargo-home/bin/cargo" "+beta-2023-12-22" "fetch" "--manifest-path" "Cargo.toml", kill_on_drop: false }`
[INFO] running `Command { std: "docker" "create" "-v" "/var/lib/crater-agent-workspace/builds/worker-2-tc2/target:/opt/rustwide/target:rw,Z" "-v" "/var/lib/crater-agent-workspace/builds/worker-2-tc2/source:/opt/rustwide/workdir:ro,Z" "-v" "/var/lib/crater-agent-workspace/cargo-home:/opt/rustwide/cargo-home:ro,Z" "-v" "/var/lib/crater-agent-workspace/rustup-home:/opt/rustwide/rustup-home:ro,Z" "-e" "SOURCE_DIR=/opt/rustwide/workdir" "-e" "CARGO_TARGET_DIR=/opt/rustwide/target" "-e" "CARGO_HOME=/opt/rustwide/cargo-home" "-e" "RUSTUP_HOME=/opt/rustwide/rustup-home" "-w" "/opt/rustwide/workdir" "-m" "1610612736" "--user" "0:0" "--network" "none" "ghcr.io/rust-lang/crates-build-env/linux@sha256:2788e3201cd34a07e3172128adcd8b3090168a8e3bcc40d7c032b9dda1df7d1c" "/opt/rustwide/cargo-home/bin/cargo" "+beta-2023-12-22" "metadata" "--no-deps" "--format-version=1", kill_on_drop: false }`
[INFO] [stdout] 14fd6ead7193150cdb807b8bd7262386a0b226f7ebc29c958039674d0cf2a615
[INFO] running `Command { std: "docker" "start" "-a" "14fd6ead7193150cdb807b8bd7262386a0b226f7ebc29c958039674d0cf2a615", kill_on_drop: false }`
[INFO] running `Command { std: "docker" "inspect" "14fd6ead7193150cdb807b8bd7262386a0b226f7ebc29c958039674d0cf2a615", kill_on_drop: false }`
[INFO] running `Command { std: "docker" "rm" "-f" "14fd6ead7193150cdb807b8bd7262386a0b226f7ebc29c958039674d0cf2a615", kill_on_drop: false }`
[INFO] [stdout] 14fd6ead7193150cdb807b8bd7262386a0b226f7ebc29c958039674d0cf2a615
[INFO] running `Command { std: "docker" "create" "-v" "/var/lib/crater-agent-workspace/builds/worker-2-tc2/target:/opt/rustwide/target:rw,Z" "-v" "/var/lib/crater-agent-workspace/builds/worker-2-tc2/source:/opt/rustwide/workdir:ro,Z" "-v" "/var/lib/crater-agent-workspace/cargo-home:/opt/rustwide/cargo-home:ro,Z" "-v" "/var/lib/crater-agent-workspace/rustup-home:/opt/rustwide/rustup-home:ro,Z" "-e" "SOURCE_DIR=/opt/rustwide/workdir" "-e" "CARGO_TARGET_DIR=/opt/rustwide/target" "-e" "CARGO_INCREMENTAL=0" "-e" "RUST_BACKTRACE=full" "-e" "RUSTFLAGS=--cap-lints=warn" "-e" "RUSTDOCFLAGS=--cap-lints=warn" "-e" "CARGO_HOME=/opt/rustwide/cargo-home" "-e" "RUSTUP_HOME=/opt/rustwide/rustup-home" "-w" "/opt/rustwide/workdir" "-m" "1610612736" "--user" "0:0" "--network" "none" "ghcr.io/rust-lang/crates-build-env/linux@sha256:2788e3201cd34a07e3172128adcd8b3090168a8e3bcc40d7c032b9dda1df7d1c" "/opt/rustwide/cargo-home/bin/cargo" "+beta-2023-12-22" "doc" "--frozen" "--no-deps" "--document-private-items" "--message-format=json", kill_on_drop: false }`
[INFO] [stdout] c2191a23840d41f756783055195727471db3e654fe3769e7e32582f1e3f32d09
[INFO] running `Command { std: "docker" "start" "-a" "c2191a23840d41f756783055195727471db3e654fe3769e7e32582f1e3f32d09", kill_on_drop: false }`
[INFO] [stderr]    Compiling libc v0.2.141
[INFO] [stderr]    Compiling proc-macro2 v1.0.56
[INFO] [stderr]    Compiling quote v1.0.26
[INFO] [stderr]    Compiling unicode-ident v1.0.8
[INFO] [stderr]    Compiling memchr v2.5.0
[INFO] [stderr]     Checking once_cell v1.17.1
[INFO] [stderr]    Compiling thiserror v1.0.40
[INFO] [stderr]     Checking scopeguard v1.1.0
[INFO] [stderr]    Compiling crossbeam-utils v0.8.15
[INFO] [stderr]     Checking regex-automata v0.1.10
[INFO] [stderr]    Compiling lock_api v0.4.9
[INFO] [stderr]     Checking smallvec v1.10.0
[INFO] [stderr]    Compiling memoffset v0.8.0
[INFO] [stderr]    Compiling num-traits v0.2.15
[INFO] [stderr]    Compiling crossbeam-epoch v0.9.14
[INFO] [stderr]    Compiling parking_lot_core v0.9.7
[INFO] [stderr]     Checking crossbeam-channel v0.5.7
[INFO] [stderr]    Compiling crossbeam-queue v0.3.8
[INFO] [stderr]     Checking bstr v1.4.0
[INFO] [stderr]    Compiling rayon-core v1.11.0
[INFO] [stderr]    Compiling syn v2.0.13
[INFO] [stderr]     Checking crossbeam-deque v0.8.3
[INFO] [stderr]     Checking either v1.8.1
[INFO] [stderr]     Checking itoa v1.0.6
[INFO] [stderr]     Checking same-file v1.0.6
[INFO] [stderr]     Checking miniz_oxide v0.6.2
[INFO] [stderr]    Compiling time-core v0.1.0
[INFO] [stderr]    Compiling io-lifetimes v1.0.10
[INFO] [stderr]    Compiling time-macros v0.2.8
[INFO] [stderr]     Checking walkdir v2.3.3
[INFO] [stderr]     Checking crossbeam v0.8.2
[INFO] [stderr]    Compiling rustix v0.37.8
[INFO] [stderr]     Checking prodash v23.1.2
[INFO] [stderr]     Checking flate2 v1.0.25
[INFO] [stderr]     Checking btoi v0.4.3
[INFO] [stderr]     Checking num_threads v0.1.6
[INFO] [stderr]     Checking num_cpus v1.15.0
[INFO] [stderr]     Checking linux-raw-sys v0.3.1
[INFO] [stderr]     Checking minimal-lexical v0.2.1
[INFO] [stderr]     Checking parking_lot v0.12.1
[INFO] [stderr]    Compiling signal-hook v0.3.15
[INFO] [stderr]     Checking signal-hook-registry v1.4.1
[INFO] [stderr]     Checking fastrand v1.9.0
[INFO] [stderr]     Checking nom v7.1.3
[INFO] [stderr]     Checking hashbrown v0.13.2
[INFO] [stderr]    Compiling serde_derive v1.0.159
[INFO] [stderr]     Checking memmap2 v0.5.10
[INFO] [stderr]    Compiling serde v1.0.159
[INFO] [stderr]     Checking rayon v1.7.0
[INFO] [stderr]    Compiling ahash v0.8.3
[INFO] [stderr]     Checking getrandom v0.2.9
[INFO] [stderr]     Checking arrayvec v0.7.2
[INFO] [stderr]     Checking unicode-normalization v0.1.22
[INFO] [stderr]     Checking unicode-bidi v0.3.13
[INFO] [stderr]    Compiling log v0.4.17
[INFO] [stderr]     Checking hashbrown v0.12.3
[INFO] [stderr]     Checking percent-encoding v2.2.0
[INFO] [stderr]     Checking idna v0.3.0
[INFO] [stderr]     Checking form_urlencoded v1.1.0
[INFO] [stderr]     Checking time v0.3.20
[INFO] [stderr]     Checking gix-sec v0.6.2
[INFO] [stderr]     Checking gix-glob v0.5.5
[INFO] [stderr]    Compiling num-integer v0.1.45
[INFO] [stderr]     Checking imara-diff v0.1.5
[INFO] [stderr]     Checking unicode-bom v1.1.4
[INFO] [stderr]    Compiling serde_json v1.0.95
[INFO] [stderr]     Checking static_assertions v1.1.0
[INFO] [stderr]     Checking nix v0.26.2
[INFO] [stderr]     Checking url v2.3.1
[INFO] [stderr]     Checking uluru v3.0.0
[INFO] [stderr]     Checking filetime v0.2.21
[INFO] [stderr]     Checking gix-command v0.2.4
[INFO] [stderr]     Checking aho-corasick v0.7.20
[INFO] [stderr]     Checking ryu v1.0.13
[INFO] [stderr]     Checking home v0.5.4
[INFO] [stderr]     Checking jwalk v0.8.1
[INFO] [stderr]     Checking clru v0.6.1
[INFO] [stderr]    Compiling rust_decimal v1.29.1
[INFO] [stderr]     Checking anstyle-parse v0.1.1
[INFO] [stderr]     Checking tempfile v3.5.0
[INFO] [stderr]     Checking is-terminal v0.4.7
[INFO] [stderr]     Checking parking_lot_core v0.8.6
[INFO] [stderr]     Checking io-close v0.3.7
[INFO] [stderr]     Checking bit-vec v0.6.3
[INFO] [stderr]     Checking concolor-query v0.3.3
[INFO] [stderr]     Checking gix-tempfile v5.0.2
[INFO] [stderr]     Checking arc-swap v1.6.0
[INFO] [stderr]     Checking anstyle v0.3.5
[INFO] [stderr]     Checking iana-time-zone v0.1.56
[INFO] [stderr]    Compiling indoc v2.0.1
[INFO] [stderr]     Checking concolor-override v1.0.0
[INFO] [stderr]     Checking regex v1.7.3
[INFO] [stderr]     Checking murmur3 v0.4.1
[INFO] [stderr]     Checking bit-set v0.5.3
[INFO] [stderr]     Checking parking_lot v0.11.2
[INFO] [stderr]     Checking anstream v0.2.6
[INFO] [stderr]     Checking digest v0.10.6
[INFO] [stderr]     Checking clap_lex v0.4.1
[INFO] [stderr]     Checking better_any v0.2.0
[INFO] [stderr]     Checking cpufeatures v0.2.6
[INFO] [stderr]     Checking uuid v0.8.2
[INFO] [stderr]     Checking base64 v0.21.0
[INFO] [stderr]     Checking typed-arena v2.0.2
[INFO] [stderr]     Checking sha2 v0.10.6
[INFO] [stderr]     Checking clap_builder v4.2.1
[INFO] [stderr]     Checking itertools v0.10.5
[INFO] [stderr]     Checking antlr-rust v0.3.0-beta
[INFO] [stderr]    Compiling tackler v0.2.0 (/opt/rustwide/workdir)
[INFO] [stderr]     Checking tackler-rs v0.2.0
[INFO] [stderr]    Compiling thiserror-impl v1.0.40
[INFO] [stderr]    Compiling clap_derive v4.2.0
[INFO] [stderr]     Checking gix-hash v0.10.3
[INFO] [stderr]     Checking gix-date v0.4.3
[INFO] [stderr]     Checking gix-validate v0.7.4
[INFO] [stderr]     Checking gix-path v0.7.3
[INFO] [stderr]     Checking gix-lock v5.0.0
[INFO] [stderr]     Checking gix-quote v0.4.3
[INFO] [stderr]     Checking gix-bitmap v0.2.2
[INFO] [stderr]     Checking gix-features v0.28.1
[INFO] [stderr]     Checking gix-hashtable v0.1.2
[INFO] [stderr]     Checking gix-config-value v0.10.2
[INFO] [stderr]     Checking gix-actor v0.19.0
[INFO] [stderr]     Checking gix-chunk v0.4.1
[INFO] [stderr]     Checking gix-mailmap v0.11.0
[INFO] [stderr]     Checking gix-object v0.28.0
[INFO] [stderr]     Checking gix-attributes v0.10.0
[INFO] [stderr]     Checking gix-url v0.16.0
[INFO] [stderr]     Checking gix-prompt v0.3.3
[INFO] [stderr]     Checking gix-credentials v0.12.0
[INFO] [stderr]     Checking clap v4.2.1
[INFO] [stderr]     Checking gix-traverse v0.24.0
[INFO] [stderr]     Checking gix-ref v0.27.2
[INFO] [stderr]     Checking gix-diff v0.28.1
[INFO] [stderr]     Checking gix-revision v0.12.2
[INFO] [stderr]     Checking gix-index v0.15.1
[INFO] [stderr]     Checking gix-pack v0.33.2
[INFO] [stderr]     Checking gix-refspec v0.9.0
[INFO] [stderr]     Checking gix-worktree v0.15.2
[INFO] [stderr]     Checking gix-discover v0.16.2
[INFO] [stderr]     Checking gix-config v0.20.1
[INFO] [stderr]     Checking gix-odb v0.43.1
[INFO] [stderr]     Checking gix v0.43.1
[INFO] [stderr]     Checking serde_regex v1.1.0
[INFO] [stderr]     Checking chrono v0.4.24
[INFO] [stderr]     Checking uuid v1.3.0
[INFO] [stderr]     Checking tackler-api v0.2.0
[INFO] [stderr]     Checking tackler-core v0.2.0
[INFO] [stdout] error[E0554]: `#![feature]` may not be used on the beta release channel
[INFO] [stdout]   --> /opt/rustwide/cargo-home/registry/src/index.crates.io-6f17d22bba15001f/tackler-core-0.2.0/src/lib.rs:18:12
[INFO] [stdout]    |
[INFO] [stdout] 18 | #![feature(hash_raw_entry)]
[INFO] [stdout]    |            ^^^^^^^^^^^^^^
[INFO] [stdout] 
[INFO] [stdout] 
[INFO] [stdout] error[E0554]: `#![feature]` may not be used on the beta release channel
[INFO] [stdout]   --> /opt/rustwide/cargo-home/registry/src/index.crates.io-6f17d22bba15001f/tackler-core-0.2.0/src/lib.rs:19:12
[INFO] [stdout]    |
[INFO] [stdout] 19 | #![feature(is_some_and)]
[INFO] [stdout]    |            ^^^^^^^^^^^
[INFO] [stdout] 
[INFO] [stdout] 
[INFO] [stdout] error: aborting due to 2 previous errors
[INFO] [stdout] 
[INFO] [stdout] 
[INFO] [stdout] For more information about this error, try `rustc --explain E0554`.
[INFO] [stdout] 
[INFO] [stderr] error: could not compile `tackler-core` (lib) due to 3 previous errors
[INFO] running `Command { std: "docker" "inspect" "c2191a23840d41f756783055195727471db3e654fe3769e7e32582f1e3f32d09", kill_on_drop: false }`
[INFO] running `Command { std: "docker" "rm" "-f" "c2191a23840d41f756783055195727471db3e654fe3769e7e32582f1e3f32d09", kill_on_drop: false }`
[INFO] [stdout] c2191a23840d41f756783055195727471db3e654fe3769e7e32582f1e3f32d09
