[INFO] fetching crate tack-it-on 1.0.1...
[INFO] documenting tack-it-on-1.0.1 against 1.75.0 for beta-1.76-rustdoc-1
[INFO] extracting crate tack-it-on 1.0.1 into /workspace/builds/worker-2-tc1/source
[INFO] validating manifest of crates.io crate tack-it-on 1.0.1 on toolchain 1.75.0
[INFO] running `Command { std: CARGO_HOME="/workspace/cargo-home" RUSTUP_HOME="/workspace/rustup-home" "/workspace/cargo-home/bin/cargo" "+1.75.0" "metadata" "--manifest-path" "Cargo.toml" "--no-deps", kill_on_drop: false }`
[INFO] started tweaking crates.io crate tack-it-on 1.0.1
[INFO] finished tweaking crates.io crate tack-it-on 1.0.1
[INFO] tweaked toml for crates.io crate tack-it-on 1.0.1 written to /workspace/builds/worker-2-tc1/source/Cargo.toml
[INFO] running `Command { std: CARGO_HOME="/workspace/cargo-home" RUSTUP_HOME="/workspace/rustup-home" "/workspace/cargo-home/bin/cargo" "+1.75.0" "generate-lockfile" "--manifest-path" "Cargo.toml", kill_on_drop: false }`
[INFO] [stderr]     Blocking waiting for file lock on package cache
[INFO] [stderr]     Updating crates.io index
[INFO] running `Command { std: CARGO_HOME="/workspace/cargo-home" RUSTUP_HOME="/workspace/rustup-home" "/workspace/cargo-home/bin/cargo" "+1.75.0" "fetch" "--manifest-path" "Cargo.toml", kill_on_drop: false }`
[INFO] [stderr]  Downloading crates ...
[INFO] [stderr]   Downloaded text_io v0.1.12
[INFO] running `Command { std: "docker" "create" "-v" "/var/lib/crater-agent-workspace/builds/worker-2-tc1/target:/opt/rustwide/target:rw,Z" "-v" "/var/lib/crater-agent-workspace/builds/worker-2-tc1/source:/opt/rustwide/workdir:ro,Z" "-v" "/var/lib/crater-agent-workspace/cargo-home:/opt/rustwide/cargo-home:ro,Z" "-v" "/var/lib/crater-agent-workspace/rustup-home:/opt/rustwide/rustup-home:ro,Z" "-e" "SOURCE_DIR=/opt/rustwide/workdir" "-e" "CARGO_TARGET_DIR=/opt/rustwide/target" "-e" "CARGO_HOME=/opt/rustwide/cargo-home" "-e" "RUSTUP_HOME=/opt/rustwide/rustup-home" "-w" "/opt/rustwide/workdir" "-m" "1610612736" "--user" "0:0" "--network" "none" "ghcr.io/rust-lang/crates-build-env/linux@sha256:2788e3201cd34a07e3172128adcd8b3090168a8e3bcc40d7c032b9dda1df7d1c" "/opt/rustwide/cargo-home/bin/cargo" "+1.75.0" "metadata" "--no-deps" "--format-version=1", kill_on_drop: false }`
[INFO] [stdout] abe92dca3ce7318b2eb5ad17594a916a60dd669863f233f29322139796f12610
[INFO] running `Command { std: "docker" "start" "-a" "abe92dca3ce7318b2eb5ad17594a916a60dd669863f233f29322139796f12610", kill_on_drop: false }`
[INFO] running `Command { std: "docker" "inspect" "abe92dca3ce7318b2eb5ad17594a916a60dd669863f233f29322139796f12610", kill_on_drop: false }`
[INFO] running `Command { std: "docker" "rm" "-f" "abe92dca3ce7318b2eb5ad17594a916a60dd669863f233f29322139796f12610", kill_on_drop: false }`
[INFO] [stdout] abe92dca3ce7318b2eb5ad17594a916a60dd669863f233f29322139796f12610
[INFO] running `Command { std: "docker" "create" "-v" "/var/lib/crater-agent-workspace/builds/worker-2-tc1/target:/opt/rustwide/target:rw,Z" "-v" "/var/lib/crater-agent-workspace/builds/worker-2-tc1/source:/opt/rustwide/workdir:ro,Z" "-v" "/var/lib/crater-agent-workspace/cargo-home:/opt/rustwide/cargo-home:ro,Z" "-v" "/var/lib/crater-agent-workspace/rustup-home:/opt/rustwide/rustup-home:ro,Z" "-e" "SOURCE_DIR=/opt/rustwide/workdir" "-e" "CARGO_TARGET_DIR=/opt/rustwide/target" "-e" "CARGO_INCREMENTAL=0" "-e" "RUST_BACKTRACE=full" "-e" "RUSTFLAGS=--cap-lints=warn" "-e" "RUSTDOCFLAGS=--cap-lints=warn" "-e" "CARGO_HOME=/opt/rustwide/cargo-home" "-e" "RUSTUP_HOME=/opt/rustwide/rustup-home" "-w" "/opt/rustwide/workdir" "-m" "1610612736" "--user" "0:0" "--network" "none" "ghcr.io/rust-lang/crates-build-env/linux@sha256:2788e3201cd34a07e3172128adcd8b3090168a8e3bcc40d7c032b9dda1df7d1c" "/opt/rustwide/cargo-home/bin/cargo" "+1.75.0" "doc" "--frozen" "--no-deps" "--document-private-items" "--message-format=json", kill_on_drop: false }`
[INFO] [stdout] f42fd87fad30a69afc93050854eed86087ef3ea4712f1fb423a73cd385e6bc54
[INFO] running `Command { std: "docker" "start" "-a" "f42fd87fad30a69afc93050854eed86087ef3ea4712f1fb423a73cd385e6bc54", kill_on_drop: false }`
[INFO] [stderr]    Compiling proc-macro2 v1.0.76
[INFO] [stderr]    Compiling serde v1.0.195
[INFO] [stderr]     Checking unicode-width v0.1.11
[INFO] [stderr]    Compiling serde_json v1.0.111
[INFO] [stderr]     Checking ryu v1.0.16
[INFO] [stderr]     Checking iana-time-zone v0.1.59
[INFO] [stderr]     Checking itoa v1.0.10
[INFO] [stderr]     Checking remove_dir_all v0.5.3
[INFO] [stderr]     Checking vec_map v0.8.2
[INFO] [stderr]     Checking ansi_term v0.12.1
[INFO] [stderr]     Checking strsim v0.8.0
[INFO] [stderr]     Checking glob v0.2.11
[INFO] [stderr]    Compiling num-traits v0.2.17
[INFO] [stderr]     Checking atty v0.2.14
[INFO] [stderr]     Checking rand v0.4.6
[INFO] [stderr]     Checking text_io v0.1.12
[INFO] [stderr]     Checking textwrap v0.11.0
[INFO] [stderr]     Checking clap v2.34.0
[INFO] [stderr]     Checking tempdir v0.3.7
[INFO] [stderr]    Compiling quote v1.0.35
[INFO] [stderr]    Compiling syn v2.0.48
[INFO] [stderr]     Checking chrono v0.4.31
[INFO] [stderr]    Compiling serde_derive v1.0.195
[INFO] [stderr]     Checking tack-it-on v1.0.1 (/opt/rustwide/workdir)
[INFO] [stderr]  Documenting tack-it-on v1.0.1 (/opt/rustwide/workdir)
[INFO] [stdout] warning: trait objects without an explicit `dyn` are deprecated
[INFO] [stdout]   --> src/lib.rs:21:32
[INFO] [stdout]    |
[INFO] [stdout] 21 | pub fn run() -> Result<(), Box<Error>> {
[INFO] [stdout]    |                                ^^^^^
[INFO] [stdout]    |
[INFO] [stdout]    = warning: this is accepted in the current edition (Rust 2015) but is a hard error in Rust 2021!
[INFO] [stdout]    = note: for more information, see <https://doc.rust-lang.org/nightly/edition-guide/rust-2021/warnings-promoted-to-error.html>
[INFO] [stdout]    = note: `#[warn(bare_trait_objects)]` on by default
[INFO] [stdout] help: use `dyn`
[INFO] [stdout]    |
[INFO] [stdout] 21 | pub fn run() -> Result<(), Box<dyn Error>> {
[INFO] [stdout]    |                                +++
[INFO] [stdout] 
[INFO] [stdout] 
[INFO] [stdout] warning: trait objects without an explicit `dyn` are deprecated
[INFO] [stdout]   --> src/init.rs:17:37
[INFO] [stdout]    |
[INFO] [stdout] 17 | pub fn run_init() -> Result<(), Box<Error>> {
[INFO] [stdout]    |                                     ^^^^^
[INFO] [stdout]    |
[INFO] [stdout]    = warning: this is accepted in the current edition (Rust 2015) but is a hard error in Rust 2021!
[INFO] [stdout]    = note: for more information, see <https://doc.rust-lang.org/nightly/edition-guide/rust-2021/warnings-promoted-to-error.html>
[INFO] [stdout] help: use `dyn`
[INFO] [stdout]    |
[INFO] [stdout] 17 | pub fn run_init() -> Result<(), Box<dyn Error>> {
[INFO] [stdout]    |                                     +++
[INFO] [stdout] 
[INFO] [stdout] 
[INFO] [stdout] warning: trait objects without an explicit `dyn` are deprecated
[INFO] [stdout]   --> src/init.rs:37:72
[INFO] [stdout]    |
[INFO] [stdout] 37 | pub fn find_tacked_notes(dir: &PathBuf) -> Result<Option<PathBuf>, Box<Error>> {
[INFO] [stdout]    |                                                                        ^^^^^
[INFO] [stdout]    |
[INFO] [stdout]    = warning: this is accepted in the current edition (Rust 2015) but is a hard error in Rust 2021!
[INFO] [stdout]    = note: for more information, see <https://doc.rust-lang.org/nightly/edition-guide/rust-2021/warnings-promoted-to-error.html>
[INFO] [stdout] help: use `dyn`
[INFO] [stdout]    |
[INFO] [stdout] 37 | pub fn find_tacked_notes(dir: &PathBuf) -> Result<Option<PathBuf>, Box<dyn Error>> {
[INFO] [stdout]    |                                                                        +++
[INFO] [stdout] 
[INFO] [stdout] 
[INFO] [stdout] warning: trait objects without an explicit `dyn` are deprecated
[INFO] [stdout]   --> src/note.rs:35:61
[INFO] [stdout]    |
[INFO] [stdout] 35 | pub fn run_note(input: &clap::ArgMatches) -> Result<(), Box<Error>> {
[INFO] [stdout]    |                                                             ^^^^^
[INFO] [stdout]    |
[INFO] [stdout]    = warning: this is accepted in the current edition (Rust 2015) but is a hard error in Rust 2021!
[INFO] [stdout]    = note: for more information, see <https://doc.rust-lang.org/nightly/edition-guide/rust-2021/warnings-promoted-to-error.html>
[INFO] [stdout] help: use `dyn`
[INFO] [stdout]    |
[INFO] [stdout] 35 | pub fn run_note(input: &clap::ArgMatches) -> Result<(), Box<dyn Error>> {
[INFO] [stdout]    |                                                             +++
[INFO] [stdout] 
[INFO] [stdout] 
[INFO] [stdout] warning: trait objects without an explicit `dyn` are deprecated
[INFO] [stdout]   --> src/note.rs:51:34
[INFO] [stdout]    |
[INFO] [stdout] 51 |                -> Result<(), Box<Error>> {
[INFO] [stdout]    |                                  ^^^^^
[INFO] [stdout]    |
[INFO] [stdout]    = warning: this is accepted in the current edition (Rust 2015) but is a hard error in Rust 2021!
[INFO] [stdout]    = note: for more information, see <https://doc.rust-lang.org/nightly/edition-guide/rust-2021/warnings-promoted-to-error.html>
[INFO] [stdout] help: use `dyn`
[INFO] [stdout]    |
[INFO] [stdout] 51 |                -> Result<(), Box<dyn Error>> {
[INFO] [stdout]    |                                  +++
[INFO] [stdout] 
[INFO] [stdout] 
[INFO] [stdout] warning: trait objects without an explicit `dyn` are deprecated
[INFO] [stdout]   --> src/note.rs:66:76
[INFO] [stdout]    |
[INFO] [stdout] 66 | pub fn get_notes(tacked_dir: &PathBuf) -> Result<(PathBuf, Vec<Note>), Box<Error>> {
[INFO] [stdout]    |                                                                            ^^^^^
[INFO] [stdout]    |
[INFO] [stdout]    = warning: this is accepted in the current edition (Rust 2015) but is a hard error in Rust 2021!
[INFO] [stdout]    = note: for more information, see <https://doc.rust-lang.org/nightly/edition-guide/rust-2021/warnings-promoted-to-error.html>
[INFO] [stdout] help: use `dyn`
[INFO] [stdout]    |
[INFO] [stdout] 66 | pub fn get_notes(tacked_dir: &PathBuf) -> Result<(PathBuf, Vec<Note>), Box<dyn Error>> {
[INFO] [stdout]    |                                                                            +++
[INFO] [stdout] 
[INFO] [stdout] 
[INFO] [stdout] warning: trait objects without an explicit `dyn` are deprecated
[INFO] [stdout]   --> src/note.rs:84:49
[INFO] [stdout]    |
[INFO] [stdout] 84 |                  -> Result<Option<PathBuf>, Box<Error>> {
[INFO] [stdout]    |                                                 ^^^^^
[INFO] [stdout]    |
[INFO] [stdout]    = warning: this is accepted in the current edition (Rust 2015) but is a hard error in Rust 2021!
[INFO] [stdout]    = note: for more information, see <https://doc.rust-lang.org/nightly/edition-guide/rust-2021/warnings-promoted-to-error.html>
[INFO] [stdout] help: use `dyn`
[INFO] [stdout]    |
[INFO] [stdout] 84 |                  -> Result<Option<PathBuf>, Box<dyn Error>> {
[INFO] [stdout]    |                                                 +++
[INFO] [stdout] 
[INFO] [stdout] 
[INFO] [stdout] warning: trait objects without an explicit `dyn` are deprecated
[INFO] [stdout]    --> src/note.rs:116:37
[INFO] [stdout]     |
[INFO] [stdout] 116 |                   -> Result<(), Box<Error>> {
[INFO] [stdout]     |                                     ^^^^^
[INFO] [stdout]     |
[INFO] [stdout]     = warning: this is accepted in the current edition (Rust 2015) but is a hard error in Rust 2021!
[INFO] [stdout]     = note: for more information, see <https://doc.rust-lang.org/nightly/edition-guide/rust-2021/warnings-promoted-to-error.html>
[INFO] [stdout] help: use `dyn`
[INFO] [stdout]     |
[INFO] [stdout] 116 |                   -> Result<(), Box<dyn Error>> {
[INFO] [stdout]     |                                     +++
[INFO] [stdout] 
[INFO] [stdout] 
[INFO] [stdout] warning: trait objects without an explicit `dyn` are deprecated
[INFO] [stdout]   --> src/show.rs:12:61
[INFO] [stdout]    |
[INFO] [stdout] 12 | pub fn run_show(input: &clap::ArgMatches) -> Result<(), Box<Error>> {
[INFO] [stdout]    |                                                             ^^^^^
[INFO] [stdout]    |
[INFO] [stdout]    = warning: this is accepted in the current edition (Rust 2015) but is a hard error in Rust 2021!
[INFO] [stdout]    = note: for more information, see <https://doc.rust-lang.org/nightly/edition-guide/rust-2021/warnings-promoted-to-error.html>
[INFO] [stdout] help: use `dyn`
[INFO] [stdout]    |
[INFO] [stdout] 12 | pub fn run_show(input: &clap::ArgMatches) -> Result<(), Box<dyn Error>> {
[INFO] [stdout]    |                                                             +++
[INFO] [stdout] 
[INFO] [stdout] 
[INFO] [stdout] warning: trait objects without an explicit `dyn` are deprecated
[INFO] [stdout]   --> src/show.rs:26:55
[INFO] [stdout]    |
[INFO] [stdout] 26 | fn show_notes(tacked_dir: &PathBuf) -> Result<(), Box<Error>> {
[INFO] [stdout]    |                                                       ^^^^^
[INFO] [stdout]    |
[INFO] [stdout]    = warning: this is accepted in the current edition (Rust 2015) but is a hard error in Rust 2021!
[INFO] [stdout]    = note: for more information, see <https://doc.rust-lang.org/nightly/edition-guide/rust-2021/warnings-promoted-to-error.html>
[INFO] [stdout] help: use `dyn`
[INFO] [stdout]    |
[INFO] [stdout] 26 | fn show_notes(tacked_dir: &PathBuf) -> Result<(), Box<dyn Error>> {
[INFO] [stdout]    |                                                       +++
[INFO] [stdout] 
[INFO] [stdout] 
[INFO] [stdout] warning: trait objects without an explicit `dyn` are deprecated
[INFO] [stdout]   --> src/rm.rs:12:59
[INFO] [stdout]    |
[INFO] [stdout] 12 | pub fn run_rm(input: &clap::ArgMatches) -> Result<(), Box<Error>> {
[INFO] [stdout]    |                                                           ^^^^^
[INFO] [stdout]    |
[INFO] [stdout]    = warning: this is accepted in the current edition (Rust 2015) but is a hard error in Rust 2021!
[INFO] [stdout]    = note: for more information, see <https://doc.rust-lang.org/nightly/edition-guide/rust-2021/warnings-promoted-to-error.html>
[INFO] [stdout] help: use `dyn`
[INFO] [stdout]    |
[INFO] [stdout] 12 | pub fn run_rm(input: &clap::ArgMatches) -> Result<(), Box<dyn Error>> {
[INFO] [stdout]    |                                                           +++
[INFO] [stdout] 
[INFO] [stdout] 
[INFO] [stdout] warning: trait objects without an explicit `dyn` are deprecated
[INFO] [stdout]   --> src/rm.rs:28:66
[INFO] [stdout]    |
[INFO] [stdout] 28 | fn remove_note(id: &str, tacked_dir: &PathBuf) -> Result<(), Box<Error>> {
[INFO] [stdout]    |                                                                  ^^^^^
[INFO] [stdout]    |
[INFO] [stdout]    = warning: this is accepted in the current edition (Rust 2015) but is a hard error in Rust 2021!
[INFO] [stdout]    = note: for more information, see <https://doc.rust-lang.org/nightly/edition-guide/rust-2021/warnings-promoted-to-error.html>
[INFO] [stdout] help: use `dyn`
[INFO] [stdout]    |
[INFO] [stdout] 28 | fn remove_note(id: &str, tacked_dir: &PathBuf) -> Result<(), Box<dyn Error>> {
[INFO] [stdout]    |                                                                  +++
[INFO] [stdout] 
[INFO] [stdout] 
[INFO] [stdout] error[E0283]: type annotations needed
[INFO] [stdout]   --> src/note.rs:97:35
[INFO] [stdout]    |
[INFO] [stdout] 97 |                 path_after_tacked.push(component.as_ref());
[INFO] [stdout]    |                                   ^^^^           ------ type must be known at this point
[INFO] [stdout]    |                                   |
[INFO] [stdout]    |                                   cannot infer type of the type parameter `P` declared on the method `push`
[INFO] [stdout]    |
[INFO] [stdout]    = note: multiple `impl`s satisfying `Component<'_>: AsRef<_>` found in the `std` crate:
[INFO] [stdout]            - impl AsRef<OsStr> for Component<'_>;
[INFO] [stdout]            - impl AsRef<Path> for Component<'_>;
[INFO] [stdout] help: consider specifying the generic argument
[INFO] [stdout]    |
[INFO] [stdout] 97 |                 path_after_tacked.push::<&T>(component.as_ref());
[INFO] [stdout]    |                                       ++++++
[INFO] [stdout] 
[INFO] [stdout] 
[INFO] [stdout] error[E0283]: type annotations needed
[INFO] [stdout]   --> src/note.rs:97:35
[INFO] [stdout]    |
[INFO] [stdout] 97 |                 path_after_tacked.push(component.as_ref());
[INFO] [stdout]    |                                   ^^^^ cannot infer type of the type parameter `P` declared on the method `push`
[INFO] [stdout]    |
[INFO] [stdout]    = note: multiple `impl`s satisfying `_: AsRef<Path>` found in the following crates: `std`, `tempdir`:
[INFO] [stdout]            - impl AsRef<Path> for OsStr;
[INFO] [stdout]            - impl AsRef<Path> for OsString;
[INFO] [stdout]            - impl AsRef<Path> for Path;
[INFO] [stdout]            - impl AsRef<Path> for PathBuf;
[INFO] [stdout]            - impl AsRef<Path> for TempDir;
[INFO] [stdout]            - impl AsRef<Path> for std::string::String;
[INFO] [stdout]            - impl AsRef<Path> for str;
[INFO] [stdout]    = note: required for `&_` to implement `AsRef<Path>`
[INFO] [stdout] note: required by a bound in `PathBuf::push`
[INFO] [stdout]   --> /rustc/82e1608dfa6e0b5569232559e3d385fea5a93112/library/std/src/path.rs:1273:5
[INFO] [stdout] help: consider specifying the generic argument
[INFO] [stdout]    |
[INFO] [stdout] 97 |                 path_after_tacked.push::<&T>(component.as_ref());
[INFO] [stdout]    |                                       ++++++
[INFO] [stdout] 
[INFO] [stdout] 
[INFO] [stdout] error[E0283]: type annotations needed
[INFO] [stdout]   --> src/note.rs:99:30
[INFO] [stdout]    |
[INFO] [stdout] 99 |             if tacked_parent.ends_with(component.as_ref()) {
[INFO] [stdout]    |                              ^^^^^^^^^ cannot infer type of the type parameter `P` declared on the method `ends_with`
[INFO] [stdout]    |
[INFO] [stdout]    = note: multiple `impl`s satisfying `_: AsRef<Path>` found in the following crates: `std`, `tempdir`:
[INFO] [stdout]            - impl AsRef<Path> for OsStr;
[INFO] [stdout]            - impl AsRef<Path> for OsString;
[INFO] [stdout]            - impl AsRef<Path> for Path;
[INFO] [stdout]            - impl AsRef<Path> for PathBuf;
[INFO] [stdout]            - impl AsRef<Path> for TempDir;
[INFO] [stdout]            - impl AsRef<Path> for std::string::String;
[INFO] [stdout]            - impl AsRef<Path> for str;
[INFO] [stdout]    = note: required for `&_` to implement `AsRef<Path>`
[INFO] [stdout] note: required by a bound in `Path::ends_with`
[INFO] [stdout]   --> /rustc/82e1608dfa6e0b5569232559e3d385fea5a93112/library/std/src/path.rs:2435:5
[INFO] [stdout] help: consider specifying the generic argument
[INFO] [stdout]    |
[INFO] [stdout] 99 |             if tacked_parent.ends_with::<&T>(component.as_ref()) {
[INFO] [stdout]    |                                       ++++++
[INFO] [stdout] 
[INFO] [stdout] 
[INFO] [stdout] error: aborting due to 3 previous errors; 12 warnings emitted
[INFO] [stdout] 
[INFO] [stdout] 
[INFO] [stdout] For more information about this error, try `rustc --explain E0283`.
[INFO] [stdout] 
[INFO] [stderr] error: could not compile `tack-it-on` (lib) due to 4 previous errors; 12 warnings emitted
[INFO] [stderr] warning: build failed, waiting for other jobs to finish...
[INFO] running `Command { std: "docker" "inspect" "f42fd87fad30a69afc93050854eed86087ef3ea4712f1fb423a73cd385e6bc54", kill_on_drop: false }`
[INFO] running `Command { std: "docker" "rm" "-f" "f42fd87fad30a69afc93050854eed86087ef3ea4712f1fb423a73cd385e6bc54", kill_on_drop: false }`
[INFO] [stdout] f42fd87fad30a69afc93050854eed86087ef3ea4712f1fb423a73cd385e6bc54
[INFO] documenting tack-it-on-1.0.1 against beta-2023-12-22 for beta-1.76-rustdoc-1
[INFO] extracting crate tack-it-on 1.0.1 into /workspace/builds/worker-2-tc2/source
[INFO] validating manifest of crates.io crate tack-it-on 1.0.1 on toolchain beta-2023-12-22
[INFO] running `Command { std: CARGO_HOME="/workspace/cargo-home" RUSTUP_HOME="/workspace/rustup-home" "/workspace/cargo-home/bin/cargo" "+beta-2023-12-22" "metadata" "--manifest-path" "Cargo.toml" "--no-deps", kill_on_drop: false }`
[INFO] started tweaking crates.io crate tack-it-on 1.0.1
[INFO] finished tweaking crates.io crate tack-it-on 1.0.1
[INFO] tweaked toml for crates.io crate tack-it-on 1.0.1 written to /workspace/builds/worker-2-tc2/source/Cargo.toml
[INFO] running `Command { std: CARGO_HOME="/workspace/cargo-home" RUSTUP_HOME="/workspace/rustup-home" "/workspace/cargo-home/bin/cargo" "+beta-2023-12-22" "generate-lockfile" "--manifest-path" "Cargo.toml", kill_on_drop: false }`
[INFO] [stderr]     Updating crates.io index
[INFO] running `Command { std: CARGO_HOME="/workspace/cargo-home" RUSTUP_HOME="/workspace/rustup-home" "/workspace/cargo-home/bin/cargo" "+beta-2023-12-22" "fetch" "--manifest-path" "Cargo.toml", kill_on_drop: false }`
[INFO] running `Command { std: "docker" "create" "-v" "/var/lib/crater-agent-workspace/builds/worker-2-tc2/target:/opt/rustwide/target:rw,Z" "-v" "/var/lib/crater-agent-workspace/builds/worker-2-tc2/source:/opt/rustwide/workdir:ro,Z" "-v" "/var/lib/crater-agent-workspace/cargo-home:/opt/rustwide/cargo-home:ro,Z" "-v" "/var/lib/crater-agent-workspace/rustup-home:/opt/rustwide/rustup-home:ro,Z" "-e" "SOURCE_DIR=/opt/rustwide/workdir" "-e" "CARGO_TARGET_DIR=/opt/rustwide/target" "-e" "CARGO_HOME=/opt/rustwide/cargo-home" "-e" "RUSTUP_HOME=/opt/rustwide/rustup-home" "-w" "/opt/rustwide/workdir" "-m" "1610612736" "--user" "0:0" "--network" "none" "ghcr.io/rust-lang/crates-build-env/linux@sha256:2788e3201cd34a07e3172128adcd8b3090168a8e3bcc40d7c032b9dda1df7d1c" "/opt/rustwide/cargo-home/bin/cargo" "+beta-2023-12-22" "metadata" "--no-deps" "--format-version=1", kill_on_drop: false }`
[INFO] [stdout] 2a070fa846701f82ce686e4323aca96054cb7fdd9d311844b8db2803355793b2
[INFO] running `Command { std: "docker" "start" "-a" "2a070fa846701f82ce686e4323aca96054cb7fdd9d311844b8db2803355793b2", kill_on_drop: false }`
[INFO] running `Command { std: "docker" "inspect" "2a070fa846701f82ce686e4323aca96054cb7fdd9d311844b8db2803355793b2", kill_on_drop: false }`
[INFO] running `Command { std: "docker" "rm" "-f" "2a070fa846701f82ce686e4323aca96054cb7fdd9d311844b8db2803355793b2", kill_on_drop: false }`
[INFO] [stdout] 2a070fa846701f82ce686e4323aca96054cb7fdd9d311844b8db2803355793b2
[INFO] running `Command { std: "docker" "create" "-v" "/var/lib/crater-agent-workspace/builds/worker-2-tc2/target:/opt/rustwide/target:rw,Z" "-v" "/var/lib/crater-agent-workspace/builds/worker-2-tc2/source:/opt/rustwide/workdir:ro,Z" "-v" "/var/lib/crater-agent-workspace/cargo-home:/opt/rustwide/cargo-home:ro,Z" "-v" "/var/lib/crater-agent-workspace/rustup-home:/opt/rustwide/rustup-home:ro,Z" "-e" "SOURCE_DIR=/opt/rustwide/workdir" "-e" "CARGO_TARGET_DIR=/opt/rustwide/target" "-e" "CARGO_INCREMENTAL=0" "-e" "RUST_BACKTRACE=full" "-e" "RUSTFLAGS=--cap-lints=warn" "-e" "RUSTDOCFLAGS=--cap-lints=warn" "-e" "CARGO_HOME=/opt/rustwide/cargo-home" "-e" "RUSTUP_HOME=/opt/rustwide/rustup-home" "-w" "/opt/rustwide/workdir" "-m" "1610612736" "--user" "0:0" "--network" "none" "ghcr.io/rust-lang/crates-build-env/linux@sha256:2788e3201cd34a07e3172128adcd8b3090168a8e3bcc40d7c032b9dda1df7d1c" "/opt/rustwide/cargo-home/bin/cargo" "+beta-2023-12-22" "doc" "--frozen" "--no-deps" "--document-private-items" "--message-format=json", kill_on_drop: false }`
[INFO] [stdout] 8cdaf6a35cc01118e7012b16a3fec5c28f8b5b1eadfdbce82f4d1b9b716dcd78
[INFO] running `Command { std: "docker" "start" "-a" "8cdaf6a35cc01118e7012b16a3fec5c28f8b5b1eadfdbce82f4d1b9b716dcd78", kill_on_drop: false }`
[INFO] [stderr]    Compiling serde v1.0.195
[INFO] [stderr]    Compiling serde_json v1.0.111
[INFO] [stderr]     Checking unicode-width v0.1.11
[INFO] [stderr]     Checking ansi_term v0.12.1
[INFO] [stderr]     Checking vec_map v0.8.2
[INFO] [stderr]     Checking remove_dir_all v0.5.3
[INFO] [stderr]     Checking ryu v1.0.16
[INFO] [stderr]     Checking iana-time-zone v0.1.59
[INFO] [stderr]     Checking strsim v0.8.0
[INFO] [stderr]     Checking itoa v1.0.10
[INFO] [stderr]     Checking glob v0.2.11
[INFO] [stderr]    Compiling proc-macro2 v1.0.76
[INFO] [stderr]    Compiling num-traits v0.2.17
[INFO] [stderr]     Checking text_io v0.1.12
[INFO] [stderr]     Checking rand v0.4.6
[INFO] [stderr]     Checking atty v0.2.14
[INFO] [stderr]     Checking textwrap v0.11.0
[INFO] [stderr]     Checking clap v2.34.0
[INFO] [stderr]    Compiling quote v1.0.35
[INFO] [stderr]     Checking tempdir v0.3.7
[INFO] [stderr]    Compiling syn v2.0.48
[INFO] [stderr]     Checking chrono v0.4.31
[INFO] [stderr]    Compiling serde_derive v1.0.195
[INFO] [stderr]  Documenting tack-it-on v1.0.1 (/opt/rustwide/workdir)
[INFO] [stderr]     Checking tack-it-on v1.0.1 (/opt/rustwide/workdir)
[INFO] [stdout] warning: trait objects without an explicit `dyn` are deprecated
[INFO] [stdout]   --> src/lib.rs:21:32
[INFO] [stdout]    |
[INFO] [stdout] 21 | pub fn run() -> Result<(), Box<Error>> {
[INFO] [stdout]    |                                ^^^^^
[INFO] [stdout]    |
[INFO] [stdout]    = warning: this is accepted in the current edition (Rust 2015) but is a hard error in Rust 2021!
[INFO] [stdout]    = note: for more information, see <https://doc.rust-lang.org/nightly/edition-guide/rust-2021/warnings-promoted-to-error.html>
[INFO] [stdout]    = note: `#[warn(bare_trait_objects)]` on by default
[INFO] [stdout] help: use `dyn`
[INFO] [stdout]    |
[INFO] [stdout] 21 | pub fn run() -> Result<(), Box<dyn Error>> {
[INFO] [stdout]    |                                +++
[INFO] [stdout] 
[INFO] [stdout] 
[INFO] [stdout] warning: trait objects without an explicit `dyn` are deprecated
[INFO] [stdout]   --> src/init.rs:17:37
[INFO] [stdout]    |
[INFO] [stdout] 17 | pub fn run_init() -> Result<(), Box<Error>> {
[INFO] [stdout]    |                                     ^^^^^
[INFO] [stdout]    |
[INFO] [stdout]    = warning: this is accepted in the current edition (Rust 2015) but is a hard error in Rust 2021!
[INFO] [stdout]    = note: for more information, see <https://doc.rust-lang.org/nightly/edition-guide/rust-2021/warnings-promoted-to-error.html>
[INFO] [stdout] help: use `dyn`
[INFO] [stdout]    |
[INFO] [stdout] 17 | pub fn run_init() -> Result<(), Box<dyn Error>> {
[INFO] [stdout]    |                                     +++
[INFO] [stdout] 
[INFO] [stdout] 
[INFO] [stdout] warning: trait objects without an explicit `dyn` are deprecated
[INFO] [stdout]   --> src/init.rs:37:72
[INFO] [stdout]    |
[INFO] [stdout] 37 | pub fn find_tacked_notes(dir: &PathBuf) -> Result<Option<PathBuf>, Box<Error>> {
[INFO] [stdout]    |                                                                        ^^^^^
[INFO] [stdout]    |
[INFO] [stdout]    = warning: this is accepted in the current edition (Rust 2015) but is a hard error in Rust 2021!
[INFO] [stdout]    = note: for more information, see <https://doc.rust-lang.org/nightly/edition-guide/rust-2021/warnings-promoted-to-error.html>
[INFO] [stdout] help: use `dyn`
[INFO] [stdout]    |
[INFO] [stdout] 37 | pub fn find_tacked_notes(dir: &PathBuf) -> Result<Option<PathBuf>, Box<dyn Error>> {
[INFO] [stdout]    |                                                                        +++
[INFO] [stdout] 
[INFO] [stdout] 
[INFO] [stdout] warning: trait objects without an explicit `dyn` are deprecated
[INFO] [stdout]   --> src/note.rs:35:61
[INFO] [stdout]    |
[INFO] [stdout] 35 | pub fn run_note(input: &clap::ArgMatches) -> Result<(), Box<Error>> {
[INFO] [stdout]    |                                                             ^^^^^
[INFO] [stdout]    |
[INFO] [stdout]    = warning: this is accepted in the current edition (Rust 2015) but is a hard error in Rust 2021!
[INFO] [stdout]    = note: for more information, see <https://doc.rust-lang.org/nightly/edition-guide/rust-2021/warnings-promoted-to-error.html>
[INFO] [stdout] help: use `dyn`
[INFO] [stdout]    |
[INFO] [stdout] 35 | pub fn run_note(input: &clap::ArgMatches) -> Result<(), Box<dyn Error>> {
[INFO] [stdout]    |                                                             +++
[INFO] [stdout] 
[INFO] [stdout] 
[INFO] [stdout] warning: trait objects without an explicit `dyn` are deprecated
[INFO] [stdout]   --> src/note.rs:51:34
[INFO] [stdout]    |
[INFO] [stdout] 51 |                -> Result<(), Box<Error>> {
[INFO] [stdout]    |                                  ^^^^^
[INFO] [stdout]    |
[INFO] [stdout]    = warning: this is accepted in the current edition (Rust 2015) but is a hard error in Rust 2021!
[INFO] [stdout]    = note: for more information, see <https://doc.rust-lang.org/nightly/edition-guide/rust-2021/warnings-promoted-to-error.html>
[INFO] [stdout] help: use `dyn`
[INFO] [stdout]    |
[INFO] [stdout] 51 |                -> Result<(), Box<dyn Error>> {
[INFO] [stdout]    |                                  +++
[INFO] [stdout] 
[INFO] [stdout] 
[INFO] [stdout] warning: trait objects without an explicit `dyn` are deprecated
[INFO] [stdout]   --> src/note.rs:66:76
[INFO] [stdout]    |
[INFO] [stdout] 66 | pub fn get_notes(tacked_dir: &PathBuf) -> Result<(PathBuf, Vec<Note>), Box<Error>> {
[INFO] [stdout]    |                                                                            ^^^^^
[INFO] [stdout]    |
[INFO] [stdout]    = warning: this is accepted in the current edition (Rust 2015) but is a hard error in Rust 2021!
[INFO] [stdout]    = note: for more information, see <https://doc.rust-lang.org/nightly/edition-guide/rust-2021/warnings-promoted-to-error.html>
[INFO] [stdout] help: use `dyn`
[INFO] [stdout]    |
[INFO] [stdout] 66 | pub fn get_notes(tacked_dir: &PathBuf) -> Result<(PathBuf, Vec<Note>), Box<dyn Error>> {
[INFO] [stdout]    |                                                                            +++
[INFO] [stdout] 
[INFO] [stdout] 
[INFO] [stdout] warning: trait objects without an explicit `dyn` are deprecated
[INFO] [stdout]   --> src/note.rs:84:49
[INFO] [stdout]    |
[INFO] [stdout] 84 |                  -> Result<Option<PathBuf>, Box<Error>> {
[INFO] [stdout]    |                                                 ^^^^^
[INFO] [stdout]    |
[INFO] [stdout]    = warning: this is accepted in the current edition (Rust 2015) but is a hard error in Rust 2021!
[INFO] [stdout]    = note: for more information, see <https://doc.rust-lang.org/nightly/edition-guide/rust-2021/warnings-promoted-to-error.html>
[INFO] [stdout] help: use `dyn`
[INFO] [stdout]    |
[INFO] [stdout] 84 |                  -> Result<Option<PathBuf>, Box<dyn Error>> {
[INFO] [stdout]    |                                                 +++
[INFO] [stdout] 
[INFO] [stdout] 
[INFO] [stdout] warning: trait objects without an explicit `dyn` are deprecated
[INFO] [stdout]    --> src/note.rs:116:37
[INFO] [stdout]     |
[INFO] [stdout] 116 |                   -> Result<(), Box<Error>> {
[INFO] [stdout]     |                                     ^^^^^
[INFO] [stdout]     |
[INFO] [stdout]     = warning: this is accepted in the current edition (Rust 2015) but is a hard error in Rust 2021!
[INFO] [stdout]     = note: for more information, see <https://doc.rust-lang.org/nightly/edition-guide/rust-2021/warnings-promoted-to-error.html>
[INFO] [stdout] help: use `dyn`
[INFO] [stdout]     |
[INFO] [stdout] 116 |                   -> Result<(), Box<dyn Error>> {
[INFO] [stdout]     |                                     +++
[INFO] [stdout] 
[INFO] [stdout] 
[INFO] [stdout] warning: trait objects without an explicit `dyn` are deprecated
[INFO] [stdout]   --> src/show.rs:12:61
[INFO] [stdout]    |
[INFO] [stdout] 12 | pub fn run_show(input: &clap::ArgMatches) -> Result<(), Box<Error>> {
[INFO] [stdout]    |                                                             ^^^^^
[INFO] [stdout]    |
[INFO] [stdout]    = warning: this is accepted in the current edition (Rust 2015) but is a hard error in Rust 2021!
[INFO] [stdout]    = note: for more information, see <https://doc.rust-lang.org/nightly/edition-guide/rust-2021/warnings-promoted-to-error.html>
[INFO] [stdout] help: use `dyn`
[INFO] [stdout]    |
[INFO] [stdout] 12 | pub fn run_show(input: &clap::ArgMatches) -> Result<(), Box<dyn Error>> {
[INFO] [stdout]    |                                                             +++
[INFO] [stdout] 
[INFO] [stdout] 
[INFO] [stdout] warning: trait objects without an explicit `dyn` are deprecated
[INFO] [stdout]   --> src/show.rs:26:55
[INFO] [stdout]    |
[INFO] [stdout] 26 | fn show_notes(tacked_dir: &PathBuf) -> Result<(), Box<Error>> {
[INFO] [stdout]    |                                                       ^^^^^
[INFO] [stdout]    |
[INFO] [stdout]    = warning: this is accepted in the current edition (Rust 2015) but is a hard error in Rust 2021!
[INFO] [stdout]    = note: for more information, see <https://doc.rust-lang.org/nightly/edition-guide/rust-2021/warnings-promoted-to-error.html>
[INFO] [stdout] help: use `dyn`
[INFO] [stdout]    |
[INFO] [stdout] 26 | fn show_notes(tacked_dir: &PathBuf) -> Result<(), Box<dyn Error>> {
[INFO] [stdout]    |                                                       +++
[INFO] [stdout] 
[INFO] [stdout] 
[INFO] [stdout] warning: trait objects without an explicit `dyn` are deprecated
[INFO] [stdout]   --> src/rm.rs:12:59
[INFO] [stdout]    |
[INFO] [stdout] 12 | pub fn run_rm(input: &clap::ArgMatches) -> Result<(), Box<Error>> {
[INFO] [stdout]    |                                                           ^^^^^
[INFO] [stdout]    |
[INFO] [stdout]    = warning: this is accepted in the current edition (Rust 2015) but is a hard error in Rust 2021!
[INFO] [stdout]    = note: for more information, see <https://doc.rust-lang.org/nightly/edition-guide/rust-2021/warnings-promoted-to-error.html>
[INFO] [stdout] help: use `dyn`
[INFO] [stdout]    |
[INFO] [stdout] 12 | pub fn run_rm(input: &clap::ArgMatches) -> Result<(), Box<dyn Error>> {
[INFO] [stdout]    |                                                           +++
[INFO] [stdout] 
[INFO] [stdout] 
[INFO] [stdout] warning: trait objects without an explicit `dyn` are deprecated
[INFO] [stdout]   --> src/rm.rs:28:66
[INFO] [stdout]    |
[INFO] [stdout] 28 | fn remove_note(id: &str, tacked_dir: &PathBuf) -> Result<(), Box<Error>> {
[INFO] [stdout]    |                                                                  ^^^^^
[INFO] [stdout]    |
[INFO] [stdout]    = warning: this is accepted in the current edition (Rust 2015) but is a hard error in Rust 2021!
[INFO] [stdout]    = note: for more information, see <https://doc.rust-lang.org/nightly/edition-guide/rust-2021/warnings-promoted-to-error.html>
[INFO] [stdout] help: use `dyn`
[INFO] [stdout]    |
[INFO] [stdout] 28 | fn remove_note(id: &str, tacked_dir: &PathBuf) -> Result<(), Box<dyn Error>> {
[INFO] [stdout]    |                                                                  +++
[INFO] [stdout] 
[INFO] [stdout] 
[INFO] [stdout] error[E0283]: type annotations needed
[INFO] [stdout]   --> src/note.rs:97:35
[INFO] [stdout]    |
[INFO] [stdout] 97 |                 path_after_tacked.push(component.as_ref());
[INFO] [stdout]    |                                   ^^^^           ------ type must be known at this point
[INFO] [stdout]    |                                   |
[INFO] [stdout]    |                                   cannot infer type of the type parameter `P` declared on the method `push`
[INFO] [stdout]    |
[INFO] [stdout]    = note: multiple `impl`s satisfying `Component<'_>: AsRef<_>` found in the `std` crate:
[INFO] [stdout]            - impl AsRef<OsStr> for Component<'_>;
[INFO] [stdout]            - impl AsRef<Path> for Component<'_>;
[INFO] [stdout] help: consider specifying the generic argument
[INFO] [stdout]    |
[INFO] [stdout] 97 |                 path_after_tacked.push::<&T>(component.as_ref());
[INFO] [stdout]    |                                       ++++++
[INFO] [stdout] 
[INFO] [stdout] 
[INFO] [stdout] error[E0283]: type annotations needed
[INFO] [stdout]   --> src/note.rs:97:35
[INFO] [stdout]    |
[INFO] [stdout] 97 |                 path_after_tacked.push(component.as_ref());
[INFO] [stdout]    |                                   ^^^^ cannot infer type of the type parameter `P` declared on the method `push`
[INFO] [stdout]    |
[INFO] [stdout]    = note: multiple `impl`s satisfying `_: AsRef<Path>` found in the following crates: `std`, `tempdir`:
[INFO] [stdout]            - impl AsRef<Path> for OsStr;
[INFO] [stdout]            - impl AsRef<Path> for OsString;
[INFO] [stdout]            - impl AsRef<Path> for Path;
[INFO] [stdout]            - impl AsRef<Path> for PathBuf;
[INFO] [stdout]            - impl AsRef<Path> for TempDir;
[INFO] [stdout]            - impl AsRef<Path> for std::string::String;
[INFO] [stdout]            - impl AsRef<Path> for str;
[INFO] [stdout]    = note: required for `&_` to implement `AsRef<Path>`
[INFO] [stdout] note: required by a bound in `PathBuf::push`
[INFO] [stdout]   --> /rustc/0e09125c6c3c2fd70d7de961bcf0e51575235fad/library/std/src/path.rs:1273:5
[INFO] [stdout] help: consider specifying the generic argument
[INFO] [stdout]    |
[INFO] [stdout] 97 |                 path_after_tacked.push::<&T>(component.as_ref());
[INFO] [stdout]    |                                       ++++++
[INFO] [stdout] 
[INFO] [stdout] 
[INFO] [stdout] error[E0283]: type annotations needed
[INFO] [stdout]   --> src/note.rs:99:30
[INFO] [stdout]    |
[INFO] [stdout] 99 |             if tacked_parent.ends_with(component.as_ref()) {
[INFO] [stdout]    |                              ^^^^^^^^^ cannot infer type of the type parameter `P` declared on the method `ends_with`
[INFO] [stdout]    |
[INFO] [stdout]    = note: multiple `impl`s satisfying `_: AsRef<Path>` found in the following crates: `std`, `tempdir`:
[INFO] [stdout]            - impl AsRef<Path> for OsStr;
[INFO] [stdout]            - impl AsRef<Path> for OsString;
[INFO] [stdout]            - impl AsRef<Path> for Path;
[INFO] [stdout]            - impl AsRef<Path> for PathBuf;
[INFO] [stdout]            - impl AsRef<Path> for TempDir;
[INFO] [stdout]            - impl AsRef<Path> for std::string::String;
[INFO] [stdout]            - impl AsRef<Path> for str;
[INFO] [stdout]    = note: required for `&_` to implement `AsRef<Path>`
[INFO] [stdout] note: required by a bound in `Path::ends_with`
[INFO] [stdout]   --> /rustc/0e09125c6c3c2fd70d7de961bcf0e51575235fad/library/std/src/path.rs:2435:5
[INFO] [stdout] help: consider specifying the generic argument
[INFO] [stdout]    |
[INFO] [stdout] 99 |             if tacked_parent.ends_with::<&T>(component.as_ref()) {
[INFO] [stdout]    |                                       ++++++
[INFO] [stdout] 
[INFO] [stdout] 
[INFO] [stdout] error: aborting due to 3 previous errors; 12 warnings emitted
[INFO] [stdout] 
[INFO] [stdout] 
[INFO] [stdout] For more information about this error, try `rustc --explain E0283`.
[INFO] [stdout] 
[INFO] [stderr] error: could not compile `tack-it-on` (lib) due to 4 previous errors; 12 warnings emitted
[INFO] [stderr] warning: build failed, waiting for other jobs to finish...
[INFO] running `Command { std: "docker" "inspect" "8cdaf6a35cc01118e7012b16a3fec5c28f8b5b1eadfdbce82f4d1b9b716dcd78", kill_on_drop: false }`
[INFO] running `Command { std: "docker" "rm" "-f" "8cdaf6a35cc01118e7012b16a3fec5c28f8b5b1eadfdbce82f4d1b9b716dcd78", kill_on_drop: false }`
[INFO] [stdout] 8cdaf6a35cc01118e7012b16a3fec5c28f8b5b1eadfdbce82f4d1b9b716dcd78
