[INFO] fetching crate sylvia-iot-coremgr 0.0.34...
[INFO] documenting sylvia-iot-coremgr-0.0.34 against 1.75.0 for beta-1.76-rustdoc-1
[INFO] extracting crate sylvia-iot-coremgr 0.0.34 into /workspace/builds/worker-0-tc1/source
[INFO] validating manifest of crates.io crate sylvia-iot-coremgr 0.0.34 on toolchain 1.75.0
[INFO] running `Command { std: CARGO_HOME="/workspace/cargo-home" RUSTUP_HOME="/workspace/rustup-home" "/workspace/cargo-home/bin/cargo" "+1.75.0" "metadata" "--manifest-path" "Cargo.toml" "--no-deps", kill_on_drop: false }`
[INFO] started tweaking crates.io crate sylvia-iot-coremgr 0.0.34
[INFO] finished tweaking crates.io crate sylvia-iot-coremgr 0.0.34
[INFO] tweaked toml for crates.io crate sylvia-iot-coremgr 0.0.34 written to /workspace/builds/worker-0-tc1/source/Cargo.toml
[INFO] crate crates.io crate sylvia-iot-coremgr 0.0.34 already has a lockfile, it will not be regenerated
[INFO] running `Command { std: CARGO_HOME="/workspace/cargo-home" RUSTUP_HOME="/workspace/rustup-home" "/workspace/cargo-home/bin/cargo" "+1.75.0" "fetch" "--manifest-path" "Cargo.toml", kill_on_drop: false }`
[INFO] [stderr]     Updating crates.io index
[INFO] [stderr]  Downloading crates ...
[INFO] [stderr]   Downloaded async-reactor-trait v1.1.0
[INFO] [stderr]   Downloaded amqp_serde v0.4.0
[INFO] [stderr]   Downloaded local-channel v0.1.4
[INFO] [stderr]   Downloaded rustls-connector v0.18.3
[INFO] [stderr]   Downloaded async-executor v1.6.0
[INFO] [stderr]   Downloaded rc2 v0.8.1
[INFO] [stderr]   Downloaded amq-protocol-tcp v7.1.2
[INFO] [stderr]   Downloaded rustix v0.37.26
[INFO] [stderr]   Downloaded executor-trait v2.1.0
[INFO] [stderr]   Downloaded pinky-swear v6.1.0
[INFO] [stderr]   Downloaded reactor-trait v1.1.0
[INFO] [stderr]   Downloaded amq-protocol-uri v7.1.2
[INFO] [stderr]   Downloaded lru v0.12.0
[INFO] [stderr]   Downloaded sketches-ddsketch v0.2.1
[INFO] [stderr]   Downloaded metrics-util v0.15.1
[INFO] [stderr]   Downloaded deunicode v0.4.5
[INFO] [stderr]   Downloaded hashbrown v0.13.1
[INFO] [stderr]   Downloaded chrono-tz v0.8.3
[INFO] [stderr]   Downloaded laboratory v2.0.0
[INFO] [stderr]   Downloaded redis v0.23.3
[INFO] [stderr]   Downloaded oxide-auth v0.5.4
[INFO] [stderr]   Downloaded mongodb v2.7.0
[INFO] [stderr]   Downloaded actix-web v4.4.0
[INFO] [stderr]   Downloaded deunicode v1.4.1
[INFO] [stderr]   Downloaded rumqttd v0.18.0
[INFO] [stderr]   Downloaded actix-http v3.4.0
[INFO] [stderr]   Downloaded bson v2.7.0
[INFO] [stderr]   Downloaded lapin v2.3.1
[INFO] [stderr]   Downloaded rumqttc v0.23.0
[INFO] [stderr]   Downloaded x509-parser v0.15.1
[INFO] [stderr]   Downloaded actix-files v0.6.2
[INFO] [stderr]   Downloaded metrics-exporter-prometheus v0.12.1
[INFO] [stderr]   Downloaded metrics v0.21.1
[INFO] [stderr]   Downloaded des v0.8.1
[INFO] [stderr]   Downloaded tcp-stream v0.26.1
[INFO] [stderr]   Downloaded rust-argon2 v1.0.1
[INFO] [stderr]   Downloaded p12 v0.6.3
[INFO] [stderr]   Downloaded async-global-executor-trait v2.1.0
[INFO] [stderr]   Downloaded actix-cors v0.6.4
[INFO] [stderr]   Downloaded metrics-macros v0.7.0
[INFO] [stderr]   Downloaded sql-builder v3.1.1
[INFO] [stderr]   Downloaded chrono-tz-build v0.2.0
[INFO] [stderr]   Downloaded amq-protocol-types v7.1.2
[INFO] [stderr]   Downloaded actix-web-prom v0.7.0
[INFO] [stderr]   Downloaded amq-protocol v7.1.2
[INFO] [stderr]   Downloaded sylvia-iot-corelib v0.0.34
[INFO] [stderr]   Downloaded general-mq v0.0.34
[INFO] [stderr]   Downloaded oxide-auth-async v0.1.1
[INFO] [stderr]   Downloaded sylvia-iot-auth v0.0.34
[INFO] [stderr]   Downloaded amqprs v1.5.0
[INFO] [stderr]   Downloaded sylvia-iot-broker v0.0.34
[INFO] running `Command { std: "docker" "create" "-v" "/var/lib/crater-agent-workspace/builds/worker-0-tc1/target:/opt/rustwide/target:rw,Z" "-v" "/var/lib/crater-agent-workspace/builds/worker-0-tc1/source:/opt/rustwide/workdir:ro,Z" "-v" "/var/lib/crater-agent-workspace/cargo-home:/opt/rustwide/cargo-home:ro,Z" "-v" "/var/lib/crater-agent-workspace/rustup-home:/opt/rustwide/rustup-home:ro,Z" "-e" "SOURCE_DIR=/opt/rustwide/workdir" "-e" "CARGO_TARGET_DIR=/opt/rustwide/target" "-e" "CARGO_HOME=/opt/rustwide/cargo-home" "-e" "RUSTUP_HOME=/opt/rustwide/rustup-home" "-w" "/opt/rustwide/workdir" "-m" "1610612736" "--user" "0:0" "--network" "none" "ghcr.io/rust-lang/crates-build-env/linux@sha256:2788e3201cd34a07e3172128adcd8b3090168a8e3bcc40d7c032b9dda1df7d1c" "/opt/rustwide/cargo-home/bin/cargo" "+1.75.0" "metadata" "--no-deps" "--format-version=1", kill_on_drop: false }`
[INFO] [stdout] 51eca2b02e4fdaa87e6149108ebc5913a93b624474351ef2f648880ddc2296ed
[INFO] running `Command { std: "docker" "start" "-a" "51eca2b02e4fdaa87e6149108ebc5913a93b624474351ef2f648880ddc2296ed", kill_on_drop: false }`
[INFO] running `Command { std: "docker" "inspect" "51eca2b02e4fdaa87e6149108ebc5913a93b624474351ef2f648880ddc2296ed", kill_on_drop: false }`
[INFO] running `Command { std: "docker" "rm" "-f" "51eca2b02e4fdaa87e6149108ebc5913a93b624474351ef2f648880ddc2296ed", kill_on_drop: false }`
[INFO] [stdout] 51eca2b02e4fdaa87e6149108ebc5913a93b624474351ef2f648880ddc2296ed
[INFO] running `Command { std: "docker" "create" "-v" "/var/lib/crater-agent-workspace/builds/worker-0-tc1/target:/opt/rustwide/target:rw,Z" "-v" "/var/lib/crater-agent-workspace/builds/worker-0-tc1/source:/opt/rustwide/workdir:ro,Z" "-v" "/var/lib/crater-agent-workspace/cargo-home:/opt/rustwide/cargo-home:ro,Z" "-v" "/var/lib/crater-agent-workspace/rustup-home:/opt/rustwide/rustup-home:ro,Z" "-e" "SOURCE_DIR=/opt/rustwide/workdir" "-e" "CARGO_TARGET_DIR=/opt/rustwide/target" "-e" "CARGO_INCREMENTAL=0" "-e" "RUST_BACKTRACE=full" "-e" "RUSTFLAGS=--cap-lints=warn" "-e" "RUSTDOCFLAGS=--cap-lints=warn" "-e" "CARGO_HOME=/opt/rustwide/cargo-home" "-e" "RUSTUP_HOME=/opt/rustwide/rustup-home" "-w" "/opt/rustwide/workdir" "-m" "1610612736" "--user" "0:0" "--network" "none" "ghcr.io/rust-lang/crates-build-env/linux@sha256:2788e3201cd34a07e3172128adcd8b3090168a8e3bcc40d7c032b9dda1df7d1c" "/opt/rustwide/cargo-home/bin/cargo" "+1.75.0" "doc" "--frozen" "--no-deps" "--document-private-items" "--message-format=json", kill_on_drop: false }`
[INFO] [stdout] 2c86028af808193a84fccd8156a2eda534d0c230373488f8623441d9fe75f0a2
[INFO] running `Command { std: "docker" "start" "-a" "2c86028af808193a84fccd8156a2eda534d0c230373488f8623441d9fe75f0a2", kill_on_drop: false }`
[INFO] [stderr]    Compiling libc v0.2.149
[INFO] [stderr]    Compiling serde v1.0.189
[INFO] [stderr]     Checking once_cell v1.18.0
[INFO] [stderr]    Compiling futures-core v0.3.28
[INFO] [stderr]     Checking smallvec v1.11.1
[INFO] [stderr]     Checking futures-io v0.3.28
[INFO] [stderr]    Compiling ahash v0.8.3
[INFO] [stderr]    Compiling generic-array v0.14.7
[INFO] [stderr]     Checking futures-sink v0.3.28
[INFO] [stderr]    Compiling futures-task v0.3.28
[INFO] [stderr]    Compiling syn v2.0.38
[INFO] [stderr]    Compiling memchr v2.6.4
[INFO] [stderr]    Compiling crossbeam-utils v0.8.16
[INFO] [stderr]    Compiling syn v1.0.109
[INFO] [stderr]    Compiling serde_json v1.0.107
[INFO] [stderr]     Checking subtle v2.5.0
[INFO] [stderr]     Checking tracing-core v0.1.32
[INFO] [stderr]    Compiling ahash v0.7.6
[INFO] [stderr]     Checking unicode-bidi v0.3.13
[INFO] [stderr]     Checking base64 v0.21.4
[INFO] [stderr]    Compiling rustls v0.21.7
[INFO] [stderr]     Checking cpufeatures v0.2.9
[INFO] [stderr]    Compiling indexmap v1.9.3
[INFO] [stderr]     Checking futures-channel v0.3.28
[INFO] [stderr]     Checking nom v7.1.3
[INFO] [stderr]    Compiling pin-project-lite v0.2.13
[INFO] [stderr]     Checking aho-corasick v1.1.2
[INFO] [stderr]     Checking powerfmt v0.2.0
[INFO] [stderr]     Checking idna v0.4.0
[INFO] [stderr]    Compiling time-core v0.1.2
[INFO] [stderr]     Checking event-listener v2.5.3
[INFO] [stderr]     Checking deranged v0.3.9
[INFO] [stderr]    Compiling time-macros v0.2.15
[INFO] [stderr]     Checking rustls-pemfile v1.0.3
[INFO] [stderr]    Compiling unicode-segmentation v1.10.1
[INFO] [stderr]    Compiling itoa v1.0.9
[INFO] [stderr]    Compiling rustls v0.20.9
[INFO] [stderr]    Compiling scopeguard v1.2.0
[INFO] [stderr]     Checking crypto-common v0.1.6
[INFO] [stderr]     Checking block-buffer v0.10.4
[INFO] [stderr]    Compiling lock_api v0.4.11
[INFO] [stderr]     Checking block-padding v0.3.3
[INFO] [stderr]     Checking digest v0.10.7
[INFO] [stderr]    Compiling heck v0.4.1
[INFO] [stderr]     Checking local-waker v0.1.3
[INFO] [stderr]     Checking sha1 v0.10.6
[INFO] [stderr]     Checking hmac v0.12.1
[INFO] [stderr]     Checking regex-automata v0.4.3
[INFO] [stderr]    Compiling crossbeam-queue v0.3.8
[INFO] [stderr]     Checking inout v0.1.3
[INFO] [stderr]    Compiling tinyvec_macros v0.1.1
[INFO] [stderr]    Compiling pkg-config v0.3.27
[INFO] [stderr]     Checking linked-hash-map v0.5.6
[INFO] [stderr]     Checking iana-time-zone v0.1.58
[INFO] [stderr]    Compiling allocator-api2 v0.2.16
[INFO] [stderr]     Checking webpki-roots v0.25.2
[INFO] [stderr]    Compiling tinyvec v1.6.0
[INFO] [stderr]     Checking cipher v0.4.4
[INFO] [stderr]     Checking actix-utils v3.0.1
[INFO] [stderr]     Checking getrandom v0.2.10
[INFO] [stderr]    Compiling cc v1.0.83
[INFO] [stderr]     Checking parking_lot_core v0.9.9
[INFO] [stderr]     Checking num_cpus v1.16.0
[INFO] [stderr]     Checking signal-hook-registry v1.4.1
[INFO] [stderr]     Checking socket2 v0.5.4
[INFO] [stderr]     Checking parking_lot v0.12.1
[INFO] [stderr]     Checking rand_core v0.6.4
[INFO] [stderr]     Checking rand_chacha v0.3.1
[INFO] [stderr]     Checking hashbrown v0.12.3
[INFO] [stderr]     Checking socket2 v0.4.9
[INFO] [stderr]     Checking rand v0.8.5
[INFO] [stderr]     Checking hashbrown v0.14.2
[INFO] [stderr]     Checking concurrent-queue v2.3.0
[INFO] [stderr]     Checking actix-service v2.0.2
[INFO] [stderr]    Compiling io-lifetimes v1.0.11
[INFO] [stderr]    Compiling siphasher v0.3.11
[INFO] [stderr]    Compiling ucd-trie v0.1.6
[INFO] [stderr]     Checking parking v2.2.0
[INFO] [stderr]     Checking fastrand v1.9.0
[INFO] [stderr]     Checking waker-fn v1.1.1
[INFO] [stderr]     Checking time v0.3.30
[INFO] [stderr]    Compiling ppv-lite86 v0.2.17
[INFO] [stderr]    Compiling unicode-normalization v0.1.22
[INFO] [stderr]    Compiling phf_shared v0.11.2
[INFO] [stderr]     Checking indexmap v2.0.2
[INFO] [stderr]     Checking futures-lite v1.13.0
[INFO] [stderr]    Compiling ring v0.16.20
[INFO] [stderr]    Compiling ring v0.17.5
[INFO] [stderr]     Checking regex v1.10.2
[INFO] [stderr]    Compiling libsqlite3-sys v0.26.0
[INFO] [stderr]     Checking sha2 v0.10.8
[INFO] [stderr]     Checking async-lock v2.8.0
[INFO] [stderr]    Compiling slab v0.4.9
[INFO] [stderr]    Compiling polling v2.8.0
[INFO] [stderr]    Compiling percent-encoding v2.3.0
[INFO] [stderr]    Compiling rustix v0.37.26
[INFO] [stderr]     Checking impl-more v0.1.6
[INFO] [stderr]     Checking rustls-native-certs v0.6.3
[INFO] [stderr]    Compiling form_urlencoded v1.2.0
[INFO] [stderr]     Checking local-channel v0.1.4
[INFO] [stderr]    Compiling num-traits v0.2.17
[INFO] [stderr]    Compiling async-io v1.13.0
[INFO] [stderr]     Checking language-tags v0.3.2
[INFO] [stderr]    Compiling crc-catalog v2.2.0
[INFO] [stderr]     Checking utf8parse v0.2.1
[INFO] [stderr]     Checking fastrand v2.0.1
[INFO] [stderr]    Compiling rustix v0.38.20
[INFO] [stderr]     Checking try-lock v0.2.4
[INFO] [stderr]     Checking linux-raw-sys v0.3.8
[INFO] [stderr]     Checking ipnet v2.8.0
[INFO] [stderr]     Checking want v0.3.1
[INFO] [stderr]    Compiling phf_generator v0.11.2
[INFO] [stderr]     Checking anstyle-parse v0.2.2
[INFO] [stderr]    Compiling crc v3.0.1
[INFO] [stderr]    Compiling atoi v2.0.0
[INFO] [stderr]    Compiling darling_core v0.13.4
[INFO] [stderr]    Compiling hashlink v0.8.4
[INFO] [stderr]    Compiling futures-intrusive v0.5.0
[INFO] [stderr]     Checking cbc v0.1.2
[INFO] [stderr]     Checking des v0.8.1
[INFO] [stderr]     Checking rc2 v0.8.1
[INFO] [stderr]     Checking yaml-rust v0.4.5
[INFO] [stderr]    Compiling spin v0.9.8
[INFO] [stderr]     Checking flume v0.11.0
[INFO] [stderr]     Checking atomic-waker v1.1.2
[INFO] [stderr]    Compiling unicode-xid v0.2.4
[INFO] [stderr]    Compiling byteorder v1.5.0
[INFO] [stderr]     Checking data-encoding v2.4.0
[INFO] [stderr]     Checking anstyle-query v1.0.0
[INFO] [stderr]     Checking async-task v4.5.0
[INFO] [stderr]     Checking colorchoice v1.0.0
[INFO] [stderr]    Compiling anyhow v1.0.75
[INFO] [stderr]     Checking anstyle v1.0.4
[INFO] [stderr]    Compiling dotenvy v0.15.7
[INFO] [stderr]    Compiling radium v0.7.0
[INFO] [stderr]     Checking cookie-factory v0.3.2
[INFO] [stderr]    Compiling bitflags v2.4.1
[INFO] [stderr]    Compiling linux-raw-sys v0.4.10
[INFO] [stderr]     Checking yasna v0.5.2
[INFO] [stderr]     Checking anstream v0.6.4
[INFO] [stderr]    Compiling synstructure v0.12.6
[INFO] [stderr]     Checking piper v0.2.1
[INFO] [stderr]    Compiling phf_codegen v0.11.2
[INFO] [stderr]    Compiling parse-zoneinfo v0.3.0
[INFO] [stderr]    Compiling phf v0.11.2
[INFO] [stderr]     Checking async-channel v1.9.0
[INFO] [stderr]     Checking thread_local v1.1.7
[INFO] [stderr]    Compiling ryu v1.0.15
[INFO] [stderr]     Checking p12 v0.6.3
[INFO] [stderr]     Checking tap v1.0.1
[INFO] [stderr]     Checking clap_lex v0.5.1
[INFO] [stderr]     Checking destructure_traitobject v0.2.0
[INFO] [stderr]    Compiling doc-comment v0.3.3
[INFO] [stderr]     Checking semver-parser v0.7.0
[INFO] [stderr]     Checking hostname v0.3.1
[INFO] [stderr]     Checking unsafe-any-ors v1.0.0
[INFO] [stderr]     Checking clap_builder v4.4.6
[INFO] [stderr]     Checking wyz v0.5.1
[INFO] [stderr]    Compiling chrono-tz-build v0.2.0
[INFO] [stderr]     Checking semver v0.9.0
[INFO] [stderr]     Checking idna v0.2.3
[INFO] [stderr]    Compiling rustc_version_runtime v0.2.1
[INFO] [stderr]     Checking async-executor v1.6.0
[INFO] [stderr]    Compiling derive_more v0.99.17
[INFO] [stderr]    Compiling asn1-rs-derive v0.4.0
[INFO] [stderr]    Compiling derivative v2.2.0
[INFO] [stderr]    Compiling asn1-rs-impl v0.1.0
[INFO] [stderr]    Compiling enum-as-inner v0.4.0
[INFO] [stderr]    Compiling darling_core v0.20.3
[INFO] [stderr]     Checking rusticata-macros v4.1.0
[INFO] [stderr]    Compiling serde_derive v1.0.189
[INFO] [stderr]    Compiling tracing-attributes v0.1.27
[INFO] [stderr]    Compiling tokio-macros v2.1.0
[INFO] [stderr]    Compiling futures-macro v0.3.28
[INFO] [stderr]    Compiling thiserror-impl v1.0.50
[INFO] [stderr]    Compiling async-trait v0.1.74
[INFO] [stderr]     Checking webpki v0.22.4
[INFO] [stderr]    Compiling pin-project-internal v1.1.3
[INFO] [stderr]     Checking webpki-roots v0.22.6
[INFO] [stderr]     Checking sct v0.7.0
[INFO] [stderr]     Checking rustls-webpki v0.101.6
[INFO] [stderr]    Compiling actix-macros v0.2.4
[INFO] [stderr]    Compiling darling_macro v0.13.4
[INFO] [stderr]    Compiling clap_derive v4.4.2
[INFO] [stderr]    Compiling tempfile v3.8.0
[INFO] [stderr]    Compiling displaydoc v0.2.4
[INFO] [stderr]     Checking futures-util v0.3.28
[INFO] [stderr]     Checking ordered-float v2.10.1
[INFO] [stderr]     Checking bstr v1.7.0
[INFO] [stderr]    Compiling crossbeam-epoch v0.9.15
[INFO] [stderr]    Compiling darling v0.13.4
[INFO] [stderr]     Checking unic-common v0.9.0
[INFO] [stderr]    Compiling amq-protocol v7.1.2
[INFO] [stderr]    Compiling prometheus v0.13.3
[INFO] [stderr]     Checking funty v2.0.0
[INFO] [stderr]     Checking unic-char-range v0.9.0
[INFO] [stderr]     Checking unic-char-property v0.9.0
[INFO] [stderr]     Checking blake2b_simd v1.0.2
[INFO] [stderr]     Checking resolv-conf v0.7.0
[INFO] [stderr]    Compiling serde_with_macros v1.5.2
[INFO] [stderr]     Checking walkdir v2.4.0
[INFO] [stderr]     Checking thiserror v1.0.50
[INFO] [stderr]     Checking pest v2.7.4
[INFO] [stderr]     Checking asn1-rs v0.5.2
[INFO] [stderr]     Checking unic-ucd-version v0.9.0
[INFO] [stderr]     Checking executor-trait v2.1.0
[INFO] [stderr]    Compiling darling_macro v0.20.3
[INFO] [stderr]     Checking reactor-trait v1.1.0
[INFO] [stderr]     Checking pin-project v1.1.3
[INFO] [stderr]    Compiling metrics-macros v0.7.0
[INFO] [stderr]     Checking bitvec v1.0.1
[INFO] [stderr]     Checking flume v0.10.14
[INFO] [stderr]    Compiling chrono-tz v0.8.3
[INFO] [stderr]     Checking rustc_version v0.2.3
[INFO] [stderr]     Checking typemap-ors v1.0.0
[INFO] [stderr]    Compiling axum-core v0.3.4
[INFO] [stderr]     Checking rmp v0.8.12
[INFO] [stderr] The following warnings were emitted during compilation:
[INFO] [stderr] 
[INFO] [stderr] warning: libsqlite3-sys@0.26.0: cc: fatal error: Killed signal terminated program cc1
[INFO] [stderr] warning: libsqlite3-sys@0.26.0: compilation terminated.
[INFO] [stderr] 
[INFO] [stderr] error: failed to run custom build command for `libsqlite3-sys v0.26.0`
[INFO] [stderr] note: To improve backtraces for build dependencies, set the CARGO_PROFILE_DEV_BUILD_OVERRIDE_DEBUG=true environment variable to enable debug information generation.
[INFO] [stderr] 
[INFO] [stderr] Caused by:
[INFO] [stderr]   process didn't exit successfully: `/opt/rustwide/target/debug/build/libsqlite3-sys-2ee1af3bc9cddfea/build-script-build` (exit status: 1)
[INFO] [stderr]   --- stdout
[INFO] [stderr]   cargo:rerun-if-changed=sqlite3/sqlite3.c
[INFO] [stderr]   cargo:rerun-if-changed=sqlite3/wasm32-wasi-vfs.c
[INFO] [stderr]   cargo:rerun-if-env-changed=SQLITE_MAX_VARIABLE_NUMBER
[INFO] [stderr]   cargo:rerun-if-env-changed=SQLITE_MAX_EXPR_DEPTH
[INFO] [stderr]   cargo:rerun-if-env-changed=LIBSQLITE3_FLAGS
[INFO] [stderr]   TARGET = Some("x86_64-unknown-linux-gnu")
[INFO] [stderr]   OPT_LEVEL = Some("0")
[INFO] [stderr]   HOST = Some("x86_64-unknown-linux-gnu")
[INFO] [stderr]   cargo:rerun-if-env-changed=CC_x86_64-unknown-linux-gnu
[INFO] [stderr]   CC_x86_64-unknown-linux-gnu = None
[INFO] [stderr]   cargo:rerun-if-env-changed=CC_x86_64_unknown_linux_gnu
[INFO] [stderr]   CC_x86_64_unknown_linux_gnu = None
[INFO] [stderr]   cargo:rerun-if-env-changed=HOST_CC
[INFO] [stderr]   HOST_CC = None
[INFO] [stderr]   cargo:rerun-if-env-changed=CC
[INFO] [stderr]   CC = None
[INFO] [stderr]   cargo:rerun-if-env-changed=CRATE_CC_NO_DEFAULTS
[INFO] [stderr]   CRATE_CC_NO_DEFAULTS = None
[INFO] [stderr]   DEBUG = Some("true")
[INFO] [stderr]   CARGO_CFG_TARGET_FEATURE = Some("fxsr,sse,sse2")
[INFO] [stderr]   cargo:rerun-if-env-changed=CFLAGS_x86_64-unknown-linux-gnu
[INFO] [stderr]   CFLAGS_x86_64-unknown-linux-gnu = None
[INFO] [stderr]   cargo:rerun-if-env-changed=CFLAGS_x86_64_unknown_linux_gnu
[INFO] [stderr]   CFLAGS_x86_64_unknown_linux_gnu = None
[INFO] [stderr]   cargo:rerun-if-env-changed=HOST_CFLAGS
[INFO] [stderr]   HOST_CFLAGS = None
[INFO] [stderr]   cargo:rerun-if-env-changed=CFLAGS
[INFO] [stderr]   CFLAGS = None
[INFO] [stderr]   running: "cc" "-O0" "-ffunction-sections" "-fdata-sections" "-fPIC" "-gdwarf-4" "-fno-omit-frame-pointer" "-m64" "-DSQLITE_CORE" "-DSQLITE_DEFAULT_FOREIGN_KEYS=1" "-DSQLITE_ENABLE_API_ARMOR" "-DSQLITE_ENABLE_COLUMN_METADATA" "-DSQLITE_ENABLE_DBSTAT_VTAB" "-DSQLITE_ENABLE_FTS3" "-DSQLITE_ENABLE_FTS3_PARENTHESIS" "-DSQLITE_ENABLE_FTS5" "-DSQLITE_ENABLE_JSON1" "-DSQLITE_ENABLE_LOAD_EXTENSION=1" "-DSQLITE_ENABLE_MEMORY_MANAGEMENT" "-DSQLITE_ENABLE_RTREE" "-DSQLITE_ENABLE_STAT2" "-DSQLITE_ENABLE_STAT4" "-DSQLITE_SOUNDEX" "-DSQLITE_THREADSAFE=1" "-DSQLITE_USE_URI" "-DHAVE_USLEEP=1" "-D_POSIX_THREAD_SAFE_FUNCTIONS" "-DHAVE_ISNAN" "-DHAVE_LOCALTIME_R" "-DSQLITE_ENABLE_UNLOCK_NOTIFY" "-o" "/opt/rustwide/target/debug/build/libsqlite3-sys-f8fd2231ab9c4c9c/out/sqlite3/sqlite3.o" "-c" "sqlite3/sqlite3.c"
[INFO] [stderr]   exit status: 1
[INFO] [stderr]   cargo:warning=cc: fatal error: Killed signal terminated program cc1
[INFO] [stderr] 
[INFO] [stderr]   cargo:warning=compilation terminated.
[INFO] [stderr] 
[INFO] [stderr] 
[INFO] [stderr]   --- stderr
[INFO] [stderr] 
[INFO] [stderr] 
[INFO] [stderr]   error occurred: Command "cc" "-O0" "-ffunction-sections" "-fdata-sections" "-fPIC" "-gdwarf-4" "-fno-omit-frame-pointer" "-m64" "-DSQLITE_CORE" "-DSQLITE_DEFAULT_FOREIGN_KEYS=1" "-DSQLITE_ENABLE_API_ARMOR" "-DSQLITE_ENABLE_COLUMN_METADATA" "-DSQLITE_ENABLE_DBSTAT_VTAB" "-DSQLITE_ENABLE_FTS3" "-DSQLITE_ENABLE_FTS3_PARENTHESIS" "-DSQLITE_ENABLE_FTS5" "-DSQLITE_ENABLE_JSON1" "-DSQLITE_ENABLE_LOAD_EXTENSION=1" "-DSQLITE_ENABLE_MEMORY_MANAGEMENT" "-DSQLITE_ENABLE_RTREE" "-DSQLITE_ENABLE_STAT2" "-DSQLITE_ENABLE_STAT4" "-DSQLITE_SOUNDEX" "-DSQLITE_THREADSAFE=1" "-DSQLITE_USE_URI" "-DHAVE_USLEEP=1" "-D_POSIX_THREAD_SAFE_FUNCTIONS" "-DHAVE_ISNAN" "-DHAVE_LOCALTIME_R" "-DSQLITE_ENABLE_UNLOCK_NOTIFY" "-o" "/opt/rustwide/target/debug/build/libsqlite3-sys-f8fd2231ab9c4c9c/out/sqlite3/sqlite3.o" "-c" "sqlite3/sqlite3.c" with args "cc" did not execute successfully (status code exit status: 1).
[INFO] [stderr] 
[INFO] [stderr] 
[INFO] [stderr] warning: build failed, waiting for other jobs to finish...
[INFO] running `Command { std: "docker" "inspect" "2c86028af808193a84fccd8156a2eda534d0c230373488f8623441d9fe75f0a2", kill_on_drop: false }`
[INFO] running `Command { std: "docker" "rm" "-f" "2c86028af808193a84fccd8156a2eda534d0c230373488f8623441d9fe75f0a2", kill_on_drop: false }`
[INFO] [stdout] 2c86028af808193a84fccd8156a2eda534d0c230373488f8623441d9fe75f0a2
[INFO] documenting sylvia-iot-coremgr-0.0.34 against beta-2023-12-22 for beta-1.76-rustdoc-1
[INFO] extracting crate sylvia-iot-coremgr 0.0.34 into /workspace/builds/worker-0-tc2/source
[INFO] validating manifest of crates.io crate sylvia-iot-coremgr 0.0.34 on toolchain beta-2023-12-22
[INFO] running `Command { std: CARGO_HOME="/workspace/cargo-home" RUSTUP_HOME="/workspace/rustup-home" "/workspace/cargo-home/bin/cargo" "+beta-2023-12-22" "metadata" "--manifest-path" "Cargo.toml" "--no-deps", kill_on_drop: false }`
[INFO] started tweaking crates.io crate sylvia-iot-coremgr 0.0.34
[INFO] finished tweaking crates.io crate sylvia-iot-coremgr 0.0.34
[INFO] tweaked toml for crates.io crate sylvia-iot-coremgr 0.0.34 written to /workspace/builds/worker-0-tc2/source/Cargo.toml
[INFO] crate crates.io crate sylvia-iot-coremgr 0.0.34 already has a lockfile, it will not be regenerated
[INFO] running `Command { std: CARGO_HOME="/workspace/cargo-home" RUSTUP_HOME="/workspace/rustup-home" "/workspace/cargo-home/bin/cargo" "+beta-2023-12-22" "fetch" "--manifest-path" "Cargo.toml", kill_on_drop: false }`
[INFO] running `Command { std: "docker" "create" "-v" "/var/lib/crater-agent-workspace/builds/worker-0-tc2/target:/opt/rustwide/target:rw,Z" "-v" "/var/lib/crater-agent-workspace/builds/worker-0-tc2/source:/opt/rustwide/workdir:ro,Z" "-v" "/var/lib/crater-agent-workspace/cargo-home:/opt/rustwide/cargo-home:ro,Z" "-v" "/var/lib/crater-agent-workspace/rustup-home:/opt/rustwide/rustup-home:ro,Z" "-e" "SOURCE_DIR=/opt/rustwide/workdir" "-e" "CARGO_TARGET_DIR=/opt/rustwide/target" "-e" "CARGO_HOME=/opt/rustwide/cargo-home" "-e" "RUSTUP_HOME=/opt/rustwide/rustup-home" "-w" "/opt/rustwide/workdir" "-m" "1610612736" "--user" "0:0" "--network" "none" "ghcr.io/rust-lang/crates-build-env/linux@sha256:2788e3201cd34a07e3172128adcd8b3090168a8e3bcc40d7c032b9dda1df7d1c" "/opt/rustwide/cargo-home/bin/cargo" "+beta-2023-12-22" "metadata" "--no-deps" "--format-version=1", kill_on_drop: false }`
[INFO] [stdout] 2a36c737b7457f056b232d39434fd08ef8cc12d221cce9ea62ef0a8b6dd2b7e8
[INFO] running `Command { std: "docker" "start" "-a" "2a36c737b7457f056b232d39434fd08ef8cc12d221cce9ea62ef0a8b6dd2b7e8", kill_on_drop: false }`
[INFO] running `Command { std: "docker" "inspect" "2a36c737b7457f056b232d39434fd08ef8cc12d221cce9ea62ef0a8b6dd2b7e8", kill_on_drop: false }`
[INFO] running `Command { std: "docker" "rm" "-f" "2a36c737b7457f056b232d39434fd08ef8cc12d221cce9ea62ef0a8b6dd2b7e8", kill_on_drop: false }`
[INFO] [stdout] 2a36c737b7457f056b232d39434fd08ef8cc12d221cce9ea62ef0a8b6dd2b7e8
[INFO] running `Command { std: "docker" "create" "-v" "/var/lib/crater-agent-workspace/builds/worker-0-tc2/target:/opt/rustwide/target:rw,Z" "-v" "/var/lib/crater-agent-workspace/builds/worker-0-tc2/source:/opt/rustwide/workdir:ro,Z" "-v" "/var/lib/crater-agent-workspace/cargo-home:/opt/rustwide/cargo-home:ro,Z" "-v" "/var/lib/crater-agent-workspace/rustup-home:/opt/rustwide/rustup-home:ro,Z" "-e" "SOURCE_DIR=/opt/rustwide/workdir" "-e" "CARGO_TARGET_DIR=/opt/rustwide/target" "-e" "CARGO_INCREMENTAL=0" "-e" "RUST_BACKTRACE=full" "-e" "RUSTFLAGS=--cap-lints=warn" "-e" "RUSTDOCFLAGS=--cap-lints=warn" "-e" "CARGO_HOME=/opt/rustwide/cargo-home" "-e" "RUSTUP_HOME=/opt/rustwide/rustup-home" "-w" "/opt/rustwide/workdir" "-m" "1610612736" "--user" "0:0" "--network" "none" "ghcr.io/rust-lang/crates-build-env/linux@sha256:2788e3201cd34a07e3172128adcd8b3090168a8e3bcc40d7c032b9dda1df7d1c" "/opt/rustwide/cargo-home/bin/cargo" "+beta-2023-12-22" "doc" "--frozen" "--no-deps" "--document-private-items" "--message-format=json", kill_on_drop: false }`
[INFO] [stdout] 1a8db7004f27f77b7c2ea29e6ffcf9c61e9db331e1deee280ecb39705d57bbbf
[INFO] running `Command { std: "docker" "start" "-a" "1a8db7004f27f77b7c2ea29e6ffcf9c61e9db331e1deee280ecb39705d57bbbf", kill_on_drop: false }`
[INFO] [stderr]    Compiling libc v0.2.149
[INFO] [stderr]    Compiling serde v1.0.189
[INFO] [stderr]     Checking once_cell v1.18.0
[INFO] [stderr]    Compiling futures-core v0.3.28
[INFO] [stderr]     Checking smallvec v1.11.1
[INFO] [stderr]     Checking futures-io v0.3.28
[INFO] [stderr]    Compiling ahash v0.8.3
[INFO] [stderr]    Compiling generic-array v0.14.7
[INFO] [stderr]     Checking futures-sink v0.3.28
[INFO] [stderr]    Compiling futures-task v0.3.28
[INFO] [stderr]    Compiling syn v2.0.38
[INFO] [stderr]    Compiling memchr v2.6.4
[INFO] [stderr]    Compiling crossbeam-utils v0.8.16
[INFO] [stderr]    Compiling syn v1.0.109
[INFO] [stderr]    Compiling serde_json v1.0.107
[INFO] [stderr]     Checking subtle v2.5.0
[INFO] [stderr]    Compiling ahash v0.7.6
[INFO] [stderr]     Checking tracing-core v0.1.32
[INFO] [stderr]     Checking unicode-bidi v0.3.13
[INFO] [stderr]     Checking base64 v0.21.4
[INFO] [stderr]     Checking cpufeatures v0.2.9
[INFO] [stderr]    Compiling rustls v0.21.7
[INFO] [stderr]    Compiling indexmap v1.9.3
[INFO] [stderr]     Checking nom v7.1.3
[INFO] [stderr]    Compiling pin-project-lite v0.2.13
[INFO] [stderr]     Checking aho-corasick v1.1.2
[INFO] [stderr]    Compiling time-core v0.1.2
[INFO] [stderr]     Checking futures-channel v0.3.28
[INFO] [stderr]     Checking powerfmt v0.2.0
[INFO] [stderr]     Checking idna v0.4.0
[INFO] [stderr]    Compiling time-macros v0.2.15
[INFO] [stderr]     Checking event-listener v2.5.3
[INFO] [stderr]     Checking deranged v0.3.9
[INFO] [stderr]    Compiling rustls v0.20.9
[INFO] [stderr]     Checking rustls-pemfile v1.0.3
[INFO] [stderr]    Compiling unicode-segmentation v1.10.1
[INFO] [stderr]    Compiling itoa v1.0.9
[INFO] [stderr]    Compiling scopeguard v1.2.0
[INFO] [stderr]    Compiling heck v0.4.1
[INFO] [stderr]     Checking local-waker v0.1.3
[INFO] [stderr]    Compiling lock_api v0.4.11
[INFO] [stderr]     Checking regex-automata v0.4.3
[INFO] [stderr]    Compiling crossbeam-queue v0.3.8
[INFO] [stderr]     Checking crypto-common v0.1.6
[INFO] [stderr]     Checking block-buffer v0.10.4
[INFO] [stderr]     Checking block-padding v0.3.3
[INFO] [stderr]    Compiling allocator-api2 v0.2.16
[INFO] [stderr]     Checking digest v0.10.7
[INFO] [stderr]     Checking webpki-roots v0.25.2
[INFO] [stderr]     Checking inout v0.1.3
[INFO] [stderr]    Compiling pkg-config v0.3.27
[INFO] [stderr]     Checking iana-time-zone v0.1.58
[INFO] [stderr]     Checking linked-hash-map v0.5.6
[INFO] [stderr]     Checking getrandom v0.2.10
[INFO] [stderr]     Checking parking_lot_core v0.9.9
[INFO] [stderr]     Checking num_cpus v1.16.0
[INFO] [stderr]     Checking signal-hook-registry v1.4.1
[INFO] [stderr]     Checking socket2 v0.5.4
[INFO] [stderr]     Checking socket2 v0.4.9
[INFO] [stderr]     Checking parking_lot v0.12.1
[INFO] [stderr]     Checking rand_core v0.6.4
[INFO] [stderr]    Compiling cc v1.0.83
[INFO] [stderr]     Checking hashbrown v0.12.3
[INFO] [stderr]     Checking rand_chacha v0.3.1
[INFO] [stderr]     Checking sha1 v0.10.6
[INFO] [stderr]     Checking hmac v0.12.1
[INFO] [stderr]    Compiling tinyvec_macros v0.1.1
[INFO] [stderr]     Checking hashbrown v0.14.2
[INFO] [stderr]     Checking rand v0.8.5
[INFO] [stderr]    Compiling tinyvec v1.6.0
[INFO] [stderr]     Checking cipher v0.4.4
[INFO] [stderr]     Checking actix-utils v3.0.1
[INFO] [stderr]     Checking concurrent-queue v2.3.0
[INFO] [stderr]     Checking actix-service v2.0.2
[INFO] [stderr]     Checking time v0.3.30
[INFO] [stderr]    Compiling ucd-trie v0.1.6
[INFO] [stderr]    Compiling io-lifetimes v1.0.11
[INFO] [stderr]     Checking indexmap v2.0.2
[INFO] [stderr]     Checking waker-fn v1.1.1
[INFO] [stderr]     Checking fastrand v1.9.0
[INFO] [stderr]     Checking parking v2.2.0
[INFO] [stderr]    Compiling ppv-lite86 v0.2.17
[INFO] [stderr]    Compiling siphasher v0.3.11
[INFO] [stderr]     Checking futures-lite v1.13.0
[INFO] [stderr]    Compiling unicode-normalization v0.1.22
[INFO] [stderr]    Compiling phf_shared v0.11.2
[INFO] [stderr]     Checking sha2 v0.10.8
[INFO] [stderr]     Checking regex v1.10.2
[INFO] [stderr]     Checking async-lock v2.8.0
[INFO] [stderr]    Compiling ring v0.16.20
[INFO] [stderr]    Compiling ring v0.17.5
[INFO] [stderr]    Compiling libsqlite3-sys v0.26.0
[INFO] [stderr]    Compiling slab v0.4.9
[INFO] [stderr]    Compiling polling v2.8.0
[INFO] [stderr]    Compiling percent-encoding v2.3.0
[INFO] [stderr]    Compiling rustix v0.37.26
[INFO] [stderr]     Checking impl-more v0.1.6
[INFO] [stderr]    Compiling form_urlencoded v1.2.0
[INFO] [stderr]     Checking rustls-native-certs v0.6.3
[INFO] [stderr]     Checking local-channel v0.1.4
[INFO] [stderr]    Compiling num-traits v0.2.17
[INFO] [stderr]    Compiling async-io v1.13.0
[INFO] [stderr]     Checking ipnet v2.8.0
[INFO] [stderr]     Checking fastrand v2.0.1
[INFO] [stderr]     Checking try-lock v0.2.4
[INFO] [stderr]    Compiling rustix v0.38.20
[INFO] [stderr]     Checking language-tags v0.3.2
[INFO] [stderr]     Checking utf8parse v0.2.1
[INFO] [stderr]    Compiling crc-catalog v2.2.0
[INFO] [stderr]     Checking linux-raw-sys v0.3.8
[INFO] [stderr]    Compiling crc v3.0.1
[INFO] [stderr]    Compiling phf_generator v0.11.2
[INFO] [stderr]     Checking anstyle-parse v0.2.2
[INFO] [stderr]     Checking want v0.3.1
[INFO] [stderr]    Compiling darling_core v0.13.4
[INFO] [stderr]    Compiling hashlink v0.8.4
[INFO] [stderr]    Compiling futures-intrusive v0.5.0
[INFO] [stderr]    Compiling atoi v2.0.0
[INFO] [stderr]     Checking rc2 v0.8.1
[INFO] [stderr]     Checking des v0.8.1
[INFO] [stderr]     Checking cbc v0.1.2
[INFO] [stderr]     Checking yaml-rust v0.4.5
[INFO] [stderr]    Compiling spin v0.9.8
[INFO] [stderr]     Checking flume v0.11.0
[INFO] [stderr]     Checking anstyle v1.0.4
[INFO] [stderr]     Checking async-task v4.5.0
[INFO] [stderr]     Checking yasna v0.5.2
[INFO] [stderr]     Checking cookie-factory v0.3.2
[INFO] [stderr]     Checking anstyle-query v1.0.0
[INFO] [stderr]     Checking colorchoice v1.0.0
[INFO] [stderr]     Checking atomic-waker v1.1.2
[INFO] [stderr]     Checking data-encoding v2.4.0
[INFO] [stderr]    Compiling anyhow v1.0.75
[INFO] [stderr]    Compiling radium v0.7.0
[INFO] [stderr]    Compiling byteorder v1.5.0
[INFO] [stderr]    Compiling dotenvy v0.15.7
[INFO] [stderr]    Compiling bitflags v2.4.1
[INFO] [stderr]    Compiling linux-raw-sys v0.4.10
[INFO] [stderr]    Compiling unicode-xid v0.2.4
[INFO] [stderr]     Checking p12 v0.6.3
[INFO] [stderr]     Checking piper v0.2.1
[INFO] [stderr]     Checking anstream v0.6.4
[INFO] [stderr]    Compiling phf_codegen v0.11.2
[INFO] [stderr]    Compiling synstructure v0.12.6
[INFO] [stderr]    Compiling parse-zoneinfo v0.3.0
[INFO] [stderr]    Compiling phf v0.11.2
[INFO] [stderr]     Checking async-channel v1.9.0
[INFO] [stderr]     Checking thread_local v1.1.7
[INFO] [stderr]     Checking semver-parser v0.7.0
[INFO] [stderr]    Compiling doc-comment v0.3.3
[INFO] [stderr]     Checking clap_lex v0.5.1
[INFO] [stderr]     Checking tap v1.0.1
[INFO] [stderr]    Compiling ryu v1.0.15
[INFO] [stderr]     Checking destructure_traitobject v0.2.0
[INFO] [stderr]     Checking unsafe-any-ors v1.0.0
[INFO] [stderr]     Checking wyz v0.5.1
[INFO] [stderr]     Checking clap_builder v4.4.6
[INFO] [stderr]    Compiling chrono-tz-build v0.2.0
[INFO] [stderr]     Checking hostname v0.3.1
[INFO] [stderr]     Checking semver v0.9.0
[INFO] [stderr]     Checking idna v0.2.3
[INFO] [stderr]    Compiling rustc_version_runtime v0.2.1
[INFO] [stderr]     Checking async-executor v1.6.0
[INFO] [stderr]    Compiling darling_core v0.20.3
[INFO] [stderr]     Checking rusticata-macros v4.1.0
[INFO] [stderr]    Compiling derive_more v0.99.17
[INFO] [stderr]    Compiling asn1-rs-impl v0.1.0
[INFO] [stderr]    Compiling derivative v2.2.0
[INFO] [stderr]    Compiling asn1-rs-derive v0.4.0
[INFO] [stderr]    Compiling enum-as-inner v0.4.0
[INFO] [stderr]    Compiling serde_derive v1.0.189
[INFO] [stderr]    Compiling tracing-attributes v0.1.27
[INFO] [stderr]    Compiling tokio-macros v2.1.0
[INFO] [stderr]    Compiling futures-macro v0.3.28
[INFO] [stderr]    Compiling thiserror-impl v1.0.50
[INFO] [stderr]     Checking sct v0.7.0
[INFO] [stderr]     Checking rustls-webpki v0.101.6
[INFO] [stderr]    Compiling async-trait v0.1.74
[INFO] [stderr]    Compiling pin-project-internal v1.1.3
[INFO] [stderr]     Checking webpki v0.22.4
[INFO] [stderr]    Compiling actix-macros v0.2.4
[INFO] [stderr]    Compiling darling_macro v0.13.4
[INFO] [stderr]    Compiling tempfile v3.8.0
[INFO] [stderr]    Compiling clap_derive v4.4.2
[INFO] [stderr]     Checking webpki-roots v0.22.6
[INFO] [stderr]    Compiling displaydoc v0.2.4
[INFO] [stderr]     Checking ordered-float v2.10.1
[INFO] [stderr]     Checking futures-util v0.3.28
[INFO] [stderr]    Compiling crossbeam-epoch v0.9.15
[INFO] [stderr]     Checking bstr v1.7.0
[INFO] [stderr]    Compiling darling v0.13.4
[INFO] [stderr]     Checking thiserror v1.0.50
[INFO] [stderr]     Checking pest v2.7.4
[INFO] [stderr]     Checking funty v2.0.0
[INFO] [stderr]    Compiling prometheus v0.13.3
[INFO] [stderr]    Compiling amq-protocol v7.1.2
[INFO] [stderr]     Checking unic-char-range v0.9.0
[INFO] [stderr]     Checking unic-common v0.9.0
[INFO] [stderr]     Checking walkdir v2.4.0
[INFO] [stderr]     Checking unic-ucd-version v0.9.0
[INFO] [stderr]     Checking unic-char-property v0.9.0
[INFO] [stderr]     Checking executor-trait v2.1.0
[INFO] [stderr]     Checking reactor-trait v1.1.0
[INFO] [stderr]     Checking asn1-rs v0.5.2
[INFO] [stderr]    Compiling darling_macro v0.20.3
[INFO] [stderr]     Checking resolv-conf v0.7.0
[INFO] [stderr]     Checking blake2b_simd v1.0.2
[INFO] [stderr]    Compiling serde_with_macros v1.5.2
[INFO] [stderr]     Checking bitvec v1.0.1
[INFO] [stderr]     Checking pin-project v1.1.3
[INFO] [stderr]     Checking flume v0.10.14
[INFO] [stderr]    Compiling metrics-macros v0.7.0
[INFO] [stderr]    Compiling chrono-tz v0.8.3
[INFO] [stderr]     Checking rustc_version v0.2.3
[INFO] [stderr]     Checking typemap-ors v1.0.0
[INFO] [stderr]    Compiling axum-core v0.3.4
[INFO] [stderr]     Checking rmp v0.8.12
[INFO] [stderr] The following warnings were emitted during compilation:
[INFO] [stderr] 
[INFO] [stderr] warning: libsqlite3-sys@0.26.0: cc: fatal error: Killed signal terminated program cc1
[INFO] [stderr] warning: libsqlite3-sys@0.26.0: compilation terminated.
[INFO] [stderr] 
[INFO] [stderr] error: failed to run custom build command for `libsqlite3-sys v0.26.0`
[INFO] [stderr] note: To improve backtraces for build dependencies, set the CARGO_PROFILE_DEV_BUILD_OVERRIDE_DEBUG=true environment variable to enable debug information generation.
[INFO] [stderr] 
[INFO] [stderr] Caused by:
[INFO] [stderr]   process didn't exit successfully: `/opt/rustwide/target/debug/build/libsqlite3-sys-d0bcdf9804ca8ef3/build-script-build` (exit status: 1)
[INFO] [stderr]   --- stdout
[INFO] [stderr]   cargo:rerun-if-changed=sqlite3/sqlite3.c
[INFO] [stderr]   cargo:rerun-if-changed=sqlite3/wasm32-wasi-vfs.c
[INFO] [stderr]   cargo:rerun-if-env-changed=SQLITE_MAX_VARIABLE_NUMBER
[INFO] [stderr]   cargo:rerun-if-env-changed=SQLITE_MAX_EXPR_DEPTH
[INFO] [stderr]   cargo:rerun-if-env-changed=LIBSQLITE3_FLAGS
[INFO] [stderr]   TARGET = Some("x86_64-unknown-linux-gnu")
[INFO] [stderr]   OPT_LEVEL = Some("0")
[INFO] [stderr]   HOST = Some("x86_64-unknown-linux-gnu")
[INFO] [stderr]   cargo:rerun-if-env-changed=CC_x86_64-unknown-linux-gnu
[INFO] [stderr]   CC_x86_64-unknown-linux-gnu = None
[INFO] [stderr]   cargo:rerun-if-env-changed=CC_x86_64_unknown_linux_gnu
[INFO] [stderr]   CC_x86_64_unknown_linux_gnu = None
[INFO] [stderr]   cargo:rerun-if-env-changed=HOST_CC
[INFO] [stderr]   HOST_CC = None
[INFO] [stderr]   cargo:rerun-if-env-changed=CC
[INFO] [stderr]   CC = None
[INFO] [stderr]   cargo:rerun-if-env-changed=CRATE_CC_NO_DEFAULTS
[INFO] [stderr]   CRATE_CC_NO_DEFAULTS = None
[INFO] [stderr]   DEBUG = Some("true")
[INFO] [stderr]   CARGO_CFG_TARGET_FEATURE = Some("fxsr,sse,sse2")
[INFO] [stderr]   cargo:rerun-if-env-changed=CFLAGS_x86_64-unknown-linux-gnu
[INFO] [stderr]   CFLAGS_x86_64-unknown-linux-gnu = None
[INFO] [stderr]   cargo:rerun-if-env-changed=CFLAGS_x86_64_unknown_linux_gnu
[INFO] [stderr]   CFLAGS_x86_64_unknown_linux_gnu = None
[INFO] [stderr]   cargo:rerun-if-env-changed=HOST_CFLAGS
[INFO] [stderr]   HOST_CFLAGS = None
[INFO] [stderr]   cargo:rerun-if-env-changed=CFLAGS
[INFO] [stderr]   CFLAGS = None
[INFO] [stderr]   running: "cc" "-O0" "-ffunction-sections" "-fdata-sections" "-fPIC" "-gdwarf-4" "-fno-omit-frame-pointer" "-m64" "-DSQLITE_CORE" "-DSQLITE_DEFAULT_FOREIGN_KEYS=1" "-DSQLITE_ENABLE_API_ARMOR" "-DSQLITE_ENABLE_COLUMN_METADATA" "-DSQLITE_ENABLE_DBSTAT_VTAB" "-DSQLITE_ENABLE_FTS3" "-DSQLITE_ENABLE_FTS3_PARENTHESIS" "-DSQLITE_ENABLE_FTS5" "-DSQLITE_ENABLE_JSON1" "-DSQLITE_ENABLE_LOAD_EXTENSION=1" "-DSQLITE_ENABLE_MEMORY_MANAGEMENT" "-DSQLITE_ENABLE_RTREE" "-DSQLITE_ENABLE_STAT2" "-DSQLITE_ENABLE_STAT4" "-DSQLITE_SOUNDEX" "-DSQLITE_THREADSAFE=1" "-DSQLITE_USE_URI" "-DHAVE_USLEEP=1" "-D_POSIX_THREAD_SAFE_FUNCTIONS" "-DHAVE_ISNAN" "-DHAVE_LOCALTIME_R" "-DSQLITE_ENABLE_UNLOCK_NOTIFY" "-o" "/opt/rustwide/target/debug/build/libsqlite3-sys-1cdc71d228bc6c31/out/sqlite3/sqlite3.o" "-c" "sqlite3/sqlite3.c"
[INFO] [stderr]   exit status: 1
[INFO] [stderr]   cargo:warning=cc: fatal error: Killed signal terminated program cc1
[INFO] [stderr] 
[INFO] [stderr]   cargo:warning=compilation terminated.
[INFO] [stderr] 
[INFO] [stderr] 
[INFO] [stderr]   --- stderr
[INFO] [stderr] 
[INFO] [stderr] 
[INFO] [stderr]   error occurred: Command "cc" "-O0" "-ffunction-sections" "-fdata-sections" "-fPIC" "-gdwarf-4" "-fno-omit-frame-pointer" "-m64" "-DSQLITE_CORE" "-DSQLITE_DEFAULT_FOREIGN_KEYS=1" "-DSQLITE_ENABLE_API_ARMOR" "-DSQLITE_ENABLE_COLUMN_METADATA" "-DSQLITE_ENABLE_DBSTAT_VTAB" "-DSQLITE_ENABLE_FTS3" "-DSQLITE_ENABLE_FTS3_PARENTHESIS" "-DSQLITE_ENABLE_FTS5" "-DSQLITE_ENABLE_JSON1" "-DSQLITE_ENABLE_LOAD_EXTENSION=1" "-DSQLITE_ENABLE_MEMORY_MANAGEMENT" "-DSQLITE_ENABLE_RTREE" "-DSQLITE_ENABLE_STAT2" "-DSQLITE_ENABLE_STAT4" "-DSQLITE_SOUNDEX" "-DSQLITE_THREADSAFE=1" "-DSQLITE_USE_URI" "-DHAVE_USLEEP=1" "-D_POSIX_THREAD_SAFE_FUNCTIONS" "-DHAVE_ISNAN" "-DHAVE_LOCALTIME_R" "-DSQLITE_ENABLE_UNLOCK_NOTIFY" "-o" "/opt/rustwide/target/debug/build/libsqlite3-sys-1cdc71d228bc6c31/out/sqlite3/sqlite3.o" "-c" "sqlite3/sqlite3.c" with args "cc" did not execute successfully (status code exit status: 1).
[INFO] [stderr] 
[INFO] [stderr] 
[INFO] [stderr] warning: build failed, waiting for other jobs to finish...
[INFO] running `Command { std: "docker" "inspect" "1a8db7004f27f77b7c2ea29e6ffcf9c61e9db331e1deee280ecb39705d57bbbf", kill_on_drop: false }`
[INFO] running `Command { std: "docker" "rm" "-f" "1a8db7004f27f77b7c2ea29e6ffcf9c61e9db331e1deee280ecb39705d57bbbf", kill_on_drop: false }`
[INFO] [stdout] 1a8db7004f27f77b7c2ea29e6ffcf9c61e9db331e1deee280ecb39705d57bbbf
