[INFO] fetching crate syd 3.6.3...
[INFO] documenting syd-3.6.3 against 1.75.0 for beta-1.76-rustdoc-1
[INFO] extracting crate syd 3.6.3 into /workspace/builds/worker-1-tc1/source
[INFO] validating manifest of crates.io crate syd 3.6.3 on toolchain 1.75.0
[INFO] running `Command { std: CARGO_HOME="/workspace/cargo-home" RUSTUP_HOME="/workspace/rustup-home" "/workspace/cargo-home/bin/cargo" "+1.75.0" "metadata" "--manifest-path" "Cargo.toml" "--no-deps", kill_on_drop: false }`
[INFO] started tweaking crates.io crate syd 3.6.3
[INFO] removed 0 missing tests
[INFO] finished tweaking crates.io crate syd 3.6.3
[INFO] tweaked toml for crates.io crate syd 3.6.3 written to /workspace/builds/worker-1-tc1/source/Cargo.toml
[INFO] crate crates.io crate syd 3.6.3 already has a lockfile, it will not be regenerated
[INFO] running `Command { std: CARGO_HOME="/workspace/cargo-home" RUSTUP_HOME="/workspace/rustup-home" "/workspace/cargo-home/bin/cargo" "+1.75.0" "fetch" "--manifest-path" "Cargo.toml", kill_on_drop: false }`
[INFO] [stderr]     Updating crates.io index
[INFO] [stderr]  Downloading crates ...
[INFO] [stderr]   Downloaded libseccomp-sys v0.2.1
[INFO] [stderr]   Downloaded rusty_pool v0.7.0
[INFO] [stderr]   Downloaded openat2 v0.1.2
[INFO] [stderr]   Downloaded libseccomp v0.3.0
[INFO] [stderr]   Downloaded getargs v0.5.0
[INFO] [stderr]   Downloaded argv v0.1.9
[INFO] running `Command { std: "docker" "create" "-v" "/var/lib/crater-agent-workspace/builds/worker-1-tc1/target:/opt/rustwide/target:rw,Z" "-v" "/var/lib/crater-agent-workspace/builds/worker-1-tc1/source:/opt/rustwide/workdir:ro,Z" "-v" "/var/lib/crater-agent-workspace/cargo-home:/opt/rustwide/cargo-home:ro,Z" "-v" "/var/lib/crater-agent-workspace/rustup-home:/opt/rustwide/rustup-home:ro,Z" "-e" "SOURCE_DIR=/opt/rustwide/workdir" "-e" "CARGO_TARGET_DIR=/opt/rustwide/target" "-e" "CARGO_HOME=/opt/rustwide/cargo-home" "-e" "RUSTUP_HOME=/opt/rustwide/rustup-home" "-w" "/opt/rustwide/workdir" "-m" "1610612736" "--user" "0:0" "--network" "none" "ghcr.io/rust-lang/crates-build-env/linux@sha256:2788e3201cd34a07e3172128adcd8b3090168a8e3bcc40d7c032b9dda1df7d1c" "/opt/rustwide/cargo-home/bin/cargo" "+1.75.0" "metadata" "--no-deps" "--format-version=1", kill_on_drop: false }`
[INFO] [stdout] 3244ab0ad53990dc01c60559b756c3dff8a09b6aed0214a162dc67db8aec6a47
[INFO] running `Command { std: "docker" "start" "-a" "3244ab0ad53990dc01c60559b756c3dff8a09b6aed0214a162dc67db8aec6a47", kill_on_drop: false }`
[INFO] running `Command { std: "docker" "inspect" "3244ab0ad53990dc01c60559b756c3dff8a09b6aed0214a162dc67db8aec6a47", kill_on_drop: false }`
[INFO] running `Command { std: "docker" "rm" "-f" "3244ab0ad53990dc01c60559b756c3dff8a09b6aed0214a162dc67db8aec6a47", kill_on_drop: false }`
[INFO] [stdout] 3244ab0ad53990dc01c60559b756c3dff8a09b6aed0214a162dc67db8aec6a47
[INFO] running `Command { std: "docker" "create" "-v" "/var/lib/crater-agent-workspace/builds/worker-1-tc1/target:/opt/rustwide/target:rw,Z" "-v" "/var/lib/crater-agent-workspace/builds/worker-1-tc1/source:/opt/rustwide/workdir:ro,Z" "-v" "/var/lib/crater-agent-workspace/cargo-home:/opt/rustwide/cargo-home:ro,Z" "-v" "/var/lib/crater-agent-workspace/rustup-home:/opt/rustwide/rustup-home:ro,Z" "-e" "SOURCE_DIR=/opt/rustwide/workdir" "-e" "CARGO_TARGET_DIR=/opt/rustwide/target" "-e" "CARGO_INCREMENTAL=0" "-e" "RUST_BACKTRACE=full" "-e" "RUSTFLAGS=--cap-lints=warn" "-e" "RUSTDOCFLAGS=--cap-lints=warn" "-e" "CARGO_HOME=/opt/rustwide/cargo-home" "-e" "RUSTUP_HOME=/opt/rustwide/rustup-home" "-w" "/opt/rustwide/workdir" "-m" "1610612736" "--user" "0:0" "--network" "none" "ghcr.io/rust-lang/crates-build-env/linux@sha256:2788e3201cd34a07e3172128adcd8b3090168a8e3bcc40d7c032b9dda1df7d1c" "/opt/rustwide/cargo-home/bin/cargo" "+1.75.0" "doc" "--frozen" "--no-deps" "--document-private-items" "--message-format=json", kill_on_drop: false }`
[INFO] [stdout] 9c6a609fe5d6c43733e9c220dc8d67d4f9d596835ed3b7330af2407ee93563bf
[INFO] running `Command { std: "docker" "start" "-a" "9c6a609fe5d6c43733e9c220dc8d67d4f9d596835ed3b7330af2407ee93563bf", kill_on_drop: false }`
[INFO] [stderr]    Compiling libc v0.2.150
[INFO] [stderr]    Compiling futures-core v0.3.29
[INFO] [stderr]    Compiling slab v0.4.9
[INFO] [stderr]     Checking memchr v2.6.4
[INFO] [stderr]    Compiling futures-task v0.3.29
[INFO] [stderr]    Compiling crossbeam-utils v0.8.16
[INFO] [stderr]    Compiling futures-util v0.3.29
[INFO] [stderr]    Compiling serde v1.0.193
[INFO] [stderr]    Compiling memoffset v0.7.1
[INFO] [stderr]    Compiling lock_api v0.4.11
[INFO] [stderr]    Compiling libseccomp-sys v0.2.1
[INFO] [stderr]     Checking bitflags v1.3.2
[INFO] [stderr]    Compiling futures-channel v0.3.29
[INFO] [stderr]    Compiling pkg-config v0.3.27
[INFO] [stderr]     Checking pin-utils v0.1.0
[INFO] [stderr]     Checking pin-project-lite v0.2.13
[INFO] [stderr]     Checking regex-syntax v0.8.2
[INFO] [stderr]    Compiling parking_lot_core v0.9.9
[INFO] [stderr]    Compiling argv v0.1.9
[INFO] [stderr]    Compiling anyhow v1.0.75
[INFO] [stderr]     Checking scopeguard v1.2.0
[INFO] [stderr]     Checking smallvec v1.11.2
[INFO] [stderr]    Compiling serde_json v1.0.108
[INFO] [stderr]     Checking itoa v1.0.9
[INFO] [stderr]     Checking ryu v1.0.15
[INFO] [stderr]    Compiling syd v3.6.3 (/opt/rustwide/workdir)
[INFO] [stderr]     Checking env_logger v0.10.1
[INFO] [stderr]     Checking nonempty v0.8.1
[INFO] [stderr]     Checking once_cell v1.18.0
[INFO] [stderr]     Checking getargs v0.5.0
[INFO] [stderr]     Checking aho-corasick v1.1.2
[INFO] [stderr]     Checking bstr v1.8.0
[INFO] [stderr]    Compiling libseccomp v0.3.0
[INFO] [stderr]     Checking crossbeam-channel v0.5.8
[INFO] [stderr]     Checking regex-automata v0.4.3
[INFO] [stderr]     Checking num_cpus v1.16.0
[INFO] [stderr]     Checking errno v0.3.8
[INFO] [stderr]     Checking nix v0.26.4
[INFO] [stderr]     Checking openat2 v0.1.2
[INFO] [stderr]     Checking parking_lot v0.12.1
[INFO] [stderr]     Checking futures-executor v0.3.29
[INFO] [stderr]     Checking rusty_pool v0.7.0
[INFO] [stderr]     Checking ipnetwork v0.20.0
[INFO] [stderr]     Checking globset v0.4.14
[INFO] [stderr]     Checking regex v1.10.2
[INFO] [stderr]  Documenting syd v3.6.3 (/opt/rustwide/workdir)
[INFO] [stdout] error[E0432]: unresolved imports `libseccomp::ScmpNotifReq`, `libseccomp::ScmpNotifResp`, `libseccomp::ScmpNotifRespFlags`
[INFO] [stdout]   --> src/hook.rs:36:5
[INFO] [stdout]    |
[INFO] [stdout] 36 |     ScmpNotifReq, ScmpNotifResp, ScmpNotifRespFlags, ScmpSyscall, ScmpVersion,
[INFO] [stdout]    |     ^^^^^^^^^^^^  ^^^^^^^^^^^^^  ^^^^^^^^^^^^^^^^^^ no `ScmpNotifRespFlags` in the root
[INFO] [stdout]    |     |             |
[INFO] [stdout]    |     |             no `ScmpNotifResp` in the root
[INFO] [stdout]    |     no `ScmpNotifReq` in the root
[INFO] [stdout] 
[INFO] [stdout] 
[INFO] [stdout] error[E0432]: unresolved imports `libseccomp::ScmpNotifReq`, `libseccomp::ScmpNotifResp`, `libseccomp::ScmpNotifRespFlags`
[INFO] [stdout]   --> src/hook.rs:36:5
[INFO] [stdout]    |
[INFO] [stdout] 36 |     ScmpNotifReq, ScmpNotifResp, ScmpNotifRespFlags, ScmpSyscall, ScmpVersion,
[INFO] [stdout]    |     ^^^^^^^^^^^^  ^^^^^^^^^^^^^  ^^^^^^^^^^^^^^^^^^ no `ScmpNotifRespFlags` in the root
[INFO] [stdout]    |     |             |
[INFO] [stdout]    |     |             no `ScmpNotifResp` in the root
[INFO] [stdout]    |     no `ScmpNotifReq` in the root
[INFO] [stdout] 
[INFO] [stdout] 
[INFO] [stdout] error[E0432]: unresolved import `libseccomp::ScmpNotifReq`
[INFO] [stdout]   --> src/sandbox.rs:29:5
[INFO] [stdout]    |
[INFO] [stdout] 29 | use libseccomp::ScmpNotifReq;
[INFO] [stdout]    |     ^^^^^^^^^^^^^^^^^^^^^^^^ no `ScmpNotifReq` in the root
[INFO] [stdout] 
[INFO] [stdout] 
[INFO] [stdout] error[E0432]: unresolved import `libseccomp::ScmpNotifReq`
[INFO] [stdout]   --> src/sandbox.rs:29:5
[INFO] [stdout]    |
[INFO] [stdout] 29 | use libseccomp::ScmpNotifReq;
[INFO] [stdout]    |     ^^^^^^^^^^^^^^^^^^^^^^^^ no `ScmpNotifReq` in the root
[INFO] [stdout] 
[INFO] [stdout] 
[INFO] [stdout] error[E0433]: failed to resolve: could not find `ScmpNotifResp` in `libseccomp`
[INFO] [stdout]    --> src/hook.rs:543:21
[INFO] [stdout]     |
[INFO] [stdout] 543 |         libseccomp::ScmpNotifResp::new(self.request.id, 0, 0, ScmpNotifRespFlags::CONTINUE.bits())
[INFO] [stdout]     |                     ^^^^^^^^^^^^^ could not find `ScmpNotifResp` in `libseccomp`
[INFO] [stdout] 
[INFO] [stdout] 
[INFO] [stdout] error[E0433]: failed to resolve: could not find `ScmpNotifResp` in `libseccomp`
[INFO] [stdout]    --> src/hook.rs:551:21
[INFO] [stdout]     |
[INFO] [stdout] 551 |         libseccomp::ScmpNotifResp::new(self.request.id, 0, -err, 0)
[INFO] [stdout]     |                     ^^^^^^^^^^^^^ could not find `ScmpNotifResp` in `libseccomp`
[INFO] [stdout] 
[INFO] [stdout] 
[INFO] [stdout] error[E0433]: failed to resolve: could not find `ScmpNotifResp` in `libseccomp`
[INFO] [stdout]    --> src/hook.rs:556:21
[INFO] [stdout]     |
[INFO] [stdout] 556 |         libseccomp::ScmpNotifResp::new(self.request.id, val, 0, 0)
[INFO] [stdout]     |                     ^^^^^^^^^^^^^ could not find `ScmpNotifResp` in `libseccomp`
[INFO] [stdout] 
[INFO] [stdout] 
[INFO] [stdout] error[E0412]: cannot find type `ScmpNotifReq` in crate `libseccomp`
[INFO] [stdout]    --> src/hook.rs:491:26
[INFO] [stdout]     |
[INFO] [stdout] 491 |     request: libseccomp::ScmpNotifReq,
[INFO] [stdout]     |                          ^^^^^^^^^^^^ not found in `libseccomp`
[INFO] [stdout] 
[INFO] [stdout] 
[INFO] [stdout] error[E0412]: cannot find type `ScmpNotifReq` in crate `libseccomp`
[INFO] [stdout]    --> src/hook.rs:500:30
[INFO] [stdout]     |
[INFO] [stdout] 500 |         request: libseccomp::ScmpNotifReq,
[INFO] [stdout]     |                              ^^^^^^^^^^^^ not found in `libseccomp`
[INFO] [stdout] 
[INFO] [stdout] 
[INFO] [stdout] error[E0412]: cannot find type `ScmpNotifReq` in crate `libseccomp`
[INFO] [stdout]    --> src/hook.rs:522:47
[INFO] [stdout]     |
[INFO] [stdout] 522 |     pub fn get_request(&self) -> &libseccomp::ScmpNotifReq {
[INFO] [stdout]     |                                               ^^^^^^^^^^^^ not found in `libseccomp`
[INFO] [stdout] 
[INFO] [stdout] 
[INFO] [stdout] error[E0412]: cannot find type `ScmpNotifResp` in crate `libseccomp`
[INFO] [stdout]    --> src/hook.rs:542:58
[INFO] [stdout]     |
[INFO] [stdout] 542 |     pub unsafe fn continue_syscall(&self) -> libseccomp::ScmpNotifResp {
[INFO] [stdout]     |                                                          ^^^^^^^^^^^^^ not found in `libseccomp`
[INFO] [stdout] 
[INFO] [stdout] 
[INFO] [stdout] error[E0412]: cannot find type `ScmpNotifResp` in crate `libseccomp`
[INFO] [stdout]    --> src/hook.rs:548:57
[INFO] [stdout]     |
[INFO] [stdout] 548 |     pub fn fail_syscall(&self, err: i32) -> libseccomp::ScmpNotifResp {
[INFO] [stdout]     |                                                         ^^^^^^^^^^^^^ not found in `libseccomp`
[INFO] [stdout] 
[INFO] [stdout] 
[INFO] [stdout] error[E0412]: cannot find type `ScmpNotifResp` in crate `libseccomp`
[INFO] [stdout]    --> src/hook.rs:555:59
[INFO] [stdout]     |
[INFO] [stdout] 555 |     pub fn return_syscall(&self, val: i64) -> libseccomp::ScmpNotifResp {
[INFO] [stdout]     |                                                           ^^^^^^^^^^^^^ not found in `libseccomp`
[INFO] [stdout] 
[INFO] [stdout] 
[INFO] [stdout] error[E0412]: cannot find type `ScmpNotifResp` in crate `libseccomp`
[INFO] [stdout]     --> src/hook.rs:1184:69
[INFO] [stdout]      |
[INFO] [stdout] 1184 | type UserHookFunc = Box<dyn Fn(&UNotifyEventRequest) -> libseccomp::ScmpNotifResp + Send + Sync>;
[INFO] [stdout]      |                                                                     ^^^^^^^^^^^^^ not found in `libseccomp`
[INFO] [stdout] 
[INFO] [stdout] 
[INFO] [stdout] error[E0412]: cannot find type `ScmpNotifResp` in crate `libseccomp`
[INFO] [stdout]     --> src/hook.rs:1422:63
[INFO] [stdout]      |
[INFO] [stdout] 1422 |         handler: impl Fn(&UNotifyEventRequest) -> libseccomp::ScmpNotifResp + Send + Sync + 'static,
[INFO] [stdout]      |                                                               ^^^^^^^^^^^^^ not found in `libseccomp`
[INFO] [stdout] 
[INFO] [stdout] 
[INFO] [stdout] error[E0412]: cannot find type `ScmpNotifReq` in crate `libseccomp`
[INFO] [stdout]    --> src/hook.rs:491:26
[INFO] [stdout]     |
[INFO] [stdout] 491 |     request: libseccomp::ScmpNotifReq,
[INFO] [stdout]     |                          ^^^^^^^^^^^^ not found in `libseccomp`
[INFO] [stdout] 
[INFO] [stdout] 
[INFO] [stdout] error[E0412]: cannot find type `ScmpNotifReq` in crate `libseccomp`
[INFO] [stdout]    --> src/hook.rs:500:30
[INFO] [stdout]     |
[INFO] [stdout] 500 |         request: libseccomp::ScmpNotifReq,
[INFO] [stdout]     |                              ^^^^^^^^^^^^ not found in `libseccomp`
[INFO] [stdout] 
[INFO] [stdout] 
[INFO] [stdout] error[E0412]: cannot find type `ScmpNotifReq` in crate `libseccomp`
[INFO] [stdout]    --> src/hook.rs:522:47
[INFO] [stdout]     |
[INFO] [stdout] 522 |     pub fn get_request(&self) -> &libseccomp::ScmpNotifReq {
[INFO] [stdout]     |                                               ^^^^^^^^^^^^ not found in `libseccomp`
[INFO] [stdout] 
[INFO] [stdout] 
[INFO] [stdout] error[E0412]: cannot find type `ScmpNotifResp` in crate `libseccomp`
[INFO] [stdout]    --> src/hook.rs:542:58
[INFO] [stdout]     |
[INFO] [stdout] 542 |     pub unsafe fn continue_syscall(&self) -> libseccomp::ScmpNotifResp {
[INFO] [stdout]     |                                                          ^^^^^^^^^^^^^ not found in `libseccomp`
[INFO] [stdout] 
[INFO] [stdout] 
[INFO] [stdout] error[E0412]: cannot find type `ScmpNotifResp` in crate `libseccomp`
[INFO] [stdout]    --> src/hook.rs:548:57
[INFO] [stdout]     |
[INFO] [stdout] 548 |     pub fn fail_syscall(&self, err: i32) -> libseccomp::ScmpNotifResp {
[INFO] [stdout]     |                                                         ^^^^^^^^^^^^^ not found in `libseccomp`
[INFO] [stdout] 
[INFO] [stdout] 
[INFO] [stdout] error[E0412]: cannot find type `ScmpNotifResp` in crate `libseccomp`
[INFO] [stdout]    --> src/hook.rs:555:59
[INFO] [stdout]     |
[INFO] [stdout] 555 |     pub fn return_syscall(&self, val: i64) -> libseccomp::ScmpNotifResp {
[INFO] [stdout]     |                                                           ^^^^^^^^^^^^^ not found in `libseccomp`
[INFO] [stdout] 
[INFO] [stdout] 
[INFO] [stdout] error[E0425]: cannot find function `notify_id_valid` in crate `libseccomp`
[INFO] [stdout]    --> src/hook.rs:562:21
[INFO] [stdout]     |
[INFO] [stdout] 562 |         libseccomp::notify_id_valid(self.notify_fd, self.request.id).is_ok()
[INFO] [stdout]     |                     ^^^^^^^^^^^^^^^ not found in `libseccomp`
[INFO] [stdout] 
[INFO] [stdout] 
[INFO] [stdout] error[E0412]: cannot find type `ScmpNotifResp` in crate `libseccomp`
[INFO] [stdout]     --> src/hook.rs:1184:69
[INFO] [stdout]      |
[INFO] [stdout] 1184 | type UserHookFunc = Box<dyn Fn(&UNotifyEventRequest) -> libseccomp::ScmpNotifResp + Send + Sync>;
[INFO] [stdout]      |                                                                     ^^^^^^^^^^^^^ not found in `libseccomp`
[INFO] [stdout] 
[INFO] [stdout] 
[INFO] [stdout] error[E0412]: cannot find type `ScmpNotifResp` in crate `libseccomp`
[INFO] [stdout]     --> src/hook.rs:1422:63
[INFO] [stdout]      |
[INFO] [stdout] 1422 |         handler: impl Fn(&UNotifyEventRequest) -> libseccomp::ScmpNotifResp + Send + Sync + 'static,
[INFO] [stdout]      |                                                               ^^^^^^^^^^^^^ not found in `libseccomp`
[INFO] [stdout] 
[INFO] [stdout] 
[INFO] [stdout] error[E0425]: cannot find function `notify_id_valid` in crate `libseccomp`
[INFO] [stdout]     --> src/hook.rs:1935:40
[INFO] [stdout]      |
[INFO] [stdout] 1935 |                         if libseccomp::notify_id_valid(fd, id).is_err() {
[INFO] [stdout]      |                                        ^^^^^^^^^^^^^^^ not found in `libseccomp`
[INFO] [stdout] 
[INFO] [stdout] 
[INFO] [stdout] error[E0412]: cannot find type `ScmpNotifResp` in crate `libseccomp`
[INFO] [stdout]     --> src/hook.rs:257:75
[INFO] [stdout]      |
[INFO] [stdout] 257  |           let inner = |request: &UNotifyEventRequest| -> Result<libseccomp::ScmpNotifResp, Errno> {
[INFO] [stdout]      |                                                                             ^^^^^^^^^^^^^ not found in `libseccomp`
[INFO] [stdout] ...
[INFO] [stdout] 2571 | /     syscall_handler!(request, |req: &ScmpNotifReq, proc: &RemoteProcess| {
[INFO] [stdout] 2572 | |         if req.data.args[1] == 0 {
[INFO] [stdout] 2573 | |             // SAFETY: If the second argument which must hold a pointer to a
[INFO] [stdout] 2574 | |             // linux_dirent structure is NULL, we must return EFAULT
[INFO] [stdout] ...    |
[INFO] [stdout] 2691 | |         Ok(request.return_syscall(buffer.len() as i64))
[INFO] [stdout] 2692 | |     })
[INFO] [stdout]      | |______- in this macro invocation
[INFO] [stdout]      |
[INFO] [stdout]      = note: this error originates in the macro `syscall_handler` (in Nightly builds, run with -Z macro-backtrace for more info)
[INFO] [stdout] 
[INFO] [stdout] 
[INFO] [stdout] error[E0412]: cannot find type `ScmpNotifResp` in crate `libseccomp`
[INFO] [stdout]     --> src/hook.rs:257:75
[INFO] [stdout]      |
[INFO] [stdout] 257  |           let inner = |request: &UNotifyEventRequest| -> Result<libseccomp::ScmpNotifResp, Errno> {
[INFO] [stdout]      |                                                                             ^^^^^^^^^^^^^ not found in `libseccomp`
[INFO] [stdout] ...
[INFO] [stdout] 3092 | /     syscall_handler!(request, |_req: &ScmpNotifReq, proc: &RemoteProcess| {
[INFO] [stdout] 3093 | |         let path_argv = nonempty![
[INFO] [stdout] 3094 | |             SyscallPathArgument {
[INFO] [stdout] 3095 | |                 dirfd: None,
[INFO] [stdout] ...    |
[INFO] [stdout] 3164 | |         .map(|_| request.return_syscall(0))
[INFO] [stdout] 3165 | |     })
[INFO] [stdout]      | |______- in this macro invocation
[INFO] [stdout]      |
[INFO] [stdout]      = note: this error originates in the macro `syscall_handler` (in Nightly builds, run with -Z macro-backtrace for more info)
[INFO] [stdout] 
[INFO] [stdout] 
[INFO] [stdout] error[E0412]: cannot find type `ScmpNotifResp` in crate `libseccomp`
[INFO] [stdout]     --> src/hook.rs:257:75
[INFO] [stdout]      |
[INFO] [stdout] 257  |           let inner = |request: &UNotifyEventRequest| -> Result<libseccomp::ScmpNotifResp, Errno> {
[INFO] [stdout]      |                                                                             ^^^^^^^^^^^^^ not found in `libseccomp`
[INFO] [stdout] ...
[INFO] [stdout] 3236 | /     syscall_handler!(request, |_req: &ScmpNotifReq, proc: &RemoteProcess| {
[INFO] [stdout] 3237 | |         let path_argv = nonempty![
[INFO] [stdout] 3238 | |             SyscallPathArgument {
[INFO] [stdout] 3239 | |                 dirfd: None,
[INFO] [stdout] ...    |
[INFO] [stdout] 3308 | |         .map(|_| request.return_syscall(0))
[INFO] [stdout] 3309 | |     })
[INFO] [stdout]      | |______- in this macro invocation
[INFO] [stdout]      |
[INFO] [stdout]      = note: this error originates in the macro `syscall_handler` (in Nightly builds, run with -Z macro-backtrace for more info)
[INFO] [stdout] 
[INFO] [stdout] 
[INFO] [stdout] error[E0412]: cannot find type `ScmpNotifResp` in crate `libseccomp`
[INFO] [stdout]     --> src/hook.rs:257:75
[INFO] [stdout]      |
[INFO] [stdout] 257  |           let inner = |request: &UNotifyEventRequest| -> Result<libseccomp::ScmpNotifResp, Errno> {
[INFO] [stdout]      |                                                                             ^^^^^^^^^^^^^ not found in `libseccomp`
[INFO] [stdout] ...
[INFO] [stdout] 4908 | /     syscall_handler!(request, |req: &ScmpNotifReq, proc: &RemoteProcess| {
[INFO] [stdout] 4909 | |         // Determine system call capabilities.
[INFO] [stdout] 4910 | |         let caps = Capability::try_from((proc, request, req, syscall_name))?;
[INFO] [stdout] 4911 | |
[INFO] [stdout] ...    |
[INFO] [stdout] 4978 | |         handler(&non_empty_fds, &non_empty_paths, request, proc)
[INFO] [stdout] 4979 | |     })
[INFO] [stdout]      | |______- in this macro invocation
[INFO] [stdout]      |
[INFO] [stdout]      = note: this error originates in the macro `syscall_handler` (in Nightly builds, run with -Z macro-backtrace for more info)
[INFO] [stdout] 
[INFO] [stdout] 
[INFO] [stdout] error[E0412]: cannot find type `ScmpNotifResp` in crate `libseccomp`
[INFO] [stdout]     --> src/hook.rs:257:75
[INFO] [stdout]      |
[INFO] [stdout] 257  |           let inner = |request: &UNotifyEventRequest| -> Result<libseccomp::ScmpNotifResp, Errno> {
[INFO] [stdout]      |                                                                             ^^^^^^^^^^^^^ not found in `libseccomp`
[INFO] [stdout] ...
[INFO] [stdout] 4984 | /     syscall_handler!(request, |req: &ScmpNotifReq, proc: &RemoteProcess| {
[INFO] [stdout] 4985 | |         #[allow(clippy::cast_possible_truncation)]
[INFO] [stdout] 4986 | |         let (mut flags, mode) = match syscall_name {
[INFO] [stdout] 4987 | |             "creat" => {
[INFO] [stdout] ...    |
[INFO] [stdout] 5402 | |         }
[INFO] [stdout] 5403 | |     })
[INFO] [stdout]      | |______- in this macro invocation
[INFO] [stdout]      |
[INFO] [stdout]      = note: this error originates in the macro `syscall_handler` (in Nightly builds, run with -Z macro-backtrace for more info)
[INFO] [stdout] 
[INFO] [stdout] 
[INFO] [stdout] error[E0412]: cannot find type `ScmpNotifResp` in crate `libseccomp`
[INFO] [stdout]     --> src/hook.rs:257:75
[INFO] [stdout]      |
[INFO] [stdout] 257  |           let inner = |request: &UNotifyEventRequest| -> Result<libseccomp::ScmpNotifResp, Errno> {
[INFO] [stdout]      |                                                                             ^^^^^^^^^^^^^ not found in `libseccomp`
[INFO] [stdout] ...
[INFO] [stdout] 5412 | /     syscall_handler!(request, |req: &ScmpNotifReq, proc: &RemoteProcess| {
[INFO] [stdout] 5413 | |         // If sandboxing for CAP_STAT is off, and magic lock is set, return immediately.
[INFO] [stdout] 5414 | |         let sandbox = request.get_sandbox(false);
[INFO] [stdout] 5415 | |         #[allow(clippy::cast_possible_wrap)]
[INFO] [stdout] ...    |
[INFO] [stdout] 5729 | |         Ok(request.return_syscall(0))
[INFO] [stdout] 5730 | |     })
[INFO] [stdout]      | |______- in this macro invocation
[INFO] [stdout]      |
[INFO] [stdout]      = note: this error originates in the macro `syscall_handler` (in Nightly builds, run with -Z macro-backtrace for more info)
[INFO] [stdout] 
[INFO] [stdout] 
[INFO] [stdout] error[E0412]: cannot find type `ScmpNotifResp` in crate `libseccomp`
[INFO] [stdout]     --> src/hook.rs:257:75
[INFO] [stdout]      |
[INFO] [stdout] 257  |           let inner = |request: &UNotifyEventRequest| -> Result<libseccomp::ScmpNotifResp, Errno> {
[INFO] [stdout]      |                                                                             ^^^^^^^^^^^^^ not found in `libseccomp`
[INFO] [stdout] ...
[INFO] [stdout] 5784 | /     syscall_handler!(request, |req: &ScmpNotifReq, proc: &RemoteProcess| {
[INFO] [stdout] 5785 | |         let cap = match syscall_name {
[INFO] [stdout] 5786 | |             "bind" => Capability::CAP_BIND,
[INFO] [stdout] 5787 | |             _ => Capability::CAP_CONNECT,
[INFO] [stdout] ...    |
[INFO] [stdout] 5897 | |         }
[INFO] [stdout] 5898 | |     })
[INFO] [stdout]      | |______- in this macro invocation
[INFO] [stdout]      |
[INFO] [stdout]      = note: this error originates in the macro `syscall_handler` (in Nightly builds, run with -Z macro-backtrace for more info)
[INFO] [stdout] 
[INFO] [stdout] 
[INFO] [stdout] error: aborting due to 22 previous errors
[INFO] [stdout] 
[INFO] [stdout] 
[INFO] [stdout] Some errors have detailed explanations: E0412, E0425, E0432, E0433.
[INFO] [stdout] 
[INFO] [stdout] For more information about an error, try `rustc --explain E0412`.
[INFO] [stdout] 
[INFO] [stdout] error: aborting due to 10 previous errors
[INFO] [stdout] 
[INFO] [stdout] 
[INFO] [stdout] Some errors have detailed explanations: E0412, E0432.
[INFO] [stdout] 
[INFO] [stdout] For more information about an error, try `rustc --explain E0412`.
[INFO] [stdout] 
[INFO] [stderr] error: could not compile `syd` (lib) due to 23 previous errors
[INFO] [stderr] warning: build failed, waiting for other jobs to finish...
[INFO] [stderr] error: could not document `syd`
[INFO] [stderr] 
[INFO] [stderr] Caused by:
[INFO] [stderr]   process didn't exit successfully: `/opt/rustwide/rustup-home/toolchains/1.75.0-x86_64-unknown-linux-gnu/bin/rustdoc --edition=2021 --crate-type lib --crate-name syd src/lib.rs -o /opt/rustwide/target/doc --error-format=json --json=diagnostic-rendered-ansi,artifacts,future-incompat --document-private-items -C metadata=c8db576c9e47a2d5 -L dependency=/opt/rustwide/target/debug/deps --extern anyhow=/opt/rustwide/target/debug/deps/libanyhow-304289546633415c.rmeta --extern argv=/opt/rustwide/target/debug/deps/libargv-ce7b040e00ba4efc.rmeta --extern bitflags=/opt/rustwide/target/debug/deps/libbitflags-c0bd97bdb7c1fbd1.rmeta --extern env_logger=/opt/rustwide/target/debug/deps/libenv_logger-3120b3a0e7f14307.rmeta --extern errno=/opt/rustwide/target/debug/deps/liberrno-bf419dd374e476ae.rmeta --extern getargs=/opt/rustwide/target/debug/deps/libgetargs-2477949aaa5eec04.rmeta --extern globset=/opt/rustwide/target/debug/deps/libglobset-d67a073f9cf5032c.rmeta --extern ipnetwork=/opt/rustwide/target/debug/deps/libipnetwork-8624ca745b021843.rmeta --extern libc=/opt/rustwide/target/debug/deps/liblibc-d21d95bb8d24bf3d.rmeta --extern libseccomp=/opt/rustwide/target/debug/deps/liblibseccomp-40c92ea5bbc19aba.rmeta --extern libseccomp_sys=/opt/rustwide/target/debug/deps/liblibseccomp_sys-77592e03093ed50f.rmeta --extern log=/opt/rustwide/target/debug/deps/liblog-adcbaf8a98132d5a.rmeta --extern nix=/opt/rustwide/target/debug/deps/libnix-97cad9d9a8bcd280.rmeta --extern nonempty=/opt/rustwide/target/debug/deps/libnonempty-d49225ccfb8e5b82.rmeta --extern num_cpus=/opt/rustwide/target/debug/deps/libnum_cpus-bfe23f079a29ae2e.rmeta --extern once_cell=/opt/rustwide/target/debug/deps/libonce_cell-0839721c8cea9f80.rmeta --extern openat2=/opt/rustwide/target/debug/deps/libopenat2-f9dfbe21075199e0.rmeta --extern parking_lot=/opt/rustwide/target/debug/deps/libparking_lot-11818522f493cae3.rmeta --extern regex=/opt/rustwide/target/debug/deps/libregex-978fce0749171de4.rmeta --extern rusty_pool=/opt/rustwide/target/debug/deps/librusty_pool-367ddbed49c44171.rmeta --extern serde=/opt/rustwide/target/debug/deps/libserde-f52b37db00c8782e.rmeta --extern serde_json=/opt/rustwide/target/debug/deps/libserde_json-ea55ea5f3f5738a5.rmeta --cap-lints=warn --crate-version 3.6.3` (exit status: 1)
[INFO] running `Command { std: "docker" "inspect" "9c6a609fe5d6c43733e9c220dc8d67d4f9d596835ed3b7330af2407ee93563bf", kill_on_drop: false }`
[INFO] running `Command { std: "docker" "rm" "-f" "9c6a609fe5d6c43733e9c220dc8d67d4f9d596835ed3b7330af2407ee93563bf", kill_on_drop: false }`
[INFO] [stdout] 9c6a609fe5d6c43733e9c220dc8d67d4f9d596835ed3b7330af2407ee93563bf
