[INFO] fetching crate sycamore-state-manager 0.0.2...
[INFO] documenting sycamore-state-manager-0.0.2 against 1.75.0 for beta-1.76-rustdoc-1
[INFO] extracting crate sycamore-state-manager 0.0.2 into /workspace/builds/worker-1-tc1/source
[INFO] validating manifest of crates.io crate sycamore-state-manager 0.0.2 on toolchain 1.75.0
[INFO] running `Command { std: CARGO_HOME="/workspace/cargo-home" RUSTUP_HOME="/workspace/rustup-home" "/workspace/cargo-home/bin/cargo" "+1.75.0" "metadata" "--manifest-path" "Cargo.toml" "--no-deps", kill_on_drop: false }`
[INFO] started tweaking crates.io crate sycamore-state-manager 0.0.2
[INFO] finished tweaking crates.io crate sycamore-state-manager 0.0.2
[INFO] tweaked toml for crates.io crate sycamore-state-manager 0.0.2 written to /workspace/builds/worker-1-tc1/source/Cargo.toml
[INFO] running `Command { std: CARGO_HOME="/workspace/cargo-home" RUSTUP_HOME="/workspace/rustup-home" "/workspace/cargo-home/bin/cargo" "+1.75.0" "generate-lockfile" "--manifest-path" "Cargo.toml", kill_on_drop: false }`
[INFO] [stderr]     Updating crates.io index
[INFO] running `Command { std: CARGO_HOME="/workspace/cargo-home" RUSTUP_HOME="/workspace/rustup-home" "/workspace/cargo-home/bin/cargo" "+1.75.0" "fetch" "--manifest-path" "Cargo.toml", kill_on_drop: false }`
[INFO] [stderr]  Downloading crates ...
[INFO] [stderr]   Downloaded sycamore-state-core v0.0.2
[INFO] [stderr]   Downloaded sycamore-reactive v0.9.0-beta.2
[INFO] [stderr]   Downloaded sycamore-state-macros v0.0.2
[INFO] [stderr]   Downloaded sycamore-macro v0.9.0-beta.2
[INFO] [stderr]   Downloaded sycamore-core v0.9.0-beta.2
[INFO] [stderr]   Downloaded sycamore v0.9.0-beta.2
[INFO] [stderr]   Downloaded sycamore-web v0.9.0-beta.2
[INFO] running `Command { std: "docker" "create" "-v" "/var/lib/crater-agent-workspace/builds/worker-1-tc1/target:/opt/rustwide/target:rw,Z" "-v" "/var/lib/crater-agent-workspace/builds/worker-1-tc1/source:/opt/rustwide/workdir:ro,Z" "-v" "/var/lib/crater-agent-workspace/cargo-home:/opt/rustwide/cargo-home:ro,Z" "-v" "/var/lib/crater-agent-workspace/rustup-home:/opt/rustwide/rustup-home:ro,Z" "-e" "SOURCE_DIR=/opt/rustwide/workdir" "-e" "CARGO_TARGET_DIR=/opt/rustwide/target" "-e" "CARGO_HOME=/opt/rustwide/cargo-home" "-e" "RUSTUP_HOME=/opt/rustwide/rustup-home" "-w" "/opt/rustwide/workdir" "-m" "1610612736" "--user" "0:0" "--network" "none" "ghcr.io/rust-lang/crates-build-env/linux@sha256:2788e3201cd34a07e3172128adcd8b3090168a8e3bcc40d7c032b9dda1df7d1c" "/opt/rustwide/cargo-home/bin/cargo" "+1.75.0" "metadata" "--no-deps" "--format-version=1", kill_on_drop: false }`
[INFO] [stdout] c91d5b7346df180ad680ff3c3913e2b2dd7b5934b6f52f0ea0fb9b119b7f4e6e
[INFO] running `Command { std: "docker" "start" "-a" "c91d5b7346df180ad680ff3c3913e2b2dd7b5934b6f52f0ea0fb9b119b7f4e6e", kill_on_drop: false }`
[INFO] running `Command { std: "docker" "inspect" "c91d5b7346df180ad680ff3c3913e2b2dd7b5934b6f52f0ea0fb9b119b7f4e6e", kill_on_drop: false }`
[INFO] running `Command { std: "docker" "rm" "-f" "c91d5b7346df180ad680ff3c3913e2b2dd7b5934b6f52f0ea0fb9b119b7f4e6e", kill_on_drop: false }`
[INFO] [stdout] c91d5b7346df180ad680ff3c3913e2b2dd7b5934b6f52f0ea0fb9b119b7f4e6e
[INFO] running `Command { std: "docker" "create" "-v" "/var/lib/crater-agent-workspace/builds/worker-1-tc1/target:/opt/rustwide/target:rw,Z" "-v" "/var/lib/crater-agent-workspace/builds/worker-1-tc1/source:/opt/rustwide/workdir:ro,Z" "-v" "/var/lib/crater-agent-workspace/cargo-home:/opt/rustwide/cargo-home:ro,Z" "-v" "/var/lib/crater-agent-workspace/rustup-home:/opt/rustwide/rustup-home:ro,Z" "-e" "SOURCE_DIR=/opt/rustwide/workdir" "-e" "CARGO_TARGET_DIR=/opt/rustwide/target" "-e" "CARGO_INCREMENTAL=0" "-e" "RUST_BACKTRACE=full" "-e" "RUSTFLAGS=--cap-lints=warn" "-e" "RUSTDOCFLAGS=--cap-lints=warn" "-e" "CARGO_HOME=/opt/rustwide/cargo-home" "-e" "RUSTUP_HOME=/opt/rustwide/rustup-home" "-w" "/opt/rustwide/workdir" "-m" "1610612736" "--user" "0:0" "--network" "none" "ghcr.io/rust-lang/crates-build-env/linux@sha256:2788e3201cd34a07e3172128adcd8b3090168a8e3bcc40d7c032b9dda1df7d1c" "/opt/rustwide/cargo-home/bin/cargo" "+1.75.0" "doc" "--frozen" "--no-deps" "--document-private-items" "--message-format=json", kill_on_drop: false }`
[INFO] [stdout] 6e1520bd4465b4f8aaba639111977cb56ed57ef8519b6cc73e0f65e6fc63a947
[INFO] running `Command { std: "docker" "start" "-a" "6e1520bd4465b4f8aaba639111977cb56ed57ef8519b6cc73e0f65e6fc63a947", kill_on_drop: false }`
[INFO] [stderr]    Compiling ahash v0.8.7
[INFO] [stderr]    Compiling slotmap v1.0.7
[INFO] [stderr]    Compiling wasm-bindgen v0.2.89
[INFO] [stderr]    Compiling zerocopy v0.7.32
[INFO] [stderr]    Compiling proc-macro2 v1.0.76
[INFO] [stderr]    Compiling allocator-api2 v0.2.16
[INFO] [stderr]    Compiling smallvec v1.11.2
[INFO] [stderr]    Compiling utf8-width v0.1.7
[INFO] [stderr]    Compiling equivalent v1.0.1
[INFO] [stderr]    Compiling rand v0.8.5
[INFO] [stderr]    Compiling html-escape v0.2.13
[INFO] [stderr]     Checking hashbrown v0.14.3
[INFO] [stderr]    Compiling quote v1.0.35
[INFO] [stderr]    Compiling syn v2.0.48
[INFO] [stderr]     Checking sycamore-reactive v0.9.0-beta.2
[INFO] [stderr]     Checking sycamore-core v0.9.0-beta.2
[INFO] [stderr]     Checking indexmap v2.1.0
[INFO] [stderr]    Compiling wasm-bindgen-backend v0.2.89
[INFO] [stderr]    Compiling sycamore-macro v0.9.0-beta.2
[INFO] [stderr]    Compiling wasm-bindgen-macro-support v0.2.89
[INFO] [stderr]    Compiling wasm-bindgen-macro v0.2.89
[INFO] [stderr]     Checking js-sys v0.3.66
[INFO] [stderr]     Checking web-sys v0.3.66
[INFO] [stderr]     Checking sycamore-web v0.9.0-beta.2
[INFO] [stderr]     Checking sycamore v0.9.0-beta.2
[INFO] [stderr]     Checking sycamore-state-core v0.0.2
[INFO] [stdout] error[E0412]: cannot find type `RcSignal` in this scope
[INFO] [stdout]   --> /opt/rustwide/cargo-home/registry/src/index.crates.io-6f17d22bba15001f/sycamore-state-core-0.0.2/src/rc_collection_signal.rs:9:12
[INFO] [stdout]    |
[INFO] [stdout] 9  |     inner: RcSignal<Vec<RcSignal<T>>>,
[INFO] [stdout]    |            ^^^^^^^^ help: a struct with a similar name exists: `Signal`
[INFO] [stdout]    |
[INFO] [stdout]   ::: /opt/rustwide/cargo-home/registry/src/index.crates.io-6f17d22bba15001f/sycamore-reactive-0.9.0-beta.2/src/signals.rs:54:1
[INFO] [stdout]    |
[INFO] [stdout] 54 | pub struct Signal<T: 'static>(pub(crate) ReadSignal<T>);
[INFO] [stdout]    | ----------------------------- similarly named struct `Signal` defined here
[INFO] [stdout] 
[INFO] [stdout] 
[INFO] [stdout] error[E0412]: cannot find type `RcSignal` in this scope
[INFO] [stdout]   --> /opt/rustwide/cargo-home/registry/src/index.crates.io-6f17d22bba15001f/sycamore-state-core-0.0.2/src/rc_collection_signal.rs:9:25
[INFO] [stdout]    |
[INFO] [stdout] 9  |     inner: RcSignal<Vec<RcSignal<T>>>,
[INFO] [stdout]    |                         ^^^^^^^^ help: a struct with a similar name exists: `Signal`
[INFO] [stdout]    |
[INFO] [stdout]   ::: /opt/rustwide/cargo-home/registry/src/index.crates.io-6f17d22bba15001f/sycamore-reactive-0.9.0-beta.2/src/signals.rs:54:1
[INFO] [stdout]    |
[INFO] [stdout] 54 | pub struct Signal<T: 'static>(pub(crate) ReadSignal<T>);
[INFO] [stdout]    | ----------------------------- similarly named struct `Signal` defined here
[INFO] [stdout] 
[INFO] [stdout] 
[INFO] [stdout] error[E0412]: cannot find type `RcSignal` in this scope
[INFO] [stdout]    --> /opt/rustwide/cargo-home/registry/src/index.crates.io-6f17d22bba15001f/sycamore-state-core-0.0.2/src/rc_collection_signal.rs:101:30
[INFO] [stdout]     |
[INFO] [stdout] 101 |     type Target = Signal<Vec<RcSignal<T>>>;
[INFO] [stdout]     |                              ^^^^^^^^ help: a struct with a similar name exists: `Signal`
[INFO] [stdout]     |
[INFO] [stdout]    ::: /opt/rustwide/cargo-home/registry/src/index.crates.io-6f17d22bba15001f/sycamore-reactive-0.9.0-beta.2/src/signals.rs:54:1
[INFO] [stdout]     |
[INFO] [stdout] 54  | pub struct Signal<T: 'static>(pub(crate) ReadSignal<T>);
[INFO] [stdout]     | ----------------------------- similarly named struct `Signal` defined here
[INFO] [stdout] 
[INFO] [stdout] 
[INFO] [stdout] error[E0412]: cannot find type `Scope` in this scope
[INFO] [stdout]   --> /opt/rustwide/cargo-home/registry/src/index.crates.io-6f17d22bba15001f/sycamore-state-core-0.0.2/src/ref_collection_signal.rs:24:24
[INFO] [stdout]    |
[INFO] [stdout] 24 |     pub fn new<'a>(cx: Scope<'a>, inner: impl IntoIterator<Item = T>) -> RefCollectionSignal<T>
[INFO] [stdout]    |                        ^^^^^ not found in this scope
[INFO] [stdout]    |
[INFO] [stdout] help: consider importing this struct
[INFO] [stdout]    |
[INFO] [stdout] 1  + use std::thread::Scope;
[INFO] [stdout]    |
[INFO] [stdout] 
[INFO] [stdout] 
[INFO] [stdout] error[E0412]: cannot find type `Scope` in this scope
[INFO] [stdout]   --> /opt/rustwide/cargo-home/registry/src/index.crates.io-6f17d22bba15001f/sycamore-state-core-0.0.2/src/ref_collection_signal.rs:40:38
[INFO] [stdout]    |
[INFO] [stdout] 40 |     pub fn push_value<'b>(&self, cx: Scope<'a>, value: T)
[INFO] [stdout]    |                                      ^^^^^ not found in this scope
[INFO] [stdout]    |
[INFO] [stdout] help: consider importing this struct
[INFO] [stdout]    |
[INFO] [stdout] 1  + use std::thread::Scope;
[INFO] [stdout]    |
[INFO] [stdout] 
[INFO] [stdout] 
[INFO] [stdout] error[E0412]: cannot find type `Scope` in this scope
[INFO] [stdout]   --> /opt/rustwide/cargo-home/registry/src/index.crates.io-6f17d22bba15001f/sycamore-state-core-0.0.2/src/ref_collection_signal.rs:51:32
[INFO] [stdout]    |
[INFO] [stdout] 51 |     pub fn push_deferred<F: Fn(Scope<'a>) -> T>(&self, cx: Scope<'a>, value: F)
[INFO] [stdout]    |                                ^^^^^ not found in this scope
[INFO] [stdout]    |
[INFO] [stdout] help: consider importing this struct
[INFO] [stdout]    |
[INFO] [stdout] 1  + use std::thread::Scope;
[INFO] [stdout]    |
[INFO] [stdout] 
[INFO] [stdout] 
[INFO] [stdout] error[E0412]: cannot find type `Scope` in this scope
[INFO] [stdout]   --> /opt/rustwide/cargo-home/registry/src/index.crates.io-6f17d22bba15001f/sycamore-state-core-0.0.2/src/ref_collection_signal.rs:51:60
[INFO] [stdout]    |
[INFO] [stdout] 51 |     pub fn push_deferred<F: Fn(Scope<'a>) -> T>(&self, cx: Scope<'a>, value: F)
[INFO] [stdout]    |                                                            ^^^^^ not found in this scope
[INFO] [stdout]    |
[INFO] [stdout] help: consider importing this struct
[INFO] [stdout]    |
[INFO] [stdout] 1  + use std::thread::Scope;
[INFO] [stdout]    |
[INFO] [stdout] 
[INFO] [stdout] 
[INFO] [stdout] error[E0477]: the type `Vec<&'a sycamore::reactive::Signal<T>>` does not fulfill the required lifetime
[INFO] [stdout]   --> /opt/rustwide/cargo-home/registry/src/index.crates.io-6f17d22bba15001f/sycamore-state-core-0.0.2/src/ref_collection_signal.rs:9:12
[INFO] [stdout]    |
[INFO] [stdout] 9  |     inner: &'a Signal<Vec<&'a Signal<T>>>,
[INFO] [stdout]    |            ^^^^^^^^^^^^^^^^^^^^^^^^^^^^^^
[INFO] [stdout]    |
[INFO] [stdout] note: type must satisfy the static lifetime as required by this binding
[INFO] [stdout]   --> /opt/rustwide/cargo-home/registry/src/index.crates.io-6f17d22bba15001f/sycamore-reactive-0.9.0-beta.2/src/signals.rs:54:22
[INFO] [stdout]    |
[INFO] [stdout] 54 | pub struct Signal<T: 'static>(pub(crate) ReadSignal<T>);
[INFO] [stdout]    |                      ^^^^^^^
[INFO] [stdout] 
[INFO] [stdout] 
[INFO] [stdout] error[E0477]: the type `Vec<&'a sycamore::reactive::Signal<T>>` does not fulfill the required lifetime
[INFO] [stdout]    --> /opt/rustwide/cargo-home/registry/src/index.crates.io-6f17d22bba15001f/sycamore-state-core-0.0.2/src/ref_collection_signal.rs:122:19
[INFO] [stdout]     |
[INFO] [stdout] 122 |     type Target = &'a Signal<Vec<&'a Signal<T>>>;
[INFO] [stdout]     |                   ^^^^^^^^^^^^^^^^^^^^^^^^^^^^^^
[INFO] [stdout]     |
[INFO] [stdout] note: type must satisfy the static lifetime as required by this binding
[INFO] [stdout]    --> /opt/rustwide/cargo-home/registry/src/index.crates.io-6f17d22bba15001f/sycamore-reactive-0.9.0-beta.2/src/signals.rs:54:22
[INFO] [stdout]     |
[INFO] [stdout] 54  | pub struct Signal<T: 'static>(pub(crate) ReadSignal<T>);
[INFO] [stdout]     |                      ^^^^^^^
[INFO] [stdout] 
[INFO] [stdout] 
[INFO] [stdout] error[E0425]: cannot find function `create_rc_signal` in this scope
[INFO] [stdout]    --> /opt/rustwide/cargo-home/registry/src/index.crates.io-6f17d22bba15001f/sycamore-state-core-0.0.2/src/rc_collection_signal.rs:17:22
[INFO] [stdout]     |
[INFO] [stdout] 17  |             .map(|a| create_rc_signal(a))
[INFO] [stdout]     |                      ^^^^^^^^^^^^^^^^ help: a function with a similar name exists: `create_signal`
[INFO] [stdout]     |
[INFO] [stdout]    ::: /opt/rustwide/cargo-home/registry/src/index.crates.io-6f17d22bba15001f/sycamore-reactive-0.9.0-beta.2/src/signals.rs:113:1
[INFO] [stdout]     |
[INFO] [stdout] 113 | pub fn create_signal<T>(value: T) -> Signal<T> {
[INFO] [stdout]     | ---------------------------------------------- similarly named function `create_signal` defined here
[INFO] [stdout] 
[INFO] [stdout] 
[INFO] [stdout] error[E0425]: cannot find function `create_rc_signal` in this scope
[INFO] [stdout]    --> /opt/rustwide/cargo-home/registry/src/index.crates.io-6f17d22bba15001f/sycamore-state-core-0.0.2/src/rc_collection_signal.rs:20:20
[INFO] [stdout]     |
[INFO] [stdout] 20  |             inner: create_rc_signal(collected),
[INFO] [stdout]     |                    ^^^^^^^^^^^^^^^^ help: a function with a similar name exists: `create_signal`
[INFO] [stdout]     |
[INFO] [stdout]    ::: /opt/rustwide/cargo-home/registry/src/index.crates.io-6f17d22bba15001f/sycamore-reactive-0.9.0-beta.2/src/signals.rs:113:1
[INFO] [stdout]     |
[INFO] [stdout] 113 | pub fn create_signal<T>(value: T) -> Signal<T> {
[INFO] [stdout]     | ---------------------------------------------- similarly named function `create_signal` defined here
[INFO] [stdout] 
[INFO] [stdout] 
[INFO] [stdout] error[E0425]: cannot find function `create_rc_signal` in this scope
[INFO] [stdout]    --> /opt/rustwide/cargo-home/registry/src/index.crates.io-6f17d22bba15001f/sycamore-state-core-0.0.2/src/rc_collection_signal.rs:36:34
[INFO] [stdout]     |
[INFO] [stdout] 36  |         self.inner.modify().push(create_rc_signal(value));
[INFO] [stdout]     |                                  ^^^^^^^^^^^^^^^^ help: a function with a similar name exists: `create_signal`
[INFO] [stdout]     |
[INFO] [stdout]    ::: /opt/rustwide/cargo-home/registry/src/index.crates.io-6f17d22bba15001f/sycamore-reactive-0.9.0-beta.2/src/signals.rs:113:1
[INFO] [stdout]     |
[INFO] [stdout] 113 | pub fn create_signal<T>(value: T) -> Signal<T> {
[INFO] [stdout]     | ---------------------------------------------- similarly named function `create_signal` defined here
[INFO] [stdout] 
[INFO] [stdout] 
[INFO] [stdout] error[E0425]: cannot find function `create_signal_unsafe` in this scope
[INFO] [stdout]   --> /opt/rustwide/cargo-home/registry/src/index.crates.io-6f17d22bba15001f/sycamore-state-core-0.0.2/src/ref_collection_signal.rs:30:31
[INFO] [stdout]    |
[INFO] [stdout] 30 |             .map(|a| unsafe { create_signal_unsafe(cx, a) })
[INFO] [stdout]    |                               ^^^^^^^^^^^^^^^^^^^^ not found in this scope
[INFO] [stdout] 
[INFO] [stdout] 
[INFO] [stdout] error[E0425]: cannot find function `create_signal_unsafe` in this scope
[INFO] [stdout]   --> /opt/rustwide/cargo-home/registry/src/index.crates.io-6f17d22bba15001f/sycamore-state-core-0.0.2/src/ref_collection_signal.rs:33:29
[INFO] [stdout]    |
[INFO] [stdout] 33 |             inner: unsafe { create_signal_unsafe(cx, collected) },
[INFO] [stdout]    |                             ^^^^^^^^^^^^^^^^^^^^ not found in this scope
[INFO] [stdout] 
[INFO] [stdout] 
[INFO] [stdout] error[E0425]: cannot find function `create_signal_unsafe` in this scope
[INFO] [stdout]   --> /opt/rustwide/cargo-home/registry/src/index.crates.io-6f17d22bba15001f/sycamore-state-core-0.0.2/src/ref_collection_signal.rs:47:28
[INFO] [stdout]    |
[INFO] [stdout] 47 |             .push(unsafe { create_signal_unsafe(cx, value) });
[INFO] [stdout]    |                            ^^^^^^^^^^^^^^^^^^^^ not found in this scope
[INFO] [stdout] 
[INFO] [stdout] 
[INFO] [stdout] error[E0425]: cannot find function `create_signal_unsafe` in this scope
[INFO] [stdout]   --> /opt/rustwide/cargo-home/registry/src/index.crates.io-6f17d22bba15001f/sycamore-state-core-0.0.2/src/ref_collection_signal.rs:57:28
[INFO] [stdout]    |
[INFO] [stdout] 57 |             .push(unsafe { create_signal_unsafe(cx, value(cx)) });
[INFO] [stdout]    |                            ^^^^^^^^^^^^^^^^^^^^ not found in this scope
[INFO] [stdout] 
[INFO] [stdout] 
[INFO] [stdout] error: aborting due to 16 previous errors
[INFO] [stdout] 
[INFO] [stdout] 
[INFO] [stdout] Some errors have detailed explanations: E0412, E0425, E0477.
[INFO] [stdout] 
[INFO] [stdout] For more information about an error, try `rustc --explain E0412`.
[INFO] [stdout] 
[INFO] [stderr] error: could not compile `sycamore-state-core` (lib) due to 17 previous errors
[INFO] [stderr] warning: build failed, waiting for other jobs to finish...
[INFO] running `Command { std: "docker" "inspect" "6e1520bd4465b4f8aaba639111977cb56ed57ef8519b6cc73e0f65e6fc63a947", kill_on_drop: false }`
[INFO] running `Command { std: "docker" "rm" "-f" "6e1520bd4465b4f8aaba639111977cb56ed57ef8519b6cc73e0f65e6fc63a947", kill_on_drop: false }`
[INFO] [stdout] 6e1520bd4465b4f8aaba639111977cb56ed57ef8519b6cc73e0f65e6fc63a947
[INFO] documenting sycamore-state-manager-0.0.2 against beta-2023-12-22 for beta-1.76-rustdoc-1
[INFO] extracting crate sycamore-state-manager 0.0.2 into /workspace/builds/worker-1-tc2/source
[INFO] validating manifest of crates.io crate sycamore-state-manager 0.0.2 on toolchain beta-2023-12-22
[INFO] running `Command { std: CARGO_HOME="/workspace/cargo-home" RUSTUP_HOME="/workspace/rustup-home" "/workspace/cargo-home/bin/cargo" "+beta-2023-12-22" "metadata" "--manifest-path" "Cargo.toml" "--no-deps", kill_on_drop: false }`
[INFO] started tweaking crates.io crate sycamore-state-manager 0.0.2
[INFO] finished tweaking crates.io crate sycamore-state-manager 0.0.2
[INFO] tweaked toml for crates.io crate sycamore-state-manager 0.0.2 written to /workspace/builds/worker-1-tc2/source/Cargo.toml
[INFO] running `Command { std: CARGO_HOME="/workspace/cargo-home" RUSTUP_HOME="/workspace/rustup-home" "/workspace/cargo-home/bin/cargo" "+beta-2023-12-22" "generate-lockfile" "--manifest-path" "Cargo.toml", kill_on_drop: false }`
[INFO] [stderr]     Updating crates.io index
[INFO] running `Command { std: CARGO_HOME="/workspace/cargo-home" RUSTUP_HOME="/workspace/rustup-home" "/workspace/cargo-home/bin/cargo" "+beta-2023-12-22" "fetch" "--manifest-path" "Cargo.toml", kill_on_drop: false }`
[INFO] running `Command { std: "docker" "create" "-v" "/var/lib/crater-agent-workspace/builds/worker-1-tc2/target:/opt/rustwide/target:rw,Z" "-v" "/var/lib/crater-agent-workspace/builds/worker-1-tc2/source:/opt/rustwide/workdir:ro,Z" "-v" "/var/lib/crater-agent-workspace/cargo-home:/opt/rustwide/cargo-home:ro,Z" "-v" "/var/lib/crater-agent-workspace/rustup-home:/opt/rustwide/rustup-home:ro,Z" "-e" "SOURCE_DIR=/opt/rustwide/workdir" "-e" "CARGO_TARGET_DIR=/opt/rustwide/target" "-e" "CARGO_HOME=/opt/rustwide/cargo-home" "-e" "RUSTUP_HOME=/opt/rustwide/rustup-home" "-w" "/opt/rustwide/workdir" "-m" "1610612736" "--user" "0:0" "--network" "none" "ghcr.io/rust-lang/crates-build-env/linux@sha256:2788e3201cd34a07e3172128adcd8b3090168a8e3bcc40d7c032b9dda1df7d1c" "/opt/rustwide/cargo-home/bin/cargo" "+beta-2023-12-22" "metadata" "--no-deps" "--format-version=1", kill_on_drop: false }`
[INFO] [stdout] b7518e2c71114062ddb7a47a2c1f173dad7b49c98c15c917845b92df87d1337f
[INFO] running `Command { std: "docker" "start" "-a" "b7518e2c71114062ddb7a47a2c1f173dad7b49c98c15c917845b92df87d1337f", kill_on_drop: false }`
[INFO] running `Command { std: "docker" "inspect" "b7518e2c71114062ddb7a47a2c1f173dad7b49c98c15c917845b92df87d1337f", kill_on_drop: false }`
[INFO] running `Command { std: "docker" "rm" "-f" "b7518e2c71114062ddb7a47a2c1f173dad7b49c98c15c917845b92df87d1337f", kill_on_drop: false }`
[INFO] [stdout] b7518e2c71114062ddb7a47a2c1f173dad7b49c98c15c917845b92df87d1337f
[INFO] running `Command { std: "docker" "create" "-v" "/var/lib/crater-agent-workspace/builds/worker-1-tc2/target:/opt/rustwide/target:rw,Z" "-v" "/var/lib/crater-agent-workspace/builds/worker-1-tc2/source:/opt/rustwide/workdir:ro,Z" "-v" "/var/lib/crater-agent-workspace/cargo-home:/opt/rustwide/cargo-home:ro,Z" "-v" "/var/lib/crater-agent-workspace/rustup-home:/opt/rustwide/rustup-home:ro,Z" "-e" "SOURCE_DIR=/opt/rustwide/workdir" "-e" "CARGO_TARGET_DIR=/opt/rustwide/target" "-e" "CARGO_INCREMENTAL=0" "-e" "RUST_BACKTRACE=full" "-e" "RUSTFLAGS=--cap-lints=warn" "-e" "RUSTDOCFLAGS=--cap-lints=warn" "-e" "CARGO_HOME=/opt/rustwide/cargo-home" "-e" "RUSTUP_HOME=/opt/rustwide/rustup-home" "-w" "/opt/rustwide/workdir" "-m" "1610612736" "--user" "0:0" "--network" "none" "ghcr.io/rust-lang/crates-build-env/linux@sha256:2788e3201cd34a07e3172128adcd8b3090168a8e3bcc40d7c032b9dda1df7d1c" "/opt/rustwide/cargo-home/bin/cargo" "+beta-2023-12-22" "doc" "--frozen" "--no-deps" "--document-private-items" "--message-format=json", kill_on_drop: false }`
[INFO] [stdout] 696822d6b379ff54baba67356679922334d9ee98f380b655d26d4147ff602c42
[INFO] running `Command { std: "docker" "start" "-a" "696822d6b379ff54baba67356679922334d9ee98f380b655d26d4147ff602c42", kill_on_drop: false }`
[INFO] [stderr]    Compiling proc-macro2 v1.0.76
[INFO] [stderr]    Compiling ahash v0.8.7
[INFO] [stderr]    Compiling slotmap v1.0.7
[INFO] [stderr]    Compiling wasm-bindgen v0.2.89
[INFO] [stderr]    Compiling zerocopy v0.7.32
[INFO] [stderr]    Compiling allocator-api2 v0.2.16
[INFO] [stderr]    Compiling smallvec v1.11.2
[INFO] [stderr]    Compiling equivalent v1.0.1
[INFO] [stderr]    Compiling utf8-width v0.1.7
[INFO] [stderr]    Compiling rand v0.8.5
[INFO] [stderr]    Compiling html-escape v0.2.13
[INFO] [stderr]     Checking hashbrown v0.14.3
[INFO] [stderr]    Compiling quote v1.0.35
[INFO] [stderr]    Compiling syn v2.0.48
[INFO] [stderr]     Checking sycamore-reactive v0.9.0-beta.2
[INFO] [stderr]     Checking sycamore-core v0.9.0-beta.2
[INFO] [stderr]     Checking indexmap v2.1.0
[INFO] [stderr]    Compiling wasm-bindgen-backend v0.2.89
[INFO] [stderr]    Compiling sycamore-macro v0.9.0-beta.2
[INFO] [stderr]    Compiling wasm-bindgen-macro-support v0.2.89
[INFO] [stderr]    Compiling wasm-bindgen-macro v0.2.89
[INFO] [stderr]     Checking js-sys v0.3.66
[INFO] [stderr]     Checking web-sys v0.3.66
[INFO] [stderr]     Checking sycamore-web v0.9.0-beta.2
[INFO] [stderr]     Checking sycamore v0.9.0-beta.2
[INFO] [stderr]     Checking sycamore-state-core v0.0.2
[INFO] [stdout] error[E0412]: cannot find type `RcSignal` in this scope
[INFO] [stdout]   --> /opt/rustwide/cargo-home/registry/src/index.crates.io-6f17d22bba15001f/sycamore-state-core-0.0.2/src/rc_collection_signal.rs:9:12
[INFO] [stdout]    |
[INFO] [stdout] 9  |     inner: RcSignal<Vec<RcSignal<T>>>,
[INFO] [stdout]    |            ^^^^^^^^ help: a struct with a similar name exists: `Signal`
[INFO] [stdout]    |
[INFO] [stdout]   ::: /opt/rustwide/cargo-home/registry/src/index.crates.io-6f17d22bba15001f/sycamore-reactive-0.9.0-beta.2/src/signals.rs:54:1
[INFO] [stdout]    |
[INFO] [stdout] 54 | pub struct Signal<T: 'static>(pub(crate) ReadSignal<T>);
[INFO] [stdout]    | ----------------------------- similarly named struct `Signal` defined here
[INFO] [stdout] 
[INFO] [stdout] 
[INFO] [stdout] error[E0412]: cannot find type `RcSignal` in this scope
[INFO] [stdout]   --> /opt/rustwide/cargo-home/registry/src/index.crates.io-6f17d22bba15001f/sycamore-state-core-0.0.2/src/rc_collection_signal.rs:9:25
[INFO] [stdout]    |
[INFO] [stdout] 9  |     inner: RcSignal<Vec<RcSignal<T>>>,
[INFO] [stdout]    |                         ^^^^^^^^ help: a struct with a similar name exists: `Signal`
[INFO] [stdout]    |
[INFO] [stdout]   ::: /opt/rustwide/cargo-home/registry/src/index.crates.io-6f17d22bba15001f/sycamore-reactive-0.9.0-beta.2/src/signals.rs:54:1
[INFO] [stdout]    |
[INFO] [stdout] 54 | pub struct Signal<T: 'static>(pub(crate) ReadSignal<T>);
[INFO] [stdout]    | ----------------------------- similarly named struct `Signal` defined here
[INFO] [stdout] 
[INFO] [stdout] 
[INFO] [stdout] error[E0412]: cannot find type `RcSignal` in this scope
[INFO] [stdout]    --> /opt/rustwide/cargo-home/registry/src/index.crates.io-6f17d22bba15001f/sycamore-state-core-0.0.2/src/rc_collection_signal.rs:101:30
[INFO] [stdout]     |
[INFO] [stdout] 101 |     type Target = Signal<Vec<RcSignal<T>>>;
[INFO] [stdout]     |                              ^^^^^^^^ help: a struct with a similar name exists: `Signal`
[INFO] [stdout]     |
[INFO] [stdout]    ::: /opt/rustwide/cargo-home/registry/src/index.crates.io-6f17d22bba15001f/sycamore-reactive-0.9.0-beta.2/src/signals.rs:54:1
[INFO] [stdout]     |
[INFO] [stdout] 54  | pub struct Signal<T: 'static>(pub(crate) ReadSignal<T>);
[INFO] [stdout]     | ----------------------------- similarly named struct `Signal` defined here
[INFO] [stdout] 
[INFO] [stdout] 
[INFO] [stdout] error[E0412]: cannot find type `Scope` in this scope
[INFO] [stdout]   --> /opt/rustwide/cargo-home/registry/src/index.crates.io-6f17d22bba15001f/sycamore-state-core-0.0.2/src/ref_collection_signal.rs:24:24
[INFO] [stdout]    |
[INFO] [stdout] 24 |     pub fn new<'a>(cx: Scope<'a>, inner: impl IntoIterator<Item = T>) -> RefCollectionSignal<T>
[INFO] [stdout]    |                        ^^^^^ not found in this scope
[INFO] [stdout]    |
[INFO] [stdout] help: consider importing this struct
[INFO] [stdout]    |
[INFO] [stdout] 1  + use std::thread::Scope;
[INFO] [stdout]    |
[INFO] [stdout] 
[INFO] [stdout] 
[INFO] [stdout] error[E0412]: cannot find type `Scope` in this scope
[INFO] [stdout]   --> /opt/rustwide/cargo-home/registry/src/index.crates.io-6f17d22bba15001f/sycamore-state-core-0.0.2/src/ref_collection_signal.rs:40:38
[INFO] [stdout]    |
[INFO] [stdout] 40 |     pub fn push_value<'b>(&self, cx: Scope<'a>, value: T)
[INFO] [stdout]    |                                      ^^^^^ not found in this scope
[INFO] [stdout]    |
[INFO] [stdout] help: consider importing this struct
[INFO] [stdout]    |
[INFO] [stdout] 1  + use std::thread::Scope;
[INFO] [stdout]    |
[INFO] [stdout] 
[INFO] [stdout] 
[INFO] [stdout] error[E0412]: cannot find type `Scope` in this scope
[INFO] [stdout]   --> /opt/rustwide/cargo-home/registry/src/index.crates.io-6f17d22bba15001f/sycamore-state-core-0.0.2/src/ref_collection_signal.rs:51:32
[INFO] [stdout]    |
[INFO] [stdout] 51 |     pub fn push_deferred<F: Fn(Scope<'a>) -> T>(&self, cx: Scope<'a>, value: F)
[INFO] [stdout]    |                                ^^^^^ not found in this scope
[INFO] [stdout]    |
[INFO] [stdout] help: consider importing this struct
[INFO] [stdout]    |
[INFO] [stdout] 1  + use std::thread::Scope;
[INFO] [stdout]    |
[INFO] [stdout] 
[INFO] [stdout] 
[INFO] [stdout] error[E0412]: cannot find type `Scope` in this scope
[INFO] [stdout]   --> /opt/rustwide/cargo-home/registry/src/index.crates.io-6f17d22bba15001f/sycamore-state-core-0.0.2/src/ref_collection_signal.rs:51:60
[INFO] [stdout]    |
[INFO] [stdout] 51 |     pub fn push_deferred<F: Fn(Scope<'a>) -> T>(&self, cx: Scope<'a>, value: F)
[INFO] [stdout]    |                                                            ^^^^^ not found in this scope
[INFO] [stdout]    |
[INFO] [stdout] help: consider importing this struct
[INFO] [stdout]    |
[INFO] [stdout] 1  + use std::thread::Scope;
[INFO] [stdout]    |
[INFO] [stdout] 
[INFO] [stdout] 
[INFO] [stdout] error[E0477]: the type `Vec<&'a sycamore::reactive::Signal<T>>` does not fulfill the required lifetime
[INFO] [stdout]   --> /opt/rustwide/cargo-home/registry/src/index.crates.io-6f17d22bba15001f/sycamore-state-core-0.0.2/src/ref_collection_signal.rs:9:12
[INFO] [stdout]    |
[INFO] [stdout] 9  |     inner: &'a Signal<Vec<&'a Signal<T>>>,
[INFO] [stdout]    |            ^^^^^^^^^^^^^^^^^^^^^^^^^^^^^^
[INFO] [stdout]    |
[INFO] [stdout] note: type must satisfy the static lifetime as required by this binding
[INFO] [stdout]   --> /opt/rustwide/cargo-home/registry/src/index.crates.io-6f17d22bba15001f/sycamore-reactive-0.9.0-beta.2/src/signals.rs:54:22
[INFO] [stdout]    |
[INFO] [stdout] 54 | pub struct Signal<T: 'static>(pub(crate) ReadSignal<T>);
[INFO] [stdout]    |                      ^^^^^^^
[INFO] [stdout] 
[INFO] [stdout] 
[INFO] [stdout] error[E0477]: the type `Vec<&'a sycamore::reactive::Signal<T>>` does not fulfill the required lifetime
[INFO] [stdout]    --> /opt/rustwide/cargo-home/registry/src/index.crates.io-6f17d22bba15001f/sycamore-state-core-0.0.2/src/ref_collection_signal.rs:122:19
[INFO] [stdout]     |
[INFO] [stdout] 122 |     type Target = &'a Signal<Vec<&'a Signal<T>>>;
[INFO] [stdout]     |                   ^^^^^^^^^^^^^^^^^^^^^^^^^^^^^^
[INFO] [stdout]     |
[INFO] [stdout] note: type must satisfy the static lifetime as required by this binding
[INFO] [stdout]    --> /opt/rustwide/cargo-home/registry/src/index.crates.io-6f17d22bba15001f/sycamore-reactive-0.9.0-beta.2/src/signals.rs:54:22
[INFO] [stdout]     |
[INFO] [stdout] 54  | pub struct Signal<T: 'static>(pub(crate) ReadSignal<T>);
[INFO] [stdout]     |                      ^^^^^^^
[INFO] [stdout] 
[INFO] [stdout] 
[INFO] [stdout] error[E0425]: cannot find function `create_rc_signal` in this scope
[INFO] [stdout]    --> /opt/rustwide/cargo-home/registry/src/index.crates.io-6f17d22bba15001f/sycamore-state-core-0.0.2/src/rc_collection_signal.rs:17:22
[INFO] [stdout]     |
[INFO] [stdout] 17  |             .map(|a| create_rc_signal(a))
[INFO] [stdout]     |                      ^^^^^^^^^^^^^^^^ help: a function with a similar name exists: `create_signal`
[INFO] [stdout]     |
[INFO] [stdout]    ::: /opt/rustwide/cargo-home/registry/src/index.crates.io-6f17d22bba15001f/sycamore-reactive-0.9.0-beta.2/src/signals.rs:113:1
[INFO] [stdout]     |
[INFO] [stdout] 113 | pub fn create_signal<T>(value: T) -> Signal<T> {
[INFO] [stdout]     | ---------------------------------------------- similarly named function `create_signal` defined here
[INFO] [stdout] 
[INFO] [stdout] 
[INFO] [stdout] error[E0425]: cannot find function `create_rc_signal` in this scope
[INFO] [stdout]    --> /opt/rustwide/cargo-home/registry/src/index.crates.io-6f17d22bba15001f/sycamore-state-core-0.0.2/src/rc_collection_signal.rs:20:20
[INFO] [stdout]     |
[INFO] [stdout] 20  |             inner: create_rc_signal(collected),
[INFO] [stdout]     |                    ^^^^^^^^^^^^^^^^ help: a function with a similar name exists: `create_signal`
[INFO] [stdout]     |
[INFO] [stdout]    ::: /opt/rustwide/cargo-home/registry/src/index.crates.io-6f17d22bba15001f/sycamore-reactive-0.9.0-beta.2/src/signals.rs:113:1
[INFO] [stdout]     |
[INFO] [stdout] 113 | pub fn create_signal<T>(value: T) -> Signal<T> {
[INFO] [stdout]     | ---------------------------------------------- similarly named function `create_signal` defined here
[INFO] [stdout] 
[INFO] [stdout] 
[INFO] [stdout] error[E0425]: cannot find function `create_rc_signal` in this scope
[INFO] [stdout]    --> /opt/rustwide/cargo-home/registry/src/index.crates.io-6f17d22bba15001f/sycamore-state-core-0.0.2/src/rc_collection_signal.rs:36:34
[INFO] [stdout]     |
[INFO] [stdout] 36  |         self.inner.modify().push(create_rc_signal(value));
[INFO] [stdout]     |                                  ^^^^^^^^^^^^^^^^ help: a function with a similar name exists: `create_signal`
[INFO] [stdout]     |
[INFO] [stdout]    ::: /opt/rustwide/cargo-home/registry/src/index.crates.io-6f17d22bba15001f/sycamore-reactive-0.9.0-beta.2/src/signals.rs:113:1
[INFO] [stdout]     |
[INFO] [stdout] 113 | pub fn create_signal<T>(value: T) -> Signal<T> {
[INFO] [stdout]     | ---------------------------------------------- similarly named function `create_signal` defined here
[INFO] [stdout] 
[INFO] [stdout] 
[INFO] [stdout] error[E0425]: cannot find function `create_signal_unsafe` in this scope
[INFO] [stdout]   --> /opt/rustwide/cargo-home/registry/src/index.crates.io-6f17d22bba15001f/sycamore-state-core-0.0.2/src/ref_collection_signal.rs:30:31
[INFO] [stdout]    |
[INFO] [stdout] 30 |             .map(|a| unsafe { create_signal_unsafe(cx, a) })
[INFO] [stdout]    |                               ^^^^^^^^^^^^^^^^^^^^ not found in this scope
[INFO] [stdout] 
[INFO] [stdout] 
[INFO] [stdout] error[E0425]: cannot find function `create_signal_unsafe` in this scope
[INFO] [stdout]   --> /opt/rustwide/cargo-home/registry/src/index.crates.io-6f17d22bba15001f/sycamore-state-core-0.0.2/src/ref_collection_signal.rs:33:29
[INFO] [stdout]    |
[INFO] [stdout] 33 |             inner: unsafe { create_signal_unsafe(cx, collected) },
[INFO] [stdout]    |                             ^^^^^^^^^^^^^^^^^^^^ not found in this scope
[INFO] [stdout] 
[INFO] [stdout] 
[INFO] [stdout] error[E0425]: cannot find function `create_signal_unsafe` in this scope
[INFO] [stdout]   --> /opt/rustwide/cargo-home/registry/src/index.crates.io-6f17d22bba15001f/sycamore-state-core-0.0.2/src/ref_collection_signal.rs:47:28
[INFO] [stdout]    |
[INFO] [stdout] 47 |             .push(unsafe { create_signal_unsafe(cx, value) });
[INFO] [stdout]    |                            ^^^^^^^^^^^^^^^^^^^^ not found in this scope
[INFO] [stdout] 
[INFO] [stdout] 
[INFO] [stdout] error[E0425]: cannot find function `create_signal_unsafe` in this scope
[INFO] [stdout]   --> /opt/rustwide/cargo-home/registry/src/index.crates.io-6f17d22bba15001f/sycamore-state-core-0.0.2/src/ref_collection_signal.rs:57:28
[INFO] [stdout]    |
[INFO] [stdout] 57 |             .push(unsafe { create_signal_unsafe(cx, value(cx)) });
[INFO] [stdout]    |                            ^^^^^^^^^^^^^^^^^^^^ not found in this scope
[INFO] [stdout] 
[INFO] [stdout] 
[INFO] [stdout] error: aborting due to 16 previous errors
[INFO] [stdout] 
[INFO] [stdout] 
[INFO] [stdout] Some errors have detailed explanations: E0412, E0425, E0477.
[INFO] [stdout] 
[INFO] [stdout] For more information about an error, try `rustc --explain E0412`.
[INFO] [stdout] 
[INFO] [stderr] error: could not compile `sycamore-state-core` (lib) due to 17 previous errors
[INFO] [stderr] warning: build failed, waiting for other jobs to finish...
[INFO] running `Command { std: "docker" "inspect" "696822d6b379ff54baba67356679922334d9ee98f380b655d26d4147ff602c42", kill_on_drop: false }`
[INFO] running `Command { std: "docker" "rm" "-f" "696822d6b379ff54baba67356679922334d9ee98f380b655d26d4147ff602c42", kill_on_drop: false }`
[INFO] [stdout] 696822d6b379ff54baba67356679922334d9ee98f380b655d26d4147ff602c42
