[INFO] fetching crate switchboard-attestation-client 0.1.7...
[INFO] documenting switchboard-attestation-client-0.1.7 against 1.75.0 for beta-1.76-rustdoc-1
[INFO] extracting crate switchboard-attestation-client 0.1.7 into /workspace/builds/worker-4-tc1/source
[INFO] validating manifest of crates.io crate switchboard-attestation-client 0.1.7 on toolchain 1.75.0
[INFO] running `Command { std: CARGO_HOME="/workspace/cargo-home" RUSTUP_HOME="/workspace/rustup-home" "/workspace/cargo-home/bin/cargo" "+1.75.0" "metadata" "--manifest-path" "Cargo.toml" "--no-deps", kill_on_drop: false }`
[INFO] started tweaking crates.io crate switchboard-attestation-client 0.1.7
[INFO] finished tweaking crates.io crate switchboard-attestation-client 0.1.7
[INFO] tweaked toml for crates.io crate switchboard-attestation-client 0.1.7 written to /workspace/builds/worker-4-tc1/source/Cargo.toml
[INFO] running `Command { std: CARGO_HOME="/workspace/cargo-home" RUSTUP_HOME="/workspace/rustup-home" "/workspace/cargo-home/bin/cargo" "+1.75.0" "generate-lockfile" "--manifest-path" "Cargo.toml", kill_on_drop: false }`
[INFO] [stderr]     Updating crates.io index
[INFO] running `Command { std: CARGO_HOME="/workspace/cargo-home" RUSTUP_HOME="/workspace/rustup-home" "/workspace/cargo-home/bin/cargo" "+1.75.0" "fetch" "--manifest-path" "Cargo.toml", kill_on_drop: false }`
[INFO] [stderr]  Downloading crates ...
[INFO] [stderr]   Downloaded anchor-attribute-event v0.27.0
[INFO] [stderr]   Downloaded anchor-attribute-access-control v0.27.0
[INFO] [stderr]   Downloaded anchor-client v0.27.0
[INFO] [stderr]   Downloaded anchor-syn v0.27.0
[INFO] [stderr]   Downloaded anchor-attribute-error v0.27.0
[INFO] [stderr]   Downloaded anchor-attribute-constant v0.27.0
[INFO] [stderr]   Downloaded anchor-attribute-program v0.27.0
[INFO] [stderr]   Downloaded anchor-attribute-account v0.27.0
[INFO] [stderr]   Downloaded sgx-quote v0.1.0
[INFO] [stderr]   Downloaded anchor-derive-space v0.27.0
[INFO] [stderr]   Downloaded anchor-lang v0.27.0
[INFO] [stderr]   Downloaded anchor-derive-accounts v0.27.0
[INFO] [stderr]   Downloaded sgx_types v1.1.2
[INFO] running `Command { std: "docker" "create" "-v" "/var/lib/crater-agent-workspace/builds/worker-4-tc1/target:/opt/rustwide/target:rw,Z" "-v" "/var/lib/crater-agent-workspace/builds/worker-4-tc1/source:/opt/rustwide/workdir:ro,Z" "-v" "/var/lib/crater-agent-workspace/cargo-home:/opt/rustwide/cargo-home:ro,Z" "-v" "/var/lib/crater-agent-workspace/rustup-home:/opt/rustwide/rustup-home:ro,Z" "-e" "SOURCE_DIR=/opt/rustwide/workdir" "-e" "CARGO_TARGET_DIR=/opt/rustwide/target" "-e" "CARGO_HOME=/opt/rustwide/cargo-home" "-e" "RUSTUP_HOME=/opt/rustwide/rustup-home" "-w" "/opt/rustwide/workdir" "-m" "1610612736" "--user" "0:0" "--network" "none" "ghcr.io/rust-lang/crates-build-env/linux@sha256:2788e3201cd34a07e3172128adcd8b3090168a8e3bcc40d7c032b9dda1df7d1c" "/opt/rustwide/cargo-home/bin/cargo" "+1.75.0" "metadata" "--no-deps" "--format-version=1", kill_on_drop: false }`
[INFO] [stdout] 538078f23f202e7181ef4a3d4619e8880369d1686efb20170944424cd86b2356
[INFO] running `Command { std: "docker" "start" "-a" "538078f23f202e7181ef4a3d4619e8880369d1686efb20170944424cd86b2356", kill_on_drop: false }`
[INFO] running `Command { std: "docker" "inspect" "538078f23f202e7181ef4a3d4619e8880369d1686efb20170944424cd86b2356", kill_on_drop: false }`
[INFO] running `Command { std: "docker" "rm" "-f" "538078f23f202e7181ef4a3d4619e8880369d1686efb20170944424cd86b2356", kill_on_drop: false }`
[INFO] [stdout] 538078f23f202e7181ef4a3d4619e8880369d1686efb20170944424cd86b2356
[INFO] running `Command { std: "docker" "create" "-v" "/var/lib/crater-agent-workspace/builds/worker-4-tc1/target:/opt/rustwide/target:rw,Z" "-v" "/var/lib/crater-agent-workspace/builds/worker-4-tc1/source:/opt/rustwide/workdir:ro,Z" "-v" "/var/lib/crater-agent-workspace/cargo-home:/opt/rustwide/cargo-home:ro,Z" "-v" "/var/lib/crater-agent-workspace/rustup-home:/opt/rustwide/rustup-home:ro,Z" "-e" "SOURCE_DIR=/opt/rustwide/workdir" "-e" "CARGO_TARGET_DIR=/opt/rustwide/target" "-e" "CARGO_INCREMENTAL=0" "-e" "RUST_BACKTRACE=full" "-e" "RUSTFLAGS=--cap-lints=warn" "-e" "RUSTDOCFLAGS=--cap-lints=warn" "-e" "CARGO_HOME=/opt/rustwide/cargo-home" "-e" "RUSTUP_HOME=/opt/rustwide/rustup-home" "-w" "/opt/rustwide/workdir" "-m" "1610612736" "--user" "0:0" "--network" "none" "ghcr.io/rust-lang/crates-build-env/linux@sha256:2788e3201cd34a07e3172128adcd8b3090168a8e3bcc40d7c032b9dda1df7d1c" "/opt/rustwide/cargo-home/bin/cargo" "+1.75.0" "doc" "--frozen" "--no-deps" "--document-private-items" "--message-format=json", kill_on_drop: false }`
[INFO] [stdout] de207315e6ba6ca5a0129e869ffff00af0e9da4550f40195acc68ab0f86825bd
[INFO] running `Command { std: "docker" "start" "-a" "de207315e6ba6ca5a0129e869ffff00af0e9da4550f40195acc68ab0f86825bd", kill_on_drop: false }`
[INFO] [stderr]    Compiling proc-macro2 v1.0.76
[INFO] [stderr]    Compiling serde v1.0.195
[INFO] [stderr]    Compiling syn v1.0.109
[INFO] [stderr]     Checking subtle v2.4.1
[INFO] [stderr]    Compiling semver v1.0.21
[INFO] [stderr]     Checking memchr v2.7.1
[INFO] [stderr]    Compiling generic-array v0.14.7
[INFO] [stderr]    Compiling libc v0.2.151
[INFO] [stderr]     Checking log v0.4.20
[INFO] [stderr]     Checking getrandom v0.2.11
[INFO] [stderr]    Compiling serde_json v1.0.111
[INFO] [stderr]    Compiling anyhow v1.0.79
[INFO] [stderr]    Compiling num-bigint v0.4.4
[INFO] [stderr]    Compiling num-traits v0.2.17
[INFO] [stderr]     Checking byteorder v1.5.0
[INFO] [stderr]    Compiling getrandom v0.1.16
[INFO] [stderr]    Compiling crunchy v0.2.2
[INFO] [stderr]     Checking rand_core v0.6.4
[INFO] [stderr]    Compiling ahash v0.8.7
[INFO] [stderr]     Checking opaque-debug v0.3.0
[INFO] [stderr]    Compiling num-integer v0.1.45
[INFO] [stderr]     Checking rand_chacha v0.3.1
[INFO] [stderr]     Checking block-padding v0.2.1
[INFO] [stderr]     Checking unicode-normalization v0.1.22
[INFO] [stderr]    Compiling wasm-bindgen-shared v0.2.89
[INFO] [stderr]    Compiling ahash v0.7.7
[INFO] [stderr]     Checking rand v0.8.5
[INFO] [stderr]    Compiling rustversion v1.0.14
[INFO] [stderr]    Compiling bumpalo v3.14.0
[INFO] [stderr]    Compiling feature-probe v0.1.1
[INFO] [stderr]     Checking bitmaps v2.1.0
[INFO] [stderr]     Checking rand_core v0.5.1
[INFO] [stderr]    Compiling rustc_version v0.4.0
[INFO] [stderr]    Compiling bv v0.11.1
[INFO] [stderr]     Checking rand_chacha v0.2.2
[INFO] [stderr]    Compiling digest v0.9.0
[INFO] [stderr]    Compiling im v15.1.0
[INFO] [stderr]    Compiling winnow v0.5.33
[INFO] [stderr]    Compiling jobserver v0.1.27
[INFO] [stderr]    Compiling libsecp256k1-core v0.2.2
[INFO] [stderr]     Checking hashbrown v0.13.2
[INFO] [stderr]     Checking keccak v0.1.4
[INFO] [stderr]    Compiling quote v1.0.35
[INFO] [stderr]     Checking rand v0.7.3
[INFO] [stderr]     Checking arrayref v0.3.7
[INFO] [stderr]     Checking rustc-hash v1.1.0
[INFO] [stderr]    Compiling cc v1.0.83
[INFO] [stderr]    Compiling solana-frozen-abi-macro v1.17.14
[INFO] [stderr]    Compiling toml_datetime v0.6.5
[INFO] [stderr]    Compiling solana-frozen-abi v1.17.14
[INFO] [stderr]    Compiling syn v2.0.48
[INFO] [stderr]     Checking ark-std v0.4.0
[INFO] [stderr]     Checking rayon v1.8.0
[INFO] [stderr]     Checking rand_xoshiro v0.6.0
[INFO] [stderr]     Checking sized-chunks v0.6.5
[INFO] [stderr]    Compiling memoffset v0.9.0
[INFO] [stderr]     Checking constant_time_eq v0.3.0
[INFO] [stderr]     Checking arrayvec v0.7.4
[INFO] [stderr]    Compiling wasm-bindgen v0.2.89
[INFO] [stderr]    Compiling bs58 v0.4.0
[INFO] [stderr]     Checking hashbrown v0.11.2
[INFO] [stderr]    Compiling libsecp256k1-gen-ecmult v0.2.1
[INFO] [stderr]    Compiling libsecp256k1-gen-genmult v0.2.1
[INFO] [stderr]     Checking memmap2 v0.5.10
[INFO] [stderr]     Checking base64 v0.12.3
[INFO] [stderr]     Checking aho-corasick v1.1.2
[INFO] [stderr]     Checking atty v0.2.14
[INFO] [stderr]     Checking signature v1.6.4
[INFO] [stderr]     Checking termcolor v1.4.0
[INFO] [stderr]     Checking humantime v2.1.0
[INFO] [stderr]    Compiling solana-sdk v1.17.14
[INFO] [stderr]     Checking ed25519 v1.5.3
[INFO] [stderr]     Checking derivation-path v0.2.0
[INFO] [stderr]     Checking iana-time-zone v0.1.59
[INFO] [stderr]     Checking parking_lot_core v0.9.9
[INFO] [stderr]     Checking qstring v0.7.2
[INFO] [stderr]     Checking uriparse v0.6.4
[INFO] [stderr]     Checking assert_matches v1.5.0
[INFO] [stderr]    Compiling libsecp256k1 v0.6.0
[INFO] [stderr]     Checking num_cpus v1.16.0
[INFO] [stderr]     Checking socket2 v0.5.5
[INFO] [stderr]     Checking mio v0.8.10
[INFO] [stderr]     Checking signal-hook-registry v1.4.1
[INFO] [stderr]     Checking spin v0.9.8
[INFO] [stderr]     Checking parking_lot v0.12.1
[INFO] [stderr]     Checking futures-sink v0.3.30
[INFO] [stderr]     Checking tracing-core v0.1.32
[INFO] [stderr]    Compiling rustls v0.21.10
[INFO] [stderr]     Checking http v0.2.11
[INFO] [stderr]     Checking futures-channel v0.3.30
[INFO] [stderr]    Compiling block-buffer v0.10.4
[INFO] [stderr]    Compiling crypto-common v0.1.6
[INFO] [stderr]     Checking idna v0.5.0
[INFO] [stderr]    Compiling digest v0.10.7
[INFO] [stderr]     Checking httparse v1.8.0
[INFO] [stderr]    Compiling crc32fast v1.3.2
[INFO] [stderr]     Checking alloc-no-stdlib v2.0.4
[INFO] [stderr]    Compiling blake3 v1.5.0
[INFO] [stderr]    Compiling solana-program v1.17.14
[INFO] [stderr]    Compiling ring v0.17.7
[INFO] [stderr]    Compiling sha2 v0.10.8
[INFO] [stderr]     Checking alloc-stdlib v0.2.2
[INFO] [stderr]     Checking regex-automata v0.4.3
[INFO] [stderr]     Checking rustls-pemfile v1.0.4
[INFO] [stderr]     Checking try-lock v0.2.5
[INFO] [stderr]     Checking miniz_oxide v0.7.1
[INFO] [stderr]     Checking want v0.3.1
[INFO] [stderr]     Checking brotli-decompressor v2.5.1
[INFO] [stderr]    Compiling toml_edit v0.19.15
[INFO] [stderr]     Checking url v2.5.0
[INFO] [stderr]     Checking http-body v0.4.6
[INFO] [stderr]    Compiling num-bigint v0.2.6
[INFO] [stderr]     Checking httpdate v1.0.3
[INFO] [stderr]     Checking tower-service v0.3.2
[INFO] [stderr]    Compiling num-rational v0.2.4
[INFO] [stderr]    Compiling num-complex v0.2.4
[INFO] [stderr]    Compiling num-iter v0.1.43
[INFO] [stderr]     Checking webpki-roots v0.25.3
[INFO] [stderr]     Checking flate2 v1.0.28
[INFO] [stderr]     Checking crossbeam-channel v0.5.10
[INFO] [stderr]     Checking encoding_rs v0.8.33
[INFO] [stderr]     Checking mime v0.3.17
[INFO] [stderr]     Checking void v1.0.2
[INFO] [stderr]     Checking gethostname v0.2.3
[INFO] [stderr]     Checking unreachable v1.0.0
[INFO] [stderr]     Checking plain v0.2.3
[INFO] [stderr]     Checking ascii v0.9.3
[INFO] [stderr]    Compiling solana-program-runtime v1.17.14
[INFO] [stderr]     Checking hash32 v0.2.1
[INFO] [stderr]     Checking eager v0.1.0
[INFO] [stderr]    Compiling zstd-sys v2.0.9+zstd.1.5.5
[INFO] [stderr]    Compiling toml_edit v0.20.7
[INFO] [stderr]     Checking time v0.3.31
[INFO] [stderr]    Compiling zstd-safe v5.0.2+zstd.1.5.2
[INFO] [stderr]     Checking combine v3.8.1
[INFO] [stderr]    Compiling ring v0.16.20
[INFO] [stderr]     Checking brotli v3.4.0
[INFO] [stderr]    Compiling solana-version v1.17.14
[INFO] [stderr]    Compiling indexmap v1.9.3
[INFO] [stderr]     Checking solana-security-txt v1.1.1
[INFO] [stderr]    Compiling solana-vote-program v1.17.14
[INFO] [stderr]     Checking base64 v0.13.1
[INFO] [stderr]    Compiling block-buffer v0.9.0
[INFO] [stderr]     Checking minimal-lexical v0.2.1
[INFO] [stderr]    Compiling unicode-segmentation v1.10.1
[INFO] [stderr]    Compiling async-trait v0.1.77
[INFO] [stderr]    Compiling proc-macro-crate v1.3.1
[INFO] [stderr]     Checking num v0.2.1
[INFO] [stderr]     Checking nom v7.1.3
[INFO] [stderr]     Checking percentage v0.1.0
[INFO] [stderr]    Compiling sha2 v0.9.9
[INFO] [stderr]    Compiling heck v0.3.3
[INFO] [stderr]     Checking console v0.15.7
[INFO] [stderr]     Checking regex v1.10.2
[INFO] [stderr]    Compiling memoffset v0.7.1
[INFO] [stderr]     Checking data-encoding v2.5.0
[INFO] [stderr]    Compiling bs58 v0.3.1
[INFO] [stderr]    Compiling wasm-bindgen-backend v0.2.89
[INFO] [stderr]    Compiling darling_core v0.20.3
[INFO] [stderr]     Checking env_logger v0.9.3
[INFO] [stderr]     Checking Inflector v0.11.4
[INFO] [stderr]     Checking yasna v0.5.2
[INFO] [stderr]    Compiling proc-macro-crate v2.0.0
[INFO] [stderr]     Checking pem v1.1.1
[INFO] [stderr]    Compiling borsh-schema-derive-internal v0.10.3
[INFO] [stderr]    Compiling borsh-derive-internal v0.9.3
[INFO] [stderr]    Compiling borsh-derive-internal v0.10.3
[INFO] [stderr]    Compiling borsh-schema-derive-internal v0.9.3
[INFO] [stderr]     Checking solana-logger v1.17.14
[INFO] [stderr]    Compiling synstructure v0.12.6
[INFO] [stderr]    Compiling portable-atomic v1.6.0
[INFO] [stderr]    Compiling rustix v0.38.28
[INFO] [stderr]     Checking const-oid v0.7.1
[INFO] [stderr]     Checking linux-raw-sys v0.4.12
[INFO] [stderr]    Compiling oid-registry v0.6.1
[INFO] [stderr]     Checking openssl-probe v0.1.5
[INFO] [stderr]     Checking rustls-native-certs v0.6.3
[INFO] [stderr]     Checking der v0.5.1
[INFO] [stderr]     Checking rusticata-macros v4.1.0
[INFO] [stderr]     Checking nix v0.26.4
[INFO] [stderr]    Compiling solana-perf v1.17.14
[INFO] [stderr]     Checking fastrand v2.0.1
[INFO] [stderr]    Compiling wasm-bindgen-macro-support v0.2.89
[INFO] [stderr]     Checking os_str_bytes v6.6.1
[INFO] [stderr]     Checking base64ct v1.6.0
[INFO] [stderr]     Checking number_prefix v0.4.0
[INFO] [stderr]     Checking event-listener v2.5.3
[INFO] [stderr]     Checking hashbrown v0.12.3
[INFO] [stderr]     Checking clap_lex v0.2.4
[INFO] [stderr]     Checking solana-rayon-threadlimit v1.17.14
[INFO] [stderr]     Checking spki v0.5.4
[INFO] [stderr]     Checking textwrap v0.16.0
[INFO] [stderr]     Checking shell-words v1.1.0
[INFO] [stderr]     Checking indicatif v0.17.7
[INFO] [stderr]     Checking utf-8 v0.7.6
[INFO] [stderr]     Checking strsim v0.10.0
[INFO] [stderr]     Checking async-channel v1.9.0
[INFO] [stderr]     Checking textwrap v0.11.0
[INFO] [stderr]     Checking rtoolbox v0.0.2
[INFO] [stderr]     Checking strsim v0.8.0
[INFO] [stderr]     Checking histogram v0.6.9
[INFO] [stderr]     Checking ansi_term v0.12.1
[INFO] [stderr]     Checking vec_map v0.8.2
[INFO] [stderr]     Checking rpassword v7.3.1
[INFO] [stderr]     Checking clap v2.34.0
[INFO] [stderr]    Compiling bindgen v0.60.1
[INFO] [stderr]    Compiling bitflags v1.3.2
[INFO] [stderr]    Compiling lexical-core v0.7.6
[INFO] [stderr]     Checking clap v3.2.25
[INFO] [stderr]     Checking rcgen v0.10.0
[INFO] [stderr]    Compiling clang-sys v1.7.0
[INFO] [stderr]     Checking async-mutex v1.4.0
[INFO] [stderr]    Compiling nom v5.1.3
[INFO] [stderr]     Checking static_assertions v1.1.0
[INFO] [stderr]     Checking arrayvec v0.5.2
[INFO] [stderr]     Checking dashmap v4.0.2
[INFO] [stderr]     Checking hex v0.4.3
[INFO] [stderr]     Checking sgx_types v1.1.2
[INFO] [stderr]    Compiling serde_derive v1.0.195
[INFO] [stderr]    Compiling thiserror-impl v1.0.56
[INFO] [stderr]    Compiling zeroize_derive v1.4.2
[INFO] [stderr]    Compiling ark-serialize-derive v0.4.2
[INFO] [stderr]    Compiling ark-ff-asm v0.4.2
[INFO] [stderr]    Compiling ark-ff-macros v0.4.2
[INFO] [stderr]    Compiling derivative v2.2.0
[INFO] [stderr]    Compiling wasm-bindgen-macro v0.2.89
[INFO] [stderr]    Compiling bytemuck_derive v1.5.0
[INFO] [stderr]    Compiling num-derive v0.3.3
[INFO] [stderr]    Compiling solana-sdk-macro v1.17.14
[INFO] [stderr]    Compiling darling_macro v0.20.3
[INFO] [stderr]    Compiling num_enum_derive v0.6.1
[INFO] [stderr]     Checking zeroize v1.3.0
[INFO] [stderr]    Compiling qualifier_attr v0.2.2
[INFO] [stderr]    Compiling tokio-macros v2.2.0
[INFO] [stderr]    Compiling futures-macro v0.3.30
[INFO] [stderr]    Compiling tracing-attributes v0.1.27
[INFO] [stderr]     Checking merlin v3.0.0
[INFO] [stderr]     Checking thiserror v1.0.56
[INFO] [stderr]    Compiling spl-program-error-derive v0.3.1
[INFO] [stderr]    Compiling darling v0.20.3
[INFO] [stderr]    Compiling spl-discriminator-syn v0.1.1
[INFO] [stderr]    Compiling serde_with_macros v2.3.3
[INFO] [stderr]    Compiling scroll_derive v0.11.1
[INFO] [stderr]    Compiling num-derive v0.4.1
[INFO] [stderr]     Checking bytemuck v1.14.0
[INFO] [stderr]    Compiling enum-iterator-derive v1.2.1
[INFO] [stderr]     Checking tokio v1.35.1
[INFO] [stderr]    Compiling num_enum_derive v0.7.1
[INFO] [stderr]    Compiling asn1-rs-impl v0.1.0
[INFO] [stderr]    Compiling spl-discriminator-derive v0.1.1
[INFO] [stderr]     Checking futures-util v0.3.30
[INFO] [stderr]    Compiling asn1-rs-derive v0.4.0
[INFO] [stderr]     Checking num_enum v0.6.1
[INFO] [stderr]    Compiling displaydoc v0.2.4
[INFO] [stderr]     Checking scroll v0.11.0
[INFO] [stderr]    Compiling dlopen2_derive v0.3.0
[INFO] [stderr]     Checking goblin v0.5.4
[INFO] [stderr]     Checking tracing v0.1.40
[INFO] [stderr]     Checking enum-iterator v1.4.1
[INFO] [stderr]     Checking quinn-udp v0.4.1
[INFO] [stderr]     Checking caps v0.5.5
[INFO] [stderr]     Checking pkcs8 v0.8.0
[INFO] [stderr]    Compiling anchor-derive-space v0.27.0
[INFO] [stderr]     Checking dlopen2 v0.5.0
[INFO] [stderr]     Checking asn1-rs v0.5.2
[INFO] [stderr]     Checking num_enum v0.7.1
[INFO] [stderr]     Checking sgx-quote v0.1.0
[INFO] [stderr]     Checking futures-executor v0.3.30
[INFO] [stderr]     Checking der-parser v8.2.0
[INFO] [stderr]     Checking futures v0.3.30
[INFO] [stderr]     Checking x509-parser v0.14.0
[INFO] [stderr]     Checking solana_rbpf v0.8.0
[INFO] [stderr]     Checking tokio-util v0.7.10
[INFO] [stderr]     Checking async-compression v0.4.5
[INFO] [stderr]     Checking tokio-stream v0.1.14
[INFO] [stderr]     Checking h2 v0.3.22
[INFO] [stderr]     Checking bitflags v2.4.1
[INFO] [stderr]     Checking serde_bytes v0.11.14
[INFO] [stderr]     Checking bincode v1.3.3
[INFO] [stderr]     Checking chrono v0.4.31
[INFO] [stderr]     Checking serde_with v2.3.3
[INFO] [stderr]     Checking serde_urlencoded v0.7.1
[INFO] [stderr]     Checking rustls-webpki v0.101.7
[INFO] [stderr]     Checking sct v0.7.1
[INFO] [stderr]    Compiling toml v0.5.11
[INFO] [stderr]     Checking crypto-mac v0.8.0
[INFO] [stderr]     Checking cipher v0.3.0
[INFO] [stderr]     Checking universal-hash v0.4.1
[INFO] [stderr]     Checking aead v0.4.3
[INFO] [stderr]     Checking curve25519-dalek v3.2.1
[INFO] [stderr]     Checking hmac v0.8.1
[INFO] [stderr]     Checking pbkdf2 v0.4.0
[INFO] [stderr]     Checking aes v0.7.5
[INFO] [stderr]     Checking hmac-drbg v0.3.0
[INFO] [stderr]     Checking ctr v0.8.0
[INFO] [stderr]     Checking polyval v0.5.3
[INFO] [stderr]     Checking sha3 v0.9.1
[INFO] [stderr]     Checking ark-serialize v0.4.2
[INFO] [stderr]     Checking sha3 v0.10.8
[INFO] [stderr]     Checking hmac v0.12.1
[INFO] [stderr]     Checking tiny-bip39 v0.8.2
[INFO] [stderr]     Checking ark-ff v0.4.2
[INFO] [stderr]     Checking pbkdf2 v0.11.0
[INFO] [stderr]     Checking jsonrpc-core v18.0.0
[INFO] [stderr]     Checking aes-gcm-siv v0.10.3
[INFO] [stderr]     Checking sha1 v0.10.6
[INFO] [stderr]     Checking webpki-roots v0.24.0
[INFO] [stderr]    Compiling switchboard-attestation-client v0.1.7 (/opt/rustwide/workdir)
[INFO] [stderr]    Compiling proc-macro-crate v0.1.5
[INFO] [stderr]     Checking ed25519-dalek v1.0.1
[INFO] [stderr]    Compiling borsh-derive v0.9.3
[INFO] [stderr]    Compiling borsh-derive v0.10.3
[INFO] [stderr]     Checking ed25519-dalek-bip32 v0.2.0
[INFO] [stderr]     Checking tempfile v3.9.0
[INFO] [stderr]     Checking zstd v0.11.2+zstd.1.5.2
[INFO] [stderr]    Compiling anchor-syn v0.27.0
[INFO] [stderr]     Checking dialoguer v0.10.4
[INFO] [stderr]     Checking borsh v0.9.3
[INFO] [stderr]     Checking borsh v0.10.3
[INFO] [stderr]     Checking tokio-rustls v0.24.1
[INFO] [stderr]     Checking quinn-proto v0.10.6
[INFO] [stderr]     Checking tungstenite v0.20.1
[INFO] [stderr]     Checking tokio-tungstenite v0.20.1
[INFO] [stderr]     Checking hyper v0.14.28
[INFO] [stderr] error: failed to run custom build command for `switchboard-attestation-client v0.1.7 (/opt/rustwide/workdir)`
[INFO] [stderr] note: To improve backtraces for build dependencies, set the CARGO_PROFILE_DEV_BUILD_OVERRIDE_DEBUG=true environment variable to enable debug information generation.
[INFO] [stderr] 
[INFO] [stderr] Caused by:
[INFO] [stderr]   process didn't exit successfully: `/opt/rustwide/target/debug/build/switchboard-attestation-client-da405cbbedcd1132/build-script-build` (exit status: 101)
[INFO] [stderr]   --- stdout
[INFO] [stderr]   cargo:rustc-link-search=.
[INFO] [stderr]   cargo:rustc-link-search=native=/opt/intel/sgxsdk/lib64
[INFO] [stderr]   cargo:include=/opt/intel/sgxsdk/include
[INFO] [stderr]   cargo:include=/usr/include
[INFO] [stderr]   cargo:rustc-link-lib=static=enclave_untrusted
[INFO] [stderr]   cargo:rustc-link-search=native=/usr/lib/x86_64-linux-gnu
[INFO] [stderr]   cargo:rustc-link-search=native=/usr/lib/x86_64-linux-gnu
[INFO] [stderr]   cargo:rustc-link-lib=sgx_dcap_quoteverify
[INFO] [stderr]   cargo:rerun-if-changed=bindings.h
[INFO] [stderr] 
[INFO] [stderr]   --- stderr
[INFO] [stderr]   warning: /usr/lib/llvm-14/lib/clang/14.0.0/include: 'linker' input unused [-Wunused-command-line-argument]
[INFO] [stderr]   bindings.h:1:10: fatal error: 'sgx_dcap_quoteverify.h' file not found
[INFO] [stderr]   clang diag: warning: /usr/lib/llvm-14/lib/clang/14.0.0/include: 'linker' input unused [-Wunused-command-line-argument]
[INFO] [stderr]   thread 'main' panicked at build.rs:58:10:
[INFO] [stderr]   Unable to generate bindings: ClangDiagnostic("bindings.h:1:10: fatal error: 'sgx_dcap_quoteverify.h' file not found\n")
[INFO] [stderr]   stack backtrace:
[INFO] [stderr]      0:     0x56417d4d8b3c - std::backtrace_rs::backtrace::libunwind::trace::ha637c64ce894333a
[INFO] [stderr]                                  at /rustc/82e1608dfa6e0b5569232559e3d385fea5a93112/library/std/src/../../backtrace/src/backtrace/libunwind.rs:104:5
[INFO] [stderr]      1:     0x56417d4d8b3c - std::backtrace_rs::backtrace::trace_unsynchronized::h47f62dea28e0c88d
[INFO] [stderr]                                  at /rustc/82e1608dfa6e0b5569232559e3d385fea5a93112/library/std/src/../../backtrace/src/backtrace/mod.rs:66:5
[INFO] [stderr]      2:     0x56417d4d8b3c - std::sys_common::backtrace::_print_fmt::h9eef0abe20ede486
[INFO] [stderr]                                  at /rustc/82e1608dfa6e0b5569232559e3d385fea5a93112/library/std/src/sys_common/backtrace.rs:67:5
[INFO] [stderr]      3:     0x56417d4d8b3c - <std::sys_common::backtrace::_print::DisplayBacktrace as core::fmt::Display>::fmt::hed7f999df88cc644
[INFO] [stderr]                                  at /rustc/82e1608dfa6e0b5569232559e3d385fea5a93112/library/std/src/sys_common/backtrace.rs:44:22
[INFO] [stderr]      4:     0x56417d503360 - core::fmt::rt::Argument::fmt::h1539a9308b8d058d
[INFO] [stderr]                                  at /rustc/82e1608dfa6e0b5569232559e3d385fea5a93112/library/core/src/fmt/rt.rs:142:9
[INFO] [stderr]      5:     0x56417d503360 - core::fmt::write::h3a39390d8560d9c9
[INFO] [stderr]                                  at /rustc/82e1608dfa6e0b5569232559e3d385fea5a93112/library/core/src/fmt/mod.rs:1120:17
[INFO] [stderr]      6:     0x56417d4d625f - std::io::Write::write_fmt::h5fc9997dfe05f882
[INFO] [stderr]                                  at /rustc/82e1608dfa6e0b5569232559e3d385fea5a93112/library/std/src/io/mod.rs:1762:15
[INFO] [stderr]      7:     0x56417d4d8924 - std::sys_common::backtrace::_print::h894006fb5c6f3d45
[INFO] [stderr]                                  at /rustc/82e1608dfa6e0b5569232559e3d385fea5a93112/library/std/src/sys_common/backtrace.rs:47:5
[INFO] [stderr]      8:     0x56417d4d8924 - std::sys_common::backtrace::print::h23a2d212c6fff936
[INFO] [stderr]                                  at /rustc/82e1608dfa6e0b5569232559e3d385fea5a93112/library/std/src/sys_common/backtrace.rs:34:9
[INFO] [stderr]      9:     0x56417d4d9f27 - std::panicking::default_hook::{{closure}}::h8a1d2ee00185001a
[INFO] [stderr]     10:     0x56417d4d9c8f - std::panicking::default_hook::h6038f2eba384e475
[INFO] [stderr]                                  at /rustc/82e1608dfa6e0b5569232559e3d385fea5a93112/library/std/src/panicking.rs:292:9
[INFO] [stderr]     11:     0x56417d4da3a8 - std::panicking::rust_panic_with_hook::h2b5517d590cab22e
[INFO] [stderr]                                  at /rustc/82e1608dfa6e0b5569232559e3d385fea5a93112/library/std/src/panicking.rs:779:13
[INFO] [stderr]     12:     0x56417d4da28e - std::panicking::begin_panic_handler::{{closure}}::h233112c06e0ef43e
[INFO] [stderr]                                  at /rustc/82e1608dfa6e0b5569232559e3d385fea5a93112/library/std/src/panicking.rs:657:13
[INFO] [stderr]     13:     0x56417d4d9006 - std::sys_common::backtrace::__rust_end_short_backtrace::h6e893f24d7ebbff8
[INFO] [stderr]                                  at /rustc/82e1608dfa6e0b5569232559e3d385fea5a93112/library/std/src/sys_common/backtrace.rs:170:18
[INFO] [stderr]     14:     0x56417d4d9ff2 - rust_begin_unwind
[INFO] [stderr]                                  at /rustc/82e1608dfa6e0b5569232559e3d385fea5a93112/library/std/src/panicking.rs:645:5
[INFO] [stderr]     15:     0x56417cf8a455 - core::panicking::panic_fmt::hbf0e066aabfa482c
[INFO] [stderr]                                  at /rustc/82e1608dfa6e0b5569232559e3d385fea5a93112/library/core/src/panicking.rs:72:14
[INFO] [stderr]     16:     0x56417cf8aa23 - core::result::unwrap_failed::hddb4fea594200c52
[INFO] [stderr]                                  at /rustc/82e1608dfa6e0b5569232559e3d385fea5a93112/library/core/src/result.rs:1653:5
[INFO] [stderr]     17:     0x56417cf8bd2d - core::result::Result<T,E>::expect::hf44e1dec985859cc
[INFO] [stderr]     18:     0x56417cf8dcbb - build_script_build::main::h3947ec94a84c1220
[INFO] [stderr]     19:     0x56417cf8b793 - core::ops::function::FnOnce::call_once::he914ff8cabc58c0f
[INFO] [stderr]     20:     0x56417cf8adf6 - std::sys_common::backtrace::__rust_begin_short_backtrace::h693b88d7f9805a4d
[INFO] [stderr]     21:     0x56417cf8b4e9 - std::rt::lang_start::{{closure}}::h846811e611578779
[INFO] [stderr]     22:     0x56417d4d2087 - core::ops::function::impls::<impl core::ops::function::FnOnce<A> for &F>::call_once::hd95060ecd5e1ca24
[INFO] [stderr]                                  at /rustc/82e1608dfa6e0b5569232559e3d385fea5a93112/library/core/src/ops/function.rs:284:13
[INFO] [stderr]     23:     0x56417d4d2087 - std::panicking::try::do_call::h6e8cf51db32a6e4b
[INFO] [stderr]                                  at /rustc/82e1608dfa6e0b5569232559e3d385fea5a93112/library/std/src/panicking.rs:552:40
[INFO] [stderr]     24:     0x56417d4d2087 - std::panicking::try::h3a52eefe24fe3c29
[INFO] [stderr]                                  at /rustc/82e1608dfa6e0b5569232559e3d385fea5a93112/library/std/src/panicking.rs:516:19
[INFO] [stderr]     25:     0x56417d4d2087 - std::panic::catch_unwind::h24c28c23c02c3841
[INFO] [stderr]                                  at /rustc/82e1608dfa6e0b5569232559e3d385fea5a93112/library/std/src/panic.rs:142:14
[INFO] [stderr]     26:     0x56417d4d2087 - std::rt::lang_start_internal::{{closure}}::h705d3c9cbc06ef47
[INFO] [stderr]                                  at /rustc/82e1608dfa6e0b5569232559e3d385fea5a93112/library/std/src/rt.rs:148:48
[INFO] [stderr]     27:     0x56417d4d2087 - std::panicking::try::do_call::ha21f52ba13158470
[INFO] [stderr]                                  at /rustc/82e1608dfa6e0b5569232559e3d385fea5a93112/library/std/src/panicking.rs:552:40
[INFO] [stderr]     28:     0x56417d4d2087 - std::panicking::try::h5581346bf6aeb1f8
[INFO] [stderr]                                  at /rustc/82e1608dfa6e0b5569232559e3d385fea5a93112/library/std/src/panicking.rs:516:19
[INFO] [stderr]     29:     0x56417d4d2087 - std::panic::catch_unwind::h7919645a6b72e25b
[INFO] [stderr]                                  at /rustc/82e1608dfa6e0b5569232559e3d385fea5a93112/library/std/src/panic.rs:142:14
[INFO] [stderr]     30:     0x56417d4d2087 - std::rt::lang_start_internal::h12de51168669836e
[INFO] [stderr]                                  at /rustc/82e1608dfa6e0b5569232559e3d385fea5a93112/library/std/src/rt.rs:148:20
[INFO] [stderr]     31:     0x56417cf8b4c7 - std::rt::lang_start::h860903c2736dfa20
[INFO] [stderr]     32:     0x56417cf8de65 - main
[INFO] [stderr]     33:     0x7f0b175c8d90 - <unknown>
[INFO] [stderr]     34:     0x7f0b175c8e40 - __libc_start_main
[INFO] [stderr]     35:     0x56417cf8ad25 - _start
[INFO] [stderr]     36:                0x0 - <unknown>
[INFO] [stderr] warning: build failed, waiting for other jobs to finish...
[INFO] running `Command { std: "docker" "inspect" "de207315e6ba6ca5a0129e869ffff00af0e9da4550f40195acc68ab0f86825bd", kill_on_drop: false }`
[INFO] running `Command { std: "docker" "rm" "-f" "de207315e6ba6ca5a0129e869ffff00af0e9da4550f40195acc68ab0f86825bd", kill_on_drop: false }`
[INFO] [stdout] de207315e6ba6ca5a0129e869ffff00af0e9da4550f40195acc68ab0f86825bd
