[INFO] fetching crate swc_estree_visit 0.1.0...
[INFO] documenting swc_estree_visit-0.1.0 against 1.75.0 for beta-1.76-rustdoc-1
[INFO] extracting crate swc_estree_visit 0.1.0 into /workspace/builds/worker-5-tc1/source
[INFO] validating manifest of crates.io crate swc_estree_visit 0.1.0 on toolchain 1.75.0
[INFO] running `Command { std: CARGO_HOME="/workspace/cargo-home" RUSTUP_HOME="/workspace/rustup-home" "/workspace/cargo-home/bin/cargo" "+1.75.0" "metadata" "--manifest-path" "Cargo.toml" "--no-deps", kill_on_drop: false }`
[INFO] started tweaking crates.io crate swc_estree_visit 0.1.0
[INFO] finished tweaking crates.io crate swc_estree_visit 0.1.0
[INFO] tweaked toml for crates.io crate swc_estree_visit 0.1.0 written to /workspace/builds/worker-5-tc1/source/Cargo.toml
[INFO] running `Command { std: CARGO_HOME="/workspace/cargo-home" RUSTUP_HOME="/workspace/rustup-home" "/workspace/cargo-home/bin/cargo" "+1.75.0" "generate-lockfile" "--manifest-path" "Cargo.toml", kill_on_drop: false }`
[INFO] [stderr]     Updating crates.io index
[INFO] running `Command { std: CARGO_HOME="/workspace/cargo-home" RUSTUP_HOME="/workspace/rustup-home" "/workspace/cargo-home/bin/cargo" "+1.75.0" "fetch" "--manifest-path" "Cargo.toml", kill_on_drop: false }`
[INFO] [stderr]  Downloading crates ...
[INFO] [stderr]   Downloaded swc_atoms v0.2.13
[INFO] [stderr]   Downloaded ast_node v0.7.7
[INFO] [stderr]   Downloaded swc_visit v0.2.8
[INFO] [stderr]   Downloaded swc_visit_macros v0.2.3
[INFO] [stderr]   Downloaded swc_estree_macros v0.1.0
[INFO] [stderr]   Downloaded swc_estree_ast v0.1.0
[INFO] [stderr]   Downloaded swc_common v0.14.7
[INFO] running `Command { std: "docker" "create" "-v" "/var/lib/crater-agent-workspace/builds/worker-5-tc1/target:/opt/rustwide/target:rw,Z" "-v" "/var/lib/crater-agent-workspace/builds/worker-5-tc1/source:/opt/rustwide/workdir:ro,Z" "-v" "/var/lib/crater-agent-workspace/cargo-home:/opt/rustwide/cargo-home:ro,Z" "-v" "/var/lib/crater-agent-workspace/rustup-home:/opt/rustwide/rustup-home:ro,Z" "-e" "SOURCE_DIR=/opt/rustwide/workdir" "-e" "CARGO_TARGET_DIR=/opt/rustwide/target" "-e" "CARGO_HOME=/opt/rustwide/cargo-home" "-e" "RUSTUP_HOME=/opt/rustwide/rustup-home" "-w" "/opt/rustwide/workdir" "-m" "1610612736" "--user" "0:0" "--network" "none" "ghcr.io/rust-lang/crates-build-env/linux@sha256:2788e3201cd34a07e3172128adcd8b3090168a8e3bcc40d7c032b9dda1df7d1c" "/opt/rustwide/cargo-home/bin/cargo" "+1.75.0" "metadata" "--no-deps" "--format-version=1", kill_on_drop: false }`
[INFO] [stdout] 6d0985d774087b9b691c5285e4237393c7391fb383bbaa709eb0f206dc509d52
[INFO] running `Command { std: "docker" "start" "-a" "6d0985d774087b9b691c5285e4237393c7391fb383bbaa709eb0f206dc509d52", kill_on_drop: false }`
[INFO] running `Command { std: "docker" "inspect" "6d0985d774087b9b691c5285e4237393c7391fb383bbaa709eb0f206dc509d52", kill_on_drop: false }`
[INFO] running `Command { std: "docker" "rm" "-f" "6d0985d774087b9b691c5285e4237393c7391fb383bbaa709eb0f206dc509d52", kill_on_drop: false }`
[INFO] [stdout] 6d0985d774087b9b691c5285e4237393c7391fb383bbaa709eb0f206dc509d52
[INFO] running `Command { std: "docker" "create" "-v" "/var/lib/crater-agent-workspace/builds/worker-5-tc1/target:/opt/rustwide/target:rw,Z" "-v" "/var/lib/crater-agent-workspace/builds/worker-5-tc1/source:/opt/rustwide/workdir:ro,Z" "-v" "/var/lib/crater-agent-workspace/cargo-home:/opt/rustwide/cargo-home:ro,Z" "-v" "/var/lib/crater-agent-workspace/rustup-home:/opt/rustwide/rustup-home:ro,Z" "-e" "SOURCE_DIR=/opt/rustwide/workdir" "-e" "CARGO_TARGET_DIR=/opt/rustwide/target" "-e" "CARGO_INCREMENTAL=0" "-e" "RUST_BACKTRACE=full" "-e" "RUSTFLAGS=--cap-lints=warn" "-e" "RUSTDOCFLAGS=--cap-lints=warn" "-e" "CARGO_HOME=/opt/rustwide/cargo-home" "-e" "RUSTUP_HOME=/opt/rustwide/rustup-home" "-w" "/opt/rustwide/workdir" "-m" "1610612736" "--user" "0:0" "--network" "none" "ghcr.io/rust-lang/crates-build-env/linux@sha256:2788e3201cd34a07e3172128adcd8b3090168a8e3bcc40d7c032b9dda1df7d1c" "/opt/rustwide/cargo-home/bin/cargo" "+1.75.0" "doc" "--frozen" "--no-deps" "--document-private-items" "--message-format=json", kill_on_drop: false }`
[INFO] [stdout] 1938f540be8195e1670f18a1fa1c46ce12b738e30a6b7ea086c124aaef3021c0
[INFO] running `Command { std: "docker" "start" "-a" "1938f540be8195e1670f18a1fa1c46ce12b738e30a6b7ea086c124aaef3021c0", kill_on_drop: false }`
[INFO] [stderr]    Compiling proc-macro2 v1.0.76
[INFO] [stderr]    Compiling syn v1.0.109
[INFO] [stderr]    Compiling memchr v2.7.1
[INFO] [stderr]    Compiling num-traits v0.2.17
[INFO] [stderr]     Checking scopeguard v1.2.0
[INFO] [stderr]    Compiling strsim v0.9.3
[INFO] [stderr]     Checking parking_lot_core v0.9.9
[INFO] [stderr]    Compiling num-integer v0.1.45
[INFO] [stderr]     Checking lock_api v0.4.11
[INFO] [stderr]    Compiling ahash v0.7.7
[INFO] [stderr]     Checking unicode-normalization v0.1.22
[INFO] [stderr]     Checking parking_lot v0.12.1
[INFO] [stderr]    Compiling num-bigint v0.2.6
[INFO] [stderr]    Compiling aho-corasick v1.1.2
[INFO] [stderr]     Checking precomputed-hash v0.1.1
[INFO] [stderr]    Compiling quote v1.0.35
[INFO] [stderr]     Checking new_debug_unreachable v1.0.4
[INFO] [stderr]     Checking getrandom v0.2.11
[INFO] [stderr]    Compiling syn v2.0.48
[INFO] [stderr]    Compiling string_cache_codegen v0.5.2
[INFO] [stderr]     Checking idna v0.5.0
[INFO] [stderr]     Checking stable_deref_trait v1.2.0
[INFO] [stderr]     Checking owning_ref v0.4.1
[INFO] [stderr]     Checking cfg-if v0.1.10
[INFO] [stderr]     Checking unicode-width v0.1.11
[INFO] [stderr]     Checking scoped-tls v1.0.1
[INFO] [stderr]    Compiling swc_estree_macros v0.1.0
[INFO] [stderr]     Checking url v2.5.0
[INFO] [stderr]    Compiling swc_atoms v0.2.13
[INFO] [stderr]    Compiling regex-automata v0.4.3
[INFO] [stderr]    Compiling regex v1.10.2
[INFO] [stderr]    Compiling Inflector v0.11.4
[INFO] [stderr]    Compiling pmutil v0.5.3
[INFO] [stderr]    Compiling darling_core v0.10.2
[INFO] [stderr]    Compiling swc_macros_common v0.3.9
[INFO] [stderr]    Compiling serde_derive v1.0.195
[INFO] [stderr]    Compiling tracing-attributes v0.1.27
[INFO] [stderr]    Compiling swc_visit_macros v0.2.3
[INFO] [stderr]    Compiling swc_eq_ignore_macros v0.1.3
[INFO] [stderr]    Compiling from_variant v0.1.7
[INFO] [stdout] error[E0308]: mismatched types
[INFO] [stdout]    --> /opt/rustwide/cargo-home/registry/src/index.crates.io-6f17d22bba15001f/swc_visit_macros-0.2.3/src/lib.rs:244:26
[INFO] [stdout]     |
[INFO] [stdout] 244 |             pound_token: def_site(),
[INFO] [stdout]     |                          ^^^^^^^^^^ expected `Pound`, found `Span`
[INFO] [stdout] 
[INFO] [stdout] 
[INFO] [stdout] error[E0308]: mismatched types
[INFO] [stdout]    --> /opt/rustwide/cargo-home/registry/src/index.crates.io-6f17d22bba15001f/swc_visit_macros-0.2.3/src/lib.rs:246:28
[INFO] [stdout]     |
[INFO] [stdout] 246 |             bracket_token: def_site(),
[INFO] [stdout]     |                            ^^^^^^^^^^ expected `Bracket`, found `Span`
[INFO] [stdout]     |
[INFO] [stdout] help: try wrapping the expression in `syn::token::Bracket`
[INFO] [stdout]     |
[INFO] [stdout] 246 |             bracket_token: syn::token::Bracket { span: def_site() },
[INFO] [stdout]     |                            +++++++++++++++++++++++++++            +
[INFO] [stdout] 
[INFO] [stdout] 
[INFO] [stdout] error[E0308]: mismatched types
[INFO] [stdout]    --> /opt/rustwide/cargo-home/registry/src/index.crates.io-6f17d22bba15001f/swc_visit_macros-0.2.3/src/lib.rs:268:34
[INFO] [stdout]     |
[INFO] [stdout] 268 |                     brace_token: def_site(),
[INFO] [stdout]     |                                  ^^^^^^^^^^ expected `Brace`, found `Span`
[INFO] [stdout]     |
[INFO] [stdout] help: try wrapping the expression in `syn::token::Brace`
[INFO] [stdout]     |
[INFO] [stdout] 268 |                     brace_token: syn::token::Brace { span: def_site() },
[INFO] [stdout]     |                                  +++++++++++++++++++++++++            +
[INFO] [stdout] 
[INFO] [stdout] 
[INFO] [stdout] error[E0308]: mismatched types
[INFO] [stdout]    --> /opt/rustwide/cargo-home/registry/src/index.crates.io-6f17d22bba15001f/swc_visit_macros-0.2.3/src/lib.rs:344:24
[INFO] [stdout]     |
[INFO] [stdout] 344 |             pub_token: def_site(),
[INFO] [stdout]     |                        ^^^^^^^^^^ expected `Pub`, found `Span`
[INFO] [stdout]     |
[INFO] [stdout] help: try wrapping the expression in `syn::token::Pub`
[INFO] [stdout]     |
[INFO] [stdout] 344 |             pub_token: syn::token::Pub { span: def_site() },
[INFO] [stdout]     |                        +++++++++++++++++++++++            +
[INFO] [stdout] 
[INFO] [stdout] 
[INFO] [stdout] error[E0308]: mismatched types
[INFO] [stdout]    --> /opt/rustwide/cargo-home/registry/src/index.crates.io-6f17d22bba15001f/swc_visit_macros-0.2.3/src/lib.rs:348:22
[INFO] [stdout]     |
[INFO] [stdout] 348 |         trait_token: def_site(),
[INFO] [stdout]     |                      ^^^^^^^^^^ expected `Trait`, found `Span`
[INFO] [stdout]     |
[INFO] [stdout] help: try wrapping the expression in `syn::token::Trait`
[INFO] [stdout]     |
[INFO] [stdout] 348 |         trait_token: syn::token::Trait { span: def_site() },
[INFO] [stdout]     |                      +++++++++++++++++++++++++            +
[INFO] [stdout] 
[INFO] [stdout] 
[INFO] [stdout] error[E0308]: mismatched types
[INFO] [stdout]    --> /opt/rustwide/cargo-home/registry/src/index.crates.io-6f17d22bba15001f/swc_visit_macros-0.2.3/src/lib.rs:353:22
[INFO] [stdout]     |
[INFO] [stdout] 353 |         brace_token: def_site(),
[INFO] [stdout]     |                      ^^^^^^^^^^ expected `Brace`, found `Span`
[INFO] [stdout]     |
[INFO] [stdout] help: try wrapping the expression in `syn::token::Brace`
[INFO] [stdout]     |
[INFO] [stdout] 353 |         brace_token: syn::token::Brace { span: def_site() },
[INFO] [stdout]     |                      +++++++++++++++++++++++++            +
[INFO] [stdout] 
[INFO] [stdout] 
[INFO] [stderr]    Compiling darling_macro v0.10.2
[INFO] [stdout] error[E0308]: mismatched types
[INFO] [stdout]    --> /opt/rustwide/cargo-home/registry/src/index.crates.io-6f17d22bba15001f/swc_visit_macros-0.2.3/src/lib.rs:807:83
[INFO] [stdout]     |
[INFO] [stdout] 807 |                 Mode::VisitAll | Mode::Visit | Mode::VisitMut => Stmt::Semi(expr, call_site()),
[INFO] [stdout]     |                                                                  ----------       ^^^^^^^^^^^ expected `Semi`, found `Span`
[INFO] [stdout]     |                                                                  |
[INFO] [stdout]     |                                                                  arguments to this enum variant are incorrect
[INFO] [stdout]     |
[INFO] [stdout] note: tuple variant defined here
[INFO] [stdout]    --> /opt/rustwide/cargo-home/registry/src/index.crates.io-6f17d22bba15001f/syn-1.0.109/src/stmt.rs:31:9
[INFO] [stdout]     |
[INFO] [stdout] 31  |         Semi(Expr, Token![;]),
[INFO] [stdout]     |         ^^^^
[INFO] [stdout] 
[INFO] [stdout] 
[INFO] [stdout] error[E0308]: mismatched types
[INFO] [stdout]    --> /opt/rustwide/cargo-home/registry/src/index.crates.io-6f17d22bba15001f/swc_visit_macros-0.2.3/src/lib.rs:838:35
[INFO] [stdout]     |
[INFO] [stdout] 838 |                 colon_token: Some(def_site()),
[INFO] [stdout]     |                              ---- ^^^^^^^^^^ expected `Colon`, found `Span`
[INFO] [stdout]     |                              |
[INFO] [stdout]     |                              arguments to this enum variant are incorrect
[INFO] [stdout]     |
[INFO] [stdout] help: the type constructed contains `proc_macro2::Span` due to the type of the argument passed
[INFO] [stdout]    --> /opt/rustwide/cargo-home/registry/src/index.crates.io-6f17d22bba15001f/swc_visit_macros-0.2.3/src/lib.rs:838:30
[INFO] [stdout]     |
[INFO] [stdout] 838 |                 colon_token: Some(def_site()),
[INFO] [stdout]     |                              ^^^^^----------^
[INFO] [stdout]     |                                   |
[INFO] [stdout]     |                                   this argument influences the type of `Some`
[INFO] [stdout] note: tuple variant defined here
[INFO] [stdout]    --> /rustc/82e1608dfa6e0b5569232559e3d385fea5a93112/library/core/src/option.rs:577:5
[INFO] [stdout] 
[INFO] [stdout] 
[INFO] [stdout] error[E0308]: mismatched types
[INFO] [stdout]    --> /opt/rustwide/cargo-home/registry/src/index.crates.io-6f17d22bba15001f/swc_visit_macros-0.2.3/src/lib.rs:865:22
[INFO] [stdout]     |
[INFO] [stdout] 865 |         brace_token: def_site(),
[INFO] [stdout]     |                      ^^^^^^^^^^ expected `Brace`, found `Span`
[INFO] [stdout]     |
[INFO] [stdout] help: try wrapping the expression in `syn::token::Brace`
[INFO] [stdout]     |
[INFO] [stdout] 865 |         brace_token: syn::token::Brace { span: def_site() },
[INFO] [stdout]     |                      +++++++++++++++++++++++++            +
[INFO] [stdout] 
[INFO] [stdout] 
[INFO] [stdout] error[E0308]: mismatched types
[INFO] [stdout]    --> /opt/rustwide/cargo-home/registry/src/index.crates.io-6f17d22bba15001f/swc_visit_macros-0.2.3/src/lib.rs:873:26
[INFO] [stdout]     |
[INFO] [stdout] 873 |         fat_arrow_token: def_site(),
[INFO] [stdout]     |                          ^^^^^^^^^^ expected `FatArrow`, found `Span`
[INFO] [stdout] 
[INFO] [stdout] 
[INFO] [stdout] error[E0308]: mismatched types
[INFO] [stdout]    --> /opt/rustwide/cargo-home/registry/src/index.crates.io-6f17d22bba15001f/swc_visit_macros-0.2.3/src/lib.rs:889:19
[INFO] [stdout]     |
[INFO] [stdout] 889 |         fn_token: def_site(),
[INFO] [stdout]     |                   ^^^^^^^^^^ expected `Fn`, found `Span`
[INFO] [stdout]     |
[INFO] [stdout] help: try wrapping the expression in `syn::token::Fn`
[INFO] [stdout]     |
[INFO] [stdout] 889 |         fn_token: syn::token::Fn { span: def_site() },
[INFO] [stdout]     |                   ++++++++++++++++++++++            +
[INFO] [stdout] 
[INFO] [stdout] 
[INFO] [stdout] error[E0308]: mismatched types
[INFO] [stdout]    --> /opt/rustwide/cargo-home/registry/src/index.crates.io-6f17d22bba15001f/swc_visit_macros-0.2.3/src/lib.rs:892:22
[INFO] [stdout]     |
[INFO] [stdout] 892 |         paren_token: def_site(),
[INFO] [stdout]     |                      ^^^^^^^^^^ expected `Paren`, found `Span`
[INFO] [stdout]     |
[INFO] [stdout] help: try wrapping the expression in `syn::token::Paren`
[INFO] [stdout]     |
[INFO] [stdout] 892 |         paren_token: syn::token::Paren { span: def_site() },
[INFO] [stdout]     |                      +++++++++++++++++++++++++            +
[INFO] [stdout] 
[INFO] [stdout] 
[INFO] [stdout] error[E0308]: mismatched types
[INFO] [stdout]    --> /opt/rustwide/cargo-home/registry/src/index.crates.io-6f17d22bba15001f/swc_visit_macros-0.2.3/src/lib.rs:921:13
[INFO] [stdout]     |
[INFO] [stdout] 896 |             p.push_punct(def_site());
[INFO] [stdout]     |             -            ---------- this argument has type `proc_macro2::Span`...
[INFO] [stdout]     |             |
[INFO] [stdout]     |             ... which causes `p` to have type `syn::punctuated::Punctuated<_, proc_macro2::Span>`
[INFO] [stdout] ...
[INFO] [stdout] 921 |             p
[INFO] [stdout]     |             ^ expected `Punctuated<FnArg, Comma>`, found `Punctuated<_, Span>`
[INFO] [stdout]     |
[INFO] [stdout]     = note: expected struct `syn::punctuated::Punctuated<FnArg, syn::token::Comma>`
[INFO] [stdout]                found struct `syn::punctuated::Punctuated<_, proc_macro2::Span>`
[INFO] [stdout] 
[INFO] [stdout] 
[INFO] [stdout] error[E0308]: mismatched types
[INFO] [stdout]    --> /opt/rustwide/cargo-home/registry/src/index.crates.io-6f17d22bba15001f/swc_visit_macros-0.2.3/src/lib.rs:965:34
[INFO] [stdout]     |
[INFO] [stdout] 965 |                     brace_token: def_site(),
[INFO] [stdout]     |                                  ^^^^^^^^^^ expected `Brace`, found `Span`
[INFO] [stdout]     |
[INFO] [stdout] help: try wrapping the expression in `syn::token::Brace`
[INFO] [stdout]     |
[INFO] [stdout] 965 |                     brace_token: syn::token::Brace { span: def_site() },
[INFO] [stdout]     |                                  +++++++++++++++++++++++++            +
[INFO] [stdout] 
[INFO] [stdout] 
[INFO] [stdout] error[E0308]: mismatched types
[INFO] [stdout]     --> /opt/rustwide/cargo-home/registry/src/index.crates.io-6f17d22bba15001f/swc_visit_macros-0.2.3/src/lib.rs:1020:34
[INFO] [stdout]      |
[INFO] [stdout] 1020 |                     brace_token: def_site(),
[INFO] [stdout]      |                                  ^^^^^^^^^^ expected `Brace`, found `Span`
[INFO] [stdout]      |
[INFO] [stdout] help: try wrapping the expression in `syn::token::Brace`
[INFO] [stdout]      |
[INFO] [stdout] 1020 |                     brace_token: syn::token::Brace { span: def_site() },
[INFO] [stdout]      |                                  +++++++++++++++++++++++++            +
[INFO] [stdout] 
[INFO] [stdout] 
[INFO] [stdout] error[E0308]: mismatched types
[INFO] [stdout]     --> /opt/rustwide/cargo-home/registry/src/index.crates.io-6f17d22bba15001f/swc_visit_macros-0.2.3/src/lib.rs:1023:38
[INFO] [stdout]      |
[INFO] [stdout] 1023 |                         match_token: def_site(),
[INFO] [stdout]      |                                      ^^^^^^^^^^ expected `Match`, found `Span`
[INFO] [stdout]      |
[INFO] [stdout] help: try wrapping the expression in `syn::token::Match`
[INFO] [stdout]      |
[INFO] [stdout] 1023 |                         match_token: syn::token::Match { span: def_site() },
[INFO] [stdout]      |                                      +++++++++++++++++++++++++            +
[INFO] [stdout] 
[INFO] [stdout] 
[INFO] [stdout] error[E0308]: mismatched types
[INFO] [stdout]     --> /opt/rustwide/cargo-home/registry/src/index.crates.io-6f17d22bba15001f/swc_visit_macros-0.2.3/src/lib.rs:1025:38
[INFO] [stdout]      |
[INFO] [stdout] 1025 |                         brace_token: def_site(),
[INFO] [stdout]      |                                      ^^^^^^^^^^ expected `Brace`, found `Span`
[INFO] [stdout]      |
[INFO] [stdout] help: try wrapping the expression in `syn::token::Brace`
[INFO] [stdout]      |
[INFO] [stdout] 1025 |                         brace_token: syn::token::Brace { span: def_site() },
[INFO] [stdout]      |                                      +++++++++++++++++++++++++            +
[INFO] [stdout] 
[INFO] [stdout] 
[INFO] [stdout] error[E0308]: mismatched types
[INFO] [stdout]     --> /opt/rustwide/cargo-home/registry/src/index.crates.io-6f17d22bba15001f/swc_visit_macros-0.2.3/src/lib.rs:1053:23
[INFO] [stdout]      |
[INFO] [stdout] 1053 |             fn_token: def_site(),
[INFO] [stdout]      |                       ^^^^^^^^^^ expected `Fn`, found `Span`
[INFO] [stdout]      |
[INFO] [stdout] help: try wrapping the expression in `syn::token::Fn`
[INFO] [stdout]      |
[INFO] [stdout] 1053 |             fn_token: syn::token::Fn { span: def_site() },
[INFO] [stdout]      |                       ++++++++++++++++++++++            +
[INFO] [stdout] 
[INFO] [stdout] 
[INFO] [stdout] error[E0308]: mismatched types
[INFO] [stdout]     --> /opt/rustwide/cargo-home/registry/src/index.crates.io-6f17d22bba15001f/swc_visit_macros-0.2.3/src/lib.rs:1056:26
[INFO] [stdout]      |
[INFO] [stdout] 1056 |             paren_token: def_site(),
[INFO] [stdout]      |                          ^^^^^^^^^^ expected `Paren`, found `Span`
[INFO] [stdout]      |
[INFO] [stdout] help: try wrapping the expression in `syn::token::Paren`
[INFO] [stdout]      |
[INFO] [stdout] 1056 |             paren_token: syn::token::Paren { span: def_site() },
[INFO] [stdout]      |                          +++++++++++++++++++++++++            +
[INFO] [stdout] 
[INFO] [stdout] 
[INFO] [stdout] error[E0308]: mismatched types
[INFO] [stdout]     --> /opt/rustwide/cargo-home/registry/src/index.crates.io-6f17d22bba15001f/swc_visit_macros-0.2.3/src/lib.rs:1070:17
[INFO] [stdout]      |
[INFO] [stdout] 1060 |                 p.push_punct(def_site());
[INFO] [stdout]      |                 -            ---------- this argument has type `proc_macro2::Span`...
[INFO] [stdout]      |                 |
[INFO] [stdout]      |                 ... which causes `p` to have type `syn::punctuated::Punctuated<_, proc_macro2::Span>`
[INFO] [stdout] ...
[INFO] [stdout] 1070 |                 p
[INFO] [stdout]      |                 ^ expected `Punctuated<FnArg, Comma>`, found `Punctuated<_, Span>`
[INFO] [stdout]      |
[INFO] [stdout]      = note: expected struct `syn::punctuated::Punctuated<FnArg, syn::token::Comma>`
[INFO] [stdout]                 found struct `syn::punctuated::Punctuated<_, proc_macro2::Span>`
[INFO] [stdout] 
[INFO] [stdout] 
[INFO] [stdout] error[E0308]: mismatched types
[INFO] [stdout]     --> /opt/rustwide/cargo-home/registry/src/index.crates.io-6f17d22bba15001f/swc_visit_macros-0.2.3/src/lib.rs:1085:28
[INFO] [stdout]      |
[INFO] [stdout] 1085 |                 and_token: def_site(),
[INFO] [stdout]      |                            ^^^^^^^^^^ expected `And`, found `Span`
[INFO] [stdout] 
[INFO] [stdout] 
[INFO] [stdout] error[E0308]: mismatched types
[INFO] [stdout]     --> /opt/rustwide/cargo-home/registry/src/index.crates.io-6f17d22bba15001f/swc_visit_macros-0.2.3/src/lib.rs:1087:47
[INFO] [stdout]      |
[INFO] [stdout] 1087 |                 mutability: if mutable { Some(def_site()) } else { None },
[INFO] [stdout]      |                                          ---- ^^^^^^^^^^ expected `Mut`, found `Span`
[INFO] [stdout]      |                                          |
[INFO] [stdout]      |                                          arguments to this enum variant are incorrect
[INFO] [stdout]      |
[INFO] [stdout] help: the type constructed contains `proc_macro2::Span` due to the type of the argument passed
[INFO] [stdout]     --> /opt/rustwide/cargo-home/registry/src/index.crates.io-6f17d22bba15001f/swc_visit_macros-0.2.3/src/lib.rs:1087:42
[INFO] [stdout]      |
[INFO] [stdout] 1087 |                 mutability: if mutable { Some(def_site()) } else { None },
[INFO] [stdout]      |                                          ^^^^^----------^
[INFO] [stdout]      |                                               |
[INFO] [stdout]      |                                               this argument influences the type of `Some`
[INFO] [stdout] note: tuple variant defined here
[INFO] [stdout]     --> /rustc/82e1608dfa6e0b5569232559e3d385fea5a93112/library/core/src/option.rs:577:5
[INFO] [stdout] help: try wrapping the expression in `syn::token::Mut`
[INFO] [stdout]      |
[INFO] [stdout] 1087 |                 mutability: if mutable { Some(syn::token::Mut { span: def_site() }) } else { None },
[INFO] [stdout]      |                                               +++++++++++++++++++++++            +
[INFO] [stdout] 
[INFO] [stdout] 
[INFO] [stdout] error[E0308]: mismatched types
[INFO] [stdout]     --> /opt/rustwide/cargo-home/registry/src/index.crates.io-6f17d22bba15001f/swc_visit_macros-0.2.3/src/lib.rs:1253:34
[INFO] [stdout]      |
[INFO] [stdout] 1253 |                     brace_token: def_site(),
[INFO] [stdout]      |                                  ^^^^^^^^^^ expected `Brace`, found `Span`
[INFO] [stdout]      |
[INFO] [stdout] help: try wrapping the expression in `syn::token::Brace`
[INFO] [stdout]      |
[INFO] [stdout] 1253 |                     brace_token: syn::token::Brace { span: def_site() },
[INFO] [stdout]      |                                  +++++++++++++++++++++++++            +
[INFO] [stdout] 
[INFO] [stdout] 
[INFO] [stdout] error: aborting due to 23 previous errors
[INFO] [stdout] 
[INFO] [stdout] 
[INFO] [stdout] For more information about this error, try `rustc --explain E0308`.
[INFO] [stdout] 
[INFO] [stderr] error: could not compile `swc_visit_macros` (lib) due to 24 previous errors
[INFO] [stderr] warning: build failed, waiting for other jobs to finish...
[INFO] running `Command { std: "docker" "inspect" "1938f540be8195e1670f18a1fa1c46ce12b738e30a6b7ea086c124aaef3021c0", kill_on_drop: false }`
[INFO] running `Command { std: "docker" "rm" "-f" "1938f540be8195e1670f18a1fa1c46ce12b738e30a6b7ea086c124aaef3021c0", kill_on_drop: false }`
[INFO] [stdout] 1938f540be8195e1670f18a1fa1c46ce12b738e30a6b7ea086c124aaef3021c0
[INFO] documenting swc_estree_visit-0.1.0 against beta-2023-12-22 for beta-1.76-rustdoc-1
[INFO] extracting crate swc_estree_visit 0.1.0 into /workspace/builds/worker-5-tc2/source
[INFO] validating manifest of crates.io crate swc_estree_visit 0.1.0 on toolchain beta-2023-12-22
[INFO] running `Command { std: CARGO_HOME="/workspace/cargo-home" RUSTUP_HOME="/workspace/rustup-home" "/workspace/cargo-home/bin/cargo" "+beta-2023-12-22" "metadata" "--manifest-path" "Cargo.toml" "--no-deps", kill_on_drop: false }`
[INFO] started tweaking crates.io crate swc_estree_visit 0.1.0
[INFO] finished tweaking crates.io crate swc_estree_visit 0.1.0
[INFO] tweaked toml for crates.io crate swc_estree_visit 0.1.0 written to /workspace/builds/worker-5-tc2/source/Cargo.toml
[INFO] running `Command { std: CARGO_HOME="/workspace/cargo-home" RUSTUP_HOME="/workspace/rustup-home" "/workspace/cargo-home/bin/cargo" "+beta-2023-12-22" "generate-lockfile" "--manifest-path" "Cargo.toml", kill_on_drop: false }`
[INFO] [stderr]     Updating crates.io index
[INFO] running `Command { std: CARGO_HOME="/workspace/cargo-home" RUSTUP_HOME="/workspace/rustup-home" "/workspace/cargo-home/bin/cargo" "+beta-2023-12-22" "fetch" "--manifest-path" "Cargo.toml", kill_on_drop: false }`
[INFO] running `Command { std: "docker" "create" "-v" "/var/lib/crater-agent-workspace/builds/worker-5-tc2/target:/opt/rustwide/target:rw,Z" "-v" "/var/lib/crater-agent-workspace/builds/worker-5-tc2/source:/opt/rustwide/workdir:ro,Z" "-v" "/var/lib/crater-agent-workspace/cargo-home:/opt/rustwide/cargo-home:ro,Z" "-v" "/var/lib/crater-agent-workspace/rustup-home:/opt/rustwide/rustup-home:ro,Z" "-e" "SOURCE_DIR=/opt/rustwide/workdir" "-e" "CARGO_TARGET_DIR=/opt/rustwide/target" "-e" "CARGO_HOME=/opt/rustwide/cargo-home" "-e" "RUSTUP_HOME=/opt/rustwide/rustup-home" "-w" "/opt/rustwide/workdir" "-m" "1610612736" "--user" "0:0" "--network" "none" "ghcr.io/rust-lang/crates-build-env/linux@sha256:2788e3201cd34a07e3172128adcd8b3090168a8e3bcc40d7c032b9dda1df7d1c" "/opt/rustwide/cargo-home/bin/cargo" "+beta-2023-12-22" "metadata" "--no-deps" "--format-version=1", kill_on_drop: false }`
[INFO] [stdout] 539fce007bfb964af0bf15ba28c0d782ea298ceaa01d3ec1e105bbe576a8d5ff
[INFO] running `Command { std: "docker" "start" "-a" "539fce007bfb964af0bf15ba28c0d782ea298ceaa01d3ec1e105bbe576a8d5ff", kill_on_drop: false }`
[INFO] running `Command { std: "docker" "inspect" "539fce007bfb964af0bf15ba28c0d782ea298ceaa01d3ec1e105bbe576a8d5ff", kill_on_drop: false }`
[INFO] running `Command { std: "docker" "rm" "-f" "539fce007bfb964af0bf15ba28c0d782ea298ceaa01d3ec1e105bbe576a8d5ff", kill_on_drop: false }`
[INFO] [stdout] 539fce007bfb964af0bf15ba28c0d782ea298ceaa01d3ec1e105bbe576a8d5ff
[INFO] running `Command { std: "docker" "create" "-v" "/var/lib/crater-agent-workspace/builds/worker-5-tc2/target:/opt/rustwide/target:rw,Z" "-v" "/var/lib/crater-agent-workspace/builds/worker-5-tc2/source:/opt/rustwide/workdir:ro,Z" "-v" "/var/lib/crater-agent-workspace/cargo-home:/opt/rustwide/cargo-home:ro,Z" "-v" "/var/lib/crater-agent-workspace/rustup-home:/opt/rustwide/rustup-home:ro,Z" "-e" "SOURCE_DIR=/opt/rustwide/workdir" "-e" "CARGO_TARGET_DIR=/opt/rustwide/target" "-e" "CARGO_INCREMENTAL=0" "-e" "RUST_BACKTRACE=full" "-e" "RUSTFLAGS=--cap-lints=warn" "-e" "RUSTDOCFLAGS=--cap-lints=warn" "-e" "CARGO_HOME=/opt/rustwide/cargo-home" "-e" "RUSTUP_HOME=/opt/rustwide/rustup-home" "-w" "/opt/rustwide/workdir" "-m" "1610612736" "--user" "0:0" "--network" "none" "ghcr.io/rust-lang/crates-build-env/linux@sha256:2788e3201cd34a07e3172128adcd8b3090168a8e3bcc40d7c032b9dda1df7d1c" "/opt/rustwide/cargo-home/bin/cargo" "+beta-2023-12-22" "doc" "--frozen" "--no-deps" "--document-private-items" "--message-format=json", kill_on_drop: false }`
[INFO] [stdout] 139dd5144afe3508a7bff6d97ea8b80b28b55491be534217c5ce830a9419c99d
[INFO] running `Command { std: "docker" "start" "-a" "139dd5144afe3508a7bff6d97ea8b80b28b55491be534217c5ce830a9419c99d", kill_on_drop: false }`
[INFO] [stderr]    Compiling proc-macro2 v1.0.76
[INFO] [stderr]    Compiling syn v1.0.109
[INFO] [stderr]    Compiling memchr v2.7.1
[INFO] [stderr]    Compiling regex-syntax v0.8.2
[INFO] [stderr]    Compiling num-traits v0.2.17
[INFO] [stderr]     Checking scopeguard v1.2.0
[INFO] [stderr]    Compiling strsim v0.9.3
[INFO] [stderr]     Checking parking_lot_core v0.9.9
[INFO] [stderr]     Checking lock_api v0.4.11
[INFO] [stderr]    Compiling num-integer v0.1.45
[INFO] [stderr]    Compiling lazy_static v1.4.0
[INFO] [stderr]    Compiling ahash v0.7.7
[INFO] [stderr]     Checking parking_lot v0.12.1
[INFO] [stderr]     Checking unicode-normalization v0.1.22
[INFO] [stderr]    Compiling quote v1.0.35
[INFO] [stderr]    Compiling aho-corasick v1.1.2
[INFO] [stderr]    Compiling num-bigint v0.2.6
[INFO] [stderr]    Compiling syn v2.0.48
[INFO] [stderr]    Compiling string_cache_codegen v0.5.2
[INFO] [stderr]     Checking new_debug_unreachable v1.0.4
[INFO] [stderr]     Checking precomputed-hash v0.1.1
[INFO] [stderr]     Checking idna v0.5.0
[INFO] [stderr]     Checking getrandom v0.2.11
[INFO] [stderr]     Checking stable_deref_trait v1.2.0
[INFO] [stderr]    Compiling swc_atoms v0.2.13
[INFO] [stderr]     Checking owning_ref v0.4.1
[INFO] [stderr]     Checking url v2.5.0
[INFO] [stderr]     Checking unicode-width v0.1.11
[INFO] [stderr]    Compiling regex-automata v0.4.3
[INFO] [stderr]     Checking scoped-tls v1.0.1
[INFO] [stderr]     Checking cfg-if v0.1.10
[INFO] [stderr]    Compiling swc_estree_macros v0.1.0
[INFO] [stderr]    Compiling regex v1.10.2
[INFO] [stderr]    Compiling swc_macros_common v0.3.9
[INFO] [stderr]    Compiling darling_core v0.10.2
[INFO] [stderr]    Compiling pmutil v0.5.3
[INFO] [stderr]    Compiling Inflector v0.11.4
[INFO] [stderr]    Compiling serde_derive v1.0.195
[INFO] [stderr]    Compiling tracing-attributes v0.1.27
[INFO] [stderr]    Compiling swc_visit_macros v0.2.3
[INFO] [stderr]    Compiling from_variant v0.1.7
[INFO] [stderr]    Compiling swc_eq_ignore_macros v0.1.3
[INFO] [stderr]    Compiling darling_macro v0.10.2
[INFO] [stdout] error[E0308]: mismatched types
[INFO] [stdout]    --> /opt/rustwide/cargo-home/registry/src/index.crates.io-6f17d22bba15001f/swc_visit_macros-0.2.3/src/lib.rs:244:26
[INFO] [stdout]     |
[INFO] [stdout] 244 |             pound_token: def_site(),
[INFO] [stdout]     |                          ^^^^^^^^^^ expected `Pound`, found `Span`
[INFO] [stdout] 
[INFO] [stdout] 
[INFO] [stdout] error[E0308]: mismatched types
[INFO] [stdout]    --> /opt/rustwide/cargo-home/registry/src/index.crates.io-6f17d22bba15001f/swc_visit_macros-0.2.3/src/lib.rs:246:28
[INFO] [stdout]     |
[INFO] [stdout] 246 |             bracket_token: def_site(),
[INFO] [stdout]     |                            ^^^^^^^^^^ expected `Bracket`, found `Span`
[INFO] [stdout]     |
[INFO] [stdout] help: try wrapping the expression in `syn::token::Bracket`
[INFO] [stdout]     |
[INFO] [stdout] 246 |             bracket_token: syn::token::Bracket { span: def_site() },
[INFO] [stdout]     |                            +++++++++++++++++++++++++++            +
[INFO] [stdout] 
[INFO] [stdout] 
[INFO] [stdout] error[E0308]: mismatched types
[INFO] [stdout]    --> /opt/rustwide/cargo-home/registry/src/index.crates.io-6f17d22bba15001f/swc_visit_macros-0.2.3/src/lib.rs:268:34
[INFO] [stdout]     |
[INFO] [stdout] 268 |                     brace_token: def_site(),
[INFO] [stdout]     |                                  ^^^^^^^^^^ expected `Brace`, found `Span`
[INFO] [stdout]     |
[INFO] [stdout] help: try wrapping the expression in `syn::token::Brace`
[INFO] [stdout]     |
[INFO] [stdout] 268 |                     brace_token: syn::token::Brace { span: def_site() },
[INFO] [stdout]     |                                  +++++++++++++++++++++++++            +
[INFO] [stdout] 
[INFO] [stdout] 
[INFO] [stdout] error[E0308]: mismatched types
[INFO] [stdout]    --> /opt/rustwide/cargo-home/registry/src/index.crates.io-6f17d22bba15001f/swc_visit_macros-0.2.3/src/lib.rs:344:24
[INFO] [stdout]     |
[INFO] [stdout] 344 |             pub_token: def_site(),
[INFO] [stdout]     |                        ^^^^^^^^^^ expected `Pub`, found `Span`
[INFO] [stdout]     |
[INFO] [stdout] help: try wrapping the expression in `syn::token::Pub`
[INFO] [stdout]     |
[INFO] [stdout] 344 |             pub_token: syn::token::Pub { span: def_site() },
[INFO] [stdout]     |                        +++++++++++++++++++++++            +
[INFO] [stdout] 
[INFO] [stdout] 
[INFO] [stdout] error[E0308]: mismatched types
[INFO] [stdout]    --> /opt/rustwide/cargo-home/registry/src/index.crates.io-6f17d22bba15001f/swc_visit_macros-0.2.3/src/lib.rs:348:22
[INFO] [stdout]     |
[INFO] [stdout] 348 |         trait_token: def_site(),
[INFO] [stdout]     |                      ^^^^^^^^^^ expected `Trait`, found `Span`
[INFO] [stdout]     |
[INFO] [stdout] help: try wrapping the expression in `syn::token::Trait`
[INFO] [stdout]     |
[INFO] [stdout] 348 |         trait_token: syn::token::Trait { span: def_site() },
[INFO] [stdout]     |                      +++++++++++++++++++++++++            +
[INFO] [stdout] 
[INFO] [stdout] 
[INFO] [stdout] error[E0308]: mismatched types
[INFO] [stdout]    --> /opt/rustwide/cargo-home/registry/src/index.crates.io-6f17d22bba15001f/swc_visit_macros-0.2.3/src/lib.rs:353:22
[INFO] [stdout]     |
[INFO] [stdout] 353 |         brace_token: def_site(),
[INFO] [stdout]     |                      ^^^^^^^^^^ expected `Brace`, found `Span`
[INFO] [stdout]     |
[INFO] [stdout] help: try wrapping the expression in `syn::token::Brace`
[INFO] [stdout]     |
[INFO] [stdout] 353 |         brace_token: syn::token::Brace { span: def_site() },
[INFO] [stdout]     |                      +++++++++++++++++++++++++            +
[INFO] [stdout] 
[INFO] [stdout] 
[INFO] [stdout] error[E0308]: mismatched types
[INFO] [stdout]    --> /opt/rustwide/cargo-home/registry/src/index.crates.io-6f17d22bba15001f/swc_visit_macros-0.2.3/src/lib.rs:807:83
[INFO] [stdout]     |
[INFO] [stdout] 807 |                 Mode::VisitAll | Mode::Visit | Mode::VisitMut => Stmt::Semi(expr, call_site()),
[INFO] [stdout]     |                                                                  ----------       ^^^^^^^^^^^ expected `Semi`, found `Span`
[INFO] [stdout]     |                                                                  |
[INFO] [stdout]     |                                                                  arguments to this enum variant are incorrect
[INFO] [stdout]     |
[INFO] [stdout] note: tuple variant defined here
[INFO] [stdout]    --> /opt/rustwide/cargo-home/registry/src/index.crates.io-6f17d22bba15001f/syn-1.0.109/src/stmt.rs:31:9
[INFO] [stdout]     |
[INFO] [stdout] 31  |         Semi(Expr, Token![;]),
[INFO] [stdout]     |         ^^^^
[INFO] [stdout] 
[INFO] [stdout] 
[INFO] [stdout] error[E0308]: mismatched types
[INFO] [stdout]    --> /opt/rustwide/cargo-home/registry/src/index.crates.io-6f17d22bba15001f/swc_visit_macros-0.2.3/src/lib.rs:838:35
[INFO] [stdout]     |
[INFO] [stdout] 838 |                 colon_token: Some(def_site()),
[INFO] [stdout]     |                              ---- ^^^^^^^^^^ expected `Colon`, found `Span`
[INFO] [stdout]     |                              |
[INFO] [stdout]     |                              arguments to this enum variant are incorrect
[INFO] [stdout]     |
[INFO] [stdout] help: the type constructed contains `proc_macro2::Span` due to the type of the argument passed
[INFO] [stdout]    --> /opt/rustwide/cargo-home/registry/src/index.crates.io-6f17d22bba15001f/swc_visit_macros-0.2.3/src/lib.rs:838:30
[INFO] [stdout]     |
[INFO] [stdout] 838 |                 colon_token: Some(def_site()),
[INFO] [stdout]     |                              ^^^^^----------^
[INFO] [stdout]     |                                   |
[INFO] [stdout]     |                                   this argument influences the type of `Some`
[INFO] [stdout] note: tuple variant defined here
[INFO] [stdout]    --> /rustc/0e09125c6c3c2fd70d7de961bcf0e51575235fad/library/core/src/option.rs:578:5
[INFO] [stdout] 
[INFO] [stdout] 
[INFO] [stdout] error[E0308]: mismatched types
[INFO] [stdout]    --> /opt/rustwide/cargo-home/registry/src/index.crates.io-6f17d22bba15001f/swc_visit_macros-0.2.3/src/lib.rs:865:22
[INFO] [stdout]     |
[INFO] [stdout] 865 |         brace_token: def_site(),
[INFO] [stdout]     |                      ^^^^^^^^^^ expected `Brace`, found `Span`
[INFO] [stdout]     |
[INFO] [stdout] help: try wrapping the expression in `syn::token::Brace`
[INFO] [stdout]     |
[INFO] [stdout] 865 |         brace_token: syn::token::Brace { span: def_site() },
[INFO] [stdout]     |                      +++++++++++++++++++++++++            +
[INFO] [stdout] 
[INFO] [stdout] 
[INFO] [stdout] error[E0308]: mismatched types
[INFO] [stdout]    --> /opt/rustwide/cargo-home/registry/src/index.crates.io-6f17d22bba15001f/swc_visit_macros-0.2.3/src/lib.rs:873:26
[INFO] [stdout]     |
[INFO] [stdout] 873 |         fat_arrow_token: def_site(),
[INFO] [stdout]     |                          ^^^^^^^^^^ expected `FatArrow`, found `Span`
[INFO] [stdout] 
[INFO] [stdout] 
[INFO] [stdout] error[E0308]: mismatched types
[INFO] [stdout]    --> /opt/rustwide/cargo-home/registry/src/index.crates.io-6f17d22bba15001f/swc_visit_macros-0.2.3/src/lib.rs:889:19
[INFO] [stdout]     |
[INFO] [stdout] 889 |         fn_token: def_site(),
[INFO] [stdout]     |                   ^^^^^^^^^^ expected `Fn`, found `Span`
[INFO] [stdout]     |
[INFO] [stdout] help: try wrapping the expression in `syn::token::Fn`
[INFO] [stdout]     |
[INFO] [stdout] 889 |         fn_token: syn::token::Fn { span: def_site() },
[INFO] [stdout]     |                   ++++++++++++++++++++++            +
[INFO] [stdout] 
[INFO] [stdout] 
[INFO] [stdout] error[E0308]: mismatched types
[INFO] [stdout]    --> /opt/rustwide/cargo-home/registry/src/index.crates.io-6f17d22bba15001f/swc_visit_macros-0.2.3/src/lib.rs:892:22
[INFO] [stdout]     |
[INFO] [stdout] 892 |         paren_token: def_site(),
[INFO] [stdout]     |                      ^^^^^^^^^^ expected `Paren`, found `Span`
[INFO] [stdout]     |
[INFO] [stdout] help: try wrapping the expression in `syn::token::Paren`
[INFO] [stdout]     |
[INFO] [stdout] 892 |         paren_token: syn::token::Paren { span: def_site() },
[INFO] [stdout]     |                      +++++++++++++++++++++++++            +
[INFO] [stdout] 
[INFO] [stdout] 
[INFO] [stdout] error[E0308]: mismatched types
[INFO] [stdout]    --> /opt/rustwide/cargo-home/registry/src/index.crates.io-6f17d22bba15001f/swc_visit_macros-0.2.3/src/lib.rs:921:13
[INFO] [stdout]     |
[INFO] [stdout] 896 |             p.push_punct(def_site());
[INFO] [stdout]     |             -            ---------- this argument has type `proc_macro2::Span`...
[INFO] [stdout]     |             |
[INFO] [stdout]     |             ... which causes `p` to have type `syn::punctuated::Punctuated<_, proc_macro2::Span>`
[INFO] [stdout] ...
[INFO] [stdout] 921 |             p
[INFO] [stdout]     |             ^ expected `Punctuated<FnArg, Comma>`, found `Punctuated<_, Span>`
[INFO] [stdout]     |
[INFO] [stdout]     = note: expected struct `syn::punctuated::Punctuated<FnArg, syn::token::Comma>`
[INFO] [stdout]                found struct `syn::punctuated::Punctuated<_, proc_macro2::Span>`
[INFO] [stdout] 
[INFO] [stdout] 
[INFO] [stdout] error[E0308]: mismatched types
[INFO] [stdout]    --> /opt/rustwide/cargo-home/registry/src/index.crates.io-6f17d22bba15001f/swc_visit_macros-0.2.3/src/lib.rs:965:34
[INFO] [stdout]     |
[INFO] [stdout] 965 |                     brace_token: def_site(),
[INFO] [stdout]     |                                  ^^^^^^^^^^ expected `Brace`, found `Span`
[INFO] [stdout]     |
[INFO] [stdout] help: try wrapping the expression in `syn::token::Brace`
[INFO] [stdout]     |
[INFO] [stdout] 965 |                     brace_token: syn::token::Brace { span: def_site() },
[INFO] [stdout]     |                                  +++++++++++++++++++++++++            +
[INFO] [stdout] 
[INFO] [stdout] 
[INFO] [stdout] error[E0308]: mismatched types
[INFO] [stdout]     --> /opt/rustwide/cargo-home/registry/src/index.crates.io-6f17d22bba15001f/swc_visit_macros-0.2.3/src/lib.rs:1020:34
[INFO] [stdout]      |
[INFO] [stdout] 1020 |                     brace_token: def_site(),
[INFO] [stdout]      |                                  ^^^^^^^^^^ expected `Brace`, found `Span`
[INFO] [stdout]      |
[INFO] [stdout] help: try wrapping the expression in `syn::token::Brace`
[INFO] [stdout]      |
[INFO] [stdout] 1020 |                     brace_token: syn::token::Brace { span: def_site() },
[INFO] [stdout]      |                                  +++++++++++++++++++++++++            +
[INFO] [stdout] 
[INFO] [stdout] 
[INFO] [stdout] error[E0308]: mismatched types
[INFO] [stdout]     --> /opt/rustwide/cargo-home/registry/src/index.crates.io-6f17d22bba15001f/swc_visit_macros-0.2.3/src/lib.rs:1023:38
[INFO] [stdout]      |
[INFO] [stdout] 1023 |                         match_token: def_site(),
[INFO] [stdout]      |                                      ^^^^^^^^^^ expected `Match`, found `Span`
[INFO] [stdout]      |
[INFO] [stdout] help: try wrapping the expression in `syn::token::Match`
[INFO] [stdout]      |
[INFO] [stdout] 1023 |                         match_token: syn::token::Match { span: def_site() },
[INFO] [stdout]      |                                      +++++++++++++++++++++++++            +
[INFO] [stdout] 
[INFO] [stdout] 
[INFO] [stdout] error[E0308]: mismatched types
[INFO] [stdout]     --> /opt/rustwide/cargo-home/registry/src/index.crates.io-6f17d22bba15001f/swc_visit_macros-0.2.3/src/lib.rs:1025:38
[INFO] [stdout]      |
[INFO] [stdout] 1025 |                         brace_token: def_site(),
[INFO] [stdout]      |                                      ^^^^^^^^^^ expected `Brace`, found `Span`
[INFO] [stdout]      |
[INFO] [stdout] help: try wrapping the expression in `syn::token::Brace`
[INFO] [stdout]      |
[INFO] [stdout] 1025 |                         brace_token: syn::token::Brace { span: def_site() },
[INFO] [stdout]      |                                      +++++++++++++++++++++++++            +
[INFO] [stdout] 
[INFO] [stdout] 
[INFO] [stdout] error[E0308]: mismatched types
[INFO] [stdout]     --> /opt/rustwide/cargo-home/registry/src/index.crates.io-6f17d22bba15001f/swc_visit_macros-0.2.3/src/lib.rs:1053:23
[INFO] [stdout]      |
[INFO] [stdout] 1053 |             fn_token: def_site(),
[INFO] [stdout]      |                       ^^^^^^^^^^ expected `Fn`, found `Span`
[INFO] [stdout]      |
[INFO] [stdout] help: try wrapping the expression in `syn::token::Fn`
[INFO] [stdout]      |
[INFO] [stdout] 1053 |             fn_token: syn::token::Fn { span: def_site() },
[INFO] [stdout]      |                       ++++++++++++++++++++++            +
[INFO] [stdout] 
[INFO] [stdout] 
[INFO] [stdout] error[E0308]: mismatched types
[INFO] [stdout]     --> /opt/rustwide/cargo-home/registry/src/index.crates.io-6f17d22bba15001f/swc_visit_macros-0.2.3/src/lib.rs:1056:26
[INFO] [stdout]      |
[INFO] [stdout] 1056 |             paren_token: def_site(),
[INFO] [stdout]      |                          ^^^^^^^^^^ expected `Paren`, found `Span`
[INFO] [stdout]      |
[INFO] [stdout] help: try wrapping the expression in `syn::token::Paren`
[INFO] [stdout]      |
[INFO] [stdout] 1056 |             paren_token: syn::token::Paren { span: def_site() },
[INFO] [stdout]      |                          +++++++++++++++++++++++++            +
[INFO] [stdout] 
[INFO] [stdout] 
[INFO] [stdout] error[E0308]: mismatched types
[INFO] [stdout]     --> /opt/rustwide/cargo-home/registry/src/index.crates.io-6f17d22bba15001f/swc_visit_macros-0.2.3/src/lib.rs:1070:17
[INFO] [stdout]      |
[INFO] [stdout] 1060 |                 p.push_punct(def_site());
[INFO] [stdout]      |                 -            ---------- this argument has type `proc_macro2::Span`...
[INFO] [stdout]      |                 |
[INFO] [stdout]      |                 ... which causes `p` to have type `syn::punctuated::Punctuated<_, proc_macro2::Span>`
[INFO] [stdout] ...
[INFO] [stdout] 1070 |                 p
[INFO] [stdout]      |                 ^ expected `Punctuated<FnArg, Comma>`, found `Punctuated<_, Span>`
[INFO] [stdout]      |
[INFO] [stdout]      = note: expected struct `syn::punctuated::Punctuated<FnArg, syn::token::Comma>`
[INFO] [stdout]                 found struct `syn::punctuated::Punctuated<_, proc_macro2::Span>`
[INFO] [stdout] 
[INFO] [stdout] 
[INFO] [stdout] error[E0308]: mismatched types
[INFO] [stdout]     --> /opt/rustwide/cargo-home/registry/src/index.crates.io-6f17d22bba15001f/swc_visit_macros-0.2.3/src/lib.rs:1085:28
[INFO] [stdout]      |
[INFO] [stdout] 1085 |                 and_token: def_site(),
[INFO] [stdout]      |                            ^^^^^^^^^^ expected `And`, found `Span`
[INFO] [stdout] 
[INFO] [stdout] 
[INFO] [stdout] error[E0308]: mismatched types
[INFO] [stdout]     --> /opt/rustwide/cargo-home/registry/src/index.crates.io-6f17d22bba15001f/swc_visit_macros-0.2.3/src/lib.rs:1087:47
[INFO] [stdout]      |
[INFO] [stdout] 1087 |                 mutability: if mutable { Some(def_site()) } else { None },
[INFO] [stdout]      |                                          ---- ^^^^^^^^^^ expected `Mut`, found `Span`
[INFO] [stdout]      |                                          |
[INFO] [stdout]      |                                          arguments to this enum variant are incorrect
[INFO] [stdout]      |
[INFO] [stdout] help: the type constructed contains `proc_macro2::Span` due to the type of the argument passed
[INFO] [stdout]     --> /opt/rustwide/cargo-home/registry/src/index.crates.io-6f17d22bba15001f/swc_visit_macros-0.2.3/src/lib.rs:1087:42
[INFO] [stdout]      |
[INFO] [stdout] 1087 |                 mutability: if mutable { Some(def_site()) } else { None },
[INFO] [stdout]      |                                          ^^^^^----------^
[INFO] [stdout]      |                                               |
[INFO] [stdout]      |                                               this argument influences the type of `Some`
[INFO] [stdout] note: tuple variant defined here
[INFO] [stdout]     --> /rustc/0e09125c6c3c2fd70d7de961bcf0e51575235fad/library/core/src/option.rs:578:5
[INFO] [stdout] help: try wrapping the expression in `syn::token::Mut`
[INFO] [stdout]      |
[INFO] [stdout] 1087 |                 mutability: if mutable { Some(syn::token::Mut { span: def_site() }) } else { None },
[INFO] [stdout]      |                                               +++++++++++++++++++++++            +
[INFO] [stdout] 
[INFO] [stdout] 
[INFO] [stdout] error[E0308]: mismatched types
[INFO] [stdout]     --> /opt/rustwide/cargo-home/registry/src/index.crates.io-6f17d22bba15001f/swc_visit_macros-0.2.3/src/lib.rs:1253:34
[INFO] [stdout]      |
[INFO] [stdout] 1253 |                     brace_token: def_site(),
[INFO] [stdout]      |                                  ^^^^^^^^^^ expected `Brace`, found `Span`
[INFO] [stdout]      |
[INFO] [stdout] help: try wrapping the expression in `syn::token::Brace`
[INFO] [stdout]      |
[INFO] [stdout] 1253 |                     brace_token: syn::token::Brace { span: def_site() },
[INFO] [stdout]      |                                  +++++++++++++++++++++++++            +
[INFO] [stdout] 
[INFO] [stdout] 
[INFO] [stdout] error: aborting due to 23 previous errors
[INFO] [stdout] 
[INFO] [stdout] 
[INFO] [stdout] For more information about this error, try `rustc --explain E0308`.
[INFO] [stdout] 
[INFO] [stderr] error: could not compile `swc_visit_macros` (lib) due to 24 previous errors
[INFO] [stderr] warning: build failed, waiting for other jobs to finish...
[INFO] running `Command { std: "docker" "inspect" "139dd5144afe3508a7bff6d97ea8b80b28b55491be534217c5ce830a9419c99d", kill_on_drop: false }`
[INFO] running `Command { std: "docker" "rm" "-f" "139dd5144afe3508a7bff6d97ea8b80b28b55491be534217c5ce830a9419c99d", kill_on_drop: false }`
[INFO] [stdout] 139dd5144afe3508a7bff6d97ea8b80b28b55491be534217c5ce830a9419c99d
