[INFO] fetching crate surgefilter-snh 0.2.12-alpha.0...
[INFO] documenting surgefilter-snh-0.2.12-alpha.0 against 1.75.0 for beta-1.76-rustdoc-1
[INFO] extracting crate surgefilter-snh 0.2.12-alpha.0 into /workspace/builds/worker-5-tc1/source
[INFO] validating manifest of crates.io crate surgefilter-snh 0.2.12-alpha.0 on toolchain 1.75.0
[INFO] running `Command { std: CARGO_HOME="/workspace/cargo-home" RUSTUP_HOME="/workspace/rustup-home" "/workspace/cargo-home/bin/cargo" "+1.75.0" "metadata" "--manifest-path" "Cargo.toml" "--no-deps", kill_on_drop: false }`
[INFO] started tweaking crates.io crate surgefilter-snh 0.2.12-alpha.0
[INFO] finished tweaking crates.io crate surgefilter-snh 0.2.12-alpha.0
[INFO] tweaked toml for crates.io crate surgefilter-snh 0.2.12-alpha.0 written to /workspace/builds/worker-5-tc1/source/Cargo.toml
[INFO] running `Command { std: CARGO_HOME="/workspace/cargo-home" RUSTUP_HOME="/workspace/rustup-home" "/workspace/cargo-home/bin/cargo" "+1.75.0" "generate-lockfile" "--manifest-path" "Cargo.toml", kill_on_drop: false }`
[INFO] [stderr]     Updating crates.io index
[INFO] running `Command { std: CARGO_HOME="/workspace/cargo-home" RUSTUP_HOME="/workspace/rustup-home" "/workspace/cargo-home/bin/cargo" "+1.75.0" "fetch" "--manifest-path" "Cargo.toml", kill_on_drop: false }`
[INFO] [stderr]  Downloading crates ...
[INFO] [stderr]   Downloaded surge-constants v0.2.12-alpha.0
[INFO] [stderr]   Downloaded jack v0.7.3
[INFO] [stderr]   Downloaded surge-macros v0.2.12-alpha.0
[INFO] [stderr]   Downloaded approx_eq v0.1.8
[INFO] [stderr]   Downloaded surge-filter v0.2.12-alpha.0
[INFO] [stderr]   Downloaded surge-types v0.2.12-alpha.0
[INFO] [stderr]   Downloaded surge-samplerate v0.2.12-alpha.0
[INFO] [stderr]   Downloaded lockfree v0.5.1
[INFO] [stderr]   Downloaded riff-wave v0.1.3
[INFO] [stderr]   Downloaded owned-alloc v0.2.0
[INFO] [stderr]   Downloaded dft v0.5.5
[INFO] [stderr]   Downloaded vst v0.2.1
[INFO] [stderr]   Downloaded surge-math v0.2.12-alpha.0
[INFO] [stderr]   Downloaded surge-qfunit v0.2.12-alpha.0
[INFO] [stderr]   Downloaded libxml v0.3.3
[INFO] [stderr]   Downloaded surge-tuning v0.2.12-alpha.0
[INFO] [stderr]   Downloaded surge-param v0.2.12-alpha.0
[INFO] [stderr]   Downloaded mopa v0.2.2
[INFO] [stderr]   Downloaded surge-traits v0.2.12-alpha.0
[INFO] [stderr]   Downloaded surge-tables v0.2.12-alpha.0
[INFO] [stderr]   Downloaded auto_impl v0.4.1
[INFO] [stderr]   Downloaded automod v1.0.14
[INFO] [stderr]   Downloaded jack-sys v0.2.3
[INFO] [stderr]   Downloaded surge-imports v0.2.12-alpha.0
[INFO] running `Command { std: "docker" "create" "-v" "/var/lib/crater-agent-workspace/builds/worker-5-tc1/target:/opt/rustwide/target:rw,Z" "-v" "/var/lib/crater-agent-workspace/builds/worker-5-tc1/source:/opt/rustwide/workdir:ro,Z" "-v" "/var/lib/crater-agent-workspace/cargo-home:/opt/rustwide/cargo-home:ro,Z" "-v" "/var/lib/crater-agent-workspace/rustup-home:/opt/rustwide/rustup-home:ro,Z" "-e" "SOURCE_DIR=/opt/rustwide/workdir" "-e" "CARGO_TARGET_DIR=/opt/rustwide/target" "-e" "CARGO_HOME=/opt/rustwide/cargo-home" "-e" "RUSTUP_HOME=/opt/rustwide/rustup-home" "-w" "/opt/rustwide/workdir" "-m" "1610612736" "--user" "0:0" "--network" "none" "ghcr.io/rust-lang/crates-build-env/linux@sha256:2788e3201cd34a07e3172128adcd8b3090168a8e3bcc40d7c032b9dda1df7d1c" "/opt/rustwide/cargo-home/bin/cargo" "+1.75.0" "metadata" "--no-deps" "--format-version=1", kill_on_drop: false }`
[INFO] [stdout] bcd832080ae8a3765d3a1df9db8c16989e6234bcd7c5a450a311069d2538aa93
[INFO] running `Command { std: "docker" "start" "-a" "bcd832080ae8a3765d3a1df9db8c16989e6234bcd7c5a450a311069d2538aa93", kill_on_drop: false }`
[INFO] running `Command { std: "docker" "inspect" "bcd832080ae8a3765d3a1df9db8c16989e6234bcd7c5a450a311069d2538aa93", kill_on_drop: false }`
[INFO] running `Command { std: "docker" "rm" "-f" "bcd832080ae8a3765d3a1df9db8c16989e6234bcd7c5a450a311069d2538aa93", kill_on_drop: false }`
[INFO] [stdout] bcd832080ae8a3765d3a1df9db8c16989e6234bcd7c5a450a311069d2538aa93
[INFO] running `Command { std: "docker" "create" "-v" "/var/lib/crater-agent-workspace/builds/worker-5-tc1/target:/opt/rustwide/target:rw,Z" "-v" "/var/lib/crater-agent-workspace/builds/worker-5-tc1/source:/opt/rustwide/workdir:ro,Z" "-v" "/var/lib/crater-agent-workspace/cargo-home:/opt/rustwide/cargo-home:ro,Z" "-v" "/var/lib/crater-agent-workspace/rustup-home:/opt/rustwide/rustup-home:ro,Z" "-e" "SOURCE_DIR=/opt/rustwide/workdir" "-e" "CARGO_TARGET_DIR=/opt/rustwide/target" "-e" "CARGO_INCREMENTAL=0" "-e" "RUST_BACKTRACE=full" "-e" "RUSTFLAGS=--cap-lints=warn" "-e" "RUSTDOCFLAGS=--cap-lints=warn" "-e" "CARGO_HOME=/opt/rustwide/cargo-home" "-e" "RUSTUP_HOME=/opt/rustwide/rustup-home" "-w" "/opt/rustwide/workdir" "-m" "1610612736" "--user" "0:0" "--network" "none" "ghcr.io/rust-lang/crates-build-env/linux@sha256:2788e3201cd34a07e3172128adcd8b3090168a8e3bcc40d7c032b9dda1df7d1c" "/opt/rustwide/cargo-home/bin/cargo" "+1.75.0" "doc" "--frozen" "--no-deps" "--document-private-items" "--message-format=json", kill_on_drop: false }`
[INFO] [stdout] 1544d38b0b982cec06c9032e245018fce011cba2e567091b6d41b407c02d18a8
[INFO] running `Command { std: "docker" "start" "-a" "1544d38b0b982cec06c9032e245018fce011cba2e567091b6d41b407c02d18a8", kill_on_drop: false }`
[INFO] [stderr]    Compiling autocfg v1.1.0
[INFO] [stderr]    Compiling libc v0.2.151
[INFO] [stderr]    Compiling proc-macro2 v1.0.76
[INFO] [stderr]    Compiling unicode-ident v1.0.12
[INFO] [stderr]     Checking cfg-if v1.0.0
[INFO] [stderr]    Compiling memchr v2.7.1
[INFO] [stderr]    Compiling glob v0.3.1
[INFO] [stderr]    Compiling version_check v0.9.4
[INFO] [stderr]    Compiling minimal-lexical v0.2.1
[INFO] [stderr]    Compiling syn v1.0.109
[INFO] [stderr]    Compiling regex-syntax v0.8.2
[INFO] [stderr]    Compiling pkg-config v0.3.28
[INFO] [stderr]    Compiling num-traits v0.2.17
[INFO] [stderr]    Compiling clang-sys v1.7.0
[INFO] [stderr]    Compiling quote v1.0.35
[INFO] [stderr]    Compiling syn v2.0.48
[INFO] [stderr]    Compiling aho-corasick v1.1.2
[INFO] [stderr]    Compiling num-integer v0.1.45
[INFO] [stderr]    Compiling nom v7.1.3
[INFO] [stderr]    Compiling libloading v0.8.1
[INFO] [stderr]    Compiling bindgen v0.69.1
[INFO] [stderr]    Compiling proc-macro-error-attr v1.0.4
[INFO] [stderr]    Compiling peeking_take_while v0.1.2
[INFO] [stderr]    Compiling shlex v1.2.0
[INFO] [stderr]    Compiling bitflags v2.4.1
[INFO] [stderr]    Compiling rustc-hash v1.1.0
[INFO] [stderr]    Compiling regex-automata v0.4.3
[INFO] [stderr]    Compiling lazy_static v1.4.0
[INFO] [stderr]    Compiling lazycell v1.3.0
[INFO] [stderr]    Compiling cc v1.0.83
[INFO] [stderr]    Compiling cexpr v0.6.0
[INFO] [stderr]    Compiling lock_api v0.4.11
[INFO] [stderr]    Compiling num-bigint v0.4.4
[INFO] [stderr]    Compiling proc-macro-error v1.0.4
[INFO] [stderr]    Compiling parking_lot_core v0.9.9
[INFO] [stderr]    Compiling libm v0.1.4
[INFO] [stderr]    Compiling paste v1.0.14
[INFO] [stderr]    Compiling regex v1.10.2
[INFO] [stderr]    Compiling libloading v0.5.2
[INFO] [stderr]     Checking num-complex v0.4.4
[INFO] [stderr]    Compiling jack-sys v0.2.3
[INFO] [stderr]     Checking getrandom v0.2.11
[INFO] [stderr]    Compiling matrixmultiply v0.3.8
[INFO] [stderr]    Compiling num-rational v0.4.1
[INFO] [stderr]    Compiling num-iter v0.1.43
[INFO] [stderr]    Compiling protobuf v2.28.0
[INFO] [stderr]    Compiling serde v1.0.195
[INFO] [stderr]     Checking scopeguard v1.2.0
[INFO] [stderr]    Compiling thiserror v1.0.56
[INFO] [stderr]     Checking bytemuck v1.14.0
[INFO] [stderr]    Compiling packed_simd_2 v0.3.8
[INFO] [stderr]     Checking smallvec v1.11.2
[INFO] [stderr]     Checking bitflags v1.3.2
[INFO] [stderr]     Checking safe_arch v0.7.1
[INFO] [stderr]     Checking rand_core v0.6.4
[INFO] [stderr]    Compiling thiserror-impl v1.0.56
[INFO] [stderr]    Compiling serde_derive v1.0.195
[INFO] [stderr]    Compiling libxml v0.3.3
[INFO] [stderr]     Checking libloading v0.6.7
[INFO] [stderr]     Checking ppv-lite86 v0.2.17
[INFO] [stderr]     Checking rawpointer v0.2.1
[INFO] [stderr]     Checking log v0.4.20
[INFO] [stderr]    Compiling prometheus v0.13.3
[INFO] [stderr]     Checking rand_chacha v0.3.1
[INFO] [stderr]     Checking wide v0.7.13
[INFO] [stderr]     Checking parking_lot v0.12.1
[INFO] [stderr]     Checking num-complex v0.1.43
[INFO] [stderr]     Checking approx v0.5.1
[INFO] [stderr]     Checking num-traits v0.1.43
[INFO] [stderr]     Checking dirs-sys v0.3.7
[INFO] [stderr]     Checking byteorder v0.5.3
[INFO] [stderr]    Compiling once_cell v1.19.0
[INFO] [stderr]    Compiling convert_case v0.4.0
[INFO] [stderr]     Checking owned-alloc v0.2.0
[INFO] [stderr]     Checking fnv v1.0.7
[INFO] [stderr]    Compiling derive_more v0.99.17
[INFO] [stdout] error[E0554]: `#![feature]` may not be used on the stable release channel
[INFO] [stdout]    --> /opt/rustwide/cargo-home/registry/src/index.crates.io-6f17d22bba15001f/packed_simd_2-0.3.8/src/lib.rs:214:1
[INFO] [stdout]     |
[INFO] [stdout] 214 | / #![feature(
[INFO] [stdout] 215 | |     adt_const_params,
[INFO] [stdout] 216 | |     repr_simd,
[INFO] [stdout] 217 | |     rustc_attrs,
[INFO] [stdout] ...   |
[INFO] [stdout] 224 | |     custom_inner_attributes,
[INFO] [stdout] 225 | | )]
[INFO] [stdout]     | |__^
[INFO] [stdout] 
[INFO] [stdout] 
[INFO] [stderr]     Checking lockfree v0.5.1
[INFO] [stderr]    Compiling enum_dispatch v0.3.12
[INFO] [stderr]     Checking riff-wave v0.1.3
[INFO] [stderr]     Checking dirs v4.0.0
[INFO] [stderr]     Checking dft v0.5.5
[INFO] [stderr]     Checking num v0.4.1
[INFO] [stderr]     Checking vst v0.2.1
[INFO] [stdout] error[E0554]: `#![feature]` may not be used on the stable release channel
[INFO] [stdout]    --> /opt/rustwide/cargo-home/registry/src/index.crates.io-6f17d22bba15001f/packed_simd_2-0.3.8/src/lib.rs:219:5
[INFO] [stdout]     |
[INFO] [stdout] 219 |     stdsimd,
[INFO] [stdout]     |     ^^^^^^^
[INFO] [stdout] 
[INFO] [stdout] 
[INFO] [stdout] error[E0554]: `#![feature]` may not be used on the stable release channel
[INFO] [stdout]    --> /opt/rustwide/cargo-home/registry/src/index.crates.io-6f17d22bba15001f/packed_simd_2-0.3.8/src/lib.rs:222:5
[INFO] [stdout]     |
[INFO] [stdout] 222 |     core_intrinsics,
[INFO] [stdout]     |     ^^^^^^^^^^^^^^^
[INFO] [stdout] 
[INFO] [stdout] 
[INFO] [stderr]     Checking ndarray v0.15.6
[INFO] [stdout] error: unrecognized platform-specific intrinsic function: `simd_shuffle2`
[INFO] [stdout]   --> /opt/rustwide/cargo-home/registry/src/index.crates.io-6f17d22bba15001f/packed_simd_2-0.3.8/src/codegen/llvm.rs:10:5
[INFO] [stdout]    |
[INFO] [stdout] 10 |     pub fn simd_shuffle2<T, U>(x: T, y: T, idx: [u32; 2]) -> U;
[INFO] [stdout]    |     ^^^^^^^^^^^^^^^^^^^^^^^^^^^^^^^^^^^^^^^^^^^^^^^^^^^^^^^^^^^
[INFO] [stdout] 
[INFO] [stdout] 
[INFO] [stdout] error: unrecognized platform-specific intrinsic function: `simd_shuffle4`
[INFO] [stdout]   --> /opt/rustwide/cargo-home/registry/src/index.crates.io-6f17d22bba15001f/packed_simd_2-0.3.8/src/codegen/llvm.rs:11:5
[INFO] [stdout]    |
[INFO] [stdout] 11 |     pub fn simd_shuffle4<T, U>(x: T, y: T, idx: [u32; 4]) -> U;
[INFO] [stdout]    |     ^^^^^^^^^^^^^^^^^^^^^^^^^^^^^^^^^^^^^^^^^^^^^^^^^^^^^^^^^^^
[INFO] [stdout] 
[INFO] [stdout] 
[INFO] [stdout] error: unrecognized platform-specific intrinsic function: `simd_shuffle8`
[INFO] [stdout]   --> /opt/rustwide/cargo-home/registry/src/index.crates.io-6f17d22bba15001f/packed_simd_2-0.3.8/src/codegen/llvm.rs:12:5
[INFO] [stdout]    |
[INFO] [stdout] 12 |     pub fn simd_shuffle8<T, U>(x: T, y: T, idx: [u32; 8]) -> U;
[INFO] [stdout]    |     ^^^^^^^^^^^^^^^^^^^^^^^^^^^^^^^^^^^^^^^^^^^^^^^^^^^^^^^^^^^
[INFO] [stdout] 
[INFO] [stdout] 
[INFO] [stdout] error: unrecognized platform-specific intrinsic function: `simd_shuffle16`
[INFO] [stdout]   --> /opt/rustwide/cargo-home/registry/src/index.crates.io-6f17d22bba15001f/packed_simd_2-0.3.8/src/codegen/llvm.rs:13:5
[INFO] [stdout]    |
[INFO] [stdout] 13 |     pub fn simd_shuffle16<T, U>(x: T, y: T, idx: [u32; 16]) -> U;
[INFO] [stdout]    |     ^^^^^^^^^^^^^^^^^^^^^^^^^^^^^^^^^^^^^^^^^^^^^^^^^^^^^^^^^^^^^
[INFO] [stdout] 
[INFO] [stdout] 
[INFO] [stdout] error: unrecognized platform-specific intrinsic function: `simd_shuffle32`
[INFO] [stdout]   --> /opt/rustwide/cargo-home/registry/src/index.crates.io-6f17d22bba15001f/packed_simd_2-0.3.8/src/codegen/llvm.rs:14:5
[INFO] [stdout]    |
[INFO] [stdout] 14 |     pub fn simd_shuffle32<T, U>(x: T, y: T, idx: [u32; 32]) -> U;
[INFO] [stdout]    |     ^^^^^^^^^^^^^^^^^^^^^^^^^^^^^^^^^^^^^^^^^^^^^^^^^^^^^^^^^^^^^
[INFO] [stdout] 
[INFO] [stdout] 
[INFO] [stdout] error: unrecognized platform-specific intrinsic function: `simd_shuffle64`
[INFO] [stdout]   --> /opt/rustwide/cargo-home/registry/src/index.crates.io-6f17d22bba15001f/packed_simd_2-0.3.8/src/codegen/llvm.rs:15:5
[INFO] [stdout]    |
[INFO] [stdout] 15 |     pub fn simd_shuffle64<T, U>(x: T, y: T, idx: [u32; 64]) -> U;
[INFO] [stdout]    |     ^^^^^^^^^^^^^^^^^^^^^^^^^^^^^^^^^^^^^^^^^^^^^^^^^^^^^^^^^^^^^
[INFO] [stdout] 
[INFO] [stdout] 
[INFO] [stderr]     Checking jack v0.7.3
[INFO] [stderr]     Checking rand v0.8.5
[INFO] [stderr]    Compiling derivative v2.2.0
[INFO] [stderr]    Compiling getset v0.1.2
[INFO] [stderr]    Compiling auto_impl v0.4.1
[INFO] [stderr]    Compiling coreaudio-sys v0.2.15
[INFO] [stderr]     Checking enhanced_enum v0.2.2
[INFO] [stderr]    Compiling automod v1.0.14
[INFO] [stderr]     Checking float-cmp v0.9.0
[INFO] [stderr]     Checking uuid v0.8.2
[INFO] [stderr]     Checking float-ord v0.3.2
[INFO] [stderr]     Checking atomic_float v0.1.0
[INFO] [stderr]    Compiling indoc v1.0.9
[INFO] [stderr]     Checking mopa v0.2.2
[INFO] [stderr]     Checking xml-rs v0.8.19
[INFO] [stderr]     Checking half v1.8.2
[INFO] [stderr]     Checking bencher v0.1.5
[INFO] [stderr]     Checking approx_eq v0.1.8
[INFO] [stderr]     Checking downcast-rs v1.2.0
[INFO] [stderr]     Checking surge-constants v0.2.12-alpha.0
[INFO] [stderr] error: failed to run custom build command for `coreaudio-sys v0.2.15`
[INFO] [stderr] note: To improve backtraces for build dependencies, set the CARGO_PROFILE_DEV_BUILD_OVERRIDE_DEBUG=true environment variable to enable debug information generation.
[INFO] [stderr] 
[INFO] [stderr] Caused by:
[INFO] [stderr]   process didn't exit successfully: `/opt/rustwide/target/debug/build/coreaudio-sys-e69b87d57bbbe563/build-script-build` (exit status: 101)
[INFO] [stderr]   --- stderr
[INFO] [stderr]   thread 'main' panicked at /opt/rustwide/cargo-home/registry/src/index.crates.io-6f17d22bba15001f/coreaudio-sys-0.2.15/build.rs:173:9:
[INFO] [stderr]   coreaudio-sys requires macos or ios target
[INFO] [stderr]   stack backtrace:
[INFO] [stderr]      0:     0x5630acf0bcac - std::backtrace_rs::backtrace::libunwind::trace::ha637c64ce894333a
[INFO] [stderr]                                  at /rustc/82e1608dfa6e0b5569232559e3d385fea5a93112/library/std/src/../../backtrace/src/backtrace/libunwind.rs:104:5
[INFO] [stderr]      1:     0x5630acf0bcac - std::backtrace_rs::backtrace::trace_unsynchronized::h47f62dea28e0c88d
[INFO] [stderr]                                  at /rustc/82e1608dfa6e0b5569232559e3d385fea5a93112/library/std/src/../../backtrace/src/backtrace/mod.rs:66:5
[INFO] [stderr]      2:     0x5630acf0bcac - std::sys_common::backtrace::_print_fmt::h9eef0abe20ede486
[INFO] [stderr]                                  at /rustc/82e1608dfa6e0b5569232559e3d385fea5a93112/library/std/src/sys_common/backtrace.rs:67:5
[INFO] [stderr]      3:     0x5630acf0bcac - <std::sys_common::backtrace::_print::DisplayBacktrace as core::fmt::Display>::fmt::hed7f999df88cc644
[INFO] [stderr]                                  at /rustc/82e1608dfa6e0b5569232559e3d385fea5a93112/library/std/src/sys_common/backtrace.rs:44:22
[INFO] [stderr]      4:     0x5630acf36460 - core::fmt::rt::Argument::fmt::h1539a9308b8d058d
[INFO] [stderr]                                  at /rustc/82e1608dfa6e0b5569232559e3d385fea5a93112/library/core/src/fmt/rt.rs:142:9
[INFO] [stderr]      5:     0x5630acf36460 - core::fmt::write::h3a39390d8560d9c9
[INFO] [stderr]                                  at /rustc/82e1608dfa6e0b5569232559e3d385fea5a93112/library/core/src/fmt/mod.rs:1120:17
[INFO] [stderr]      6:     0x5630acf0928f - std::io::Write::write_fmt::h5fc9997dfe05f882
[INFO] [stderr]                                  at /rustc/82e1608dfa6e0b5569232559e3d385fea5a93112/library/std/src/io/mod.rs:1762:15
[INFO] [stderr]      7:     0x5630acf0ba94 - std::sys_common::backtrace::_print::h894006fb5c6f3d45
[INFO] [stderr]                                  at /rustc/82e1608dfa6e0b5569232559e3d385fea5a93112/library/std/src/sys_common/backtrace.rs:47:5
[INFO] [stderr]      8:     0x5630acf0ba94 - std::sys_common::backtrace::print::h23a2d212c6fff936
[INFO] [stderr]                                  at /rustc/82e1608dfa6e0b5569232559e3d385fea5a93112/library/std/src/sys_common/backtrace.rs:34:9
[INFO] [stderr]      9:     0x5630acf0d097 - std::panicking::default_hook::{{closure}}::h8a1d2ee00185001a
[INFO] [stderr]     10:     0x5630acf0cdff - std::panicking::default_hook::h6038f2eba384e475
[INFO] [stderr]                                  at /rustc/82e1608dfa6e0b5569232559e3d385fea5a93112/library/std/src/panicking.rs:292:9
[INFO] [stderr]     11:     0x5630acf0d518 - std::panicking::rust_panic_with_hook::h2b5517d590cab22e
[INFO] [stderr]                                  at /rustc/82e1608dfa6e0b5569232559e3d385fea5a93112/library/std/src/panicking.rs:779:13
[INFO] [stderr]     12:     0x5630ac9bbffe - std::panicking::begin_panic::{{closure}}::hf7f049a2a1aea51f
[INFO] [stderr]     13:     0x5630ac9dc04a - std::sys_common::backtrace::__rust_end_short_backtrace::h1de14382a6e1e430
[INFO] [stderr]     14:     0x5630ac9bbf7b - std::panicking::begin_panic::h9f1cf37e55ed44d6
[INFO] [stderr]     15:     0x5630ac871fc1 - build_script_build::main::h4939d33c401ec2fa
[INFO] [stderr]     16:     0x5630ac86deb3 - core::ops::function::FnOnce::call_once::hddc503d8e99df3b1
[INFO] [stderr]     17:     0x5630ac86d346 - std::sys_common::backtrace::__rust_begin_short_backtrace::h03a1d257755a9bea
[INFO] [stderr]     18:     0x5630ac86da39 - std::rt::lang_start::{{closure}}::hebb56bf0578bac60
[INFO] [stderr]     19:     0x5630acf04d27 - core::ops::function::impls::<impl core::ops::function::FnOnce<A> for &F>::call_once::hd95060ecd5e1ca24
[INFO] [stderr]                                  at /rustc/82e1608dfa6e0b5569232559e3d385fea5a93112/library/core/src/ops/function.rs:284:13
[INFO] [stderr]     20:     0x5630acf04d27 - std::panicking::try::do_call::h6e8cf51db32a6e4b
[INFO] [stderr]                                  at /rustc/82e1608dfa6e0b5569232559e3d385fea5a93112/library/std/src/panicking.rs:552:40
[INFO] [stderr]     21:     0x5630acf04d27 - std::panicking::try::h3a52eefe24fe3c29
[INFO] [stderr]                                  at /rustc/82e1608dfa6e0b5569232559e3d385fea5a93112/library/std/src/panicking.rs:516:19
[INFO] [stderr]     22:     0x5630acf04d27 - std::panic::catch_unwind::h24c28c23c02c3841
[INFO] [stderr]                                  at /rustc/82e1608dfa6e0b5569232559e3d385fea5a93112/library/std/src/panic.rs:142:14
[INFO] [stderr]     23:     0x5630acf04d27 - std::rt::lang_start_internal::{{closure}}::h705d3c9cbc06ef47
[INFO] [stderr]                                  at /rustc/82e1608dfa6e0b5569232559e3d385fea5a93112/library/std/src/rt.rs:148:48
[INFO] [stderr]     24:     0x5630acf04d27 - std::panicking::try::do_call::ha21f52ba13158470
[INFO] [stderr]                                  at /rustc/82e1608dfa6e0b5569232559e3d385fea5a93112/library/std/src/panicking.rs:552:40
[INFO] [stderr]     25:     0x5630acf04d27 - std::panicking::try::h5581346bf6aeb1f8
[INFO] [stderr]                                  at /rustc/82e1608dfa6e0b5569232559e3d385fea5a93112/library/std/src/panicking.rs:516:19
[INFO] [stderr]     26:     0x5630acf04d27 - std::panic::catch_unwind::h7919645a6b72e25b
[INFO] [stderr]                                  at /rustc/82e1608dfa6e0b5569232559e3d385fea5a93112/library/std/src/panic.rs:142:14
[INFO] [stderr]     27:     0x5630acf04d27 - std::rt::lang_start_internal::h12de51168669836e
[INFO] [stderr]                                  at /rustc/82e1608dfa6e0b5569232559e3d385fea5a93112/library/std/src/rt.rs:148:20
[INFO] [stderr]     28:     0x5630ac86da17 - std::rt::lang_start::h14b7af6ea1c833d9
[INFO] [stderr]     29:     0x5630ac8720f5 - main
[INFO] [stderr]     30:     0x7fa73a097d90 - <unknown>
[INFO] [stderr]     31:     0x7fa73a097e40 - __libc_start_main
[INFO] [stderr]     32:     0x5630ac86cdc5 - _start
[INFO] [stderr]     33:                0x0 - <unknown>
[INFO] [stderr] warning: build failed, waiting for other jobs to finish...
[INFO] [stdout] error: aborting due to 9 previous errors
[INFO] [stdout] 
[INFO] [stdout] 
[INFO] [stdout] For more information about this error, try `rustc --explain E0554`.
[INFO] [stdout] 
[INFO] [stderr] error: could not compile `packed_simd_2` (lib) due to 10 previous errors
[INFO] running `Command { std: "docker" "inspect" "1544d38b0b982cec06c9032e245018fce011cba2e567091b6d41b407c02d18a8", kill_on_drop: false }`
[INFO] running `Command { std: "docker" "rm" "-f" "1544d38b0b982cec06c9032e245018fce011cba2e567091b6d41b407c02d18a8", kill_on_drop: false }`
[INFO] [stdout] 1544d38b0b982cec06c9032e245018fce011cba2e567091b6d41b407c02d18a8
