[INFO] fetching crate sunscreen_runtime 0.8.1...
[INFO] documenting sunscreen_runtime-0.8.1 against 1.75.0 for beta-1.76-rustdoc-1
[INFO] extracting crate sunscreen_runtime 0.8.1 into /workspace/builds/worker-1-tc1/source
[INFO] validating manifest of crates.io crate sunscreen_runtime 0.8.1 on toolchain 1.75.0
[INFO] running `Command { std: CARGO_HOME="/workspace/cargo-home" RUSTUP_HOME="/workspace/rustup-home" "/workspace/cargo-home/bin/cargo" "+1.75.0" "metadata" "--manifest-path" "Cargo.toml" "--no-deps", kill_on_drop: false }`
[INFO] started tweaking crates.io crate sunscreen_runtime 0.8.1
[INFO] finished tweaking crates.io crate sunscreen_runtime 0.8.1
[INFO] tweaked toml for crates.io crate sunscreen_runtime 0.8.1 written to /workspace/builds/worker-1-tc1/source/Cargo.toml
[INFO] running `Command { std: CARGO_HOME="/workspace/cargo-home" RUSTUP_HOME="/workspace/rustup-home" "/workspace/cargo-home/bin/cargo" "+1.75.0" "generate-lockfile" "--manifest-path" "Cargo.toml", kill_on_drop: false }`
[INFO] [stderr]     Updating crates.io index
[INFO] running `Command { std: CARGO_HOME="/workspace/cargo-home" RUSTUP_HOME="/workspace/rustup-home" "/workspace/cargo-home/bin/cargo" "+1.75.0" "fetch" "--manifest-path" "Cargo.toml", kill_on_drop: false }`
[INFO] [stderr]  Downloading crates ...
[INFO] [stderr]   Downloaded sunscreen_zkp_backend v0.8.1
[INFO] [stderr]   Downloaded sunscreen_compiler_common v0.8.1
[INFO] [stderr]   Downloaded sunscreen_fhe_program v0.8.1
[INFO] [stderr]   Downloaded emsdk v0.1.1
[INFO] [stderr]   Downloaded sunscreen_curve25519 v0.8.1
[INFO] [stderr]   Downloaded sunscreen_bulletproofs v0.8.1
[INFO] [stderr]   Downloaded seal_fhe v0.8.1
[INFO] running `Command { std: "docker" "create" "-v" "/var/lib/crater-agent-workspace/builds/worker-1-tc1/target:/opt/rustwide/target:rw,Z" "-v" "/var/lib/crater-agent-workspace/builds/worker-1-tc1/source:/opt/rustwide/workdir:ro,Z" "-v" "/var/lib/crater-agent-workspace/cargo-home:/opt/rustwide/cargo-home:ro,Z" "-v" "/var/lib/crater-agent-workspace/rustup-home:/opt/rustwide/rustup-home:ro,Z" "-e" "SOURCE_DIR=/opt/rustwide/workdir" "-e" "CARGO_TARGET_DIR=/opt/rustwide/target" "-e" "CARGO_HOME=/opt/rustwide/cargo-home" "-e" "RUSTUP_HOME=/opt/rustwide/rustup-home" "-w" "/opt/rustwide/workdir" "-m" "1610612736" "--user" "0:0" "--network" "none" "ghcr.io/rust-lang/crates-build-env/linux@sha256:2788e3201cd34a07e3172128adcd8b3090168a8e3bcc40d7c032b9dda1df7d1c" "/opt/rustwide/cargo-home/bin/cargo" "+1.75.0" "metadata" "--no-deps" "--format-version=1", kill_on_drop: false }`
[INFO] [stdout] 28d4adb6e4917fce50797b04996450060c554d0ec001eb188fdac9c55c6c76da
[INFO] running `Command { std: "docker" "start" "-a" "28d4adb6e4917fce50797b04996450060c554d0ec001eb188fdac9c55c6c76da", kill_on_drop: false }`
[INFO] running `Command { std: "docker" "inspect" "28d4adb6e4917fce50797b04996450060c554d0ec001eb188fdac9c55c6c76da", kill_on_drop: false }`
[INFO] running `Command { std: "docker" "rm" "-f" "28d4adb6e4917fce50797b04996450060c554d0ec001eb188fdac9c55c6c76da", kill_on_drop: false }`
[INFO] [stdout] 28d4adb6e4917fce50797b04996450060c554d0ec001eb188fdac9c55c6c76da
[INFO] running `Command { std: "docker" "create" "-v" "/var/lib/crater-agent-workspace/builds/worker-1-tc1/target:/opt/rustwide/target:rw,Z" "-v" "/var/lib/crater-agent-workspace/builds/worker-1-tc1/source:/opt/rustwide/workdir:ro,Z" "-v" "/var/lib/crater-agent-workspace/cargo-home:/opt/rustwide/cargo-home:ro,Z" "-v" "/var/lib/crater-agent-workspace/rustup-home:/opt/rustwide/rustup-home:ro,Z" "-e" "SOURCE_DIR=/opt/rustwide/workdir" "-e" "CARGO_TARGET_DIR=/opt/rustwide/target" "-e" "CARGO_INCREMENTAL=0" "-e" "RUST_BACKTRACE=full" "-e" "RUSTFLAGS=--cap-lints=warn" "-e" "RUSTDOCFLAGS=--cap-lints=warn" "-e" "CARGO_HOME=/opt/rustwide/cargo-home" "-e" "RUSTUP_HOME=/opt/rustwide/rustup-home" "-w" "/opt/rustwide/workdir" "-m" "1610612736" "--user" "0:0" "--network" "none" "ghcr.io/rust-lang/crates-build-env/linux@sha256:2788e3201cd34a07e3172128adcd8b3090168a8e3bcc40d7c032b9dda1df7d1c" "/opt/rustwide/cargo-home/bin/cargo" "+1.75.0" "doc" "--frozen" "--no-deps" "--document-private-items" "--message-format=json", kill_on_drop: false }`
[INFO] [stdout] 374a6a6882f18237c8a7db41338423ddc9ce141e88d2322d449ae6489a2e0e52
[INFO] running `Command { std: "docker" "start" "-a" "374a6a6882f18237c8a7db41338423ddc9ce141e88d2322d449ae6489a2e0e52", kill_on_drop: false }`
[INFO] [stderr]    Compiling libc v0.2.151
[INFO] [stderr]    Compiling serde v1.0.195
[INFO] [stderr]    Compiling glob v0.3.1
[INFO] [stderr]    Compiling typenum v1.17.0
[INFO] [stderr]    Compiling prettyplease v0.2.16
[INFO] [stderr]    Compiling rustix v0.38.28
[INFO] [stderr]    Compiling memchr v2.7.1
[INFO] [stderr]    Compiling minimal-lexical v0.2.1
[INFO] [stderr]    Compiling regex-syntax v0.8.2
[INFO] [stderr]    Compiling linux-raw-sys v0.4.12
[INFO] [stderr]    Compiling thiserror v1.0.56
[INFO] [stderr]    Compiling proc-macro2 v1.0.76
[INFO] [stderr]    Compiling generic-array v0.14.7
[INFO] [stderr]    Compiling cfg-if v1.0.0
[INFO] [stderr]    Compiling bitflags v2.4.1
[INFO] [stderr]    Compiling bindgen v0.66.1
[INFO] [stderr]    Compiling libloading v0.8.1
[INFO] [stderr]    Compiling home v0.5.9
[INFO] [stderr]     Checking unicode-ident v1.0.12
[INFO] [stderr]    Compiling either v1.9.0
[INFO] [stderr]     Checking equivalent v1.0.1
[INFO] [stderr]    Compiling shlex v1.2.0
[INFO] [stderr]    Compiling semver v1.0.21
[INFO] [stderr]     Checking hashbrown v0.14.3
[INFO] [stderr]    Compiling peeking_take_while v0.1.2
[INFO] [stderr]    Compiling lazycell v1.3.0
[INFO] [stderr]    Compiling lazy_static v1.4.0
[INFO] [stderr]    Compiling log v0.4.20
[INFO] [stderr]    Compiling rustc-hash v1.1.0
[INFO] [stderr]     Checking fixedbitset v0.4.2
[INFO] [stderr]     Checking static_assertions v1.1.0
[INFO] [stderr]    Compiling emsdk v0.1.1
[INFO] [stderr]    Compiling clang-sys v1.7.0
[INFO] [stderr]     Checking byteorder v1.5.0
[INFO] [stderr]     Checking block-padding v0.2.1
[INFO] [stderr]     Checking keccak v0.1.4
[INFO] [stderr]     Checking subtle-ng v2.5.0
[INFO] [stderr]    Compiling quote v1.0.35
[INFO] [stderr]    Compiling nom v7.1.3
[INFO] [stderr]     Checking opaque-debug v0.3.0
[INFO] [stderr]     Checking subtle v2.5.0
[INFO] [stderr]     Checking crossbeam-queue v0.3.10
[INFO] [stderr]     Checking crossbeam-channel v0.5.10
[INFO] [stderr]    Compiling syn v2.0.48
[INFO] [stderr]     Checking rustc-hex v2.1.0
[INFO] [stderr]     Checking indexmap v2.1.0
[INFO] [stderr]     Checking bumpalo v3.14.0
[INFO] [stderr]     Checking bytes v1.5.0
[INFO] [stderr]     Checking crossbeam v0.8.3
[INFO] [stderr]    Compiling cc v1.0.83
[INFO] [stderr]     Checking getrandom v0.2.11
[INFO] [stderr]     Checking num_cpus v1.16.0
[INFO] [stderr]     Checking rlp v0.5.2
[INFO] [stderr]     Checking rand_core v0.6.4
[INFO] [stderr]     Checking rand_chacha v0.3.1
[INFO] [stderr]     Checking crypto-bigint v0.5.5
[INFO] [stderr]     Checking rand v0.8.5
[INFO] [stderr]    Compiling cmake v0.1.50
[INFO] [stderr]     Checking digest v0.9.0
[INFO] [stderr]     Checking block-buffer v0.9.0
[INFO] [stderr]     Checking sha3 v0.9.1
[INFO] [stderr]    Compiling which v4.4.2
[INFO] [stderr]    Compiling regex-automata v0.4.3
[INFO] [stderr]    Compiling link-cplusplus v1.0.9
[INFO] [stderr]    Compiling clear_on_drop v0.2.5
[INFO] [stderr]    Compiling cexpr v0.6.0
[INFO] [stderr]    Compiling regex v1.10.2
[INFO] [stderr]    Compiling serde_derive v1.0.195
[INFO] [stderr]    Compiling thiserror-impl v1.0.56
[INFO] [stderr]    Compiling zeroize_derive v1.4.2
[INFO] [stderr]     Checking zeroize v1.7.0
[INFO] [stderr]     Checking merlin v3.0.0
[INFO] [stderr]    Compiling seal_fhe v0.8.1
[INFO] [stderr]     Checking petgraph v0.6.4
[INFO] [stderr]     Checking sunscreen_curve25519 v0.8.1
[INFO] [stderr]     Checking bincode v1.3.3
[INFO] [stderr]     Checking sunscreen_bulletproofs v0.8.1
[INFO] [stderr]     Checking sunscreen_compiler_common v0.8.1
[INFO] [stderr]     Checking sunscreen_zkp_backend v0.8.1
[INFO] [stderr] error: failed to run custom build command for `seal_fhe v0.8.1`
[INFO] [stderr] note: To improve backtraces for build dependencies, set the CARGO_PROFILE_DEV_BUILD_OVERRIDE_DEBUG=true environment variable to enable debug information generation.
[INFO] [stderr] 
[INFO] [stderr] Caused by:
[INFO] [stderr]   process didn't exit successfully: `/opt/rustwide/target/debug/build/seal_fhe-b9f25a3f09c8d5fe/build-script-build` (exit status: 101)
[INFO] [stderr]   --- stdout
[INFO] [stderr]   cargo:rerun-if-changed=SEAL
[INFO] [stderr]   CMAKE_TOOLCHAIN_FILE_x86_64-unknown-linux-gnu = None
[INFO] [stderr]   CMAKE_TOOLCHAIN_FILE_x86_64_unknown_linux_gnu = None
[INFO] [stderr]   HOST_CMAKE_TOOLCHAIN_FILE = None
[INFO] [stderr]   CMAKE_TOOLCHAIN_FILE = None
[INFO] [stderr]   CMAKE_GENERATOR_x86_64-unknown-linux-gnu = None
[INFO] [stderr]   CMAKE_GENERATOR_x86_64_unknown_linux_gnu = None
[INFO] [stderr]   HOST_CMAKE_GENERATOR = None
[INFO] [stderr]   CMAKE_GENERATOR = None
[INFO] [stderr]   CMAKE_PREFIX_PATH_x86_64-unknown-linux-gnu = None
[INFO] [stderr]   CMAKE_PREFIX_PATH_x86_64_unknown_linux_gnu = None
[INFO] [stderr]   HOST_CMAKE_PREFIX_PATH = None
[INFO] [stderr]   CMAKE_PREFIX_PATH = None
[INFO] [stderr]   CMAKE_x86_64-unknown-linux-gnu = None
[INFO] [stderr]   CMAKE_x86_64_unknown_linux_gnu = None
[INFO] [stderr]   HOST_CMAKE = None
[INFO] [stderr]   CMAKE = None
[INFO] [stderr]   running: cd "/opt/rustwide/target/debug/build/seal_fhe-825efddb61e19988/out/build" && CMAKE_PREFIX_PATH="" "cmake" "/opt/rustwide/cargo-home/registry/src/index.crates.io-6f17d22bba15001f/seal_fhe-0.8.1/SEAL" "-DCMAKE_BUILD_TYPE=Debug" "-DCMAKE_CXX_FLAGS_RELEASE=-DNDEBUG -O3" "-DCMAKE_C_FLAGS_RELEASE=-DNDEBUG -O3" "-DSEAL_USE_GAUSSIAN_NOISE=ON" "-DSEAL_BUILD_STATIC_SEAL_C=ON" "-DSEAL_USE_INTEL_HEXL=OFF" "-DSEAL_BUILD_DEPS=ON" "-DSEAL_BUILD_SEAL_C=ON" "-DSEAL_BUILD_BENCH=OFF" "-DSEAL_BUILD_EXAMPLES=OFF" "-DSEAL_BUILD_TESTS=OFF" "-DSEAL_USE_CXX17=ON" "-DSEAL_USE_INTRIN=ON" "-DSEAL_USE_MSGSL=OFF" "-DSEAL_USE_ZLIB=ON" "-DSEAL_USE_ZSTD=ON" "-DSEAL_THROW_ON_TRANSPARENT_CIPHERTEXT=ON" "-DCMAKE_INSTALL_PREFIX=/opt/rustwide/target/debug/build/seal_fhe-825efddb61e19988/out" "-DCMAKE_C_FLAGS= -ffunction-sections -fdata-sections -fPIC -m64" "-DCMAKE_C_COMPILER=/usr/bin/cc" "-DCMAKE_CXX_FLAGS= -ffunction-sections -fdata-sections -fPIC -m64" "-DCMAKE_CXX_COMPILER=/usr/bin/c++" "-DCMAKE_ASM_FLAGS= -ffunction-sections -fdata-sections -fPIC -m64" "-DCMAKE_ASM_COMPILER=/usr/bin/cc"
[INFO] [stderr]   -- Build type (CMAKE_BUILD_TYPE): Debug
[INFO] [stderr]   -- The CXX compiler identification is GNU 11.4.0
[INFO] [stderr]   -- The C compiler identification is GNU 11.4.0
[INFO] [stderr]   -- Detecting CXX compiler ABI info
[INFO] [stderr]   -- Detecting CXX compiler ABI info - done
[INFO] [stderr]   -- Check for working CXX compiler: /usr/bin/c++ - skipped
[INFO] [stderr]   -- Detecting CXX compile features
[INFO] [stderr]   -- Detecting CXX compile features - done
[INFO] [stderr]   -- Detecting C compiler ABI info
[INFO] [stderr]   -- Detecting C compiler ABI info - done
[INFO] [stderr]   -- Check for working C compiler: /usr/bin/cc - skipped
[INFO] [stderr]   -- Detecting C compile features
[INFO] [stderr]   -- Detecting C compile features - done
[INFO] [stderr]   -- Adding CXX compiler flag: -Wall ...
[INFO] [stderr]   -- Performing Test flag_supported
[INFO] [stderr]   -- Performing Test flag_supported - Success
[INFO] [stderr]   -- Adding CXX compiler flag: -Wextra ...
[INFO] [stderr]   -- Performing Test flag_supported
[INFO] [stderr]   -- Performing Test flag_supported - Success
[INFO] [stderr]   -- Adding CXX compiler flag: -Wconversion ...
[INFO] [stderr]   -- Performing Test flag_supported
[INFO] [stderr]   -- Performing Test flag_supported - Success
[INFO] [stderr]   -- Adding CXX compiler flag: -Wshadow ...
[INFO] [stderr]   -- Performing Test flag_supported
[INFO] [stderr]   -- Performing Test flag_supported - Success
[INFO] [stderr]   -- Adding CXX compiler flag: -pedantic ...
[INFO] [stderr]   -- Performing Test flag_supported
[INFO] [stderr]   -- Performing Test flag_supported - Success
[INFO] [stderr]   -- Microsoft SEAL debug mode: ON
[INFO] [stderr]   -- SEAL_USE_CXX17: ON
[INFO] [stderr]   -- SEAL_BUILD_DEPS: ON
[INFO] [stderr]   -- SEAL_USE_MSGSL: OFF
[INFO] [stderr]   -- SEAL_USE_ZLIB: ON
[INFO] [stderr]   -- Looking for sys/types.h
[INFO] [stderr]   -- Looking for sys/types.h - found
[INFO] [stderr]   -- Looking for stdint.h
[INFO] [stderr]   -- Looking for stdint.h - found
[INFO] [stderr]   -- Looking for stddef.h
[INFO] [stderr]   -- Looking for stddef.h - found
[INFO] [stderr]   -- Check size of off64_t
[INFO] [stderr]   -- Check size of off64_t - done
[INFO] [stderr]   -- Looking for fseeko
[INFO] [stderr]   -- Looking for fseeko - found
[INFO] [stderr]   -- Looking for unistd.h
[INFO] [stderr]   -- Looking for unistd.h - found
[INFO] [stderr]   -- Renaming
[INFO] [stderr]   --     /opt/rustwide/target/debug/build/seal_fhe-825efddb61e19988/out/build/thirdparty/zlib/zconf.h
[INFO] [stderr]   -- to 'zconf.h.included' because this file is included with zlib
[INFO] [stderr]   -- but CMake generates it automatically in the build directory.
[INFO] [stderr]   -- SEAL_USE_ZSTD: ON
[INFO] [stderr]   -- ZSTD VERSION: 1.4.5
[INFO] [stderr]   -- Performing Test CXX_FLAG_STD_CPLUSPLUS11
[INFO] [stderr]   -- Performing Test CXX_FLAG_STD_CPLUSPLUS11 - Success
[INFO] [stderr]   -- Performing Test C_FLAG_STD_C99
[INFO] [stderr]   -- Performing Test C_FLAG_STD_C99 - Success
[INFO] [stderr]   -- Performing Test C_FLAG_WALL
[INFO] [stderr]   -- Performing Test C_FLAG_WALL - Success
[INFO] [stderr]   -- Performing Test CXX_FLAG_WALL
[INFO] [stderr]   -- Performing Test CXX_FLAG_WALL - Success
[INFO] [stderr]   -- Performing Test C_FLAG_WEXTRA
[INFO] [stderr]   -- Performing Test C_FLAG_WEXTRA - Success
[INFO] [stderr]   -- Performing Test CXX_FLAG_WEXTRA
[INFO] [stderr]   -- Performing Test CXX_FLAG_WEXTRA - Success
[INFO] [stderr]   -- Performing Test C_FLAG_WUNDEF
[INFO] [stderr]   -- Performing Test C_FLAG_WUNDEF - Success
[INFO] [stderr]   -- Performing Test CXX_FLAG_WUNDEF
[INFO] [stderr]   -- Performing Test CXX_FLAG_WUNDEF - Success
[INFO] [stderr]   -- Performing Test C_FLAG_WSHADOW
[INFO] [stderr]   -- Performing Test C_FLAG_WSHADOW - Success
[INFO] [stderr]   -- Performing Test CXX_FLAG_WSHADOW
[INFO] [stderr]   -- Performing Test CXX_FLAG_WSHADOW - Success
[INFO] [stderr]   -- Performing Test C_FLAG_WCAST_ALIGN
[INFO] [stderr]   -- Performing Test C_FLAG_WCAST_ALIGN - Success
[INFO] [stderr]   -- Performing Test CXX_FLAG_WCAST_ALIGN
[INFO] [stderr]   -- Performing Test CXX_FLAG_WCAST_ALIGN - Success
[INFO] [stderr]   -- Performing Test C_FLAG_WCAST_QUAL
[INFO] [stderr]   -- Performing Test C_FLAG_WCAST_QUAL - Success
[INFO] [stderr]   -- Performing Test CXX_FLAG_WCAST_QUAL
[INFO] [stderr]   -- Performing Test CXX_FLAG_WCAST_QUAL - Success
[INFO] [stderr]   -- Performing Test C_FLAG_WSTRICT_PROTOTYPES
[INFO] [stderr]   -- Performing Test C_FLAG_WSTRICT_PROTOTYPES - Success
[INFO] [stderr]   -- Performing Test C_FLAG_DDEBUGLEVEL_1
[INFO] [stderr]   -- Performing Test C_FLAG_DDEBUGLEVEL_1 - Success
[INFO] [stderr]   -- Performing Test CXX_FLAG_DDEBUGLEVEL_1
[INFO] [stderr]   -- Performing Test CXX_FLAG_DDEBUGLEVEL_1 - Success
[INFO] [stderr]   -- CMAKE_INSTALL_PREFIX: /opt/rustwide/target/debug/build/seal_fhe-825efddb61e19988/out
[INFO] [stderr]   -- CMAKE_INSTALL_LIBDIR: lib
[INFO] [stderr]   -- ZSTD_LEGACY_SUPPORT not defined!
[INFO] [stderr]   -- ZSTD_MULTITHREAD_SUPPORT is disabled
[INFO] [stderr]   -- SEAL_USE_INTEL_HEXL: OFF
[INFO] [stderr]   -- BUILD_SHARED_LIBS: OFF
[INFO] [stderr]   -- SEAL_THROW_ON_TRANSPARENT_CIPHERTEXT: ON
[INFO] [stderr]   -- SEAL_USE_GAUSSIAN_NOISE: ON
[INFO] [stderr]   -- SEAL_DEFAULT_PRNG: Blake2xb
[INFO] [stderr]   -- SEAL_AVOID_BRANCHING: OFF
[INFO] [stderr]   -- x86intrin.h - found
[INFO] [stderr]   -- SEAL_USE_INTRIN: ON
[INFO] [stderr]   -- Performing Test SEAL_MEMSET_S_FOUND
[INFO] [stderr]   -- Performing Test SEAL_MEMSET_S_FOUND - Failed
[INFO] [stderr]   -- Looking for explicit_bzero
[INFO] [stderr]   -- Looking for explicit_bzero - found
[INFO] [stderr]   -- Looking for explicit_memset
[INFO] [stderr]   -- Looking for explicit_memset - not found
[INFO] [stderr]   -- SEAL_USE_MEMSET_S: OFF
[INFO] [stderr]   -- SEAL_USE_EXPLICIT_BZERO: ON
[INFO] [stderr]   -- SEAL_USE_EXPLICIT_MEMSET: OFF
[INFO] [stderr]   -- Looking for pthread.h
[INFO] [stderr]   -- Looking for pthread.h - found
[INFO] [stderr]   -- Performing Test CMAKE_HAVE_LIBC_PTHREAD
[INFO] [stderr]   -- Performing Test CMAKE_HAVE_LIBC_PTHREAD - Success
[INFO] [stderr]   -- Found Threads: TRUE  
[INFO] [stderr]   -- SEAL_BUILD_SEAL_C: ON
[INFO] [stderr]   -- SEAL_BUILD_EXAMPLES: OFF
[INFO] [stderr]   -- SEAL_BUILD_TESTS: OFF
[INFO] [stderr]   -- SEAL_BUILD_BENCH: OFF
[INFO] [stderr]   -- Configuring done
[INFO] [stderr]   -- Generating done
[INFO] [stderr]   -- Build files have been written to: /opt/rustwide/target/debug/build/seal_fhe-825efddb61e19988/out/build
[INFO] [stderr]   running: cd "/opt/rustwide/target/debug/build/seal_fhe-825efddb61e19988/out/build" && MAKEFLAGS="-j --jobserver-fds=7,8 --jobserver-auth=7,8" "cmake" "--build" "." "--target" "install" "--config" "Debug"
[INFO] [stderr]   [  1%] Building C object thirdparty/zstd/lib/CMakeFiles/libzstd_static.dir/__/__/__/lib/common/debug.c.o
[INFO] [stderr]   [  6%] Building C object thirdparty/zstd/lib/CMakeFiles/libzstd_static.dir/__/__/__/lib/common/entropy_common.c.o
[INFO] [stderr]   [  6%] Building C object thirdparty/zlib-build/CMakeFiles/zlibstatic.dir/compress.o
[INFO] [stderr]   [  6%] Building C object thirdparty/zstd/lib/CMakeFiles/libzstd_static.dir/__/__/__/lib/common/error_private.c.o
[INFO] [stderr]   [  6%] Building C object thirdparty/zlib-build/CMakeFiles/zlibstatic.dir/crc32.o
[INFO] [stderr]   [  6%] Building C object thirdparty/zstd/lib/CMakeFiles/libzstd_static.dir/__/__/__/lib/common/fse_decompress.c.o
[INFO] [stderr]   [  6%] Building C object thirdparty/zlib-build/CMakeFiles/zlibstatic.dir/adler32.o
[INFO] [stderr]   [  8%] Building C object thirdparty/zlib-build/CMakeFiles/zlibstatic.dir/deflate.o
[INFO] [stderr]   [  8%] Building C object thirdparty/zstd/lib/CMakeFiles/libzstd_static.dir/__/__/__/lib/common/threading.c.o
[INFO] [stderr]   [  9%] Building C object thirdparty/zstd/lib/CMakeFiles/libzstd_static.dir/__/__/__/lib/common/pool.c.o
[INFO] [stderr]   [  9%] Building C object thirdparty/zlib-build/CMakeFiles/zlibstatic.dir/gzclose.o
[INFO] [stderr]   [  9%] Building C object thirdparty/zlib-build/CMakeFiles/zlibstatic.dir/gzlib.o
[INFO] [stderr]   [ 10%] Building C object thirdparty/zstd/lib/CMakeFiles/libzstd_static.dir/__/__/__/lib/common/xxhash.c.o
[INFO] [stderr]   [ 12%] Building C object thirdparty/zstd/lib/CMakeFiles/libzstd_static.dir/__/__/__/lib/common/zstd_common.c.o
[INFO] [stderr]   [ 13%] Building C object thirdparty/zlib-build/CMakeFiles/zlibstatic.dir/gzread.o
[INFO] [stderr]   [ 14%] Building C object thirdparty/zlib-build/CMakeFiles/zlibstatic.dir/gzwrite.o
[INFO] [stderr]   [ 15%] Building C object thirdparty/zstd/lib/CMakeFiles/libzstd_static.dir/__/__/__/lib/compress/hist.c.o
[INFO] [stderr]   [ 15%] Building C object thirdparty/zstd/lib/CMakeFiles/libzstd_static.dir/__/__/__/lib/compress/fse_compress.c.o
[INFO] [stderr]   [ 16%] Building C object thirdparty/zlib-build/CMakeFiles/zlibstatic.dir/inflate.o
[INFO] [stderr]   [ 18%] Building C object thirdparty/zstd/lib/CMakeFiles/libzstd_static.dir/__/__/__/lib/compress/huf_compress.c.o
[INFO] [stderr]   [ 18%] Building C object thirdparty/zstd/lib/CMakeFiles/libzstd_static.dir/__/__/__/lib/compress/zstd_compress.c.o
[INFO] [stderr]   [ 19%] Building C object thirdparty/zlib-build/CMakeFiles/zlibstatic.dir/infback.o
[INFO] [stderr]   [ 19%] Building C object thirdparty/zlib-build/CMakeFiles/zlibstatic.dir/inftrees.o
[INFO] [stderr]   [ 20%] Building C object thirdparty/zstd/lib/CMakeFiles/libzstd_static.dir/__/__/__/lib/compress/zstd_compress_literals.c.o
[INFO] [stderr]   [ 21%] Building C object thirdparty/zstd/lib/CMakeFiles/libzstd_static.dir/__/__/__/lib/compress/zstd_compress_sequences.c.o
[INFO] [stderr]   [ 22%] Building C object thirdparty/zlib-build/CMakeFiles/zlibstatic.dir/inffast.o
[INFO] [stderr]   [ 22%] Building C object thirdparty/zlib-build/CMakeFiles/zlibstatic.dir/trees.o
[INFO] [stderr]   [ 24%] Building C object thirdparty/zstd/lib/CMakeFiles/libzstd_static.dir/__/__/__/lib/compress/zstd_compress_superblock.c.o
[INFO] [stderr]   [ 25%] Building C object thirdparty/zlib-build/CMakeFiles/zlibstatic.dir/uncompr.o
[INFO] [stderr]   [ 26%] Building C object thirdparty/zlib-build/CMakeFiles/zlibstatic.dir/zutil.o
[INFO] [stderr]   [ 26%] Building C object thirdparty/zstd/lib/CMakeFiles/libzstd_static.dir/__/__/__/lib/compress/zstd_double_fast.c.o
[INFO] [stderr]   [ 27%] Building C object thirdparty/zstd/lib/CMakeFiles/libzstd_static.dir/__/__/__/lib/compress/zstd_fast.c.o
[INFO] [stderr]   [ 28%] Building C object thirdparty/zstd/lib/CMakeFiles/libzstd_static.dir/__/__/__/lib/compress/zstd_lazy.c.o
[INFO] [stderr]   [ 28%] Building C object thirdparty/zstd/lib/CMakeFiles/libzstd_static.dir/__/__/__/lib/compress/zstd_ldm.c.o
[INFO] [stderr]   [ 31%] Building C object thirdparty/zstd/lib/CMakeFiles/libzstd_static.dir/__/__/__/lib/compress/zstd_opt.c.o
[INFO] [stderr]   [ 31%] Building C object thirdparty/zstd/lib/CMakeFiles/libzstd_static.dir/__/__/__/lib/compress/zstdmt_compress.c.o
[INFO] [stderr]   [ 32%] Building C object thirdparty/zstd/lib/CMakeFiles/libzstd_static.dir/__/__/__/lib/decompress/huf_decompress.c.o
[INFO] [stderr]   [ 32%] Building C object thirdparty/zstd/lib/CMakeFiles/libzstd_static.dir/__/__/__/lib/decompress/zstd_ddict.c.o
[INFO] [stderr]   [ 33%] Building C object thirdparty/zstd/lib/CMakeFiles/libzstd_static.dir/__/__/__/lib/decompress/zstd_decompress.c.o
[INFO] [stderr]   [ 34%] Building C object thirdparty/zstd/lib/CMakeFiles/libzstd_static.dir/__/__/__/lib/decompress/zstd_decompress_block.c.o
[INFO] [stderr]   [ 34%] Building C object thirdparty/zstd/lib/CMakeFiles/libzstd_static.dir/__/__/__/lib/dictBuilder/cover.c.o
[INFO] [stderr]   [ 36%] Building C object thirdparty/zstd/lib/CMakeFiles/libzstd_static.dir/__/__/__/lib/dictBuilder/divsufsort.c.o
[INFO] [stderr]   [ 37%] Building C object thirdparty/zstd/lib/CMakeFiles/libzstd_static.dir/__/__/__/lib/dictBuilder/fastcover.c.o
[INFO] [stderr]   [ 38%] Linking C static library ../../lib/libz.a
[INFO] [stderr]   [ 38%] Building C object thirdparty/zstd/lib/CMakeFiles/libzstd_static.dir/__/__/__/lib/dictBuilder/zdict.c.o
[INFO] [stderr]   [ 39%] Building C object thirdparty/zstd/lib/CMakeFiles/libzstd_static.dir/__/__/__/lib/deprecated/zbuff_common.c.o
[INFO] [stderr]   [ 40%] Building C object thirdparty/zstd/lib/CMakeFiles/libzstd_static.dir/__/__/__/lib/deprecated/zbuff_compress.c.o
[INFO] [stderr]   [ 42%] Building C object thirdparty/zstd/lib/CMakeFiles/libzstd_static.dir/__/__/__/lib/deprecated/zbuff_decompress.c.o
[INFO] [stderr]   [ 42%] Built target zlibstatic
[INFO] [stderr]   [ 42%] Linking C static library ../../../lib/libzstd.a
[INFO] [stderr]   [ 42%] Built target libzstd_static
[INFO] [stderr]   [ 43%] Building CXX object CMakeFiles/seal.dir/native/src/seal/ciphertext.cpp.o
[INFO] [stderr]   [ 43%] Building CXX object CMakeFiles/seal.dir/native/src/seal/batchencoder.cpp.o
[INFO] [stderr]   [ 44%] Building CXX object CMakeFiles/seal.dir/native/src/seal/ckks.cpp.o
[INFO] [stderr]   [ 44%] Building CXX object CMakeFiles/seal.dir/native/src/seal/encryptionparams.cpp.o
[INFO] [stderr]   [ 45%] Building CXX object CMakeFiles/seal.dir/native/src/seal/decryptor.cpp.o
[INFO] [stderr]   [ 48%] Building CXX object CMakeFiles/seal.dir/native/src/seal/encryptor.cpp.o
[INFO] [stderr]   [ 48%] Building CXX object CMakeFiles/seal.dir/native/src/seal/evaluator.cpp.o
[INFO] [stderr]   [ 49%] Building CXX object CMakeFiles/seal.dir/native/src/seal/context.cpp.o
[INFO] [stderr]   [ 50%] Building CXX object CMakeFiles/seal.dir/native/src/seal/kswitchkeys.cpp.o
[INFO] [stderr]   [ 51%] Building CXX object CMakeFiles/seal.dir/native/src/seal/memorymanager.cpp.o
[INFO] [stderr]   [ 51%] Building CXX object CMakeFiles/seal.dir/native/src/seal/keygenerator.cpp.o
[INFO] [stderr]   [ 53%] Building CXX object CMakeFiles/seal.dir/native/src/seal/plaintext.cpp.o
[INFO] [stderr]   [ 53%] Building CXX object CMakeFiles/seal.dir/native/src/seal/modulus.cpp.o
[INFO] [stderr]   [ 54%] Building CXX object CMakeFiles/seal.dir/native/src/seal/polyarray.cpp.o
[INFO] [stderr]   [ 55%] Building CXX object CMakeFiles/seal.dir/native/src/seal/randomgen.cpp.o
[INFO] [stderr]   [ 55%] Building CXX object CMakeFiles/seal.dir/native/src/seal/serialization.cpp.o
[INFO] [stderr] 
[INFO] [stderr]   --- stderr
[INFO] [stderr]   CMake Deprecation Warning at /opt/rustwide/target/debug/build/seal_fhe-825efddb61e19988/out/build/thirdparty/zlib/CMakeLists.txt:1 (cmake_minimum_required):
[INFO] [stderr]     Compatibility with CMake < 2.8.12 will be removed from a future version of
[INFO] [stderr]     CMake.
[INFO] [stderr] 
[INFO] [stderr]     Update the VERSION argument <min> value or use a ...<max> suffix to tell
[INFO] [stderr]     CMake that the project does not need compatibility with older versions.
[INFO] [stderr] 
[INFO] [stderr] 
[INFO] [stderr]   CMake Deprecation Warning at thirdparty/zstd/build/cmake/CMakeLists.txt:10 (cmake_minimum_required):
[INFO] [stderr]     Compatibility with CMake < 2.8.12 will be removed from a future version of
[INFO] [stderr]     CMake.
[INFO] [stderr] 
[INFO] [stderr]     Update the VERSION argument <min> value or use a ...<max> suffix to tell
[INFO] [stderr]     CMake that the project does not need compatibility with older versions.
[INFO] [stderr] 
[INFO] [stderr] 
[INFO] [stderr]   CMake Warning:
[INFO] [stderr]     Manually-specified variables were not used by the project:
[INFO] [stderr] 
[INFO] [stderr]       CMAKE_ASM_COMPILER
[INFO] [stderr]       CMAKE_ASM_FLAGS
[INFO] [stderr] 
[INFO] [stderr] 
[INFO] [stderr]   c++: fatal error: Killed signal terminated program cc1plus
[INFO] [stderr]   compilation terminated.
[INFO] [stderr]   gmake[2]: *** [CMakeFiles/seal.dir/build.make:216: CMakeFiles/seal.dir/native/src/seal/memorymanager.cpp.o] Error 1
[INFO] [stderr]   gmake[2]: *** Waiting for unfinished jobs....
[INFO] [stderr]   c++: fatal error: Killed signal terminated program cc1plus
[INFO] [stderr]   compilation terminated.
[INFO] [stderr]   gmake[2]: *** [CMakeFiles/seal.dir/build.make:174: CMakeFiles/seal.dir/native/src/seal/evaluator.cpp.o] Error 1
[INFO] [stderr]   c++: fatal error: Killed signal terminated program cc1plus
[INFO] [stderr]   compilation terminated.
[INFO] [stderr]   gmake[2]: *** [CMakeFiles/seal.dir/build.make:272: CMakeFiles/seal.dir/native/src/seal/randomgen.cpp.o] Error 1
[INFO] [stderr]   c++: fatal error: Killed signal terminated program cc1plus
[INFO] [stderr]   compilation terminated.
[INFO] [stderr]   gmake[2]: *** [CMakeFiles/seal.dir/build.make:118: CMakeFiles/seal.dir/native/src/seal/context.cpp.o] Error 1
[INFO] [stderr]   c++: fatal error: Killed signal terminated program cc1plus
[INFO] [stderr]   compilation terminated.
[INFO] [stderr]   gmake[2]: *** [CMakeFiles/seal.dir/build.make:188: CMakeFiles/seal.dir/native/src/seal/keygenerator.cpp.o] Error 1
[INFO] [stderr]   c++: fatal error: Killed signal terminated program cc1plus
[INFO] [stderr]   compilation terminated.
[INFO] [stderr]   gmake[2]: *** [CMakeFiles/seal.dir/build.make:202: CMakeFiles/seal.dir/native/src/seal/kswitchkeys.cpp.o] Error 1
[INFO] [stderr]   c++: fatal error: Killed signal terminated program cc1plus
[INFO] [stderr]   compilation terminated.
[INFO] [stderr]   gmake[2]: *** [CMakeFiles/seal.dir/build.make:104: CMakeFiles/seal.dir/native/src/seal/ckks.cpp.o] Error 1
[INFO] [stderr]   c++: fatal error: Killed signal terminated program cc1plus
[INFO] [stderr]   compilation terminated.
[INFO] [stderr]   gmake[2]: *** [CMakeFiles/seal.dir/build.make:160: CMakeFiles/seal.dir/native/src/seal/encryptor.cpp.o] Error 1
[INFO] [stderr]   c++: fatal error: Killed signal terminated program cc1plus
[INFO] [stderr]   compilation terminated.
[INFO] [stderr]   gmake[2]: *** [CMakeFiles/seal.dir/build.make:244: CMakeFiles/seal.dir/native/src/seal/plaintext.cpp.o] Error 1
[INFO] [stderr]   c++: fatal error: Killed signal terminated program cc1plus
[INFO] [stderr]   compilation terminated.
[INFO] [stderr]   gmake[2]: *** [CMakeFiles/seal.dir/build.make:132: CMakeFiles/seal.dir/native/src/seal/decryptor.cpp.o] Error 1
[INFO] [stderr]   /opt/rustwide/cargo-home/registry/src/index.crates.io-6f17d22bba15001f/seal_fhe-0.8.1/SEAL/native/src/seal/polyarray.cpp: In constructor 'seal::PolynomialArray::PolynomialArray(const seal::SEALContext&, const seal::Ciphertext&, seal::MemoryPoolHandle)':
[INFO] [stderr]   /opt/rustwide/cargo-home/registry/src/index.crates.io-6f17d22bba15001f/seal_fhe-0.8.1/SEAL/native/src/seal/polyarray.cpp:31:27: warning: comparison of integer expressions of different signedness: 'int' and 'long unsigned int' [-Wsign-compare]
[INFO] [stderr]      31 |         for (int i = 0; i < num_poly; i++) {
[INFO] [stderr]         |                         ~~^~~~~~~~~~
[INFO] [stderr]   /opt/rustwide/cargo-home/registry/src/index.crates.io-6f17d22bba15001f/seal_fhe-0.8.1/SEAL/native/src/seal/polyarray.cpp: In constructor 'seal::PolynomialArray::PolynomialArray(const seal::SEALContext&, const seal::PublicKey&, seal::MemoryPoolHandle)':
[INFO] [stderr]   /opt/rustwide/cargo-home/registry/src/index.crates.io-6f17d22bba15001f/seal_fhe-0.8.1/SEAL/native/src/seal/polyarray.cpp:70:27: warning: comparison of integer expressions of different signedness: 'int' and 'long unsigned int' [-Wsign-compare]
[INFO] [stderr]      70 |         for (int i = 0; i < num_poly; i++) {
[INFO] [stderr]         |                         ~~^~~~~~~~~~
[INFO] [stderr]   /opt/rustwide/cargo-home/registry/src/index.crates.io-6f17d22bba15001f/seal_fhe-0.8.1/SEAL/native/src/seal/polyarray.cpp: In copy constructor 'seal::PolynomialArray::PolynomialArray(const seal::PolynomialArray&)':
[INFO] [stderr]   /opt/rustwide/cargo-home/registry/src/index.crates.io-6f17d22bba15001f/seal_fhe-0.8.1/SEAL/native/src/seal/polyarray.cpp:89:14: warning: unused variable 'coeff_modulus_size' [-Wunused-variable]
[INFO] [stderr]      89 |         auto coeff_modulus_size = copy.coeff_modulus_size();
[INFO] [stderr]         |              ^~~~~~~~~~~~~~~~~~
[INFO] [stderr]   /opt/rustwide/cargo-home/registry/src/index.crates.io-6f17d22bba15001f/seal_fhe-0.8.1/SEAL/native/src/seal/polyarray.cpp: In member function 'void seal::PolynomialArray::to_multiprecision()':
[INFO] [stderr]   /opt/rustwide/cargo-home/registry/src/index.crates.io-6f17d22bba15001f/seal_fhe-0.8.1/SEAL/native/src/seal/polyarray.cpp:132:27: warning: comparison of integer expressions of different signedness: 'int' and 'std::size_t' {aka 'long unsigned int'} [-Wsign-compare]
[INFO] [stderr]     132 |         for (int i = 0; i < poly_size_; i++) {
[INFO] [stderr]         |                         ~~^~~~~~~~~~~~
[INFO] [stderr]   /opt/rustwide/cargo-home/registry/src/index.crates.io-6f17d22bba15001f/seal_fhe-0.8.1/SEAL/native/src/seal/polyarray.cpp: In member function 'void seal::PolynomialArray::to_rns()':
[INFO] [stderr]   /opt/rustwide/cargo-home/registry/src/index.crates.io-6f17d22bba15001f/seal_fhe-0.8.1/SEAL/native/src/seal/polyarray.cpp:149:27: warning: comparison of integer expressions of different signedness: 'int' and 'std::size_t' {aka 'long unsigned int'} [-Wsign-compare]
[INFO] [stderr]     149 |         for (int i = 0; i < poly_size_; i++) {
[INFO] [stderr]         |                         ~~^~~~~~~~~~~~
[INFO] [stderr]   gmake[1]: *** [CMakeFiles/Makefile2:197: CMakeFiles/seal.dir/all] Error 2
[INFO] [stderr]   gmake: *** [Makefile:136: all] Error 2
[INFO] [stderr]   thread 'main' panicked at /opt/rustwide/cargo-home/registry/src/index.crates.io-6f17d22bba15001f/cmake-0.1.50/src/lib.rs:1098:5:
[INFO] [stderr] 
[INFO] [stderr]   command did not execute successfully, got: exit status: 2
[INFO] [stderr] 
[INFO] [stderr]   build script failed, must exit now
[INFO] [stderr]   stack backtrace:
[INFO] [stderr]      0:     0x55fbe18cc89c - std::backtrace_rs::backtrace::libunwind::trace::ha637c64ce894333a
[INFO] [stderr]                                  at /rustc/82e1608dfa6e0b5569232559e3d385fea5a93112/library/std/src/../../backtrace/src/backtrace/libunwind.rs:104:5
[INFO] [stderr]      1:     0x55fbe18cc89c - std::backtrace_rs::backtrace::trace_unsynchronized::h47f62dea28e0c88d
[INFO] [stderr]                                  at /rustc/82e1608dfa6e0b5569232559e3d385fea5a93112/library/std/src/../../backtrace/src/backtrace/mod.rs:66:5
[INFO] [stderr]      2:     0x55fbe18cc89c - std::sys_common::backtrace::_print_fmt::h9eef0abe20ede486
[INFO] [stderr]                                  at /rustc/82e1608dfa6e0b5569232559e3d385fea5a93112/library/std/src/sys_common/backtrace.rs:67:5
[INFO] [stderr]      3:     0x55fbe18cc89c - <std::sys_common::backtrace::_print::DisplayBacktrace as core::fmt::Display>::fmt::hed7f999df88cc644
[INFO] [stderr]                                  at /rustc/82e1608dfa6e0b5569232559e3d385fea5a93112/library/std/src/sys_common/backtrace.rs:44:22
[INFO] [stderr]      4:     0x55fbe18f86a0 - core::fmt::rt::Argument::fmt::h1539a9308b8d058d
[INFO] [stderr]                                  at /rustc/82e1608dfa6e0b5569232559e3d385fea5a93112/library/core/src/fmt/rt.rs:142:9
[INFO] [stderr]      5:     0x55fbe18f86a0 - core::fmt::write::h3a39390d8560d9c9
[INFO] [stderr]                                  at /rustc/82e1608dfa6e0b5569232559e3d385fea5a93112/library/core/src/fmt/mod.rs:1120:17
[INFO] [stderr]      6:     0x55fbe18c9a9f - std::io::Write::write_fmt::h5fc9997dfe05f882
[INFO] [stderr]                                  at /rustc/82e1608dfa6e0b5569232559e3d385fea5a93112/library/std/src/io/mod.rs:1762:15
[INFO] [stderr]      7:     0x55fbe18cc684 - std::sys_common::backtrace::_print::h894006fb5c6f3d45
[INFO] [stderr]                                  at /rustc/82e1608dfa6e0b5569232559e3d385fea5a93112/library/std/src/sys_common/backtrace.rs:47:5
[INFO] [stderr]      8:     0x55fbe18cc684 - std::sys_common::backtrace::print::h23a2d212c6fff936
[INFO] [stderr]                                  at /rustc/82e1608dfa6e0b5569232559e3d385fea5a93112/library/std/src/sys_common/backtrace.rs:34:9
[INFO] [stderr]      9:     0x55fbe18cde97 - std::panicking::default_hook::{{closure}}::h8a1d2ee00185001a
[INFO] [stderr]     10:     0x55fbe18cdbff - std::panicking::default_hook::h6038f2eba384e475
[INFO] [stderr]                                  at /rustc/82e1608dfa6e0b5569232559e3d385fea5a93112/library/std/src/panicking.rs:292:9
[INFO] [stderr]     11:     0x55fbe18ce318 - std::panicking::rust_panic_with_hook::h2b5517d590cab22e
[INFO] [stderr]                                  at /rustc/82e1608dfa6e0b5569232559e3d385fea5a93112/library/std/src/panicking.rs:779:13
[INFO] [stderr]     12:     0x55fbe18ce1fe - std::panicking::begin_panic_handler::{{closure}}::h233112c06e0ef43e
[INFO] [stderr]                                  at /rustc/82e1608dfa6e0b5569232559e3d385fea5a93112/library/std/src/panicking.rs:657:13
[INFO] [stderr]     13:     0x55fbe18ccd66 - std::sys_common::backtrace::__rust_end_short_backtrace::h6e893f24d7ebbff8
[INFO] [stderr]                                  at /rustc/82e1608dfa6e0b5569232559e3d385fea5a93112/library/std/src/sys_common/backtrace.rs:170:18
[INFO] [stderr]     14:     0x55fbe18cdf62 - rust_begin_unwind
[INFO] [stderr]                                  at /rustc/82e1608dfa6e0b5569232559e3d385fea5a93112/library/std/src/panicking.rs:645:5
[INFO] [stderr]     15:     0x55fbe12d47b5 - core::panicking::panic_fmt::hbf0e066aabfa482c
[INFO] [stderr]                                  at /rustc/82e1608dfa6e0b5569232559e3d385fea5a93112/library/core/src/panicking.rs:72:14
[INFO] [stderr]     16:     0x55fbe1861c01 - cmake::fail::h48943d4bc26ff962
[INFO] [stderr]     17:     0x55fbe1861387 - cmake::run::hb5b5c0da29ba9049
[INFO] [stderr]     18:     0x55fbe185dca1 - cmake::Config::build::h95129dac09be71c5
[INFO] [stderr]     19:     0x55fbe12d99c5 - build_script_build::compile_native::h2743df6e02868151
[INFO] [stderr]     20:     0x55fbe12da873 - build_script_build::main::h7e01cbe9e1a5b03b
[INFO] [stderr]     21:     0x55fbe12d5c33 - core::ops::function::FnOnce::call_once::hbd9b8276dced9971
[INFO] [stderr]     22:     0x55fbe12d5156 - std::sys_common::backtrace::__rust_begin_short_backtrace::hcc763d12190e7284
[INFO] [stderr]     23:     0x55fbe12d5959 - std::rt::lang_start::{{closure}}::hef7a9cd03e0b1ff6
[INFO] [stderr]     24:     0x55fbe18c5097 - core::ops::function::impls::<impl core::ops::function::FnOnce<A> for &F>::call_once::hd95060ecd5e1ca24
[INFO] [stderr]                                  at /rustc/82e1608dfa6e0b5569232559e3d385fea5a93112/library/core/src/ops/function.rs:284:13
[INFO] [stderr]     25:     0x55fbe18c5097 - std::panicking::try::do_call::h6e8cf51db32a6e4b
[INFO] [stderr]                                  at /rustc/82e1608dfa6e0b5569232559e3d385fea5a93112/library/std/src/panicking.rs:552:40
[INFO] [stderr]     26:     0x55fbe18c5097 - std::panicking::try::h3a52eefe24fe3c29
[INFO] [stderr]                                  at /rustc/82e1608dfa6e0b5569232559e3d385fea5a93112/library/std/src/panicking.rs:516:19
[INFO] [stderr]     27:     0x55fbe18c5097 - std::panic::catch_unwind::h24c28c23c02c3841
[INFO] [stderr]                                  at /rustc/82e1608dfa6e0b5569232559e3d385fea5a93112/library/std/src/panic.rs:142:14
[INFO] [stderr]     28:     0x55fbe18c5097 - std::rt::lang_start_internal::{{closure}}::h705d3c9cbc06ef47
[INFO] [stderr]                                  at /rustc/82e1608dfa6e0b5569232559e3d385fea5a93112/library/std/src/rt.rs:148:48
[INFO] [stderr]     29:     0x55fbe18c5097 - std::panicking::try::do_call::ha21f52ba13158470
[INFO] [stderr]                                  at /rustc/82e1608dfa6e0b5569232559e3d385fea5a93112/library/std/src/panicking.rs:552:40
[INFO] [stderr]     30:     0x55fbe18c5097 - std::panicking::try::h5581346bf6aeb1f8
[INFO] [stderr]                                  at /rustc/82e1608dfa6e0b5569232559e3d385fea5a93112/library/std/src/panicking.rs:516:19
[INFO] [stderr]     31:     0x55fbe18c5097 - std::panic::catch_unwind::h7919645a6b72e25b
[INFO] [stderr]                                  at /rustc/82e1608dfa6e0b5569232559e3d385fea5a93112/library/std/src/panic.rs:142:14
[INFO] [stderr]     32:     0x55fbe18c5097 - std::rt::lang_start_internal::h12de51168669836e
[INFO] [stderr]                                  at /rustc/82e1608dfa6e0b5569232559e3d385fea5a93112/library/std/src/rt.rs:148:20
[INFO] [stderr]     33:     0x55fbe12d5937 - std::rt::lang_start::h08552d0764828d14
[INFO] [stderr]     34:     0x55fbe12db255 - main
[INFO] [stderr]     35:     0x7ff55da89d90 - <unknown>
[INFO] [stderr]     36:     0x7ff55da89e40 - __libc_start_main
[INFO] [stderr]     37:     0x55fbe12d5085 - _start
[INFO] [stderr]     38:                0x0 - <unknown>
[INFO] running `Command { std: "docker" "inspect" "374a6a6882f18237c8a7db41338423ddc9ce141e88d2322d449ae6489a2e0e52", kill_on_drop: false }`
[INFO] running `Command { std: "docker" "rm" "-f" "374a6a6882f18237c8a7db41338423ddc9ce141e88d2322d449ae6489a2e0e52", kill_on_drop: false }`
[INFO] [stdout] 374a6a6882f18237c8a7db41338423ddc9ce141e88d2322d449ae6489a2e0e52
[INFO] documenting sunscreen_runtime-0.8.1 against beta-2023-12-22 for beta-1.76-rustdoc-1
[INFO] extracting crate sunscreen_runtime 0.8.1 into /workspace/builds/worker-1-tc2/source
[INFO] validating manifest of crates.io crate sunscreen_runtime 0.8.1 on toolchain beta-2023-12-22
[INFO] running `Command { std: CARGO_HOME="/workspace/cargo-home" RUSTUP_HOME="/workspace/rustup-home" "/workspace/cargo-home/bin/cargo" "+beta-2023-12-22" "metadata" "--manifest-path" "Cargo.toml" "--no-deps", kill_on_drop: false }`
[INFO] started tweaking crates.io crate sunscreen_runtime 0.8.1
[INFO] finished tweaking crates.io crate sunscreen_runtime 0.8.1
[INFO] tweaked toml for crates.io crate sunscreen_runtime 0.8.1 written to /workspace/builds/worker-1-tc2/source/Cargo.toml
[INFO] running `Command { std: CARGO_HOME="/workspace/cargo-home" RUSTUP_HOME="/workspace/rustup-home" "/workspace/cargo-home/bin/cargo" "+beta-2023-12-22" "generate-lockfile" "--manifest-path" "Cargo.toml", kill_on_drop: false }`
[INFO] [stderr]     Updating crates.io index
[INFO] running `Command { std: CARGO_HOME="/workspace/cargo-home" RUSTUP_HOME="/workspace/rustup-home" "/workspace/cargo-home/bin/cargo" "+beta-2023-12-22" "fetch" "--manifest-path" "Cargo.toml", kill_on_drop: false }`
[INFO] running `Command { std: "docker" "create" "-v" "/var/lib/crater-agent-workspace/builds/worker-1-tc2/target:/opt/rustwide/target:rw,Z" "-v" "/var/lib/crater-agent-workspace/builds/worker-1-tc2/source:/opt/rustwide/workdir:ro,Z" "-v" "/var/lib/crater-agent-workspace/cargo-home:/opt/rustwide/cargo-home:ro,Z" "-v" "/var/lib/crater-agent-workspace/rustup-home:/opt/rustwide/rustup-home:ro,Z" "-e" "SOURCE_DIR=/opt/rustwide/workdir" "-e" "CARGO_TARGET_DIR=/opt/rustwide/target" "-e" "CARGO_HOME=/opt/rustwide/cargo-home" "-e" "RUSTUP_HOME=/opt/rustwide/rustup-home" "-w" "/opt/rustwide/workdir" "-m" "1610612736" "--user" "0:0" "--network" "none" "ghcr.io/rust-lang/crates-build-env/linux@sha256:2788e3201cd34a07e3172128adcd8b3090168a8e3bcc40d7c032b9dda1df7d1c" "/opt/rustwide/cargo-home/bin/cargo" "+beta-2023-12-22" "metadata" "--no-deps" "--format-version=1", kill_on_drop: false }`
[INFO] [stdout] 649a411cf74b9d61f8acf76c00f390922419197e540416f067b22c34d8d097c9
[INFO] running `Command { std: "docker" "start" "-a" "649a411cf74b9d61f8acf76c00f390922419197e540416f067b22c34d8d097c9", kill_on_drop: false }`
[INFO] running `Command { std: "docker" "inspect" "649a411cf74b9d61f8acf76c00f390922419197e540416f067b22c34d8d097c9", kill_on_drop: false }`
[INFO] running `Command { std: "docker" "rm" "-f" "649a411cf74b9d61f8acf76c00f390922419197e540416f067b22c34d8d097c9", kill_on_drop: false }`
[INFO] [stdout] 649a411cf74b9d61f8acf76c00f390922419197e540416f067b22c34d8d097c9
[INFO] running `Command { std: "docker" "create" "-v" "/var/lib/crater-agent-workspace/builds/worker-1-tc2/target:/opt/rustwide/target:rw,Z" "-v" "/var/lib/crater-agent-workspace/builds/worker-1-tc2/source:/opt/rustwide/workdir:ro,Z" "-v" "/var/lib/crater-agent-workspace/cargo-home:/opt/rustwide/cargo-home:ro,Z" "-v" "/var/lib/crater-agent-workspace/rustup-home:/opt/rustwide/rustup-home:ro,Z" "-e" "SOURCE_DIR=/opt/rustwide/workdir" "-e" "CARGO_TARGET_DIR=/opt/rustwide/target" "-e" "CARGO_INCREMENTAL=0" "-e" "RUST_BACKTRACE=full" "-e" "RUSTFLAGS=--cap-lints=warn" "-e" "RUSTDOCFLAGS=--cap-lints=warn" "-e" "CARGO_HOME=/opt/rustwide/cargo-home" "-e" "RUSTUP_HOME=/opt/rustwide/rustup-home" "-w" "/opt/rustwide/workdir" "-m" "1610612736" "--user" "0:0" "--network" "none" "ghcr.io/rust-lang/crates-build-env/linux@sha256:2788e3201cd34a07e3172128adcd8b3090168a8e3bcc40d7c032b9dda1df7d1c" "/opt/rustwide/cargo-home/bin/cargo" "+beta-2023-12-22" "doc" "--frozen" "--no-deps" "--document-private-items" "--message-format=json", kill_on_drop: false }`
[INFO] [stdout] fbea9bd0da694f20db92d1dec25fc188c9ec32118dbc238b9a4c3ff311119c91
[INFO] running `Command { std: "docker" "start" "-a" "fbea9bd0da694f20db92d1dec25fc188c9ec32118dbc238b9a4c3ff311119c91", kill_on_drop: false }`
[INFO] [stderr]    Compiling libc v0.2.151
[INFO] [stderr]    Compiling serde v1.0.195
[INFO] [stderr]    Compiling glob v0.3.1
[INFO] [stderr]    Compiling typenum v1.17.0
[INFO] [stderr]    Compiling prettyplease v0.2.16
[INFO] [stderr]    Compiling rustix v0.38.28
[INFO] [stderr]    Compiling memchr v2.7.1
[INFO] [stderr]    Compiling regex-syntax v0.8.2
[INFO] [stderr]    Compiling bitflags v2.4.1
[INFO] [stderr]    Compiling cfg-if v1.0.0
[INFO] [stderr]    Compiling minimal-lexical v0.2.1
[INFO] [stderr]    Compiling proc-macro2 v1.0.76
[INFO] [stderr]    Compiling generic-array v0.14.7
[INFO] [stderr]    Compiling thiserror v1.0.56
[INFO] [stderr]    Compiling linux-raw-sys v0.4.12
[INFO] [stderr]    Compiling bindgen v0.66.1
[INFO] [stderr]    Compiling libloading v0.8.1
[INFO] [stderr]    Compiling either v1.9.0
[INFO] [stderr]    Compiling home v0.5.9
[INFO] [stderr]     Checking unicode-ident v1.0.12
[INFO] [stderr]    Compiling peeking_take_while v0.1.2
[INFO] [stderr]    Compiling rustc-hash v1.1.0
[INFO] [stderr]     Checking equivalent v1.0.1
[INFO] [stderr]    Compiling shlex v1.2.0
[INFO] [stderr]    Compiling semver v1.0.21
[INFO] [stderr]     Checking hashbrown v0.14.3
[INFO] [stderr]    Compiling lazy_static v1.4.0
[INFO] [stderr]    Compiling log v0.4.20
[INFO] [stderr]    Compiling lazycell v1.3.0
[INFO] [stderr]     Checking keccak v0.1.4
[INFO] [stderr]     Checking block-padding v0.2.1
[INFO] [stderr]    Compiling clang-sys v1.7.0
[INFO] [stderr]     Checking static_assertions v1.1.0
[INFO] [stderr]     Checking byteorder v1.5.0
[INFO] [stderr]    Compiling emsdk v0.1.1
[INFO] [stderr]     Checking fixedbitset v0.4.2
[INFO] [stderr]    Compiling quote v1.0.35
[INFO] [stderr]    Compiling nom v7.1.3
[INFO] [stderr]     Checking opaque-debug v0.3.0
[INFO] [stderr]     Checking subtle-ng v2.5.0
[INFO] [stderr]     Checking subtle v2.5.0
[INFO] [stderr]    Compiling syn v2.0.48
[INFO] [stderr]     Checking crossbeam-channel v0.5.10
[INFO] [stderr]     Checking crossbeam-queue v0.3.10
[INFO] [stderr]     Checking bumpalo v3.14.0
[INFO] [stderr]     Checking bytes v1.5.0
[INFO] [stderr]     Checking rustc-hex v2.1.0
[INFO] [stderr]     Checking indexmap v2.1.0
[INFO] [stderr]    Compiling cc v1.0.83
[INFO] [stderr]     Checking getrandom v0.2.11
[INFO] [stderr]     Checking num_cpus v1.16.0
[INFO] [stderr]     Checking crossbeam v0.8.3
[INFO] [stderr]     Checking rand_core v0.6.4
[INFO] [stderr]     Checking rlp v0.5.2
[INFO] [stderr]     Checking rand_chacha v0.3.1
[INFO] [stderr]     Checking crypto-bigint v0.5.5
[INFO] [stderr]     Checking rand v0.8.5
[INFO] [stderr]    Compiling cmake v0.1.50
[INFO] [stderr]     Checking digest v0.9.0
[INFO] [stderr]     Checking block-buffer v0.9.0
[INFO] [stderr]     Checking sha3 v0.9.1
[INFO] [stderr]    Compiling link-cplusplus v1.0.9
[INFO] [stderr]    Compiling clear_on_drop v0.2.5
[INFO] [stderr]    Compiling regex-automata v0.4.3
[INFO] [stderr]    Compiling which v4.4.2
[INFO] [stderr]    Compiling cexpr v0.6.0
[INFO] [stderr]    Compiling regex v1.10.2
[INFO] [stderr]    Compiling serde_derive v1.0.195
[INFO] [stderr]    Compiling thiserror-impl v1.0.56
[INFO] [stderr]    Compiling zeroize_derive v1.4.2
[INFO] [stderr]     Checking zeroize v1.7.0
[INFO] [stderr]     Checking merlin v3.0.0
[INFO] [stderr]    Compiling seal_fhe v0.8.1
[INFO] [stderr]     Checking petgraph v0.6.4
[INFO] [stderr]     Checking sunscreen_curve25519 v0.8.1
[INFO] [stderr]     Checking bincode v1.3.3
[INFO] [stderr]     Checking sunscreen_bulletproofs v0.8.1
[INFO] [stderr]     Checking sunscreen_compiler_common v0.8.1
[INFO] [stderr]     Checking sunscreen_zkp_backend v0.8.1
[INFO] [stderr] error: failed to run custom build command for `seal_fhe v0.8.1`
[INFO] [stderr] note: To improve backtraces for build dependencies, set the CARGO_PROFILE_DEV_BUILD_OVERRIDE_DEBUG=true environment variable to enable debug information generation.
[INFO] [stderr] 
[INFO] [stderr] Caused by:
[INFO] [stderr]   process didn't exit successfully: `/opt/rustwide/target/debug/build/seal_fhe-13c5ea702c658020/build-script-build` (exit status: 101)
[INFO] [stderr]   --- stdout
[INFO] [stderr]   cargo:rerun-if-changed=SEAL
[INFO] [stderr]   CMAKE_TOOLCHAIN_FILE_x86_64-unknown-linux-gnu = None
[INFO] [stderr]   CMAKE_TOOLCHAIN_FILE_x86_64_unknown_linux_gnu = None
[INFO] [stderr]   HOST_CMAKE_TOOLCHAIN_FILE = None
[INFO] [stderr]   CMAKE_TOOLCHAIN_FILE = None
[INFO] [stderr]   CMAKE_GENERATOR_x86_64-unknown-linux-gnu = None
[INFO] [stderr]   CMAKE_GENERATOR_x86_64_unknown_linux_gnu = None
[INFO] [stderr]   HOST_CMAKE_GENERATOR = None
[INFO] [stderr]   CMAKE_GENERATOR = None
[INFO] [stderr]   CMAKE_PREFIX_PATH_x86_64-unknown-linux-gnu = None
[INFO] [stderr]   CMAKE_PREFIX_PATH_x86_64_unknown_linux_gnu = None
[INFO] [stderr]   HOST_CMAKE_PREFIX_PATH = None
[INFO] [stderr]   CMAKE_PREFIX_PATH = None
[INFO] [stderr]   CMAKE_x86_64-unknown-linux-gnu = None
[INFO] [stderr]   CMAKE_x86_64_unknown_linux_gnu = None
[INFO] [stderr]   HOST_CMAKE = None
[INFO] [stderr]   CMAKE = None
[INFO] [stderr]   running: cd "/opt/rustwide/target/debug/build/seal_fhe-e0e6302329fa451c/out/build" && CMAKE_PREFIX_PATH="" "cmake" "/opt/rustwide/cargo-home/registry/src/index.crates.io-6f17d22bba15001f/seal_fhe-0.8.1/SEAL" "-DCMAKE_BUILD_TYPE=Debug" "-DCMAKE_CXX_FLAGS_RELEASE=-DNDEBUG -O3" "-DCMAKE_C_FLAGS_RELEASE=-DNDEBUG -O3" "-DSEAL_USE_GAUSSIAN_NOISE=ON" "-DSEAL_BUILD_STATIC_SEAL_C=ON" "-DSEAL_USE_INTEL_HEXL=OFF" "-DSEAL_BUILD_DEPS=ON" "-DSEAL_BUILD_SEAL_C=ON" "-DSEAL_BUILD_BENCH=OFF" "-DSEAL_BUILD_EXAMPLES=OFF" "-DSEAL_BUILD_TESTS=OFF" "-DSEAL_USE_CXX17=ON" "-DSEAL_USE_INTRIN=ON" "-DSEAL_USE_MSGSL=OFF" "-DSEAL_USE_ZLIB=ON" "-DSEAL_USE_ZSTD=ON" "-DSEAL_THROW_ON_TRANSPARENT_CIPHERTEXT=ON" "-DCMAKE_INSTALL_PREFIX=/opt/rustwide/target/debug/build/seal_fhe-e0e6302329fa451c/out" "-DCMAKE_C_FLAGS= -ffunction-sections -fdata-sections -fPIC -m64" "-DCMAKE_C_COMPILER=/usr/bin/cc" "-DCMAKE_CXX_FLAGS= -ffunction-sections -fdata-sections -fPIC -m64" "-DCMAKE_CXX_COMPILER=/usr/bin/c++" "-DCMAKE_ASM_FLAGS= -ffunction-sections -fdata-sections -fPIC -m64" "-DCMAKE_ASM_COMPILER=/usr/bin/cc"
[INFO] [stderr]   -- Build type (CMAKE_BUILD_TYPE): Debug
[INFO] [stderr]   -- The CXX compiler identification is GNU 11.4.0
[INFO] [stderr]   -- The C compiler identification is GNU 11.4.0
[INFO] [stderr]   -- Detecting CXX compiler ABI info
[INFO] [stderr]   -- Detecting CXX compiler ABI info - done
[INFO] [stderr]   -- Check for working CXX compiler: /usr/bin/c++ - skipped
[INFO] [stderr]   -- Detecting CXX compile features
[INFO] [stderr]   -- Detecting CXX compile features - done
[INFO] [stderr]   -- Detecting C compiler ABI info
[INFO] [stderr]   -- Detecting C compiler ABI info - done
[INFO] [stderr]   -- Check for working C compiler: /usr/bin/cc - skipped
[INFO] [stderr]   -- Detecting C compile features
[INFO] [stderr]   -- Detecting C compile features - done
[INFO] [stderr]   -- Adding CXX compiler flag: -Wall ...
[INFO] [stderr]   -- Performing Test flag_supported
[INFO] [stderr]   -- Performing Test flag_supported - Success
[INFO] [stderr]   -- Adding CXX compiler flag: -Wextra ...
[INFO] [stderr]   -- Performing Test flag_supported
[INFO] [stderr]   -- Performing Test flag_supported - Success
[INFO] [stderr]   -- Adding CXX compiler flag: -Wconversion ...
[INFO] [stderr]   -- Performing Test flag_supported
[INFO] [stderr]   -- Performing Test flag_supported - Success
[INFO] [stderr]   -- Adding CXX compiler flag: -Wshadow ...
[INFO] [stderr]   -- Performing Test flag_supported
[INFO] [stderr]   -- Performing Test flag_supported - Success
[INFO] [stderr]   -- Adding CXX compiler flag: -pedantic ...
[INFO] [stderr]   -- Performing Test flag_supported
[INFO] [stderr]   -- Performing Test flag_supported - Success
[INFO] [stderr]   -- Microsoft SEAL debug mode: ON
[INFO] [stderr]   -- SEAL_USE_CXX17: ON
[INFO] [stderr]   -- SEAL_BUILD_DEPS: ON
[INFO] [stderr]   -- SEAL_USE_MSGSL: OFF
[INFO] [stderr]   -- SEAL_USE_ZLIB: ON
[INFO] [stderr]   -- Looking for sys/types.h
[INFO] [stderr]   -- Looking for sys/types.h - found
[INFO] [stderr]   -- Looking for stdint.h
[INFO] [stderr]   -- Looking for stdint.h - found
[INFO] [stderr]   -- Looking for stddef.h
[INFO] [stderr]   -- Looking for stddef.h - found
[INFO] [stderr]   -- Check size of off64_t
[INFO] [stderr]   -- Check size of off64_t - done
[INFO] [stderr]   -- Looking for fseeko
[INFO] [stderr]   -- Looking for fseeko - found
[INFO] [stderr]   -- Looking for unistd.h
[INFO] [stderr]   -- Looking for unistd.h - found
[INFO] [stderr]   -- Renaming
[INFO] [stderr]   --     /opt/rustwide/target/debug/build/seal_fhe-e0e6302329fa451c/out/build/thirdparty/zlib/zconf.h
[INFO] [stderr]   -- to 'zconf.h.included' because this file is included with zlib
[INFO] [stderr]   -- but CMake generates it automatically in the build directory.
[INFO] [stderr]   -- SEAL_USE_ZSTD: ON
[INFO] [stderr]   -- ZSTD VERSION: 1.4.5
[INFO] [stderr]   -- Performing Test CXX_FLAG_STD_CPLUSPLUS11
[INFO] [stderr]   -- Performing Test CXX_FLAG_STD_CPLUSPLUS11 - Success
[INFO] [stderr]   -- Performing Test C_FLAG_STD_C99
[INFO] [stderr]   -- Performing Test C_FLAG_STD_C99 - Success
[INFO] [stderr]   -- Performing Test C_FLAG_WALL
[INFO] [stderr]   -- Performing Test C_FLAG_WALL - Success
[INFO] [stderr]   -- Performing Test CXX_FLAG_WALL
[INFO] [stderr]   -- Performing Test CXX_FLAG_WALL - Success
[INFO] [stderr]   -- Performing Test C_FLAG_WEXTRA
[INFO] [stderr]   -- Performing Test C_FLAG_WEXTRA - Success
[INFO] [stderr]   -- Performing Test CXX_FLAG_WEXTRA
[INFO] [stderr]   -- Performing Test CXX_FLAG_WEXTRA - Success
[INFO] [stderr]   -- Performing Test C_FLAG_WUNDEF
[INFO] [stderr]   -- Performing Test C_FLAG_WUNDEF - Success
[INFO] [stderr]   -- Performing Test CXX_FLAG_WUNDEF
[INFO] [stderr]   -- Performing Test CXX_FLAG_WUNDEF - Success
[INFO] [stderr]   -- Performing Test C_FLAG_WSHADOW
[INFO] [stderr]   -- Performing Test C_FLAG_WSHADOW - Success
[INFO] [stderr]   -- Performing Test CXX_FLAG_WSHADOW
[INFO] [stderr]   -- Performing Test CXX_FLAG_WSHADOW - Success
[INFO] [stderr]   -- Performing Test C_FLAG_WCAST_ALIGN
[INFO] [stderr]   -- Performing Test C_FLAG_WCAST_ALIGN - Success
[INFO] [stderr]   -- Performing Test CXX_FLAG_WCAST_ALIGN
[INFO] [stderr]   -- Performing Test CXX_FLAG_WCAST_ALIGN - Success
[INFO] [stderr]   -- Performing Test C_FLAG_WCAST_QUAL
[INFO] [stderr]   -- Performing Test C_FLAG_WCAST_QUAL - Success
[INFO] [stderr]   -- Performing Test CXX_FLAG_WCAST_QUAL
[INFO] [stderr]   -- Performing Test CXX_FLAG_WCAST_QUAL - Success
[INFO] [stderr]   -- Performing Test C_FLAG_WSTRICT_PROTOTYPES
[INFO] [stderr]   -- Performing Test C_FLAG_WSTRICT_PROTOTYPES - Success
[INFO] [stderr]   -- Performing Test C_FLAG_DDEBUGLEVEL_1
[INFO] [stderr]   -- Performing Test C_FLAG_DDEBUGLEVEL_1 - Success
[INFO] [stderr]   -- Performing Test CXX_FLAG_DDEBUGLEVEL_1
[INFO] [stderr]   -- Performing Test CXX_FLAG_DDEBUGLEVEL_1 - Success
[INFO] [stderr]   -- CMAKE_INSTALL_PREFIX: /opt/rustwide/target/debug/build/seal_fhe-e0e6302329fa451c/out
[INFO] [stderr]   -- CMAKE_INSTALL_LIBDIR: lib
[INFO] [stderr]   -- ZSTD_LEGACY_SUPPORT not defined!
[INFO] [stderr]   -- ZSTD_MULTITHREAD_SUPPORT is disabled
[INFO] [stderr]   -- SEAL_USE_INTEL_HEXL: OFF
[INFO] [stderr]   -- BUILD_SHARED_LIBS: OFF
[INFO] [stderr]   -- SEAL_THROW_ON_TRANSPARENT_CIPHERTEXT: ON
[INFO] [stderr]   -- SEAL_USE_GAUSSIAN_NOISE: ON
[INFO] [stderr]   -- SEAL_DEFAULT_PRNG: Blake2xb
[INFO] [stderr]   -- SEAL_AVOID_BRANCHING: OFF
[INFO] [stderr]   -- x86intrin.h - found
[INFO] [stderr]   -- SEAL_USE_INTRIN: ON
[INFO] [stderr]   -- Performing Test SEAL_MEMSET_S_FOUND
[INFO] [stderr]   -- Performing Test SEAL_MEMSET_S_FOUND - Failed
[INFO] [stderr]   -- Looking for explicit_bzero
[INFO] [stderr]   -- Looking for explicit_bzero - found
[INFO] [stderr]   -- Looking for explicit_memset
[INFO] [stderr]   -- Looking for explicit_memset - not found
[INFO] [stderr]   -- SEAL_USE_MEMSET_S: OFF
[INFO] [stderr]   -- SEAL_USE_EXPLICIT_BZERO: ON
[INFO] [stderr]   -- SEAL_USE_EXPLICIT_MEMSET: OFF
[INFO] [stderr]   -- Looking for pthread.h
[INFO] [stderr]   -- Looking for pthread.h - found
[INFO] [stderr]   -- Performing Test CMAKE_HAVE_LIBC_PTHREAD
[INFO] [stderr]   -- Performing Test CMAKE_HAVE_LIBC_PTHREAD - Success
[INFO] [stderr]   -- Found Threads: TRUE  
[INFO] [stderr]   -- SEAL_BUILD_SEAL_C: ON
[INFO] [stderr]   -- SEAL_BUILD_EXAMPLES: OFF
[INFO] [stderr]   -- SEAL_BUILD_TESTS: OFF
[INFO] [stderr]   -- SEAL_BUILD_BENCH: OFF
[INFO] [stderr]   -- Configuring done
[INFO] [stderr]   -- Generating done
[INFO] [stderr]   -- Build files have been written to: /opt/rustwide/target/debug/build/seal_fhe-e0e6302329fa451c/out/build
[INFO] [stderr]   running: cd "/opt/rustwide/target/debug/build/seal_fhe-e0e6302329fa451c/out/build" && MAKEFLAGS="-j --jobserver-fds=7,8 --jobserver-auth=7,8" "cmake" "--build" "." "--target" "install" "--config" "Debug"
[INFO] [stderr]   [  1%] Building C object thirdparty/zlib-build/CMakeFiles/zlibstatic.dir/adler32.o
[INFO] [stderr]   [  3%] Building C object thirdparty/zstd/lib/CMakeFiles/libzstd_static.dir/__/__/__/lib/common/debug.c.o
[INFO] [stderr]   [  3%] Building C object thirdparty/zlib-build/CMakeFiles/zlibstatic.dir/crc32.o
[INFO] [stderr]   [  3%] Building C object thirdparty/zlib-build/CMakeFiles/zlibstatic.dir/compress.o
[INFO] [stderr]   [  3%] Building C object thirdparty/zstd/lib/CMakeFiles/libzstd_static.dir/__/__/__/lib/common/entropy_common.c.o
[INFO] [stderr]   [  4%] Building C object thirdparty/zlib-build/CMakeFiles/zlibstatic.dir/deflate.o
[INFO] [stderr]   [  6%] Building C object thirdparty/zstd/lib/CMakeFiles/libzstd_static.dir/__/__/__/lib/common/error_private.c.o
[INFO] [stderr]   [  7%] Building C object thirdparty/zlib-build/CMakeFiles/zlibstatic.dir/gzclose.o
[INFO] [stderr]   [  7%] Building C object thirdparty/zlib-build/CMakeFiles/zlibstatic.dir/gzlib.o
[INFO] [stderr]   [  8%] Building C object thirdparty/zstd/lib/CMakeFiles/libzstd_static.dir/__/__/__/lib/common/fse_decompress.c.o
[INFO] [stderr]   [  9%] Building C object thirdparty/zlib-build/CMakeFiles/zlibstatic.dir/gzread.o
[INFO] [stderr]   [ 10%] Building C object thirdparty/zstd/lib/CMakeFiles/libzstd_static.dir/__/__/__/lib/common/pool.c.o
[INFO] [stderr]   [ 12%] Building C object thirdparty/zlib-build/CMakeFiles/zlibstatic.dir/gzwrite.o
[INFO] [stderr]   [ 13%] Building C object thirdparty/zlib-build/CMakeFiles/zlibstatic.dir/inflate.o
[INFO] [stderr]   [ 14%] Building C object thirdparty/zstd/lib/CMakeFiles/libzstd_static.dir/__/__/__/lib/common/xxhash.c.o
[INFO] [stderr]   [ 14%] Building C object thirdparty/zstd/lib/CMakeFiles/libzstd_static.dir/__/__/__/lib/common/threading.c.o
[INFO] [stderr]   [ 15%] Building C object thirdparty/zstd/lib/CMakeFiles/libzstd_static.dir/__/__/__/lib/common/zstd_common.c.o
[INFO] [stderr]   [ 15%] Building C object thirdparty/zstd/lib/CMakeFiles/libzstd_static.dir/__/__/__/lib/compress/fse_compress.c.o
[INFO] [stderr]   [ 16%] Building C object thirdparty/zstd/lib/CMakeFiles/libzstd_static.dir/__/__/__/lib/compress/hist.c.o
[INFO] [stderr]   [ 16%] Building C object thirdparty/zlib-build/CMakeFiles/zlibstatic.dir/infback.o
[INFO] [stderr]   [ 18%] Building C object thirdparty/zstd/lib/CMakeFiles/libzstd_static.dir/__/__/__/lib/compress/huf_compress.c.o
[INFO] [stderr]   [ 19%] Building C object thirdparty/zlib-build/CMakeFiles/zlibstatic.dir/inftrees.o
[INFO] [stderr]   [ 20%] Building C object thirdparty/zlib-build/CMakeFiles/zlibstatic.dir/inffast.o
[INFO] [stderr]   [ 20%] Building C object thirdparty/zstd/lib/CMakeFiles/libzstd_static.dir/__/__/__/lib/compress/zstd_compress.c.o
[INFO] [stderr]   [ 20%] Building C object thirdparty/zlib-build/CMakeFiles/zlibstatic.dir/trees.o
[INFO] [stderr]   [ 21%] Building C object thirdparty/zlib-build/CMakeFiles/zlibstatic.dir/uncompr.o
[INFO] [stderr]   [ 22%] Building C object thirdparty/zlib-build/CMakeFiles/zlibstatic.dir/zutil.o
[INFO] [stderr]   [ 24%] Building C object thirdparty/zstd/lib/CMakeFiles/libzstd_static.dir/__/__/__/lib/compress/zstd_compress_superblock.c.o
[INFO] [stderr]   [ 25%] Building C object thirdparty/zstd/lib/CMakeFiles/libzstd_static.dir/__/__/__/lib/compress/zstd_compress_literals.c.o
[INFO] [stderr]   [ 26%] Building C object thirdparty/zstd/lib/CMakeFiles/libzstd_static.dir/__/__/__/lib/compress/zstd_compress_sequences.c.o
[INFO] [stderr]   [ 26%] Building C object thirdparty/zstd/lib/CMakeFiles/libzstd_static.dir/__/__/__/lib/compress/zstd_double_fast.c.o
[INFO] [stderr]   [ 27%] Building C object thirdparty/zstd/lib/CMakeFiles/libzstd_static.dir/__/__/__/lib/compress/zstd_fast.c.o
[INFO] [stderr]   [ 28%] Building C object thirdparty/zstd/lib/CMakeFiles/libzstd_static.dir/__/__/__/lib/compress/zstd_lazy.c.o
[INFO] [stderr]   [ 30%] Building C object thirdparty/zstd/lib/CMakeFiles/libzstd_static.dir/__/__/__/lib/compress/zstd_opt.c.o
[INFO] [stderr]   [ 30%] Building C object thirdparty/zstd/lib/CMakeFiles/libzstd_static.dir/__/__/__/lib/compress/zstd_ldm.c.o
[INFO] [stderr]   [ 31%] Building C object thirdparty/zstd/lib/CMakeFiles/libzstd_static.dir/__/__/__/lib/compress/zstdmt_compress.c.o
[INFO] [stderr]   [ 33%] Building C object thirdparty/zstd/lib/CMakeFiles/libzstd_static.dir/__/__/__/lib/decompress/huf_decompress.c.o
[INFO] [stderr]   [ 33%] Building C object thirdparty/zstd/lib/CMakeFiles/libzstd_static.dir/__/__/__/lib/decompress/zstd_decompress.c.o
[INFO] [stderr]   [ 31%] Building C object thirdparty/zstd/lib/CMakeFiles/libzstd_static.dir/__/__/__/lib/decompress/zstd_ddict.c.o
[INFO] [stderr]   [ 34%] Building C object thirdparty/zstd/lib/CMakeFiles/libzstd_static.dir/__/__/__/lib/decompress/zstd_decompress_block.c.o
[INFO] [stderr]   [ 34%] Building C object thirdparty/zstd/lib/CMakeFiles/libzstd_static.dir/__/__/__/lib/dictBuilder/cover.c.o
[INFO] [stderr]   [ 36%] Building C object thirdparty/zstd/lib/CMakeFiles/libzstd_static.dir/__/__/__/lib/dictBuilder/divsufsort.c.o
[INFO] [stderr]   [ 37%] Linking C static library ../../lib/libz.a
[INFO] [stderr]   [ 38%] Building C object thirdparty/zstd/lib/CMakeFiles/libzstd_static.dir/__/__/__/lib/dictBuilder/fastcover.c.o
[INFO] [stderr]   [ 38%] Building C object thirdparty/zstd/lib/CMakeFiles/libzstd_static.dir/__/__/__/lib/dictBuilder/zdict.c.o
[INFO] [stderr]   [ 39%] Building C object thirdparty/zstd/lib/CMakeFiles/libzstd_static.dir/__/__/__/lib/deprecated/zbuff_common.c.o
[INFO] [stderr]   [ 40%] Building C object thirdparty/zstd/lib/CMakeFiles/libzstd_static.dir/__/__/__/lib/deprecated/zbuff_compress.c.o
[INFO] [stderr]   [ 42%] Building C object thirdparty/zstd/lib/CMakeFiles/libzstd_static.dir/__/__/__/lib/deprecated/zbuff_decompress.c.o
[INFO] [stderr]   [ 42%] Built target zlibstatic
[INFO] [stderr]   [ 42%] Linking C static library ../../../lib/libzstd.a
[INFO] [stderr]   [ 42%] Built target libzstd_static
[INFO] [stderr]   [ 44%] Building CXX object CMakeFiles/seal.dir/native/src/seal/ciphertext.cpp.o
[INFO] [stderr]   [ 44%] Building CXX object CMakeFiles/seal.dir/native/src/seal/batchencoder.cpp.o
[INFO] [stderr]   [ 45%] Building CXX object CMakeFiles/seal.dir/native/src/seal/ckks.cpp.o
[INFO] [stderr]   [ 45%] Building CXX object CMakeFiles/seal.dir/native/src/seal/context.cpp.o
[INFO] [stderr]   [ 46%] Building CXX object CMakeFiles/seal.dir/native/src/seal/decryptor.cpp.o
[INFO] [stderr]   [ 48%] Building CXX object CMakeFiles/seal.dir/native/src/seal/encryptor.cpp.o
[INFO] [stderr]   [ 49%] Building CXX object CMakeFiles/seal.dir/native/src/seal/evaluator.cpp.o
[INFO] [stderr]   [ 49%] Building CXX object CMakeFiles/seal.dir/native/src/seal/encryptionparams.cpp.o
[INFO] [stderr]   [ 49%] Building CXX object CMakeFiles/seal.dir/native/src/seal/keygenerator.cpp.o
[INFO] [stderr]   [ 50%] Building CXX object CMakeFiles/seal.dir/native/src/seal/kswitchkeys.cpp.o
[INFO] [stderr]   [ 51%] Building CXX object CMakeFiles/seal.dir/native/src/seal/modulus.cpp.o
[INFO] [stderr]   [ 51%] Building CXX object CMakeFiles/seal.dir/native/src/seal/plaintext.cpp.o
[INFO] [stderr]   [ 53%] Building CXX object CMakeFiles/seal.dir/native/src/seal/polyarray.cpp.o
[INFO] [stderr]   [ 54%] Building CXX object CMakeFiles/seal.dir/native/src/seal/memorymanager.cpp.o
[INFO] [stderr]   [ 55%] Building CXX object CMakeFiles/seal.dir/native/src/seal/randomgen.cpp.o
[INFO] [stderr]   [ 55%] Building CXX object CMakeFiles/seal.dir/native/src/seal/serialization.cpp.o
[INFO] [stderr] 
[INFO] [stderr]   --- stderr
[INFO] [stderr]   CMake Deprecation Warning at /opt/rustwide/target/debug/build/seal_fhe-e0e6302329fa451c/out/build/thirdparty/zlib/CMakeLists.txt:1 (cmake_minimum_required):
[INFO] [stderr]     Compatibility with CMake < 2.8.12 will be removed from a future version of
[INFO] [stderr]     CMake.
[INFO] [stderr] 
[INFO] [stderr]     Update the VERSION argument <min> value or use a ...<max> suffix to tell
[INFO] [stderr]     CMake that the project does not need compatibility with older versions.
[INFO] [stderr] 
[INFO] [stderr] 
[INFO] [stderr]   CMake Deprecation Warning at thirdparty/zstd/build/cmake/CMakeLists.txt:10 (cmake_minimum_required):
[INFO] [stderr]     Compatibility with CMake < 2.8.12 will be removed from a future version of
[INFO] [stderr]     CMake.
[INFO] [stderr] 
[INFO] [stderr]     Update the VERSION argument <min> value or use a ...<max> suffix to tell
[INFO] [stderr]     CMake that the project does not need compatibility with older versions.
[INFO] [stderr] 
[INFO] [stderr] 
[INFO] [stderr]   CMake Warning:
[INFO] [stderr]     Manually-specified variables were not used by the project:
[INFO] [stderr] 
[INFO] [stderr]       CMAKE_ASM_COMPILER
[INFO] [stderr]       CMAKE_ASM_FLAGS
[INFO] [stderr] 
[INFO] [stderr] 
[INFO] [stderr]   c++: fatal error: Killed signal terminated program cc1plus
[INFO] [stderr]   compilation terminated.
[INFO] [stderr]   gmake[2]: *** [CMakeFiles/seal.dir/build.make:272: CMakeFiles/seal.dir/native/src/seal/randomgen.cpp.o] Error 1
[INFO] [stderr]   gmake[2]: *** Waiting for unfinished jobs....
[INFO] [stderr]   c++: fatal error: Killed signal terminated program cc1plus
[INFO] [stderr]   compilation terminated.
[INFO] [stderr]   gmake[2]: *** [CMakeFiles/seal.dir/build.make:286: CMakeFiles/seal.dir/native/src/seal/serialization.cpp.o] Error 1
[INFO] [stderr]   c++: fatal error: Killed signal terminated program cc1plus
[INFO] [stderr]   compilation terminated.
[INFO] [stderr]   gmake[2]: *** [CMakeFiles/seal.dir/build.make:216: CMakeFiles/seal.dir/native/src/seal/memorymanager.cpp.o] Error 1
[INFO] [stderr]   c++: fatal error: Killed signal terminated program cc1plus
[INFO] [stderr]   compilation terminated.
[INFO] [stderr]   gmake[2]: *** [CMakeFiles/seal.dir/build.make:118: CMakeFiles/seal.dir/native/src/seal/context.cpp.o] Error 1
[INFO] [stderr]   c++: fatal error: Killed signal terminated program cc1plus
[INFO] [stderr]   compilation terminated.
[INFO] [stderr]   gmake[2]: *** [CMakeFiles/seal.dir/build.make:174: CMakeFiles/seal.dir/native/src/seal/evaluator.cpp.o] Error 1
[INFO] [stderr]   c++: fatal error: Killed signal terminated program cc1plus
[INFO] [stderr]   compilation terminated.
[INFO] [stderr]   gmake[2]: *** [CMakeFiles/seal.dir/build.make:146: CMakeFiles/seal.dir/native/src/seal/encryptionparams.cpp.o] Error 1
[INFO] [stderr]   c++: fatal error: Killed signal terminated program cc1plus
[INFO] [stderr]   compilation terminated.
[INFO] [stderr]   gmake[2]: *** [CMakeFiles/seal.dir/build.make:90: CMakeFiles/seal.dir/native/src/seal/ciphertext.cpp.o] Error 1
[INFO] [stderr]   c++: fatal error: Killed signal terminated program cc1plus
[INFO] [stderr]   compilation terminated.
[INFO] [stderr]   gmake[2]: *** [CMakeFiles/seal.dir/build.make:258: CMakeFiles/seal.dir/native/src/seal/polyarray.cpp.o] Error 1
[INFO] [stderr]   c++: fatal error: Killed signal terminated program cc1plus
[INFO] [stderr]   compilation terminated.
[INFO] [stderr]   gmake[2]: *** [CMakeFiles/seal.dir/build.make:188: CMakeFiles/seal.dir/native/src/seal/keygenerator.cpp.o] Error 1
[INFO] [stderr]   c++: fatal error: Killed signal terminated program cc1plus
[INFO] [stderr]   compilation terminated.
[INFO] [stderr]   gmake[2]: *** [CMakeFiles/seal.dir/build.make:132: CMakeFiles/seal.dir/native/src/seal/decryptor.cpp.o] Error 1
[INFO] [stderr]   /opt/rustwide/cargo-home/registry/src/index.crates.io-6f17d22bba15001f/seal_fhe-0.8.1/SEAL/native/src/seal/encryptor.cpp: In member function 'void seal::Encryptor::encrypt_internal(const seal::Plaintext&, bool, bool, seal::Ciphertext&, seal::MemoryPoolHandle) const':
[INFO] [stderr]   /opt/rustwide/cargo-home/registry/src/index.crates.io-6f17d22bba15001f/seal_fhe-0.8.1/SEAL/native/src/seal/encryptor.cpp:244:26: warning: unused parameter 'pool' [-Wunused-parameter]
[INFO] [stderr]     244 |         MemoryPoolHandle pool
[INFO] [stderr]         |         ~~~~~~~~~~~~~~~~~^~~~
[INFO] [stderr]   c++: fatal error: Killed signal terminated program cc1plus
[INFO] [stderr]   compilation terminated.
[INFO] [stderr]   gmake[2]: *** [CMakeFiles/seal.dir/build.make:202: CMakeFiles/seal.dir/native/src/seal/kswitchkeys.cpp.o] Error 1
[INFO] [stderr]   gmake[1]: *** [CMakeFiles/Makefile2:197: CMakeFiles/seal.dir/all] Error 2
[INFO] [stderr]   gmake: *** [Makefile:136: all] Error 2
[INFO] [stderr]   thread 'main' panicked at /opt/rustwide/cargo-home/registry/src/index.crates.io-6f17d22bba15001f/cmake-0.1.50/src/lib.rs:1098:5:
[INFO] [stderr] 
[INFO] [stderr]   command did not execute successfully, got: exit status: 2
[INFO] [stderr] 
[INFO] [stderr]   build script failed, must exit now
[INFO] [stderr]   stack backtrace:
[INFO] [stderr]      0:     0x5571c32e1656 - std::backtrace_rs::backtrace::libunwind::trace::h261606ad26a499c1
[INFO] [stderr]                                  at /rustc/0e09125c6c3c2fd70d7de961bcf0e51575235fad/library/std/src/../../backtrace/src/backtrace/libunwind.rs:104:5
[INFO] [stderr]      1:     0x5571c32e1656 - std::backtrace_rs::backtrace::trace_unsynchronized::hd183f0625477fb28
[INFO] [stderr]                                  at /rustc/0e09125c6c3c2fd70d7de961bcf0e51575235fad/library/std/src/../../backtrace/src/backtrace/mod.rs:66:5
[INFO] [stderr]      2:     0x5571c32e1656 - std::sys_common::backtrace::_print_fmt::hd7f8fef21b4eda67
[INFO] [stderr]                                  at /rustc/0e09125c6c3c2fd70d7de961bcf0e51575235fad/library/std/src/sys_common/backtrace.rs:68:5
[INFO] [stderr]      3:     0x5571c32e1656 - <std::sys_common::backtrace::_print::DisplayBacktrace as core::fmt::Display>::fmt::h623d9b51f2f453f1
[INFO] [stderr]                                  at /rustc/0e09125c6c3c2fd70d7de961bcf0e51575235fad/library/std/src/sys_common/backtrace.rs:44:22
[INFO] [stderr]      4:     0x5571c330c7a0 - core::fmt::rt::Argument::fmt::h9f417ac76a86f368
[INFO] [stderr]                                  at /rustc/0e09125c6c3c2fd70d7de961bcf0e51575235fad/library/core/src/fmt/rt.rs:142:9
[INFO] [stderr]      5:     0x5571c330c7a0 - core::fmt::write::hc9b6faf4ac2aeff7
[INFO] [stderr]                                  at /rustc/0e09125c6c3c2fd70d7de961bcf0e51575235fad/library/core/src/fmt/mod.rs:1120:17
[INFO] [stderr]      6:     0x5571c32de9cf - std::io::Write::write_fmt::hfead1eee52c2e65e
[INFO] [stderr]                                  at /rustc/0e09125c6c3c2fd70d7de961bcf0e51575235fad/library/std/src/io/mod.rs:1810:15
[INFO] [stderr]      7:     0x5571c32e1434 - std::sys_common::backtrace::_print::hd5d66399c7df88a2
[INFO] [stderr]                                  at /rustc/0e09125c6c3c2fd70d7de961bcf0e51575235fad/library/std/src/sys_common/backtrace.rs:47:5
[INFO] [stderr]      8:     0x5571c32e1434 - std::sys_common::backtrace::print::he81ed2da642d37e5
[INFO] [stderr]                                  at /rustc/0e09125c6c3c2fd70d7de961bcf0e51575235fad/library/std/src/sys_common/backtrace.rs:34:9
[INFO] [stderr]      9:     0x5571c32e2d17 - std::panicking::default_hook::{{closure}}::h85773f4fa117163d
[INFO] [stderr]     10:     0x5571c32e2a79 - std::panicking::default_hook::h6a1694a91d09b278
[INFO] [stderr]                                  at /rustc/0e09125c6c3c2fd70d7de961bcf0e51575235fad/library/std/src/panicking.rs:292:9
[INFO] [stderr]     11:     0x5571c32e31a8 - std::panicking::rust_panic_with_hook::h0a7ad96e90f7145b
[INFO] [stderr]                                  at /rustc/0e09125c6c3c2fd70d7de961bcf0e51575235fad/library/std/src/panicking.rs:779:13
[INFO] [stderr]     12:     0x5571c32e3082 - std::panicking::begin_panic_handler::{{closure}}::h7919090525c6485e
[INFO] [stderr]                                  at /rustc/0e09125c6c3c2fd70d7de961bcf0e51575235fad/library/std/src/panicking.rs:657:13
[INFO] [stderr]     13:     0x5571c32e1b56 - std::sys_common::backtrace::__rust_end_short_backtrace::hf3289479464f7dfe
[INFO] [stderr]                                  at /rustc/0e09125c6c3c2fd70d7de961bcf0e51575235fad/library/std/src/sys_common/backtrace.rs:171:18
[INFO] [stderr]     14:     0x5571c32e2de0 - rust_begin_unwind
[INFO] [stderr]                                  at /rustc/0e09125c6c3c2fd70d7de961bcf0e51575235fad/library/std/src/panicking.rs:645:5
[INFO] [stderr]     15:     0x5571c2cd17c5 - core::panicking::panic_fmt::hcc9f77c5c132af55
[INFO] [stderr]                                  at /rustc/0e09125c6c3c2fd70d7de961bcf0e51575235fad/library/core/src/panicking.rs:72:14
[INFO] [stderr]     16:     0x5571c3275251 - cmake::fail::hb96067ba752479bf
[INFO] [stderr]     17:     0x5571c32749e7 - cmake::run::h2a913540d65b4727
[INFO] [stderr]     18:     0x5571c327131d - cmake::Config::build::he6edb72bc52b9536
[INFO] [stderr]     19:     0x5571c2cd6a75 - build_script_build::compile_native::h24e23161cbebc6b6
[INFO] [stderr]     20:     0x5571c2cd7903 - build_script_build::main::h15618e46da5b3685
[INFO] [stderr]     21:     0x5571c2cd2c73 - core::ops::function::FnOnce::call_once::ha4270a171020abf8
[INFO] [stderr]     22:     0x5571c2cd2176 - std::sys_common::backtrace::__rust_begin_short_backtrace::h8c4d98aa4a69ff92
[INFO] [stderr]     23:     0x5571c2cd2939 - std::rt::lang_start::{{closure}}::hcb51768331781773
[INFO] [stderr]     24:     0x5571c32d9d21 - core::ops::function::impls::<impl core::ops::function::FnOnce<A> for &F>::call_once::h4eb4c5e1620f29b0
[INFO] [stderr]                                  at /rustc/0e09125c6c3c2fd70d7de961bcf0e51575235fad/library/core/src/ops/function.rs:284:13
[INFO] [stderr]     25:     0x5571c32d9d21 - std::panicking::try::do_call::h73fd26535faffcdf
[INFO] [stderr]                                  at /rustc/0e09125c6c3c2fd70d7de961bcf0e51575235fad/library/std/src/panicking.rs:552:40
[INFO] [stderr]     26:     0x5571c32d9d21 - std::panicking::try::h77ff1d98f0fb9f39
[INFO] [stderr]                                  at /rustc/0e09125c6c3c2fd70d7de961bcf0e51575235fad/library/std/src/panicking.rs:516:19
[INFO] [stderr]     27:     0x5571c32d9d21 - std::panic::catch_unwind::hab3caf2448b95e37
[INFO] [stderr]                                  at /rustc/0e09125c6c3c2fd70d7de961bcf0e51575235fad/library/std/src/panic.rs:142:14
[INFO] [stderr]     28:     0x5571c32d9d21 - std::rt::lang_start_internal::{{closure}}::h8086711f9c783f78
[INFO] [stderr]                                  at /rustc/0e09125c6c3c2fd70d7de961bcf0e51575235fad/library/std/src/rt.rs:148:48
[INFO] [stderr]     29:     0x5571c32d9d21 - std::panicking::try::do_call::hf920d4dc291cd6ca
[INFO] [stderr]                                  at /rustc/0e09125c6c3c2fd70d7de961bcf0e51575235fad/library/std/src/panicking.rs:552:40
[INFO] [stderr]     30:     0x5571c32d9d21 - std::panicking::try::h2b806ccc0a85db74
[INFO] [stderr]                                  at /rustc/0e09125c6c3c2fd70d7de961bcf0e51575235fad/library/std/src/panicking.rs:516:19
[INFO] [stderr]     31:     0x5571c32d9d21 - std::panic::catch_unwind::h038489539c507df2
[INFO] [stderr]                                  at /rustc/0e09125c6c3c2fd70d7de961bcf0e51575235fad/library/std/src/panic.rs:142:14
[INFO] [stderr]     32:     0x5571c32d9d21 - std::rt::lang_start_internal::h28503b88912e8a5c
[INFO] [stderr]                                  at /rustc/0e09125c6c3c2fd70d7de961bcf0e51575235fad/library/std/src/rt.rs:148:20
[INFO] [stderr]     33:     0x5571c2cd2917 - std::rt::lang_start::h86ff636ac6c278b8
[INFO] [stderr]     34:     0x5571c2cd82e5 - main
[INFO] [stderr]     35:     0x7f67785d1d90 - <unknown>
[INFO] [stderr]     36:     0x7f67785d1e40 - __libc_start_main
[INFO] [stderr]     37:     0x5571c2cd20a5 - _start
[INFO] [stderr]     38:                0x0 - <unknown>
[INFO] running `Command { std: "docker" "inspect" "fbea9bd0da694f20db92d1dec25fc188c9ec32118dbc238b9a4c3ff311119c91", kill_on_drop: false }`
[INFO] running `Command { std: "docker" "rm" "-f" "fbea9bd0da694f20db92d1dec25fc188c9ec32118dbc238b9a4c3ff311119c91", kill_on_drop: false }`
[INFO] [stdout] fbea9bd0da694f20db92d1dec25fc188c9ec32118dbc238b9a4c3ff311119c91
