[INFO] fetching crate submillisecond 0.4.1...
[INFO] documenting submillisecond-0.4.1 against 1.75.0 for beta-1.76-rustdoc-1
[INFO] extracting crate submillisecond 0.4.1 into /workspace/builds/worker-3-tc1/source
[INFO] validating manifest of crates.io crate submillisecond 0.4.1 on toolchain 1.75.0
[INFO] running `Command { std: CARGO_HOME="/workspace/cargo-home" RUSTUP_HOME="/workspace/rustup-home" "/workspace/cargo-home/bin/cargo" "+1.75.0" "metadata" "--manifest-path" "Cargo.toml" "--no-deps", kill_on_drop: false }`
[INFO] removed /workspace/builds/worker-3-tc1/source/.cargo/config.toml
[INFO] started tweaking crates.io crate submillisecond 0.4.1
[INFO] finished tweaking crates.io crate submillisecond 0.4.1
[INFO] tweaked toml for crates.io crate submillisecond 0.4.1 written to /workspace/builds/worker-3-tc1/source/Cargo.toml
[INFO] crate crates.io crate submillisecond 0.4.1 already has a lockfile, it will not be regenerated
[INFO] running `Command { std: CARGO_HOME="/workspace/cargo-home" RUSTUP_HOME="/workspace/rustup-home" "/workspace/cargo-home/bin/cargo" "+1.75.0" "fetch" "--manifest-path" "Cargo.toml", kill_on_drop: false }`
[INFO] [stderr]     Updating crates.io index
[INFO] [stderr]  Downloading crates ...
[INFO] [stderr]   Downloaded data-encoding v2.3.3
[INFO] [stderr]   Downloaded better-bae v0.1.9
[INFO] [stderr]   Downloaded serde_derive v1.0.148
[INFO] [stderr]   Downloaded askama_derive v0.11.2
[INFO] [stderr]   Downloaded askama v0.11.1
[INFO] [stderr]   Downloaded aead v0.5.1
[INFO] [stderr]   Downloaded better-bae-macros v0.1.9
[INFO] [stderr]   Downloaded serde v1.0.148
[INFO] [stderr]   Downloaded askama_shared v0.12.2
[INFO] [stderr]   Downloaded aes-gcm v0.10.1
[INFO] [stderr]   Downloaded lunatic v0.13.0
[INFO] [stderr]   Downloaded syn v1.0.104
[INFO] [stderr]   Downloaded askama_escape v0.10.3
[INFO] [stderr]   Downloaded universal-hash v0.5.0
[INFO] [stderr]   Downloaded humansize v1.1.1
[INFO] [stderr]   Downloaded tungstenite v0.19.0
[INFO] [stderr]   Downloaded lunatic-sys v0.13.0
[INFO] [stderr]   Downloaded submillisecond_macros v0.3.0
[INFO] [stderr]   Downloaded lunatic-log v0.4.0
[INFO] running `Command { std: "docker" "create" "-v" "/var/lib/crater-agent-workspace/builds/worker-3-tc1/target:/opt/rustwide/target:rw,Z" "-v" "/var/lib/crater-agent-workspace/builds/worker-3-tc1/source:/opt/rustwide/workdir:ro,Z" "-v" "/var/lib/crater-agent-workspace/cargo-home:/opt/rustwide/cargo-home:ro,Z" "-v" "/var/lib/crater-agent-workspace/rustup-home:/opt/rustwide/rustup-home:ro,Z" "-e" "SOURCE_DIR=/opt/rustwide/workdir" "-e" "CARGO_TARGET_DIR=/opt/rustwide/target" "-e" "CARGO_HOME=/opt/rustwide/cargo-home" "-e" "RUSTUP_HOME=/opt/rustwide/rustup-home" "-w" "/opt/rustwide/workdir" "-m" "1610612736" "--user" "0:0" "--network" "none" "ghcr.io/rust-lang/crates-build-env/linux@sha256:2788e3201cd34a07e3172128adcd8b3090168a8e3bcc40d7c032b9dda1df7d1c" "/opt/rustwide/cargo-home/bin/cargo" "+1.75.0" "metadata" "--no-deps" "--format-version=1", kill_on_drop: false }`
[INFO] [stdout] 0094ccc2727420bf2e6909b46278aa1a754a7310664b08cc2102a6b5366f86f9
[INFO] running `Command { std: "docker" "start" "-a" "0094ccc2727420bf2e6909b46278aa1a754a7310664b08cc2102a6b5366f86f9", kill_on_drop: false }`
[INFO] running `Command { std: "docker" "inspect" "0094ccc2727420bf2e6909b46278aa1a754a7310664b08cc2102a6b5366f86f9", kill_on_drop: false }`
[INFO] running `Command { std: "docker" "rm" "-f" "0094ccc2727420bf2e6909b46278aa1a754a7310664b08cc2102a6b5366f86f9", kill_on_drop: false }`
[INFO] [stdout] 0094ccc2727420bf2e6909b46278aa1a754a7310664b08cc2102a6b5366f86f9
[INFO] running `Command { std: "docker" "create" "-v" "/var/lib/crater-agent-workspace/builds/worker-3-tc1/target:/opt/rustwide/target:rw,Z" "-v" "/var/lib/crater-agent-workspace/builds/worker-3-tc1/source:/opt/rustwide/workdir:ro,Z" "-v" "/var/lib/crater-agent-workspace/cargo-home:/opt/rustwide/cargo-home:ro,Z" "-v" "/var/lib/crater-agent-workspace/rustup-home:/opt/rustwide/rustup-home:ro,Z" "-e" "SOURCE_DIR=/opt/rustwide/workdir" "-e" "CARGO_TARGET_DIR=/opt/rustwide/target" "-e" "CARGO_INCREMENTAL=0" "-e" "RUST_BACKTRACE=full" "-e" "RUSTFLAGS=--cap-lints=warn" "-e" "RUSTDOCFLAGS=--cap-lints=warn" "-e" "CARGO_HOME=/opt/rustwide/cargo-home" "-e" "RUSTUP_HOME=/opt/rustwide/rustup-home" "-w" "/opt/rustwide/workdir" "-m" "1610612736" "--user" "0:0" "--network" "none" "ghcr.io/rust-lang/crates-build-env/linux@sha256:2788e3201cd34a07e3172128adcd8b3090168a8e3bcc40d7c032b9dda1df7d1c" "/opt/rustwide/cargo-home/bin/cargo" "+1.75.0" "doc" "--frozen" "--no-deps" "--document-private-items" "--message-format=json", kill_on_drop: false }`
[INFO] [stdout] 7a30d0b2d8c3a8c97348c074048972b131697954269a6ad7870821d5d96cf03d
[INFO] running `Command { std: "docker" "start" "-a" "7a30d0b2d8c3a8c97348c074048972b131697954269a6ad7870821d5d96cf03d", kill_on_drop: false }`
[INFO] [stderr]    Compiling proc-macro2 v1.0.47
[INFO] [stderr]    Compiling unicode-ident v1.0.5
[INFO] [stderr]    Compiling syn v1.0.104
[INFO] [stderr]    Compiling typenum v1.15.0
[INFO] [stderr]    Compiling generic-array v0.14.6
[INFO] [stderr]    Compiling serde_derive v1.0.148
[INFO] [stderr]    Compiling serde v1.0.148
[INFO] [stderr]    Compiling unicase v2.6.0
[INFO] [stderr]    Compiling num-traits v0.2.15
[INFO] [stderr]    Compiling libc v0.2.137
[INFO] [stderr]    Compiling memchr v2.5.0
[INFO] [stderr]    Compiling num-integer v0.1.45
[INFO] [stderr]    Compiling unicode-segmentation v1.10.1
[INFO] [stderr]    Compiling thiserror v1.0.37
[INFO] [stderr]    Compiling mime_guess v2.0.4
[INFO] [stderr]    Compiling quote v1.0.21
[INFO] [stderr]    Compiling convert_case v0.6.0
[INFO] [stderr]    Compiling proc-macro-error-attr v1.0.4
[INFO] [stderr]     Checking bytes v1.3.0
[INFO] [stderr]     Checking itoa v1.0.4
[INFO] [stderr]    Compiling heck v0.4.0
[INFO] [stderr]     Checking time v0.1.45
[INFO] [stderr]    Compiling aho-corasick v0.7.20
[INFO] [stderr]    Compiling httparse v1.8.0
[INFO] [stderr]     Checking cpufeatures v0.2.5
[INFO] [stderr]     Checking http v0.2.8
[INFO] [stderr]    Compiling regex-syntax v0.6.28
[INFO] [stderr]    Compiling mime v0.3.16
[INFO] [stderr]     Checking lunatic-sys v0.13.0
[INFO] [stderr]    Compiling paste v1.0.9
[INFO] [stderr]     Checking iana-time-zone v0.1.53
[INFO] [stderr]     Checking chrono v0.4.23
[INFO] [stderr]     Checking crypto-common v0.1.6
[INFO] [stderr]     Checking block-buffer v0.10.3
[INFO] [stderr]     Checking headers-core v0.2.0
[INFO] [stderr]     Checking digest v0.10.6
[INFO] [stderr]    Compiling rust-format v0.3.4
[INFO] [stderr]     Checking base64 v0.13.1
[INFO] [stderr]     Checking yansi v0.5.1
[INFO] [stderr]     Checking sha1 v0.10.5
[INFO] [stderr]     Checking percent-encoding v2.2.0
[INFO] [stderr]     Checking headers v0.3.8
[INFO] [stderr]    Compiling regex v1.7.0
[INFO] [stderr]    Compiling darling_core v0.14.4
[INFO] [stderr]    Compiling proc-macro-error v1.0.4
[INFO] [stderr]    Compiling thiserror-impl v1.0.37
[INFO] [stderr]    Compiling better-bae-macros v0.1.9
[INFO] [stderr]    Compiling lunatic-test v0.13.0
[INFO] [stderr]    Compiling better-bae v0.1.9
[INFO] [stderr]    Compiling submillisecond_macros v0.3.0
[INFO] [stderr]    Compiling darling_macro v0.14.4
[INFO] [stderr]    Compiling darling v0.14.4
[INFO] [stderr]    Compiling lunatic-macros v0.13.0
[INFO] [stderr]     Checking bincode v1.3.3
[INFO] [stderr]     Checking serde_bytes v0.11.7
[INFO] [stderr]     Checking lunatic v0.13.0
[INFO] [stderr]     Checking lunatic-log v0.4.0
[INFO] [stderr]  Documenting submillisecond v0.4.1 (/opt/rustwide/workdir)
[INFO] [stdout] warning: unresolved link to `State`
[INFO] [stdout]    --> src/macros.rs:84:11
[INFO] [stdout]     |
[INFO] [stdout] 84  |           $(#[$m])*
[INFO] [stdout]     |             ^^^^^
[INFO] [stdout]     |
[INFO] [stdout]    ::: src/extract/rejection.rs:230:1
[INFO] [stdout]     |
[INFO] [stdout] 230 | / composite_rejection! {
[INFO] [stdout] 231 | |     /// Rejection used for [`State<T>`].
[INFO] [stdout] 232 | |     ///
[INFO] [stdout] 233 | |     /// Contains one variant for each way the [`State<T>`] extractor can fail.
[INFO] [stdout] ...   |
[INFO] [stdout] 236 | |     }
[INFO] [stdout] 237 | | }
[INFO] [stdout]     | |_- in this macro invocation
[INFO] [stdout]     |
[INFO] [stdout]     = note: the link appears in this line:
[INFO] [stdout]             
[INFO] [stdout]             Rejection used for [`State<T>`].
[INFO] [stdout]                                 ^^^^^^^^^^
[INFO] [stdout]     = note: no item named `State` in scope
[INFO] [stdout]     = help: to escape `[` and `]` characters, add '\' before them like `\[` or `\]`
[INFO] [stdout]     = note: `#[warn(rustdoc::broken_intra_doc_links)]` on by default
[INFO] [stdout]     = note: this warning originates in the macro `composite_rejection` (in Nightly builds, run with -Z macro-backtrace for more info)
[INFO] [stdout] 
[INFO] [stdout] 
[INFO] [stdout] warning: redundant explicit link target
[INFO] [stdout]   --> src/lib.rs:23:14
[INFO] [stdout]    |
[INFO] [stdout] 23 | //! [router](crate::router), and run your application:
[INFO] [stdout]    |      ------  ^^^^^^^^^^^^^ explicit target is redundant
[INFO] [stdout]    |      |
[INFO] [stdout]    |      because label contains path that resolves to same destination
[INFO] [stdout]    |
[INFO] [stdout]    = note: when a link's destination is not specified,
[INFO] [stdout]            the label is used to resolve intra-doc links
[INFO] [stdout]    = note: `#[warn(rustdoc::redundant_explicit_links)]` on by default
[INFO] [stdout] help: remove explicit link target
[INFO] [stdout]    |
[INFO] [stdout] 23 | //! [router], and run your application:
[INFO] [stdout]    |     ~~~~~~~~
[INFO] [stdout] 
[INFO] [stdout] 
[INFO] [stdout] warning: redundant explicit link target
[INFO] [stdout]    --> src/extract/path.rs:359:33
[INFO] [stdout]     |
[INFO] [stdout] 359 | /// Rejection type for [`Path`](super::Path) if the captured routes params
[INFO] [stdout]     |                         ------  ^^^^^^^^^^^ explicit target is redundant
[INFO] [stdout]     |                         |
[INFO] [stdout]     |                         because label contains path that resolves to same destination
[INFO] [stdout]     |
[INFO] [stdout]     = note: when a link's destination is not specified,
[INFO] [stdout]             the label is used to resolve intra-doc links
[INFO] [stdout] help: remove explicit link target
[INFO] [stdout]     |
[INFO] [stdout] 359 | /// Rejection type for [`Path`] if the captured routes params
[INFO] [stdout]     |                        ~~~~~~~~
[INFO] [stdout] 
[INFO] [stdout] 
[INFO] [stdout] warning: 3 warnings emitted
[INFO] [stdout] 
[INFO] [stdout] 
[INFO] [stderr]     Finished dev [unoptimized + debuginfo] target(s) in 9.43s
[INFO] [stderr]    Generated /opt/rustwide/target/doc/submillisecond/index.html
[INFO] running `Command { std: "docker" "inspect" "7a30d0b2d8c3a8c97348c074048972b131697954269a6ad7870821d5d96cf03d", kill_on_drop: false }`
[INFO] running `Command { std: "docker" "rm" "-f" "7a30d0b2d8c3a8c97348c074048972b131697954269a6ad7870821d5d96cf03d", kill_on_drop: false }`
[INFO] [stdout] 7a30d0b2d8c3a8c97348c074048972b131697954269a6ad7870821d5d96cf03d
[INFO] running `Command { std: "docker" "create" "-v" "/var/lib/crater-agent-workspace/builds/worker-3-tc1/target:/opt/rustwide/target:rw,Z" "-v" "/var/lib/crater-agent-workspace/builds/worker-3-tc1/source:/opt/rustwide/workdir:ro,Z" "-v" "/var/lib/crater-agent-workspace/cargo-home:/opt/rustwide/cargo-home:ro,Z" "-v" "/var/lib/crater-agent-workspace/rustup-home:/opt/rustwide/rustup-home:ro,Z" "-e" "SOURCE_DIR=/opt/rustwide/workdir" "-e" "CARGO_TARGET_DIR=/opt/rustwide/target" "-e" "CARGO_INCREMENTAL=0" "-e" "RUST_BACKTRACE=full" "-e" "RUSTFLAGS=--cap-lints=warn" "-e" "RUSTDOCFLAGS=--cap-lints=warn" "-e" "RUSTC_BOOTSTRAP=1" "-e" "DOCS_RS=1" "-e" "CARGO_HOME=/opt/rustwide/cargo-home" "-e" "RUSTUP_HOME=/opt/rustwide/rustup-home" "-w" "/opt/rustwide/workdir" "-m" "1610612736" "--user" "0:0" "--network" "none" "ghcr.io/rust-lang/crates-build-env/linux@sha256:2788e3201cd34a07e3172128adcd8b3090168a8e3bcc40d7c032b9dda1df7d1c" "/opt/rustwide/cargo-home/bin/cargo" "+1.75.0" "rustdoc" "--lib" "-Zrustdoc-map" "--all-features" "-Z" "unstable-options" "--config" "build.rustdocflags=[\"--cfg\", \"docsrs\", \"-Z\", \"unstable-options\", \"--document-private-items\"]" "--frozen" "--message-format=json", kill_on_drop: false }`
[INFO] [stdout] 1c365f3c95b853379aa56ca5db42654b1334d518d153191c3487f02b1b063c06
[INFO] running `Command { std: "docker" "start" "-a" "1c365f3c95b853379aa56ca5db42654b1334d518d153191c3487f02b1b063c06", kill_on_drop: false }`
[INFO] [stderr]    Compiling proc-macro2 v1.0.47
[INFO] [stderr]    Compiling quote v1.0.21
[INFO] [stderr]     Checking subtle v2.4.1
[INFO] [stderr]     Checking getrandom v0.2.8
[INFO] [stderr]    Compiling unicase v2.6.0
[INFO] [stderr]    Compiling num-traits v0.2.15
[INFO] [stderr]     Checking inout v0.1.3
[INFO] [stderr]     Checking unicode-ident v1.0.5
[INFO] [stderr]    Compiling memchr v2.5.0
[INFO] [stderr]    Compiling minimal-lexical v0.2.1
[INFO] [stderr]    Compiling syn v1.0.104
[INFO] [stderr]     Checking rand_core v0.6.4
[INFO] [stderr]    Compiling mime_guess v2.0.4
[INFO] [stderr]     Checking crypto-common v0.1.6
[INFO] [stderr]     Checking digest v0.10.6
[INFO] [stderr]     Checking cipher v0.4.3
[INFO] [stderr]     Checking universal-hash v0.5.0
[INFO] [stderr]     Checking opaque-debug v0.3.0
[INFO] [stderr]     Checking polyval v0.6.0
[INFO] [stderr]    Compiling nom v7.1.1
[INFO] [stderr]     Checking rand_chacha v0.3.1
[INFO] [stderr]     Checking unicode-normalization v0.1.22
[INFO] [stderr]    Compiling proc-macro-error-attr v1.0.4
[INFO] [stderr]     Checking form_urlencoded v1.1.0
[INFO] [stderr]    Compiling askama_escape v0.10.3
[INFO] [stderr]    Compiling time-core v0.1.0
[INFO] [stderr]    Compiling time-macros v0.2.6
[INFO] [stderr]     Checking idna v0.3.0
[INFO] [stderr]     Checking num-integer v0.1.45
[INFO] [stderr]     Checking rand v0.8.5
[INFO] [stderr]     Checking ghash v0.5.0
[INFO] [stderr]     Checking aes v0.8.2
[INFO] [stderr]     Checking ctr v0.9.2
[INFO] [stderr]     Checking sha1 v0.10.5
[INFO] [stderr]     Checking aead v0.5.1
[INFO] [stderr]    Compiling cookie v0.17.0
[INFO] [stderr]     Checking humansize v1.1.1
[INFO] [stderr]    Compiling serde_json v1.0.89
[INFO] [stderr]     Checking chrono v0.4.23
[INFO] [stderr]     Checking aes-gcm v0.10.1
[INFO] [stderr]     Checking time v0.3.17
[INFO] [stderr]     Checking url v2.3.1
[INFO] [stderr]     Checking sha2 v0.10.6
[INFO] [stderr]     Checking hmac v0.12.1
[INFO] [stderr]    Compiling rust-format v0.3.4
[INFO] [stderr]     Checking base64 v0.21.0
[INFO] [stderr]     Checking data-encoding v2.3.3
[INFO] [stderr]     Checking headers v0.3.8
[INFO] [stderr]     Checking base64ct v1.5.3
[INFO] [stderr]    Compiling darling_core v0.14.4
[INFO] [stderr]    Compiling proc-macro-error v1.0.4
[INFO] [stdout] error[E0277]: the trait bound `proc_macro2::Span: From<proc_macro::Span>` is not satisfied
[INFO] [stdout]    --> /opt/rustwide/cargo-home/registry/src/index.crates.io-6f17d22bba15001f/proc-macro-error-1.0.4/src/lib.rs:549:37
[INFO] [stdout]     |
[INFO] [stdout] 549 |                 first: self.clone().into(),
[INFO] [stdout]     |                                     ^^^^ the trait `From<proc_macro::Span>` is not implemented for `proc_macro2::Span`
[INFO] [stdout]     |
[INFO] [stdout]     = note: required for `proc_macro::Span` to implement `Into<proc_macro2::Span>`
[INFO] [stdout] 
[INFO] [stdout] 
[INFO] [stdout] error[E0277]: the trait bound `proc_macro2::Span: From<proc_macro::Span>` is not satisfied
[INFO] [stdout]    --> /opt/rustwide/cargo-home/registry/src/index.crates.io-6f17d22bba15001f/proc-macro-error-1.0.4/src/lib.rs:550:36
[INFO] [stdout]     |
[INFO] [stdout] 550 |                 last: self.clone().into(),
[INFO] [stdout]     |                                    ^^^^ the trait `From<proc_macro::Span>` is not implemented for `proc_macro2::Span`
[INFO] [stdout]     |
[INFO] [stdout]     = note: required for `proc_macro::Span` to implement `Into<proc_macro2::Span>`
[INFO] [stdout] 
[INFO] [stdout] 
[INFO] [stdout] error: aborting due to 2 previous errors
[INFO] [stdout] 
[INFO] [stdout] 
[INFO] [stdout] For more information about this error, try `rustc --explain E0277`.
[INFO] [stdout] 
[INFO] [stderr] error: could not compile `proc-macro-error` (lib) due to 3 previous errors
[INFO] [stderr] warning: build failed, waiting for other jobs to finish...
[INFO] running `Command { std: "docker" "inspect" "1c365f3c95b853379aa56ca5db42654b1334d518d153191c3487f02b1b063c06", kill_on_drop: false }`
[INFO] running `Command { std: "docker" "rm" "-f" "1c365f3c95b853379aa56ca5db42654b1334d518d153191c3487f02b1b063c06", kill_on_drop: false }`
[INFO] [stdout] 1c365f3c95b853379aa56ca5db42654b1334d518d153191c3487f02b1b063c06
[INFO] documenting submillisecond-0.4.1 against beta-2023-12-22 for beta-1.76-rustdoc-1
[INFO] extracting crate submillisecond 0.4.1 into /workspace/builds/worker-3-tc2/source
[INFO] validating manifest of crates.io crate submillisecond 0.4.1 on toolchain beta-2023-12-22
[INFO] running `Command { std: CARGO_HOME="/workspace/cargo-home" RUSTUP_HOME="/workspace/rustup-home" "/workspace/cargo-home/bin/cargo" "+beta-2023-12-22" "metadata" "--manifest-path" "Cargo.toml" "--no-deps", kill_on_drop: false }`
[INFO] removed /workspace/builds/worker-3-tc2/source/.cargo/config.toml
[INFO] started tweaking crates.io crate submillisecond 0.4.1
[INFO] finished tweaking crates.io crate submillisecond 0.4.1
[INFO] tweaked toml for crates.io crate submillisecond 0.4.1 written to /workspace/builds/worker-3-tc2/source/Cargo.toml
[INFO] crate crates.io crate submillisecond 0.4.1 already has a lockfile, it will not be regenerated
[INFO] running `Command { std: CARGO_HOME="/workspace/cargo-home" RUSTUP_HOME="/workspace/rustup-home" "/workspace/cargo-home/bin/cargo" "+beta-2023-12-22" "fetch" "--manifest-path" "Cargo.toml", kill_on_drop: false }`
[INFO] running `Command { std: "docker" "create" "-v" "/var/lib/crater-agent-workspace/builds/worker-3-tc2/target:/opt/rustwide/target:rw,Z" "-v" "/var/lib/crater-agent-workspace/builds/worker-3-tc2/source:/opt/rustwide/workdir:ro,Z" "-v" "/var/lib/crater-agent-workspace/cargo-home:/opt/rustwide/cargo-home:ro,Z" "-v" "/var/lib/crater-agent-workspace/rustup-home:/opt/rustwide/rustup-home:ro,Z" "-e" "SOURCE_DIR=/opt/rustwide/workdir" "-e" "CARGO_TARGET_DIR=/opt/rustwide/target" "-e" "CARGO_HOME=/opt/rustwide/cargo-home" "-e" "RUSTUP_HOME=/opt/rustwide/rustup-home" "-w" "/opt/rustwide/workdir" "-m" "1610612736" "--user" "0:0" "--network" "none" "ghcr.io/rust-lang/crates-build-env/linux@sha256:2788e3201cd34a07e3172128adcd8b3090168a8e3bcc40d7c032b9dda1df7d1c" "/opt/rustwide/cargo-home/bin/cargo" "+beta-2023-12-22" "metadata" "--no-deps" "--format-version=1", kill_on_drop: false }`
[INFO] [stdout] deab3c17db4302416c3c7a9d9d24c7fe32374640c3c04a1e73fab0d9298a7462
[INFO] running `Command { std: "docker" "start" "-a" "deab3c17db4302416c3c7a9d9d24c7fe32374640c3c04a1e73fab0d9298a7462", kill_on_drop: false }`
[INFO] running `Command { std: "docker" "inspect" "deab3c17db4302416c3c7a9d9d24c7fe32374640c3c04a1e73fab0d9298a7462", kill_on_drop: false }`
[INFO] running `Command { std: "docker" "rm" "-f" "deab3c17db4302416c3c7a9d9d24c7fe32374640c3c04a1e73fab0d9298a7462", kill_on_drop: false }`
[INFO] [stdout] deab3c17db4302416c3c7a9d9d24c7fe32374640c3c04a1e73fab0d9298a7462
[INFO] running `Command { std: "docker" "create" "-v" "/var/lib/crater-agent-workspace/builds/worker-3-tc2/target:/opt/rustwide/target:rw,Z" "-v" "/var/lib/crater-agent-workspace/builds/worker-3-tc2/source:/opt/rustwide/workdir:ro,Z" "-v" "/var/lib/crater-agent-workspace/cargo-home:/opt/rustwide/cargo-home:ro,Z" "-v" "/var/lib/crater-agent-workspace/rustup-home:/opt/rustwide/rustup-home:ro,Z" "-e" "SOURCE_DIR=/opt/rustwide/workdir" "-e" "CARGO_TARGET_DIR=/opt/rustwide/target" "-e" "CARGO_INCREMENTAL=0" "-e" "RUST_BACKTRACE=full" "-e" "RUSTFLAGS=--cap-lints=warn" "-e" "RUSTDOCFLAGS=--cap-lints=warn" "-e" "CARGO_HOME=/opt/rustwide/cargo-home" "-e" "RUSTUP_HOME=/opt/rustwide/rustup-home" "-w" "/opt/rustwide/workdir" "-m" "1610612736" "--user" "0:0" "--network" "none" "ghcr.io/rust-lang/crates-build-env/linux@sha256:2788e3201cd34a07e3172128adcd8b3090168a8e3bcc40d7c032b9dda1df7d1c" "/opt/rustwide/cargo-home/bin/cargo" "+beta-2023-12-22" "doc" "--frozen" "--no-deps" "--document-private-items" "--message-format=json", kill_on_drop: false }`
[INFO] [stdout] 44aafc82e8aa8fb5941434a30cb135e85c51a2ccea0be880814f024368b7e88c
[INFO] running `Command { std: "docker" "start" "-a" "44aafc82e8aa8fb5941434a30cb135e85c51a2ccea0be880814f024368b7e88c", kill_on_drop: false }`
[INFO] [stderr]    Compiling proc-macro2 v1.0.47
[INFO] [stderr]    Compiling unicode-ident v1.0.5
[INFO] [stderr]    Compiling syn v1.0.104
[INFO] [stderr]    Compiling typenum v1.15.0
[INFO] [stderr]    Compiling serde_derive v1.0.148
[INFO] [stderr]    Compiling generic-array v0.14.6
[INFO] [stderr]    Compiling serde v1.0.148
[INFO] [stderr]    Compiling unicase v2.6.0
[INFO] [stderr]    Compiling num-traits v0.2.15
[INFO] [stderr]    Compiling libc v0.2.137
[INFO] [stderr]    Compiling memchr v2.5.0
[INFO] [stderr]    Compiling num-integer v0.1.45
[INFO] [stderr]    Compiling thiserror v1.0.37
[INFO] [stderr]    Compiling unicode-segmentation v1.10.1
[INFO] [stderr]    Compiling mime_guess v2.0.4
[INFO] [stderr]     Checking bytes v1.3.0
[INFO] [stderr]    Compiling quote v1.0.21
[INFO] [stderr]    Compiling convert_case v0.6.0
[INFO] [stderr]    Compiling heck v0.4.0
[INFO] [stderr]    Compiling proc-macro-error-attr v1.0.4
[INFO] [stderr]     Checking itoa v1.0.4
[INFO] [stderr]     Checking time v0.1.45
[INFO] [stderr]    Compiling aho-corasick v0.7.20
[INFO] [stderr]     Checking http v0.2.8
[INFO] [stderr]     Checking iana-time-zone v0.1.53
[INFO] [stderr]    Compiling regex-syntax v0.6.28
[INFO] [stderr]    Compiling mime v0.3.16
[INFO] [stderr]    Compiling paste v1.0.9
[INFO] [stderr]     Checking cpufeatures v0.2.5
[INFO] [stderr]    Compiling httparse v1.8.0
[INFO] [stderr]     Checking lunatic-sys v0.13.0
[INFO] [stderr]     Checking chrono v0.4.23
[INFO] [stderr]     Checking headers-core v0.2.0
[INFO] [stderr]     Checking block-buffer v0.10.3
[INFO] [stderr]     Checking crypto-common v0.1.6
[INFO] [stderr]    Compiling rust-format v0.3.4
[INFO] [stderr]     Checking digest v0.10.6
[INFO] [stderr]     Checking yansi v0.5.1
[INFO] [stderr]     Checking base64 v0.13.1
[INFO] [stderr]     Checking sha1 v0.10.5
[INFO] [stderr]     Checking percent-encoding v2.2.0
[INFO] [stderr]     Checking headers v0.3.8
[INFO] [stderr]    Compiling regex v1.7.0
[INFO] [stderr]    Compiling darling_core v0.14.4
[INFO] [stderr]    Compiling proc-macro-error v1.0.4
[INFO] [stderr]    Compiling thiserror-impl v1.0.37
[INFO] [stderr]    Compiling better-bae-macros v0.1.9
[INFO] [stderr]    Compiling lunatic-test v0.13.0
[INFO] [stderr]    Compiling darling_macro v0.14.4
[INFO] [stderr]    Compiling better-bae v0.1.9
[INFO] [stderr]    Compiling submillisecond_macros v0.3.0
[INFO] [stderr]    Compiling darling v0.14.4
[INFO] [stderr]    Compiling lunatic-macros v0.13.0
[INFO] [stderr]     Checking bincode v1.3.3
[INFO] [stderr]     Checking serde_bytes v0.11.7
[INFO] [stderr]     Checking lunatic v0.13.0
[INFO] [stderr]     Checking lunatic-log v0.4.0
[INFO] [stderr]  Documenting submillisecond v0.4.1 (/opt/rustwide/workdir)
[INFO] [stdout] warning: unresolved link to `State`
[INFO] [stdout]    --> src/macros.rs:84:11
[INFO] [stdout]     |
[INFO] [stdout] 84  |           $(#[$m])*
[INFO] [stdout]     |             ^^^^^
[INFO] [stdout]     |
[INFO] [stdout]    ::: src/extract/rejection.rs:230:1
[INFO] [stdout]     |
[INFO] [stdout] 230 | / composite_rejection! {
[INFO] [stdout] 231 | |     /// Rejection used for [`State<T>`].
[INFO] [stdout] 232 | |     ///
[INFO] [stdout] 233 | |     /// Contains one variant for each way the [`State<T>`] extractor can fail.
[INFO] [stdout] ...   |
[INFO] [stdout] 236 | |     }
[INFO] [stdout] 237 | | }
[INFO] [stdout]     | |_- in this macro invocation
[INFO] [stdout]     |
[INFO] [stdout]     = note: the link appears in this line:
[INFO] [stdout]             
[INFO] [stdout]             Rejection used for [`State<T>`].
[INFO] [stdout]                                 ^^^^^^^^^^
[INFO] [stdout]     = note: no item named `State` in scope
[INFO] [stdout]     = help: to escape `[` and `]` characters, add '\' before them like `\[` or `\]`
[INFO] [stdout]     = note: `#[warn(rustdoc::broken_intra_doc_links)]` on by default
[INFO] [stdout]     = note: this warning originates in the macro `composite_rejection` (in Nightly builds, run with -Z macro-backtrace for more info)
[INFO] [stdout] 
[INFO] [stdout] 
[INFO] [stdout] warning: redundant explicit link target
[INFO] [stdout]   --> src/lib.rs:23:14
[INFO] [stdout]    |
[INFO] [stdout] 23 | //! [router](crate::router), and run your application:
[INFO] [stdout]    |      ------  ^^^^^^^^^^^^^ explicit target is redundant
[INFO] [stdout]    |      |
[INFO] [stdout]    |      because label contains path that resolves to same destination
[INFO] [stdout]    |
[INFO] [stdout]    = note: when a link's destination is not specified,
[INFO] [stdout]            the label is used to resolve intra-doc links
[INFO] [stdout]    = note: `#[warn(rustdoc::redundant_explicit_links)]` on by default
[INFO] [stdout] help: remove explicit link target
[INFO] [stdout]    |
[INFO] [stdout] 23 | //! [router], and run your application:
[INFO] [stdout]    |     ~~~~~~~~
[INFO] [stdout] 
[INFO] [stdout] 
[INFO] [stdout] warning: redundant explicit link target
[INFO] [stdout]    --> src/extract/path.rs:359:33
[INFO] [stdout]     |
[INFO] [stdout] 359 | /// Rejection type for [`Path`](super::Path) if the captured routes params
[INFO] [stdout]     |                         ------  ^^^^^^^^^^^ explicit target is redundant
[INFO] [stdout]     |                         |
[INFO] [stdout]     |                         because label contains path that resolves to same destination
[INFO] [stdout]     |
[INFO] [stdout]     = note: when a link's destination is not specified,
[INFO] [stdout]             the label is used to resolve intra-doc links
[INFO] [stdout] help: remove explicit link target
[INFO] [stdout]     |
[INFO] [stdout] 359 | /// Rejection type for [`Path`] if the captured routes params
[INFO] [stdout]     |                        ~~~~~~~~
[INFO] [stdout] 
[INFO] [stdout] 
[INFO] [stdout] warning: 3 warnings emitted
[INFO] [stdout] 
[INFO] [stdout] 
[INFO] [stderr]     Finished dev [unoptimized + debuginfo] target(s) in 9.43s
[INFO] [stderr]    Generated /opt/rustwide/target/doc/submillisecond/index.html
[INFO] running `Command { std: "docker" "inspect" "44aafc82e8aa8fb5941434a30cb135e85c51a2ccea0be880814f024368b7e88c", kill_on_drop: false }`
[INFO] running `Command { std: "docker" "rm" "-f" "44aafc82e8aa8fb5941434a30cb135e85c51a2ccea0be880814f024368b7e88c", kill_on_drop: false }`
[INFO] [stdout] 44aafc82e8aa8fb5941434a30cb135e85c51a2ccea0be880814f024368b7e88c
[INFO] running `Command { std: "docker" "create" "-v" "/var/lib/crater-agent-workspace/builds/worker-3-tc2/target:/opt/rustwide/target:rw,Z" "-v" "/var/lib/crater-agent-workspace/builds/worker-3-tc2/source:/opt/rustwide/workdir:ro,Z" "-v" "/var/lib/crater-agent-workspace/cargo-home:/opt/rustwide/cargo-home:ro,Z" "-v" "/var/lib/crater-agent-workspace/rustup-home:/opt/rustwide/rustup-home:ro,Z" "-e" "SOURCE_DIR=/opt/rustwide/workdir" "-e" "CARGO_TARGET_DIR=/opt/rustwide/target" "-e" "CARGO_INCREMENTAL=0" "-e" "RUST_BACKTRACE=full" "-e" "RUSTFLAGS=--cap-lints=warn" "-e" "RUSTDOCFLAGS=--cap-lints=warn" "-e" "RUSTC_BOOTSTRAP=1" "-e" "DOCS_RS=1" "-e" "CARGO_HOME=/opt/rustwide/cargo-home" "-e" "RUSTUP_HOME=/opt/rustwide/rustup-home" "-w" "/opt/rustwide/workdir" "-m" "1610612736" "--user" "0:0" "--network" "none" "ghcr.io/rust-lang/crates-build-env/linux@sha256:2788e3201cd34a07e3172128adcd8b3090168a8e3bcc40d7c032b9dda1df7d1c" "/opt/rustwide/cargo-home/bin/cargo" "+beta-2023-12-22" "rustdoc" "--lib" "-Zrustdoc-map" "--all-features" "-Z" "unstable-options" "--config" "build.rustdocflags=[\"--cfg\", \"docsrs\", \"-Z\", \"unstable-options\", \"--document-private-items\"]" "--frozen" "--message-format=json", kill_on_drop: false }`
[INFO] [stdout] a29193b593601a8b89c6b867a10a6b7b9e11dbab45c3cb3d7a33a9d4a82ca2ef
[INFO] running `Command { std: "docker" "start" "-a" "a29193b593601a8b89c6b867a10a6b7b9e11dbab45c3cb3d7a33a9d4a82ca2ef", kill_on_drop: false }`
[INFO] [stderr]    Compiling proc-macro2 v1.0.47
[INFO] [stderr]    Compiling quote v1.0.21
[INFO] [stderr]     Checking subtle v2.4.1
[INFO] [stderr]     Checking getrandom v0.2.8
[INFO] [stderr]    Compiling unicase v2.6.0
[INFO] [stderr]    Compiling num-traits v0.2.15
[INFO] [stderr]     Checking inout v0.1.3
[INFO] [stderr]     Checking unicode-ident v1.0.5
[INFO] [stderr]    Compiling memchr v2.5.0
[INFO] [stderr]    Compiling syn v1.0.104
[INFO] [stderr]     Checking rand_core v0.6.4
[INFO] [stderr]    Compiling minimal-lexical v0.2.1
[INFO] [stderr]    Compiling mime_guess v2.0.4
[INFO] [stderr]     Checking crypto-common v0.1.6
[INFO] [stderr]     Checking opaque-debug v0.3.0
[INFO] [stderr]     Checking digest v0.10.6
[INFO] [stderr]     Checking universal-hash v0.5.0
[INFO] [stderr]     Checking cipher v0.4.3
[INFO] [stderr]     Checking rand_chacha v0.3.1
[INFO] [stderr]     Checking polyval v0.6.0
[INFO] [stderr]    Compiling nom v7.1.1
[INFO] [stderr]     Checking unicode-normalization v0.1.22
[INFO] [stderr]     Checking form_urlencoded v1.1.0
[INFO] [stderr]    Compiling proc-macro-error-attr v1.0.4
[INFO] [stderr]    Compiling askama_escape v0.10.3
[INFO] [stderr]    Compiling time-core v0.1.0
[INFO] [stderr]    Compiling time-macros v0.2.6
[INFO] [stderr]     Checking idna v0.3.0
[INFO] [stderr]     Checking num-integer v0.1.45
[INFO] [stderr]     Checking rand v0.8.5
[INFO] [stderr]     Checking aes v0.8.2
[INFO] [stderr]     Checking ctr v0.9.2
[INFO] [stderr]     Checking ghash v0.5.0
[INFO] [stderr]     Checking sha1 v0.10.5
[INFO] [stderr]     Checking aead v0.5.1
[INFO] [stderr]    Compiling cookie v0.17.0
[INFO] [stderr]     Checking humansize v1.1.1
[INFO] [stderr]    Compiling serde_json v1.0.89
[INFO] [stderr]     Checking chrono v0.4.23
[INFO] [stderr]     Checking aes-gcm v0.10.1
[INFO] [stderr]     Checking url v2.3.1
[INFO] [stderr]     Checking time v0.3.17
[INFO] [stderr]     Checking hmac v0.12.1
[INFO] [stderr]     Checking sha2 v0.10.6
[INFO] [stderr]    Compiling rust-format v0.3.4
[INFO] [stderr]     Checking base64 v0.21.0
[INFO] [stderr]     Checking data-encoding v2.3.3
[INFO] [stderr]     Checking headers v0.3.8
[INFO] [stderr]     Checking base64ct v1.5.3
[INFO] [stderr]    Compiling darling_core v0.14.4
[INFO] [stderr]    Compiling proc-macro-error v1.0.4
[INFO] [stdout] error[E0277]: the trait bound `proc_macro2::Span: From<proc_macro::Span>` is not satisfied
[INFO] [stdout]    --> /opt/rustwide/cargo-home/registry/src/index.crates.io-6f17d22bba15001f/proc-macro-error-1.0.4/src/lib.rs:549:37
[INFO] [stdout]     |
[INFO] [stdout] 549 |                 first: self.clone().into(),
[INFO] [stdout]     |                                     ^^^^ the trait `From<proc_macro::Span>` is not implemented for `proc_macro2::Span`
[INFO] [stdout]     |
[INFO] [stdout]     = note: required for `proc_macro::Span` to implement `Into<proc_macro2::Span>`
[INFO] [stdout] 
[INFO] [stdout] 
[INFO] [stdout] error[E0277]: the trait bound `proc_macro2::Span: From<proc_macro::Span>` is not satisfied
[INFO] [stdout]    --> /opt/rustwide/cargo-home/registry/src/index.crates.io-6f17d22bba15001f/proc-macro-error-1.0.4/src/lib.rs:550:36
[INFO] [stdout]     |
[INFO] [stdout] 550 |                 last: self.clone().into(),
[INFO] [stdout]     |                                    ^^^^ the trait `From<proc_macro::Span>` is not implemented for `proc_macro2::Span`
[INFO] [stdout]     |
[INFO] [stdout]     = note: required for `proc_macro::Span` to implement `Into<proc_macro2::Span>`
[INFO] [stdout] 
[INFO] [stdout] 
[INFO] [stdout] error: aborting due to 2 previous errors
[INFO] [stdout] 
[INFO] [stdout] 
[INFO] [stdout] For more information about this error, try `rustc --explain E0277`.
[INFO] [stdout] 
[INFO] [stderr] error: could not compile `proc-macro-error` (lib) due to 3 previous errors
[INFO] [stderr] warning: build failed, waiting for other jobs to finish...
[INFO] running `Command { std: "docker" "inspect" "a29193b593601a8b89c6b867a10a6b7b9e11dbab45c3cb3d7a33a9d4a82ca2ef", kill_on_drop: false }`
[INFO] running `Command { std: "docker" "rm" "-f" "a29193b593601a8b89c6b867a10a6b7b9e11dbab45c3cb3d7a33a9d4a82ca2ef", kill_on_drop: false }`
[INFO] [stdout] a29193b593601a8b89c6b867a10a6b7b9e11dbab45c3cb3d7a33a9d4a82ca2ef
