[INFO] fetching crate storage-proofs 6.0.0...
[INFO] documenting storage-proofs-6.0.0 against 1.75.0 for beta-1.76-rustdoc-1
[INFO] extracting crate storage-proofs 6.0.0 into /workspace/builds/worker-4-tc1/source
[INFO] validating manifest of crates.io crate storage-proofs 6.0.0 on toolchain 1.75.0
[INFO] running `Command { std: CARGO_HOME="/workspace/cargo-home" RUSTUP_HOME="/workspace/rustup-home" "/workspace/cargo-home/bin/cargo" "+1.75.0" "metadata" "--manifest-path" "Cargo.toml" "--no-deps", kill_on_drop: false }`
[INFO] started tweaking crates.io crate storage-proofs 6.0.0
[INFO] finished tweaking crates.io crate storage-proofs 6.0.0
[INFO] tweaked toml for crates.io crate storage-proofs 6.0.0 written to /workspace/builds/worker-4-tc1/source/Cargo.toml
[INFO] running `Command { std: CARGO_HOME="/workspace/cargo-home" RUSTUP_HOME="/workspace/rustup-home" "/workspace/cargo-home/bin/cargo" "+1.75.0" "generate-lockfile" "--manifest-path" "Cargo.toml", kill_on_drop: false }`
[INFO] [stderr]     Updating crates.io index
[INFO] running `Command { std: CARGO_HOME="/workspace/cargo-home" RUSTUP_HOME="/workspace/rustup-home" "/workspace/cargo-home/bin/cargo" "+1.75.0" "fetch" "--manifest-path" "Cargo.toml", kill_on_drop: false }`
[INFO] [stderr]  Downloading crates ...
[INFO] [stderr]   Downloaded block-modes v0.7.0
[INFO] [stderr]   Downloaded gperftools v0.2.0
[INFO] [stderr]   Downloaded fff v0.2.3
[INFO] [stderr]   Downloaded groupy v0.3.1
[INFO] [stderr]   Downloaded ff-cl-gen v0.2.0
[INFO] [stderr]   Downloaded blake2s_simd v0.5.11
[INFO] [stderr]   Downloaded mapr v0.8.0
[INFO] [stderr]   Downloaded fil-ocl-core v0.11.4
[INFO] [stderr]   Downloaded fil-ocl v0.19.6
[INFO] [stderr]   Downloaded fff_derive v0.2.2
[INFO] [stderr]   Downloaded paired v0.21.0
[INFO] [stderr]   Downloaded blst v0.3.3
[INFO] [stderr]   Downloaded merkletree v0.21.0
[INFO] [stderr]   Downloaded blstrs v0.2.2
[INFO] [stderr]   Downloaded rust-gpu-tools v0.3.0
[INFO] [stderr]   Downloaded fr32 v0.2.1
[INFO] [stderr]   Downloaded rust-gpu-tools v0.2.2
[INFO] [stderr]   Downloaded storage-proofs-post v6.1.0
[INFO] [stderr]   Downloaded filecoin-hashers v1.1.0
[INFO] [stderr]   Downloaded sha2raw v2.1.1
[INFO] [stderr]   Downloaded hwloc v0.3.0
[INFO] [stderr]   Downloaded storage-proofs-core v6.1.0
[INFO] [stderr]   Downloaded storage-proofs-porep v6.1.0
[INFO] [stderr]   Downloaded bellperson v0.13.0
[INFO] [stderr]   Downloaded neptune v2.7.0
[INFO] [stderr]   Downloaded neptune-triton v2.1.0
[INFO] running `Command { std: "docker" "create" "-v" "/var/lib/crater-agent-workspace/builds/worker-4-tc1/target:/opt/rustwide/target:rw,Z" "-v" "/var/lib/crater-agent-workspace/builds/worker-4-tc1/source:/opt/rustwide/workdir:ro,Z" "-v" "/var/lib/crater-agent-workspace/cargo-home:/opt/rustwide/cargo-home:ro,Z" "-v" "/var/lib/crater-agent-workspace/rustup-home:/opt/rustwide/rustup-home:ro,Z" "-e" "SOURCE_DIR=/opt/rustwide/workdir" "-e" "CARGO_TARGET_DIR=/opt/rustwide/target" "-e" "CARGO_HOME=/opt/rustwide/cargo-home" "-e" "RUSTUP_HOME=/opt/rustwide/rustup-home" "-w" "/opt/rustwide/workdir" "-m" "1610612736" "--user" "0:0" "--network" "none" "ghcr.io/rust-lang/crates-build-env/linux@sha256:2788e3201cd34a07e3172128adcd8b3090168a8e3bcc40d7c032b9dda1df7d1c" "/opt/rustwide/cargo-home/bin/cargo" "+1.75.0" "metadata" "--no-deps" "--format-version=1", kill_on_drop: false }`
[INFO] [stdout] 9bb7e9dedfa4c1a4d5851b84eebb796bd00bf49d12464e6ecf0c371b799045d9
[INFO] running `Command { std: "docker" "start" "-a" "9bb7e9dedfa4c1a4d5851b84eebb796bd00bf49d12464e6ecf0c371b799045d9", kill_on_drop: false }`
[INFO] running `Command { std: "docker" "inspect" "9bb7e9dedfa4c1a4d5851b84eebb796bd00bf49d12464e6ecf0c371b799045d9", kill_on_drop: false }`
[INFO] running `Command { std: "docker" "rm" "-f" "9bb7e9dedfa4c1a4d5851b84eebb796bd00bf49d12464e6ecf0c371b799045d9", kill_on_drop: false }`
[INFO] [stdout] 9bb7e9dedfa4c1a4d5851b84eebb796bd00bf49d12464e6ecf0c371b799045d9
[INFO] running `Command { std: "docker" "create" "-v" "/var/lib/crater-agent-workspace/builds/worker-4-tc1/target:/opt/rustwide/target:rw,Z" "-v" "/var/lib/crater-agent-workspace/builds/worker-4-tc1/source:/opt/rustwide/workdir:ro,Z" "-v" "/var/lib/crater-agent-workspace/cargo-home:/opt/rustwide/cargo-home:ro,Z" "-v" "/var/lib/crater-agent-workspace/rustup-home:/opt/rustwide/rustup-home:ro,Z" "-e" "SOURCE_DIR=/opt/rustwide/workdir" "-e" "CARGO_TARGET_DIR=/opt/rustwide/target" "-e" "CARGO_INCREMENTAL=0" "-e" "RUST_BACKTRACE=full" "-e" "RUSTFLAGS=--cap-lints=warn" "-e" "RUSTDOCFLAGS=--cap-lints=warn" "-e" "CARGO_HOME=/opt/rustwide/cargo-home" "-e" "RUSTUP_HOME=/opt/rustwide/rustup-home" "-w" "/opt/rustwide/workdir" "-m" "1610612736" "--user" "0:0" "--network" "none" "ghcr.io/rust-lang/crates-build-env/linux@sha256:2788e3201cd34a07e3172128adcd8b3090168a8e3bcc40d7c032b9dda1df7d1c" "/opt/rustwide/cargo-home/bin/cargo" "+1.75.0" "doc" "--frozen" "--no-deps" "--document-private-items" "--message-format=json", kill_on_drop: false }`
[INFO] [stdout] ac0ed04a15a88a1ab0c53901f9bccf4d3e9097d437bc9c17d263e220717791a6
[INFO] running `Command { std: "docker" "start" "-a" "ac0ed04a15a88a1ab0c53901f9bccf4d3e9097d437bc9c17d263e220717791a6", kill_on_drop: false }`
[INFO] [stderr]    Compiling proc-macro2 v1.0.76
[INFO] [stderr]    Compiling num-traits v0.2.17
[INFO] [stderr]    Compiling libc v0.2.151
[INFO] [stderr]    Compiling num-integer v0.1.45
[INFO] [stderr]    Compiling syn v1.0.109
[INFO] [stderr]     Checking memchr v2.7.1
[INFO] [stderr]    Compiling getrandom v0.1.16
[INFO] [stderr]    Compiling ucd-trie v0.1.6
[INFO] [stderr]     Checking byteorder v1.5.0
[INFO] [stderr]     Checking rustc-serialize v0.3.25
[INFO] [stderr]    Compiling thiserror v1.0.56
[INFO] [stderr]    Compiling generic-array v0.14.7
[INFO] [stderr]    Compiling num-bigint v0.2.6
[INFO] [stderr]    Compiling serde v1.0.195
[INFO] [stderr]     Checking gimli v0.28.1
[INFO] [stderr]    Compiling failure_derive v0.1.8
[INFO] [stderr]    Compiling unicode-xid v0.2.4
[INFO] [stderr]     Checking miniz_oxide v0.7.1
[INFO] [stderr]     Checking rustc-demangle v0.1.23
[INFO] [stderr]     Checking arrayvec v0.5.2
[INFO] [stderr]    Compiling cl-sys v0.4.3
[INFO] [stderr]     Checking generic-array v0.12.4
[INFO] [stderr]     Checking crossbeam-channel v0.5.10
[INFO] [stderr]     Checking crossbeam-queue v0.3.10
[INFO] [stderr]     Checking rand_core v0.5.1
[INFO] [stderr]    Compiling quote v1.0.35
[INFO] [stderr]     Checking either v1.9.0
[INFO] [stderr]     Checking object v0.32.2
[INFO] [stderr]     Checking byte-tools v0.3.1
[INFO] [stderr]     Checking rand_chacha v0.2.2
[INFO] [stderr]     Checking block-padding v0.1.5
[INFO] [stderr]     Checking futures v0.1.31
[INFO] [stderr]     Checking subtle v2.4.1
[INFO] [stderr]     Checking digest v0.9.0
[INFO] [stderr]     Checking fake-simd v0.1.2
[INFO] [stderr]    Compiling syn v2.0.48
[INFO] [stderr]     Checking arrayref v0.3.7
[INFO] [stderr]     Checking rand v0.7.3
[INFO] [stderr]     Checking crypto-mac v0.10.1
[INFO] [stderr]     Checking block-buffer v0.7.3
[INFO] [stderr]     Checking digest v0.8.1
[INFO] [stderr]     Checking crossbeam v0.8.3
[INFO] [stderr]     Checking rand v0.4.6
[INFO] [stderr]     Checking dirs-sys v0.3.7
[INFO] [stderr]     Checking nodrop v0.1.14
[INFO] [stderr]     Checking opaque-debug v0.2.3
[INFO] [stderr]     Checking constant_time_eq v0.1.5
[INFO] [stderr]     Checking cfg-if v0.1.10
[INFO] [stderr]     Checking hmac v0.10.1
[INFO] [stderr]     Checking rand_xorshift v0.2.0
[INFO] [stderr]     Checking sha2 v0.8.2
[INFO] [stderr]     Checking log v0.4.20
[INFO] [stderr]     Checking dirs v2.0.2
[INFO] [stderr]     Checking hkdf v0.10.0
[INFO] [stderr]     Checking blake2b_simd v0.5.11
[INFO] [stderr]     Checking rayon v1.8.0
[INFO] [stderr]     Checking itertools v0.8.2
[INFO] [stderr]     Checking memmap v0.7.0
[INFO] [stderr]     Checking opaque-debug v0.3.0
[INFO] [stderr]    Compiling anyhow v1.0.79
[INFO] [stderr]    Compiling rustix v0.38.28
[INFO] [stderr]     Checking blake2s_simd v0.5.11
[INFO] [stderr]     Checking fs2 v0.4.3
[INFO] [stderr]    Compiling cc v1.0.83
[INFO] [stderr]     Checking num-traits v0.1.43
[INFO] [stderr]     Checking ocl-core-vector v0.1.1
[INFO] [stderr]     Checking num-complex v0.1.43
[INFO] [stderr]     Checking enum_primitive v0.1.1
[INFO] [stderr]     Checking qutex v0.2.4
[INFO] [stderr]     Checking num_cpus v1.16.0
[INFO] [stderr]    Compiling lexical-core v0.7.6
[INFO] [stderr]     Checking bitflags v2.4.1
[INFO] [stderr]     Checking rustc-hash v1.1.0
[INFO] [stderr]     Checking ryu v1.0.16
[INFO] [stderr]     Checking bit-vec v0.6.3
[INFO] [stderr]     Checking linux-raw-sys v0.4.12
[INFO] [stderr]     Checking cipher v0.2.5
[INFO] [stderr]     Checking block-buffer v0.9.0
[INFO] [stderr]    Compiling nom v5.1.3
[INFO] [stderr]     Checking static_assertions v1.1.0
[INFO] [stderr]     Checking fastrand v2.0.1
[INFO] [stderr]     Checking byteorder v0.5.3
[INFO] [stderr]     Checking remove_dir_all v0.5.3
[INFO] [stderr]     Checking positioned-io v0.2.2
[INFO] [stderr]     Checking tempdir v0.3.7
[INFO] [stderr]     Checking cpufeatures v0.2.12
[INFO] [stderr]    Compiling serde_json v1.0.111
[INFO] [stderr]     Checking aes-soft v0.6.4
[INFO] [stderr]     Checking num-bigint v0.1.44
[INFO] [stderr]     Checking itoa v1.0.10
[INFO] [stderr]     Checking byte-slice-cast v1.2.2
[INFO] [stderr]     Checking addr2line v0.21.0
[INFO] [stderr]     Checking block-padding v0.2.1
[INFO] [stderr]    Compiling pkg-config v0.3.28
[INFO] [stderr]     Checking aes v0.6.0
[INFO] [stderr]     Checking block-modes v0.7.0
[INFO] [stderr]     Checking num-iter v0.1.43
[INFO] [stderr]     Checking itertools v0.9.0
[INFO] [stderr]     Checking errno v0.1.8
[INFO] [stderr]     Checking difference v2.0.0
[INFO] [stderr]     Checking cpuid-bool v0.1.2
[INFO] [stderr]     Checking bitflags v0.4.0
[INFO] [stderr]     Checking ansi_term v0.11.0
[INFO] [stderr]     Checking fdlimit v0.2.1
[INFO] [stderr]     Checking mapr v0.8.0
[INFO] [stderr]    Compiling storage-proofs v6.0.0 (/opt/rustwide/workdir)
[INFO] [stderr]     Checking pretty_assertions v0.6.1
[INFO] [stderr]    Compiling backtrace v0.3.69
[INFO] [stderr]    Compiling fff v0.2.3
[INFO] [stderr]    Compiling sha2-asm v0.6.3
[INFO] [stderr]    Compiling neptune-triton v2.1.0
[INFO] [stderr]     Checking num-rational v0.1.42
[INFO] [stderr]    Compiling hwloc v0.3.0
[INFO] [stderr]     Checking num v0.1.42
[INFO] [stderr] The following warnings were emitted during compilation:
[INFO] [stderr] 
[INFO] [stderr] warning: neptune-triton@2.1.0: ./lib/a.c:12:10: fatal error: CL/cl.h: No such file or directory
[INFO] [stderr] warning: neptune-triton@2.1.0:    12 | #include <CL/cl.h>
[INFO] [stderr] warning: neptune-triton@2.1.0:       |          ^~~~~~~~~
[INFO] [stderr] warning: neptune-triton@2.1.0: compilation terminated.
[INFO] [stderr] 
[INFO] [stderr] error: failed to run custom build command for `neptune-triton v2.1.0`
[INFO] [stderr] note: To improve backtraces for build dependencies, set the CARGO_PROFILE_DEV_BUILD_OVERRIDE_DEBUG=true environment variable to enable debug information generation.
[INFO] [stderr] 
[INFO] [stderr] Caused by:
[INFO] [stderr]   process didn't exit successfully: `/opt/rustwide/target/debug/build/neptune-triton-63b235f2423cd2bd/build-script-build` (exit status: 1)
[INFO] [stderr]   --- stdout
[INFO] [stderr]   TARGET = Some("x86_64-unknown-linux-gnu")
[INFO] [stderr]   OPT_LEVEL = Some("0")
[INFO] [stderr]   HOST = Some("x86_64-unknown-linux-gnu")
[INFO] [stderr]   cargo:rerun-if-env-changed=CC_x86_64-unknown-linux-gnu
[INFO] [stderr]   CC_x86_64-unknown-linux-gnu = None
[INFO] [stderr]   cargo:rerun-if-env-changed=CC_x86_64_unknown_linux_gnu
[INFO] [stderr]   CC_x86_64_unknown_linux_gnu = None
[INFO] [stderr]   cargo:rerun-if-env-changed=HOST_CC
[INFO] [stderr]   HOST_CC = None
[INFO] [stderr]   cargo:rerun-if-env-changed=CC
[INFO] [stderr]   CC = None
[INFO] [stderr]   cargo:rerun-if-env-changed=CRATE_CC_NO_DEFAULTS
[INFO] [stderr]   CRATE_CC_NO_DEFAULTS = None
[INFO] [stderr]   DEBUG = Some("true")
[INFO] [stderr]   CARGO_CFG_TARGET_FEATURE = Some("fxsr,sse,sse2")
[INFO] [stderr]   cargo:rerun-if-env-changed=CFLAGS_x86_64-unknown-linux-gnu
[INFO] [stderr]   CFLAGS_x86_64-unknown-linux-gnu = None
[INFO] [stderr]   cargo:rerun-if-env-changed=CFLAGS_x86_64_unknown_linux_gnu
[INFO] [stderr]   CFLAGS_x86_64_unknown_linux_gnu = None
[INFO] [stderr]   cargo:rerun-if-env-changed=HOST_CFLAGS
[INFO] [stderr]   HOST_CFLAGS = None
[INFO] [stderr]   cargo:rerun-if-env-changed=CFLAGS
[INFO] [stderr]   CFLAGS = None
[INFO] [stderr]   running: "cc" "-O0" "-ffunction-sections" "-fdata-sections" "-fPIC" "-gdwarf-4" "-fno-omit-frame-pointer" "-m64" "-shared" "-Wall" "-Wextra" "-fPIC" "-std=c99" "-o" "/opt/rustwide/target/debug/build/neptune-triton-60115bfefd92d61e/out/./lib/a.o" "-c" "./lib/a.c"
[INFO] [stderr]   cargo:warning=./lib/a.c:12:10: fatal error: CL/cl.h: No such file or directory
[INFO] [stderr] 
[INFO] [stderr]   cargo:warning=   12 | #include <CL/cl.h>
[INFO] [stderr] 
[INFO] [stderr]   cargo:warning=      |          ^~~~~~~~~
[INFO] [stderr] 
[INFO] [stderr]   cargo:warning=compilation terminated.
[INFO] [stderr] 
[INFO] [stderr]   exit status: 1
[INFO] [stderr] 
[INFO] [stderr]   --- stderr
[INFO] [stderr] 
[INFO] [stderr] 
[INFO] [stderr]   error occurred: Command "cc" "-O0" "-ffunction-sections" "-fdata-sections" "-fPIC" "-gdwarf-4" "-fno-omit-frame-pointer" "-m64" "-shared" "-Wall" "-Wextra" "-fPIC" "-std=c99" "-o" "/opt/rustwide/target/debug/build/neptune-triton-60115bfefd92d61e/out/./lib/a.o" "-c" "./lib/a.c" with args "cc" did not execute successfully (status code exit status: 1).
[INFO] [stderr] 
[INFO] [stderr] 
[INFO] [stderr] warning: build failed, waiting for other jobs to finish...
[INFO] running `Command { std: "docker" "inspect" "ac0ed04a15a88a1ab0c53901f9bccf4d3e9097d437bc9c17d263e220717791a6", kill_on_drop: false }`
[INFO] running `Command { std: "docker" "rm" "-f" "ac0ed04a15a88a1ab0c53901f9bccf4d3e9097d437bc9c17d263e220717791a6", kill_on_drop: false }`
[INFO] [stdout] ac0ed04a15a88a1ab0c53901f9bccf4d3e9097d437bc9c17d263e220717791a6
[INFO] documenting storage-proofs-6.0.0 against beta-2023-12-22 for beta-1.76-rustdoc-1
[INFO] extracting crate storage-proofs 6.0.0 into /workspace/builds/worker-4-tc2/source
[INFO] validating manifest of crates.io crate storage-proofs 6.0.0 on toolchain beta-2023-12-22
[INFO] running `Command { std: CARGO_HOME="/workspace/cargo-home" RUSTUP_HOME="/workspace/rustup-home" "/workspace/cargo-home/bin/cargo" "+beta-2023-12-22" "metadata" "--manifest-path" "Cargo.toml" "--no-deps", kill_on_drop: false }`
[INFO] started tweaking crates.io crate storage-proofs 6.0.0
[INFO] finished tweaking crates.io crate storage-proofs 6.0.0
[INFO] tweaked toml for crates.io crate storage-proofs 6.0.0 written to /workspace/builds/worker-4-tc2/source/Cargo.toml
[INFO] running `Command { std: CARGO_HOME="/workspace/cargo-home" RUSTUP_HOME="/workspace/rustup-home" "/workspace/cargo-home/bin/cargo" "+beta-2023-12-22" "generate-lockfile" "--manifest-path" "Cargo.toml", kill_on_drop: false }`
[INFO] [stderr]     Updating crates.io index
[INFO] running `Command { std: CARGO_HOME="/workspace/cargo-home" RUSTUP_HOME="/workspace/rustup-home" "/workspace/cargo-home/bin/cargo" "+beta-2023-12-22" "fetch" "--manifest-path" "Cargo.toml", kill_on_drop: false }`
[INFO] running `Command { std: "docker" "create" "-v" "/var/lib/crater-agent-workspace/builds/worker-4-tc2/target:/opt/rustwide/target:rw,Z" "-v" "/var/lib/crater-agent-workspace/builds/worker-4-tc2/source:/opt/rustwide/workdir:ro,Z" "-v" "/var/lib/crater-agent-workspace/cargo-home:/opt/rustwide/cargo-home:ro,Z" "-v" "/var/lib/crater-agent-workspace/rustup-home:/opt/rustwide/rustup-home:ro,Z" "-e" "SOURCE_DIR=/opt/rustwide/workdir" "-e" "CARGO_TARGET_DIR=/opt/rustwide/target" "-e" "CARGO_HOME=/opt/rustwide/cargo-home" "-e" "RUSTUP_HOME=/opt/rustwide/rustup-home" "-w" "/opt/rustwide/workdir" "-m" "1610612736" "--user" "0:0" "--network" "none" "ghcr.io/rust-lang/crates-build-env/linux@sha256:2788e3201cd34a07e3172128adcd8b3090168a8e3bcc40d7c032b9dda1df7d1c" "/opt/rustwide/cargo-home/bin/cargo" "+beta-2023-12-22" "metadata" "--no-deps" "--format-version=1", kill_on_drop: false }`
[INFO] [stdout] 3d79d745de07762b123f166be21f9ef28d8245f0b6a7c4a44e2269347ffec19a
[INFO] running `Command { std: "docker" "start" "-a" "3d79d745de07762b123f166be21f9ef28d8245f0b6a7c4a44e2269347ffec19a", kill_on_drop: false }`
[INFO] running `Command { std: "docker" "inspect" "3d79d745de07762b123f166be21f9ef28d8245f0b6a7c4a44e2269347ffec19a", kill_on_drop: false }`
[INFO] running `Command { std: "docker" "rm" "-f" "3d79d745de07762b123f166be21f9ef28d8245f0b6a7c4a44e2269347ffec19a", kill_on_drop: false }`
[INFO] [stdout] 3d79d745de07762b123f166be21f9ef28d8245f0b6a7c4a44e2269347ffec19a
[INFO] running `Command { std: "docker" "create" "-v" "/var/lib/crater-agent-workspace/builds/worker-4-tc2/target:/opt/rustwide/target:rw,Z" "-v" "/var/lib/crater-agent-workspace/builds/worker-4-tc2/source:/opt/rustwide/workdir:ro,Z" "-v" "/var/lib/crater-agent-workspace/cargo-home:/opt/rustwide/cargo-home:ro,Z" "-v" "/var/lib/crater-agent-workspace/rustup-home:/opt/rustwide/rustup-home:ro,Z" "-e" "SOURCE_DIR=/opt/rustwide/workdir" "-e" "CARGO_TARGET_DIR=/opt/rustwide/target" "-e" "CARGO_INCREMENTAL=0" "-e" "RUST_BACKTRACE=full" "-e" "RUSTFLAGS=--cap-lints=warn" "-e" "RUSTDOCFLAGS=--cap-lints=warn" "-e" "CARGO_HOME=/opt/rustwide/cargo-home" "-e" "RUSTUP_HOME=/opt/rustwide/rustup-home" "-w" "/opt/rustwide/workdir" "-m" "1610612736" "--user" "0:0" "--network" "none" "ghcr.io/rust-lang/crates-build-env/linux@sha256:2788e3201cd34a07e3172128adcd8b3090168a8e3bcc40d7c032b9dda1df7d1c" "/opt/rustwide/cargo-home/bin/cargo" "+beta-2023-12-22" "doc" "--frozen" "--no-deps" "--document-private-items" "--message-format=json", kill_on_drop: false }`
[INFO] [stdout] 96bf5269b0ecf643b2a8f0dc9cd3e47d7b32c05450251f0c162ef84156f7bd94
[INFO] running `Command { std: "docker" "start" "-a" "96bf5269b0ecf643b2a8f0dc9cd3e47d7b32c05450251f0c162ef84156f7bd94", kill_on_drop: false }`
[INFO] [stderr]    Compiling syn v1.0.109
[INFO] [stderr]     Checking memchr v2.7.1
[INFO] [stderr]    Compiling getrandom v0.1.16
[INFO] [stderr]    Compiling ucd-trie v0.1.6
[INFO] [stderr]     Checking byteorder v1.5.0
[INFO] [stderr]     Checking rustc-serialize v0.3.25
[INFO] [stderr]    Compiling proc-macro2 v1.0.76
[INFO] [stderr]    Compiling num-traits v0.2.17
[INFO] [stderr]    Compiling libc v0.2.151
[INFO] [stderr]    Compiling thiserror v1.0.56
[INFO] [stderr]    Compiling num-integer v0.1.45
[INFO] [stderr]    Compiling generic-array v0.14.7
[INFO] [stderr]    Compiling num-bigint v0.2.6
[INFO] [stderr]    Compiling serde v1.0.195
[INFO] [stderr]    Compiling unicode-xid v0.2.4
[INFO] [stderr]     Checking gimli v0.28.1
[INFO] [stderr]    Compiling failure_derive v0.1.8
[INFO] [stderr]     Checking miniz_oxide v0.7.1
[INFO] [stderr]     Checking rustc-demangle v0.1.23
[INFO] [stderr]     Checking arrayvec v0.5.2
[INFO] [stderr]    Compiling cl-sys v0.4.3
[INFO] [stderr]     Checking crossbeam-queue v0.3.10
[INFO] [stderr]     Checking crossbeam-channel v0.5.10
[INFO] [stderr]     Checking rand_core v0.5.1
[INFO] [stderr]     Checking generic-array v0.12.4
[INFO] [stderr]     Checking byte-tools v0.3.1
[INFO] [stderr]     Checking either v1.9.0
[INFO] [stderr]     Checking object v0.32.2
[INFO] [stderr]     Checking fake-simd v0.1.2
[INFO] [stderr]     Checking block-padding v0.1.5
[INFO] [stderr]    Compiling quote v1.0.35
[INFO] [stderr]     Checking rand_chacha v0.2.2
[INFO] [stderr]     Checking arrayref v0.3.7
[INFO] [stderr]     Checking digest v0.9.0
[INFO] [stderr]     Checking futures v0.1.31
[INFO] [stderr]     Checking subtle v2.4.1
[INFO] [stderr]     Checking block-buffer v0.7.3
[INFO] [stderr]     Checking digest v0.8.1
[INFO] [stderr]     Checking rand v0.4.6
[INFO] [stderr]     Checking rand v0.7.3
[INFO] [stderr]    Compiling syn v2.0.48
[INFO] [stderr]     Checking crypto-mac v0.10.1
[INFO] [stderr]     Checking crossbeam v0.8.3
[INFO] [stderr]     Checking dirs-sys v0.3.7
[INFO] [stderr]     Checking constant_time_eq v0.1.5
[INFO] [stderr]     Checking cfg-if v0.1.10
[INFO] [stderr]     Checking nodrop v0.1.14
[INFO] [stderr]     Checking opaque-debug v0.2.3
[INFO] [stderr]     Checking dirs v2.0.2
[INFO] [stderr]     Checking hmac v0.10.1
[INFO] [stderr]     Checking sha2 v0.8.2
[INFO] [stderr]     Checking rand_xorshift v0.2.0
[INFO] [stderr]     Checking log v0.4.20
[INFO] [stderr]     Checking rayon v1.8.0
[INFO] [stderr]     Checking hkdf v0.10.0
[INFO] [stderr]     Checking blake2b_simd v0.5.11
[INFO] [stderr]     Checking itertools v0.8.2
[INFO] [stderr]     Checking memmap v0.7.0
[INFO] [stderr]     Checking opaque-debug v0.3.0
[INFO] [stderr]    Compiling anyhow v1.0.79
[INFO] [stderr]    Compiling rustix v0.38.28
[INFO] [stderr]     Checking blake2s_simd v0.5.11
[INFO] [stderr]     Checking num-complex v0.1.43
[INFO] [stderr]     Checking num-traits v0.1.43
[INFO] [stderr]    Compiling cc v1.0.83
[INFO] [stderr]     Checking enum_primitive v0.1.1
[INFO] [stderr]     Checking ocl-core-vector v0.1.1
[INFO] [stderr]     Checking qutex v0.2.4
[INFO] [stderr]     Checking num_cpus v1.16.0
[INFO] [stderr]     Checking fs2 v0.4.3
[INFO] [stderr]     Checking ryu v1.0.16
[INFO] [stderr]     Checking bitflags v2.4.1
[INFO] [stderr]     Checking bit-vec v0.6.3
[INFO] [stderr]    Compiling lexical-core v0.7.6
[INFO] [stderr]     Checking rustc-hash v1.1.0
[INFO] [stderr]     Checking linux-raw-sys v0.4.12
[INFO] [stderr]     Checking cipher v0.2.5
[INFO] [stderr]     Checking block-buffer v0.9.0
[INFO] [stderr]    Compiling nom v5.1.3
[INFO] [stderr]     Checking static_assertions v1.1.0
[INFO] [stderr]     Checking remove_dir_all v0.5.3
[INFO] [stderr]     Checking fastrand v2.0.1
[INFO] [stderr]     Checking byteorder v0.5.3
[INFO] [stderr]     Checking tempdir v0.3.7
[INFO] [stderr]    Compiling serde_json v1.0.111
[INFO] [stderr]     Checking cpufeatures v0.2.12
[INFO] [stderr]     Checking positioned-io v0.2.2
[INFO] [stderr]     Checking aes-soft v0.6.4
[INFO] [stderr]     Checking num-bigint v0.1.44
[INFO] [stderr]     Checking addr2line v0.21.0
[INFO] [stderr]     Checking itoa v1.0.10
[INFO] [stderr]     Checking byte-slice-cast v1.2.2
[INFO] [stderr]    Compiling pkg-config v0.3.28
[INFO] [stderr]     Checking block-padding v0.2.1
[INFO] [stderr]     Checking aes v0.6.0
[INFO] [stderr]     Checking num-iter v0.1.43
[INFO] [stderr]     Checking block-modes v0.7.0
[INFO] [stderr]     Checking itertools v0.9.0
[INFO] [stderr]     Checking errno v0.1.8
[INFO] [stderr]     Checking bitflags v0.4.0
[INFO] [stderr]     Checking ansi_term v0.11.0
[INFO] [stderr]     Checking cpuid-bool v0.1.2
[INFO] [stderr]     Checking difference v2.0.0
[INFO] [stderr]     Checking fdlimit v0.2.1
[INFO] [stderr]     Checking mapr v0.8.0
[INFO] [stderr]    Compiling storage-proofs v6.0.0 (/opt/rustwide/workdir)
[INFO] [stderr]     Checking pretty_assertions v0.6.1
[INFO] [stderr]     Checking num-rational v0.1.42
[INFO] [stderr]    Compiling backtrace v0.3.69
[INFO] [stderr]    Compiling fff v0.2.3
[INFO] [stderr]    Compiling sha2-asm v0.6.3
[INFO] [stderr]    Compiling neptune-triton v2.1.0
[INFO] [stderr]    Compiling hwloc v0.3.0
[INFO] [stderr]     Checking num v0.1.42
[INFO] [stderr] The following warnings were emitted during compilation:
[INFO] [stderr] 
[INFO] [stderr] warning: neptune-triton@2.1.0: ./lib/a.c:12:10: fatal error: CL/cl.h: No such file or directory
[INFO] [stderr] warning: neptune-triton@2.1.0:    12 | #include <CL/cl.h>
[INFO] [stderr] warning: neptune-triton@2.1.0:       |          ^~~~~~~~~
[INFO] [stderr] warning: neptune-triton@2.1.0: compilation terminated.
[INFO] [stderr] 
[INFO] [stderr] error: failed to run custom build command for `neptune-triton v2.1.0`
[INFO] [stderr] note: To improve backtraces for build dependencies, set the CARGO_PROFILE_DEV_BUILD_OVERRIDE_DEBUG=true environment variable to enable debug information generation.
[INFO] [stderr] 
[INFO] [stderr] Caused by:
[INFO] [stderr]   process didn't exit successfully: `/opt/rustwide/target/debug/build/neptune-triton-1ec61ef8829a062c/build-script-build` (exit status: 1)
[INFO] [stderr]   --- stdout
[INFO] [stderr]   TARGET = Some("x86_64-unknown-linux-gnu")
[INFO] [stderr]   OPT_LEVEL = Some("0")
[INFO] [stderr]   HOST = Some("x86_64-unknown-linux-gnu")
[INFO] [stderr]   cargo:rerun-if-env-changed=CC_x86_64-unknown-linux-gnu
[INFO] [stderr]   CC_x86_64-unknown-linux-gnu = None
[INFO] [stderr]   cargo:rerun-if-env-changed=CC_x86_64_unknown_linux_gnu
[INFO] [stderr]   CC_x86_64_unknown_linux_gnu = None
[INFO] [stderr]   cargo:rerun-if-env-changed=HOST_CC
[INFO] [stderr]   HOST_CC = None
[INFO] [stderr]   cargo:rerun-if-env-changed=CC
[INFO] [stderr]   CC = None
[INFO] [stderr]   cargo:rerun-if-env-changed=CRATE_CC_NO_DEFAULTS
[INFO] [stderr]   CRATE_CC_NO_DEFAULTS = None
[INFO] [stderr]   DEBUG = Some("true")
[INFO] [stderr]   CARGO_CFG_TARGET_FEATURE = Some("fxsr,sse,sse2")
[INFO] [stderr]   cargo:rerun-if-env-changed=CFLAGS_x86_64-unknown-linux-gnu
[INFO] [stderr]   CFLAGS_x86_64-unknown-linux-gnu = None
[INFO] [stderr]   cargo:rerun-if-env-changed=CFLAGS_x86_64_unknown_linux_gnu
[INFO] [stderr]   CFLAGS_x86_64_unknown_linux_gnu = None
[INFO] [stderr]   cargo:rerun-if-env-changed=HOST_CFLAGS
[INFO] [stderr]   HOST_CFLAGS = None
[INFO] [stderr]   cargo:rerun-if-env-changed=CFLAGS
[INFO] [stderr]   CFLAGS = None
[INFO] [stderr]   running: "cc" "-O0" "-ffunction-sections" "-fdata-sections" "-fPIC" "-gdwarf-4" "-fno-omit-frame-pointer" "-m64" "-shared" "-Wall" "-Wextra" "-fPIC" "-std=c99" "-o" "/opt/rustwide/target/debug/build/neptune-triton-0d4893fbffbde9e9/out/./lib/a.o" "-c" "./lib/a.c"
[INFO] [stderr]   cargo:warning=./lib/a.c:12:10: fatal error: CL/cl.h: No such file or directory
[INFO] [stderr] 
[INFO] [stderr]   cargo:warning=   12 | #include <CL/cl.h>
[INFO] [stderr] 
[INFO] [stderr]   cargo:warning=      |          ^~~~~~~~~
[INFO] [stderr] 
[INFO] [stderr]   cargo:warning=compilation terminated.
[INFO] [stderr] 
[INFO] [stderr]   exit status: 1
[INFO] [stderr] 
[INFO] [stderr]   --- stderr
[INFO] [stderr] 
[INFO] [stderr] 
[INFO] [stderr]   error occurred: Command "cc" "-O0" "-ffunction-sections" "-fdata-sections" "-fPIC" "-gdwarf-4" "-fno-omit-frame-pointer" "-m64" "-shared" "-Wall" "-Wextra" "-fPIC" "-std=c99" "-o" "/opt/rustwide/target/debug/build/neptune-triton-0d4893fbffbde9e9/out/./lib/a.o" "-c" "./lib/a.c" with args "cc" did not execute successfully (status code exit status: 1).
[INFO] [stderr] 
[INFO] [stderr] 
[INFO] [stderr] warning: build failed, waiting for other jobs to finish...
[INFO] running `Command { std: "docker" "inspect" "96bf5269b0ecf643b2a8f0dc9cd3e47d7b32c05450251f0c162ef84156f7bd94", kill_on_drop: false }`
[INFO] running `Command { std: "docker" "rm" "-f" "96bf5269b0ecf643b2a8f0dc9cd3e47d7b32c05450251f0c162ef84156f7bd94", kill_on_drop: false }`
[INFO] [stdout] 96bf5269b0ecf643b2a8f0dc9cd3e47d7b32c05450251f0c162ef84156f7bd94
