[INFO] fetching crate storage-proofs-core 16.1.0...
[INFO] documenting storage-proofs-core-16.1.0 against 1.75.0 for beta-1.76-rustdoc-1
[INFO] extracting crate storage-proofs-core 16.1.0 into /workspace/builds/worker-5-tc1/source
[INFO] validating manifest of crates.io crate storage-proofs-core 16.1.0 on toolchain 1.75.0
[INFO] running `Command { std: CARGO_HOME="/workspace/cargo-home" RUSTUP_HOME="/workspace/rustup-home" "/workspace/cargo-home/bin/cargo" "+1.75.0" "metadata" "--manifest-path" "Cargo.toml" "--no-deps", kill_on_drop: false }`
[INFO] started tweaking crates.io crate storage-proofs-core 16.1.0
[INFO] finished tweaking crates.io crate storage-proofs-core 16.1.0
[INFO] tweaked toml for crates.io crate storage-proofs-core 16.1.0 written to /workspace/builds/worker-5-tc1/source/Cargo.toml
[INFO] running `Command { std: CARGO_HOME="/workspace/cargo-home" RUSTUP_HOME="/workspace/rustup-home" "/workspace/cargo-home/bin/cargo" "+1.75.0" "generate-lockfile" "--manifest-path" "Cargo.toml", kill_on_drop: false }`
[INFO] [stderr]     Updating crates.io index
[INFO] running `Command { std: CARGO_HOME="/workspace/cargo-home" RUSTUP_HOME="/workspace/rustup-home" "/workspace/cargo-home/bin/cargo" "+1.75.0" "fetch" "--manifest-path" "Cargo.toml", kill_on_drop: false }`
[INFO] [stderr]  Downloading crates ...
[INFO] [stderr]   Downloaded cuda-driver-sys v0.3.0
[INFO] [stderr]   Downloaded cpu-time v1.0.0
[INFO] [stderr]   Downloaded cuda-config v0.1.0
[INFO] [stderr]   Downloaded rustacuda_core v0.1.2
[INFO] [stderr]   Downloaded gperftools v0.2.0
[INFO] [stderr]   Downloaded execute v0.2.13
[INFO] [stderr]   Downloaded generic-array v1.0.0
[INFO] [stderr]   Downloaded ec-gpu v0.2.0
[INFO] [stderr]   Downloaded ec-gpu-gen v0.6.0
[INFO] [stderr]   Downloaded execute-command-macro v0.1.9
[INFO] [stderr]   Downloaded execute-command-tokens v0.1.7
[INFO] [stderr]   Downloaded rustacuda_derive v0.1.2
[INFO] [stderr]   Downloaded filecoin-hashers v11.1.0
[INFO] [stderr]   Downloaded trait-set v0.3.0
[INFO] [stderr]   Downloaded fr32 v9.1.0
[INFO] [stderr]   Downloaded pasta_curves v0.5.1
[INFO] [stderr]   Downloaded config v0.12.0
[INFO] [stderr]   Downloaded opencl3 v0.9.5
[INFO] [stderr]   Downloaded sppark v0.1.5
[INFO] [stderr]   Downloaded rust-gpu-tools v0.7.2
[INFO] [stderr]   Downloaded neptune v11.0.0
[INFO] [stderr]   Downloaded fil-rustacuda v0.1.4
[INFO] [stderr]   Downloaded ec-gpu-gen v0.7.0
[INFO] [stderr]   Downloaded merkletree v0.23.0
[INFO] [stderr]   Downloaded cl3 v0.9.5
[INFO] [stderr]   Downloaded blstrs v0.7.1
[INFO] [stderr]   Downloaded opencl-sys v0.2.8
[INFO] [stderr]   Downloaded bellpepper-core v0.2.1
[INFO] [stderr]   Downloaded execute-command-macro-impl v0.1.10
[INFO] [stderr]   Downloaded sha2raw v11.1.0
[INFO] [stderr]   Downloaded bellpepper v0.2.1
[INFO] [stderr]   Downloaded supraseal-c2 v0.1.0
[INFO] [stderr]   Downloaded bellperson v0.26.0
[INFO] running `Command { std: "docker" "create" "-v" "/var/lib/crater-agent-workspace/builds/worker-5-tc1/target:/opt/rustwide/target:rw,Z" "-v" "/var/lib/crater-agent-workspace/builds/worker-5-tc1/source:/opt/rustwide/workdir:ro,Z" "-v" "/var/lib/crater-agent-workspace/cargo-home:/opt/rustwide/cargo-home:ro,Z" "-v" "/var/lib/crater-agent-workspace/rustup-home:/opt/rustwide/rustup-home:ro,Z" "-e" "SOURCE_DIR=/opt/rustwide/workdir" "-e" "CARGO_TARGET_DIR=/opt/rustwide/target" "-e" "CARGO_HOME=/opt/rustwide/cargo-home" "-e" "RUSTUP_HOME=/opt/rustwide/rustup-home" "-w" "/opt/rustwide/workdir" "-m" "1610612736" "--user" "0:0" "--network" "none" "ghcr.io/rust-lang/crates-build-env/linux@sha256:2788e3201cd34a07e3172128adcd8b3090168a8e3bcc40d7c032b9dda1df7d1c" "/opt/rustwide/cargo-home/bin/cargo" "+1.75.0" "metadata" "--no-deps" "--format-version=1", kill_on_drop: false }`
[INFO] [stdout] 0dc61c0b6aeec9632e8aa4e43ebcf3ad2ade0a83e63f079121786fc34867358a
[INFO] running `Command { std: "docker" "start" "-a" "0dc61c0b6aeec9632e8aa4e43ebcf3ad2ade0a83e63f079121786fc34867358a", kill_on_drop: false }`
[INFO] running `Command { std: "docker" "inspect" "0dc61c0b6aeec9632e8aa4e43ebcf3ad2ade0a83e63f079121786fc34867358a", kill_on_drop: false }`
[INFO] running `Command { std: "docker" "rm" "-f" "0dc61c0b6aeec9632e8aa4e43ebcf3ad2ade0a83e63f079121786fc34867358a", kill_on_drop: false }`
[INFO] [stdout] 0dc61c0b6aeec9632e8aa4e43ebcf3ad2ade0a83e63f079121786fc34867358a
[INFO] running `Command { std: "docker" "create" "-v" "/var/lib/crater-agent-workspace/builds/worker-5-tc1/target:/opt/rustwide/target:rw,Z" "-v" "/var/lib/crater-agent-workspace/builds/worker-5-tc1/source:/opt/rustwide/workdir:ro,Z" "-v" "/var/lib/crater-agent-workspace/cargo-home:/opt/rustwide/cargo-home:ro,Z" "-v" "/var/lib/crater-agent-workspace/rustup-home:/opt/rustwide/rustup-home:ro,Z" "-e" "SOURCE_DIR=/opt/rustwide/workdir" "-e" "CARGO_TARGET_DIR=/opt/rustwide/target" "-e" "CARGO_INCREMENTAL=0" "-e" "RUST_BACKTRACE=full" "-e" "RUSTFLAGS=--cap-lints=warn" "-e" "RUSTDOCFLAGS=--cap-lints=warn" "-e" "CARGO_HOME=/opt/rustwide/cargo-home" "-e" "RUSTUP_HOME=/opt/rustwide/rustup-home" "-w" "/opt/rustwide/workdir" "-m" "1610612736" "--user" "0:0" "--network" "none" "ghcr.io/rust-lang/crates-build-env/linux@sha256:2788e3201cd34a07e3172128adcd8b3090168a8e3bcc40d7c032b9dda1df7d1c" "/opt/rustwide/cargo-home/bin/cargo" "+1.75.0" "doc" "--frozen" "--no-deps" "--document-private-items" "--message-format=json", kill_on_drop: false }`
[INFO] [stdout] 36975f4f726cc97017dbc02f7719b9b2d16e8ed617d3a3d75f3bf54509d1e02e
[INFO] running `Command { std: "docker" "start" "-a" "36975f4f726cc97017dbc02f7719b9b2d16e8ed617d3a3d75f3bf54509d1e02e", kill_on_drop: false }`
[INFO] [stderr]    Compiling typenum v1.17.0
[INFO] [stderr]    Compiling serde v1.0.195
[INFO] [stderr]    Compiling opencl-sys v0.2.8
[INFO] [stderr]    Compiling tap v1.0.1
[INFO] [stderr]    Compiling proc-macro2 v1.0.76
[INFO] [stderr]    Compiling libc v0.2.151
[INFO] [stderr]    Compiling thiserror v1.0.56
[INFO] [stderr]    Compiling execute-command-tokens v0.1.7
[INFO] [stderr]    Compiling scopeguard v1.2.0
[INFO] [stderr]    Compiling radium v0.7.0
[INFO] [stderr]    Compiling funty v2.0.0
[INFO] [stderr]    Compiling ppv-lite86 v0.2.17
[INFO] [stderr]     Checking wyz v0.5.1
[INFO] [stderr]    Compiling crossbeam-utils v0.8.18
[INFO] [stderr]    Compiling subtle v2.5.0
[INFO] [stderr]    Compiling lock_api v0.4.11
[INFO] [stderr]     Checking rand_chacha v0.3.1
[INFO] [stderr]    Compiling cpufeatures v0.2.12
[INFO] [stderr]    Compiling ec-gpu v0.2.0
[INFO] [stderr]     Checking rand_xorshift v0.3.0
[INFO] [stderr]    Compiling home v0.5.9
[INFO] [stderr]     Checking arrayref v0.3.7
[INFO] [stderr]     Checking bitvec v1.0.1
[INFO] [stderr]     Checking num_cpus v1.16.0
[INFO] [stderr]     Checking parking_lot_core v0.9.9
[INFO] [stderr]    Compiling byte-slice-cast v1.2.2
[INFO] [stderr]    Compiling spin v0.9.8
[INFO] [stderr]     Checking constant_time_eq v0.3.0
[INFO] [stderr]     Checking arrayvec v0.7.4
[INFO] [stderr]     Checking rand v0.8.5
[INFO] [stderr]    Compiling ec-gpu-gen v0.6.0
[INFO] [stderr]    Compiling ec-gpu-gen v0.7.0
[INFO] [stderr]     Checking threadpool v1.8.1
[INFO] [stderr]     Checking parking_lot v0.12.1
[INFO] [stderr]    Compiling quote v1.0.35
[INFO] [stderr]    Compiling crossbeam-epoch v0.9.17
[INFO] [stderr]    Compiling flume v0.10.14
[INFO] [stderr]    Compiling crossbeam-channel v0.5.10
[INFO] [stderr]    Compiling spin v0.5.2
[INFO] [stderr]     Checking temp-env v0.3.6
[INFO] [stderr]    Compiling syn v2.0.48
[INFO] [stderr]    Compiling yastl v0.1.2
[INFO] [stderr]    Compiling rustversion v1.0.14
[INFO] [stderr]    Compiling crossbeam-deque v0.8.4
[INFO] [stderr]    Compiling lazy_static v1.4.0
[INFO] [stderr]     Checking blake2s_simd v1.0.2
[INFO] [stderr]    Compiling rustix v0.38.28
[INFO] [stderr]    Compiling blake2b_simd v1.0.2
[INFO] [stderr]    Compiling rayon-core v1.12.0
[INFO] [stderr]    Compiling static_assertions v1.1.0
[INFO] [stderr]    Compiling syn v1.0.109
[INFO] [stderr]     Checking bitflags v2.4.1
[INFO] [stderr]     Checking linux-raw-sys v0.4.12
[INFO] [stderr]     Checking memmap2 v0.5.10
[INFO] [stderr]    Compiling rayon v1.8.0
[INFO] [stderr]     Checking constant_time_eq v0.1.5
[INFO] [stderr]     Checking arrayvec v0.5.2
[INFO] [stderr]    Compiling async-trait v0.1.77
[INFO] [stderr]     Checking positioned-io v0.3.3
[INFO] [stderr]     Checking itertools v0.8.2
[INFO] [stderr]    Compiling getrandom v0.2.11
[INFO] [stderr]    Compiling cc v1.0.83
[INFO] [stderr]    Compiling rand_core v0.6.4
[INFO] [stderr]     Checking generic-array v0.14.7
[INFO] [stderr]    Compiling generic-array v1.0.0
[INFO] [stderr]     Checking blake2s_simd v0.5.11
[INFO] [stderr]     Checking memchr v2.7.1
[INFO] [stderr]    Compiling semver v1.0.21
[INFO] [stderr]     Checking pathdiff v0.2.1
[INFO] [stderr]     Checking itertools v0.10.5
[INFO] [stderr]     Checking crypto-common v0.1.6
[INFO] [stderr]    Compiling block-buffer v0.10.4
[INFO] [stderr]     Checking block-padding v0.3.3
[INFO] [stderr]    Compiling digest v0.10.7
[INFO] [stderr]     Checking inout v0.1.3
[INFO] [stderr]    Compiling blst v0.3.11
[INFO] [stderr]     Checking nom v7.1.3
[INFO] [stderr]     Checking ff v0.13.0
[INFO] [stderr]     Checking cipher v0.4.4
[INFO] [stderr]    Compiling sha2 v0.10.8
[INFO] [stderr]     Checking group v0.13.0
[INFO] [stderr]     Checking aes v0.8.3
[INFO] [stderr]     Checking cbc v0.1.2
[INFO] [stderr]     Checking pairing v0.23.0
[INFO] [stderr]    Compiling trait-set v0.3.0
[INFO] [stderr]     Checking tempfile v3.9.0
[INFO] [stderr]    Compiling serde_derive v1.0.195
[INFO] [stderr]    Compiling thiserror-impl v1.0.56
[INFO] [stderr]    Compiling execute-command-macro-impl v0.1.10
[INFO] [stderr]    Compiling zeroize_derive v1.4.2
[INFO] [stderr]    Compiling execute-command-macro v0.1.9
[INFO] [stderr]    Compiling execute v0.2.13
[INFO] [stderr]    Compiling zeroize v1.7.0
[INFO] [stderr]    Compiling cl3 v0.9.5
[INFO] [stderr]     Checking opencl3 v0.9.5
[INFO] [stderr]     Checking hex v0.4.3
[INFO] [stderr]     Checking bellpepper-core v0.2.1
[INFO] [stderr]     Checking blstrs v0.7.1
[INFO] [stderr]     Checking bincode v1.3.3
[INFO] [stderr]     Checking merkletree v0.23.0
[INFO] [stderr]     Checking toml v0.5.11
[INFO] [stderr]     Checking serde_json v1.0.111
[INFO] [stderr]     Checking rust-gpu-tools v0.7.2
[INFO] [stderr]     Checking pasta_curves v0.5.1
[INFO] [stderr]     Checking bellpepper v0.2.1
[INFO] [stderr]     Checking fr32 v9.1.0
[INFO] [stderr]     Checking config v0.12.0
[INFO] [stderr]    Compiling bellperson v0.26.0
[INFO] [stderr]    Compiling neptune v11.0.0
[INFO] [stdout] error: linking with `cc` failed: exit status: 1
[INFO] [stdout]   |
[INFO] [stdout]   = note: LC_ALL="C" PATH="/opt/rustwide/rustup-home/toolchains/1.75.0-x86_64-unknown-linux-gnu/lib/rustlib/x86_64-unknown-linux-gnu/bin:/opt/rustwide/cargo-home/bin:/usr/local/sbin:/usr/local/bin:/usr/sbin:/usr/bin:/sbin:/bin" VSLANG="1033" "cc" "-m64" "/tmp/rustcLAMgmD/symbols.o" "/opt/rustwide/target/debug/build/bellperson-e3d865eb0191c018/build_script_build-e3d865eb0191c018.build_script_build.4f390b5c06feced7-cgu.0.rcgu.o" "/opt/rustwide/target/debug/build/bellperson-e3d865eb0191c018/build_script_build-e3d865eb0191c018.build_script_build.4f390b5c06feced7-cgu.1.rcgu.o" "/opt/rustwide/target/debug/build/bellperson-e3d865eb0191c018/build_script_build-e3d865eb0191c018.build_script_build.4f390b5c06feced7-cgu.2.rcgu.o" "/opt/rustwide/target/debug/build/bellperson-e3d865eb0191c018/build_script_build-e3d865eb0191c018.build_script_build.4f390b5c06feced7-cgu.3.rcgu.o" "/opt/rustwide/target/debug/build/bellperson-e3d865eb0191c018/build_script_build-e3d865eb0191c018.build_script_build.4f390b5c06feced7-cgu.4.rcgu.o" "/opt/rustwide/target/debug/build/bellperson-e3d865eb0191c018/build_script_build-e3d865eb0191c018.10tma534saiwpbdr.rcgu.o" "-Wl,--as-needed" "-L" "/opt/rustwide/target/debug/deps" "-L" "/opt/rustwide/target/debug/build/blst-75d90d31628d0bda/out" "-L" "/opt/rustwide/rustup-home/toolchains/1.75.0-x86_64-unknown-linux-gnu/lib/rustlib/x86_64-unknown-linux-gnu/lib" "-Wl,-Bstatic" "/opt/rustwide/target/debug/deps/libec_gpu_gen-3eb029a69eea8692.rlib" "/opt/rustwide/target/debug/deps/libcrossbeam_channel-dc072fc0a440e1ad.rlib" "/opt/rustwide/target/debug/deps/librayon-e293d2d54bb1f8fb.rlib" "/opt/rustwide/target/debug/deps/librayon_core-e1a9ccaaf92f43c5.rlib" "/opt/rustwide/target/debug/deps/libcrossbeam_deque-9ace6fbb0f8e57bd.rlib" "/opt/rustwide/target/debug/deps/libcrossbeam_epoch-22c82598ecce41dd.rlib" "/opt/rustwide/target/debug/deps/libcrossbeam_utils-c853e1783fc06159.rlib" "/opt/rustwide/target/debug/deps/libeither-ff9f29358c5e0974.rlib" "/opt/rustwide/target/debug/deps/libyastl-77e8559f22336226.rlib" "/opt/rustwide/target/debug/deps/libflume-8f2ef3302bf8004d.rlib" "/opt/rustwide/target/debug/deps/libspin-05adfd2a5c5d4379.rlib" "/opt/rustwide/target/debug/deps/liblock_api-f9512096eaea9f19.rlib" "/opt/rustwide/target/debug/deps/libscopeguard-9659f75617af4bbd.rlib" "/opt/rustwide/target/debug/deps/librust_gpu_tools-f10daa9bddc23b69.rlib" "/opt/rustwide/target/debug/deps/libhome-562732cdab4fe4a9.rlib" "/opt/rustwide/target/debug/deps/libhex-0804fe5aaef65816.rlib" "/opt/rustwide/target/debug/deps/libsha2-422493233cb153ff.rlib" "/opt/rustwide/target/debug/deps/libcpufeatures-f03c1930f1e312c6.rlib" "/opt/rustwide/target/debug/deps/libdigest-290ef043b5118dd3.rlib" "/opt/rustwide/target/debug/deps/libblock_buffer-eba865f742a84ee2.rlib" "/opt/rustwide/target/debug/deps/libcrypto_common-564f8a64f9730a62.rlib" "/opt/rustwide/target/debug/deps/libgeneric_array-6d51d35ccb4f7a56.rlib" "/opt/rustwide/target/debug/deps/libtypenum-178069afa2f5795f.rlib" "/opt/rustwide/target/debug/deps/libopencl3-d6a6a39b29c923d9.rlib" "/opt/rustwide/target/debug/deps/libcl3-50b2afadb1d87ae5.rlib" "/opt/rustwide/target/debug/deps/libthiserror-f487da2cf03f75c8.rlib" "/opt/rustwide/target/debug/deps/libopencl_sys-a8baa40b4ffe442e.rlib" "/opt/rustwide/target/debug/deps/libonce_cell-3a24c1fb45a7de1f.rlib" "/opt/rustwide/target/debug/deps/liblog-1e808ff9fadd59e8.rlib" "/opt/rustwide/target/debug/deps/libblstrs-069aa58d0e0abacc.rlib" "/opt/rustwide/target/debug/deps/libpairing-71b596575b93877d.rlib" "/opt/rustwide/target/debug/deps/libserde-a6bcb2f34e3e26ea.rlib" "/opt/rustwide/target/debug/deps/libbyte_slice_cast-688977e4cd2ac00b.rlib" "/opt/rustwide/target/debug/deps/libgroup-81d927c5806c9288.rlib" "/opt/rustwide/target/debug/deps/librand_xorshift-5c2261b09b812e17.rlib" "/opt/rustwide/target/debug/deps/librand-f97f3abce88cbfdf.rlib" "/opt/rustwide/target/debug/deps/librand_chacha-9f8f900cd5769070.rlib" "/opt/rustwide/target/debug/deps/libppv_lite86-72ea6f0c855852a4.rlib" "/opt/rustwide/target/debug/deps/libec_gpu-73e3e20accc5d196.rlib" "/opt/rustwide/target/debug/deps/libff-456fa715ab9e4e7e.rlib" "/opt/rustwide/target/debug/deps/librand_core-d63ee889137e2021.rlib" "/opt/rustwide/target/debug/deps/libgetrandom-04159e9b69081695.rlib" "/opt/rustwide/target/debug/deps/libcfg_if-08698067e303b42b.rlib" "/opt/rustwide/target/debug/deps/libbitvec-1981adf0e094a001.rlib" "/opt/rustwide/target/debug/deps/libwyz-263bebcedda2bb61.rlib" "/opt/rustwide/target/debug/deps/libtap-aa8f3e159a149f1d.rlib" "/opt/rustwide/target/debug/deps/libradium-696ad8df871b8f48.rlib" "/opt/rustwide/target/debug/deps/libfunty-df3efe093f03be32.rlib" "/opt/rustwide/target/debug/deps/libsubtle-46d8decb4a44246f.rlib" "/opt/rustwide/target/debug/deps/libblst-322151188f236e2b.rlib" "/opt/rustwide/target/debug/deps/libthreadpool-cdee9f7236e2293d.rlib" "/opt/rustwide/target/debug/deps/libnum_cpus-b0424222bc4e0240.rlib" "/opt/rustwide/target/debug/deps/liblibc-286db8a534733b0c.rlib" "/opt/rustwide/target/debug/deps/libzeroize-378338cbf8ccd0f8.rlib" "/opt/rustwide/rustup-home/toolchains/1.75.0-x86_64-unknown-linux-gnu/lib/rustlib/x86_64-unknown-linux-gnu/lib/libstd-90f6ddbf82de36ec.rlib" "/opt/rustwide/rustup-home/toolchains/1.75.0-x86_64-unknown-linux-gnu/lib/rustlib/x86_64-unknown-linux-gnu/lib/libpanic_unwind-480c41e9d4e1f677.rlib" "/opt/rustwide/rustup-home/toolchains/1.75.0-x86_64-unknown-linux-gnu/lib/rustlib/x86_64-unknown-linux-gnu/lib/libobject-db744c0ca03eed1d.rlib" "/opt/rustwide/rustup-home/toolchains/1.75.0-x86_64-unknown-linux-gnu/lib/rustlib/x86_64-unknown-linux-gnu/lib/libmemchr-8ba652dc7d4b285a.rlib" "/opt/rustwide/rustup-home/toolchains/1.75.0-x86_64-unknown-linux-gnu/lib/rustlib/x86_64-unknown-linux-gnu/lib/libaddr2line-d5f4520a9ebc0d58.rlib" "/opt/rustwide/rustup-home/toolchains/1.75.0-x86_64-unknown-linux-gnu/lib/rustlib/x86_64-unknown-linux-gnu/lib/libgimli-4ad84de58f0cb463.rlib" "/opt/rustwide/rustup-home/toolchains/1.75.0-x86_64-unknown-linux-gnu/lib/rustlib/x86_64-unknown-linux-gnu/lib/librustc_demangle-0d10aae2e0f38735.rlib" "/opt/rustwide/rustup-home/toolchains/1.75.0-x86_64-unknown-linux-gnu/lib/rustlib/x86_64-unknown-linux-gnu/lib/libstd_detect-0c17cff739e6745b.rlib" "/opt/rustwide/rustup-home/toolchains/1.75.0-x86_64-unknown-linux-gnu/lib/rustlib/x86_64-unknown-linux-gnu/lib/libhashbrown-b29e17139dde1aa8.rlib" "/opt/rustwide/rustup-home/toolchains/1.75.0-x86_64-unknown-linux-gnu/lib/rustlib/x86_64-unknown-linux-gnu/lib/librustc_std_workspace_alloc-1f975299829cc7bd.rlib" "/opt/rustwide/rustup-home/toolchains/1.75.0-x86_64-unknown-linux-gnu/lib/rustlib/x86_64-unknown-linux-gnu/lib/libminiz_oxide-86bae3bc3079f89b.rlib" "/opt/rustwide/rustup-home/toolchains/1.75.0-x86_64-unknown-linux-gnu/lib/rustlib/x86_64-unknown-linux-gnu/lib/libadler-321b82c30dffdf5f.rlib" "/opt/rustwide/rustup-home/toolchains/1.75.0-x86_64-unknown-linux-gnu/lib/rustlib/x86_64-unknown-linux-gnu/lib/libunwind-3dd8a6810a0bdfef.rlib" "/opt/rustwide/rustup-home/toolchains/1.75.0-x86_64-unknown-linux-gnu/lib/rustlib/x86_64-unknown-linux-gnu/lib/libcfg_if-eb39a61c0c879984.rlib" "/opt/rustwide/rustup-home/toolchains/1.75.0-x86_64-unknown-linux-gnu/lib/rustlib/x86_64-unknown-linux-gnu/lib/liblibc-aa769569f91c3548.rlib" "/opt/rustwide/rustup-home/toolchains/1.75.0-x86_64-unknown-linux-gnu/lib/rustlib/x86_64-unknown-linux-gnu/lib/liballoc-510a192a50a983ed.rlib" "/opt/rustwide/rustup-home/toolchains/1.75.0-x86_64-unknown-linux-gnu/lib/rustlib/x86_64-unknown-linux-gnu/lib/librustc_std_workspace_core-0577018320f99037.rlib" "/opt/rustwide/rustup-home/toolchains/1.75.0-x86_64-unknown-linux-gnu/lib/rustlib/x86_64-unknown-linux-gnu/lib/libcore-193cf992125ccd4c.rlib" "/opt/rustwide/rustup-home/toolchains/1.75.0-x86_64-unknown-linux-gnu/lib/rustlib/x86_64-unknown-linux-gnu/lib/libcompiler_builtins-8e138eaf26ebb4a8.rlib" "-Wl,-Bdynamic" "-lOpenCL" "-lOpenCL" "-lgcc_s" "-lutil" "-lrt" "-lpthread" "-lm" "-ldl" "-lc" "-Wl,--eh-frame-hdr" "-Wl,-z,noexecstack" "-L" "/opt/rustwide/rustup-home/toolchains/1.75.0-x86_64-unknown-linux-gnu/lib/rustlib/x86_64-unknown-linux-gnu/lib" "-o" "/opt/rustwide/target/debug/build/bellperson-e3d865eb0191c018/build_script_build-e3d865eb0191c018" "-Wl,--gc-sections" "-pie" "-Wl,-z,relro,-z,now" "-nodefaultlibs"
[INFO] [stdout]   = note: /usr/bin/ld: cannot find -lOpenCL: No such file or directory
[INFO] [stdout]           /usr/bin/ld: cannot find -lOpenCL: No such file or directory
[INFO] [stdout]           collect2: error: ld returned 1 exit status
[INFO] [stdout]           
[INFO] [stdout] 
[INFO] [stdout] 
[INFO] [stdout] error: aborting due to previous error
[INFO] [stdout] 
[INFO] [stdout] 
[INFO] [stderr] error: could not compile `bellperson` (build script) due to 2 previous errors
[INFO] [stderr] warning: build failed, waiting for other jobs to finish...
[INFO] [stdout] error: linking with `cc` failed: exit status: 1
[INFO] [stdout]   |
[INFO] [stdout]   = note: LC_ALL="C" PATH="/opt/rustwide/rustup-home/toolchains/1.75.0-x86_64-unknown-linux-gnu/lib/rustlib/x86_64-unknown-linux-gnu/bin:/opt/rustwide/cargo-home/bin:/usr/local/sbin:/usr/local/bin:/usr/sbin:/usr/bin:/sbin:/bin" VSLANG="1033" "cc" "-m64" "/tmp/rustcEdcTEm/symbols.o" "/opt/rustwide/target/debug/build/neptune-dc8ee4b35df20e5f/build_script_build-dc8ee4b35df20e5f.build_script_build.6660d61ddd7595aa-cgu.0.rcgu.o" "/opt/rustwide/target/debug/build/neptune-dc8ee4b35df20e5f/build_script_build-dc8ee4b35df20e5f.build_script_build.6660d61ddd7595aa-cgu.1.rcgu.o" "/opt/rustwide/target/debug/build/neptune-dc8ee4b35df20e5f/build_script_build-dc8ee4b35df20e5f.build_script_build.6660d61ddd7595aa-cgu.2.rcgu.o" "/opt/rustwide/target/debug/build/neptune-dc8ee4b35df20e5f/build_script_build-dc8ee4b35df20e5f.build_script_build.6660d61ddd7595aa-cgu.3.rcgu.o" "/opt/rustwide/target/debug/build/neptune-dc8ee4b35df20e5f/build_script_build-dc8ee4b35df20e5f.build_script_build.6660d61ddd7595aa-cgu.4.rcgu.o" "/opt/rustwide/target/debug/build/neptune-dc8ee4b35df20e5f/build_script_build-dc8ee4b35df20e5f.2br6p1uvh0xykpye.rcgu.o" "-Wl,--as-needed" "-L" "/opt/rustwide/target/debug/deps" "-L" "/opt/rustwide/target/debug/build/blst-75d90d31628d0bda/out" "-L" "/opt/rustwide/rustup-home/toolchains/1.75.0-x86_64-unknown-linux-gnu/lib/rustlib/x86_64-unknown-linux-gnu/lib" "-Wl,-Bstatic" "/opt/rustwide/target/debug/deps/libec_gpu_gen-38d3163484c2b9ba.rlib" "/opt/rustwide/target/debug/deps/libcrossbeam_channel-dc072fc0a440e1ad.rlib" "/opt/rustwide/target/debug/deps/librayon-e293d2d54bb1f8fb.rlib" "/opt/rustwide/target/debug/deps/librayon_core-e1a9ccaaf92f43c5.rlib" "/opt/rustwide/target/debug/deps/libcrossbeam_deque-9ace6fbb0f8e57bd.rlib" "/opt/rustwide/target/debug/deps/libcrossbeam_epoch-22c82598ecce41dd.rlib" "/opt/rustwide/target/debug/deps/libcrossbeam_utils-c853e1783fc06159.rlib" "/opt/rustwide/target/debug/deps/libeither-ff9f29358c5e0974.rlib" "/opt/rustwide/target/debug/deps/libyastl-77e8559f22336226.rlib" "/opt/rustwide/target/debug/deps/libflume-8f2ef3302bf8004d.rlib" "/opt/rustwide/target/debug/deps/libspin-05adfd2a5c5d4379.rlib" "/opt/rustwide/target/debug/deps/liblock_api-f9512096eaea9f19.rlib" "/opt/rustwide/target/debug/deps/libscopeguard-9659f75617af4bbd.rlib" "/opt/rustwide/target/debug/deps/librust_gpu_tools-f10daa9bddc23b69.rlib" "/opt/rustwide/target/debug/deps/libhome-562732cdab4fe4a9.rlib" "/opt/rustwide/target/debug/deps/libhex-0804fe5aaef65816.rlib" "/opt/rustwide/target/debug/deps/libsha2-422493233cb153ff.rlib" "/opt/rustwide/target/debug/deps/libcpufeatures-f03c1930f1e312c6.rlib" "/opt/rustwide/target/debug/deps/libdigest-290ef043b5118dd3.rlib" "/opt/rustwide/target/debug/deps/libblock_buffer-eba865f742a84ee2.rlib" "/opt/rustwide/target/debug/deps/libcrypto_common-564f8a64f9730a62.rlib" "/opt/rustwide/target/debug/deps/libgeneric_array-6d51d35ccb4f7a56.rlib" "/opt/rustwide/target/debug/deps/libtypenum-178069afa2f5795f.rlib" "/opt/rustwide/target/debug/deps/libopencl3-d6a6a39b29c923d9.rlib" "/opt/rustwide/target/debug/deps/libcl3-50b2afadb1d87ae5.rlib" "/opt/rustwide/target/debug/deps/libthiserror-f487da2cf03f75c8.rlib" "/opt/rustwide/target/debug/deps/libopencl_sys-a8baa40b4ffe442e.rlib" "/opt/rustwide/target/debug/deps/libonce_cell-3a24c1fb45a7de1f.rlib" "/opt/rustwide/target/debug/deps/liblog-1e808ff9fadd59e8.rlib" "/opt/rustwide/target/debug/deps/libblstrs-069aa58d0e0abacc.rlib" "/opt/rustwide/target/debug/deps/libpairing-71b596575b93877d.rlib" "/opt/rustwide/target/debug/deps/libserde-a6bcb2f34e3e26ea.rlib" "/opt/rustwide/target/debug/deps/libbyte_slice_cast-688977e4cd2ac00b.rlib" "/opt/rustwide/target/debug/deps/libgroup-81d927c5806c9288.rlib" "/opt/rustwide/target/debug/deps/librand_xorshift-5c2261b09b812e17.rlib" "/opt/rustwide/target/debug/deps/librand-f97f3abce88cbfdf.rlib" "/opt/rustwide/target/debug/deps/librand_chacha-9f8f900cd5769070.rlib" "/opt/rustwide/target/debug/deps/libppv_lite86-72ea6f0c855852a4.rlib" "/opt/rustwide/target/debug/deps/libec_gpu-73e3e20accc5d196.rlib" "/opt/rustwide/target/debug/deps/libff-456fa715ab9e4e7e.rlib" "/opt/rustwide/target/debug/deps/librand_core-d63ee889137e2021.rlib" "/opt/rustwide/target/debug/deps/libgetrandom-04159e9b69081695.rlib" "/opt/rustwide/target/debug/deps/libcfg_if-08698067e303b42b.rlib" "/opt/rustwide/target/debug/deps/libbitvec-1981adf0e094a001.rlib" "/opt/rustwide/target/debug/deps/libwyz-263bebcedda2bb61.rlib" "/opt/rustwide/target/debug/deps/libtap-aa8f3e159a149f1d.rlib" "/opt/rustwide/target/debug/deps/libradium-696ad8df871b8f48.rlib" "/opt/rustwide/target/debug/deps/libfunty-df3efe093f03be32.rlib" "/opt/rustwide/target/debug/deps/libsubtle-46d8decb4a44246f.rlib" "/opt/rustwide/target/debug/deps/libblst-322151188f236e2b.rlib" "/opt/rustwide/target/debug/deps/libthreadpool-cdee9f7236e2293d.rlib" "/opt/rustwide/target/debug/deps/libnum_cpus-b0424222bc4e0240.rlib" "/opt/rustwide/target/debug/deps/liblibc-286db8a534733b0c.rlib" "/opt/rustwide/target/debug/deps/libzeroize-378338cbf8ccd0f8.rlib" "/opt/rustwide/rustup-home/toolchains/1.75.0-x86_64-unknown-linux-gnu/lib/rustlib/x86_64-unknown-linux-gnu/lib/libstd-90f6ddbf82de36ec.rlib" "/opt/rustwide/rustup-home/toolchains/1.75.0-x86_64-unknown-linux-gnu/lib/rustlib/x86_64-unknown-linux-gnu/lib/libpanic_unwind-480c41e9d4e1f677.rlib" "/opt/rustwide/rustup-home/toolchains/1.75.0-x86_64-unknown-linux-gnu/lib/rustlib/x86_64-unknown-linux-gnu/lib/libobject-db744c0ca03eed1d.rlib" "/opt/rustwide/rustup-home/toolchains/1.75.0-x86_64-unknown-linux-gnu/lib/rustlib/x86_64-unknown-linux-gnu/lib/libmemchr-8ba652dc7d4b285a.rlib" "/opt/rustwide/rustup-home/toolchains/1.75.0-x86_64-unknown-linux-gnu/lib/rustlib/x86_64-unknown-linux-gnu/lib/libaddr2line-d5f4520a9ebc0d58.rlib" "/opt/rustwide/rustup-home/toolchains/1.75.0-x86_64-unknown-linux-gnu/lib/rustlib/x86_64-unknown-linux-gnu/lib/libgimli-4ad84de58f0cb463.rlib" "/opt/rustwide/rustup-home/toolchains/1.75.0-x86_64-unknown-linux-gnu/lib/rustlib/x86_64-unknown-linux-gnu/lib/librustc_demangle-0d10aae2e0f38735.rlib" "/opt/rustwide/rustup-home/toolchains/1.75.0-x86_64-unknown-linux-gnu/lib/rustlib/x86_64-unknown-linux-gnu/lib/libstd_detect-0c17cff739e6745b.rlib" "/opt/rustwide/rustup-home/toolchains/1.75.0-x86_64-unknown-linux-gnu/lib/rustlib/x86_64-unknown-linux-gnu/lib/libhashbrown-b29e17139dde1aa8.rlib" "/opt/rustwide/rustup-home/toolchains/1.75.0-x86_64-unknown-linux-gnu/lib/rustlib/x86_64-unknown-linux-gnu/lib/librustc_std_workspace_alloc-1f975299829cc7bd.rlib" "/opt/rustwide/rustup-home/toolchains/1.75.0-x86_64-unknown-linux-gnu/lib/rustlib/x86_64-unknown-linux-gnu/lib/libminiz_oxide-86bae3bc3079f89b.rlib" "/opt/rustwide/rustup-home/toolchains/1.75.0-x86_64-unknown-linux-gnu/lib/rustlib/x86_64-unknown-linux-gnu/lib/libadler-321b82c30dffdf5f.rlib" "/opt/rustwide/rustup-home/toolchains/1.75.0-x86_64-unknown-linux-gnu/lib/rustlib/x86_64-unknown-linux-gnu/lib/libunwind-3dd8a6810a0bdfef.rlib" "/opt/rustwide/rustup-home/toolchains/1.75.0-x86_64-unknown-linux-gnu/lib/rustlib/x86_64-unknown-linux-gnu/lib/libcfg_if-eb39a61c0c879984.rlib" "/opt/rustwide/rustup-home/toolchains/1.75.0-x86_64-unknown-linux-gnu/lib/rustlib/x86_64-unknown-linux-gnu/lib/liblibc-aa769569f91c3548.rlib" "/opt/rustwide/rustup-home/toolchains/1.75.0-x86_64-unknown-linux-gnu/lib/rustlib/x86_64-unknown-linux-gnu/lib/liballoc-510a192a50a983ed.rlib" "/opt/rustwide/rustup-home/toolchains/1.75.0-x86_64-unknown-linux-gnu/lib/rustlib/x86_64-unknown-linux-gnu/lib/librustc_std_workspace_core-0577018320f99037.rlib" "/opt/rustwide/rustup-home/toolchains/1.75.0-x86_64-unknown-linux-gnu/lib/rustlib/x86_64-unknown-linux-gnu/lib/libcore-193cf992125ccd4c.rlib" "/opt/rustwide/rustup-home/toolchains/1.75.0-x86_64-unknown-linux-gnu/lib/rustlib/x86_64-unknown-linux-gnu/lib/libcompiler_builtins-8e138eaf26ebb4a8.rlib" "-Wl,-Bdynamic" "-lOpenCL" "-lOpenCL" "-lgcc_s" "-lutil" "-lrt" "-lpthread" "-lm" "-ldl" "-lc" "-Wl,--eh-frame-hdr" "-Wl,-z,noexecstack" "-L" "/opt/rustwide/rustup-home/toolchains/1.75.0-x86_64-unknown-linux-gnu/lib/rustlib/x86_64-unknown-linux-gnu/lib" "-o" "/opt/rustwide/target/debug/build/neptune-dc8ee4b35df20e5f/build_script_build-dc8ee4b35df20e5f" "-Wl,--gc-sections" "-pie" "-Wl,-z,relro,-z,now" "-nodefaultlibs"
[INFO] [stdout]   = note: /usr/bin/ld: cannot find -lOpenCL: No such file or directory
[INFO] [stdout]           /usr/bin/ld: cannot find -lOpenCL: No such file or directory
[INFO] [stdout]           collect2: error: ld returned 1 exit status
[INFO] [stdout]           
[INFO] [stdout] 
[INFO] [stdout] 
[INFO] [stdout] error: aborting due to previous error
[INFO] [stdout] 
[INFO] [stdout] 
[INFO] [stderr] error: could not compile `neptune` (build script) due to 2 previous errors
[INFO] running `Command { std: "docker" "inspect" "36975f4f726cc97017dbc02f7719b9b2d16e8ed617d3a3d75f3bf54509d1e02e", kill_on_drop: false }`
[INFO] running `Command { std: "docker" "rm" "-f" "36975f4f726cc97017dbc02f7719b9b2d16e8ed617d3a3d75f3bf54509d1e02e", kill_on_drop: false }`
[INFO] [stdout] 36975f4f726cc97017dbc02f7719b9b2d16e8ed617d3a3d75f3bf54509d1e02e
[INFO] documenting storage-proofs-core-16.1.0 against beta-2023-12-22 for beta-1.76-rustdoc-1
[INFO] extracting crate storage-proofs-core 16.1.0 into /workspace/builds/worker-5-tc2/source
[INFO] validating manifest of crates.io crate storage-proofs-core 16.1.0 on toolchain beta-2023-12-22
[INFO] running `Command { std: CARGO_HOME="/workspace/cargo-home" RUSTUP_HOME="/workspace/rustup-home" "/workspace/cargo-home/bin/cargo" "+beta-2023-12-22" "metadata" "--manifest-path" "Cargo.toml" "--no-deps", kill_on_drop: false }`
[INFO] started tweaking crates.io crate storage-proofs-core 16.1.0
[INFO] finished tweaking crates.io crate storage-proofs-core 16.1.0
[INFO] tweaked toml for crates.io crate storage-proofs-core 16.1.0 written to /workspace/builds/worker-5-tc2/source/Cargo.toml
[INFO] running `Command { std: CARGO_HOME="/workspace/cargo-home" RUSTUP_HOME="/workspace/rustup-home" "/workspace/cargo-home/bin/cargo" "+beta-2023-12-22" "generate-lockfile" "--manifest-path" "Cargo.toml", kill_on_drop: false }`
[INFO] [stderr]     Updating crates.io index
[INFO] running `Command { std: CARGO_HOME="/workspace/cargo-home" RUSTUP_HOME="/workspace/rustup-home" "/workspace/cargo-home/bin/cargo" "+beta-2023-12-22" "fetch" "--manifest-path" "Cargo.toml", kill_on_drop: false }`
[INFO] running `Command { std: "docker" "create" "-v" "/var/lib/crater-agent-workspace/builds/worker-5-tc2/target:/opt/rustwide/target:rw,Z" "-v" "/var/lib/crater-agent-workspace/builds/worker-5-tc2/source:/opt/rustwide/workdir:ro,Z" "-v" "/var/lib/crater-agent-workspace/cargo-home:/opt/rustwide/cargo-home:ro,Z" "-v" "/var/lib/crater-agent-workspace/rustup-home:/opt/rustwide/rustup-home:ro,Z" "-e" "SOURCE_DIR=/opt/rustwide/workdir" "-e" "CARGO_TARGET_DIR=/opt/rustwide/target" "-e" "CARGO_HOME=/opt/rustwide/cargo-home" "-e" "RUSTUP_HOME=/opt/rustwide/rustup-home" "-w" "/opt/rustwide/workdir" "-m" "1610612736" "--user" "0:0" "--network" "none" "ghcr.io/rust-lang/crates-build-env/linux@sha256:2788e3201cd34a07e3172128adcd8b3090168a8e3bcc40d7c032b9dda1df7d1c" "/opt/rustwide/cargo-home/bin/cargo" "+beta-2023-12-22" "metadata" "--no-deps" "--format-version=1", kill_on_drop: false }`
[INFO] [stdout] 547d7e533ceb52d278e3b4444a1708bc5ecd51a26d568b0f335d877adcab4848
[INFO] running `Command { std: "docker" "start" "-a" "547d7e533ceb52d278e3b4444a1708bc5ecd51a26d568b0f335d877adcab4848", kill_on_drop: false }`
[INFO] running `Command { std: "docker" "inspect" "547d7e533ceb52d278e3b4444a1708bc5ecd51a26d568b0f335d877adcab4848", kill_on_drop: false }`
[INFO] running `Command { std: "docker" "rm" "-f" "547d7e533ceb52d278e3b4444a1708bc5ecd51a26d568b0f335d877adcab4848", kill_on_drop: false }`
[INFO] [stdout] 547d7e533ceb52d278e3b4444a1708bc5ecd51a26d568b0f335d877adcab4848
[INFO] running `Command { std: "docker" "create" "-v" "/var/lib/crater-agent-workspace/builds/worker-5-tc2/target:/opt/rustwide/target:rw,Z" "-v" "/var/lib/crater-agent-workspace/builds/worker-5-tc2/source:/opt/rustwide/workdir:ro,Z" "-v" "/var/lib/crater-agent-workspace/cargo-home:/opt/rustwide/cargo-home:ro,Z" "-v" "/var/lib/crater-agent-workspace/rustup-home:/opt/rustwide/rustup-home:ro,Z" "-e" "SOURCE_DIR=/opt/rustwide/workdir" "-e" "CARGO_TARGET_DIR=/opt/rustwide/target" "-e" "CARGO_INCREMENTAL=0" "-e" "RUST_BACKTRACE=full" "-e" "RUSTFLAGS=--cap-lints=warn" "-e" "RUSTDOCFLAGS=--cap-lints=warn" "-e" "CARGO_HOME=/opt/rustwide/cargo-home" "-e" "RUSTUP_HOME=/opt/rustwide/rustup-home" "-w" "/opt/rustwide/workdir" "-m" "1610612736" "--user" "0:0" "--network" "none" "ghcr.io/rust-lang/crates-build-env/linux@sha256:2788e3201cd34a07e3172128adcd8b3090168a8e3bcc40d7c032b9dda1df7d1c" "/opt/rustwide/cargo-home/bin/cargo" "+beta-2023-12-22" "doc" "--frozen" "--no-deps" "--document-private-items" "--message-format=json", kill_on_drop: false }`
[INFO] [stdout] 67f8a498f944941b48b16496f24e287f744d173fb0b98c8e1a3e283e54d90e64
[INFO] running `Command { std: "docker" "start" "-a" "67f8a498f944941b48b16496f24e287f744d173fb0b98c8e1a3e283e54d90e64", kill_on_drop: false }`
[INFO] [stderr]    Compiling typenum v1.17.0
[INFO] [stderr]    Compiling serde v1.0.195
[INFO] [stderr]    Compiling opencl-sys v0.2.8
[INFO] [stderr]    Compiling execute-command-tokens v0.1.7
[INFO] [stderr]    Compiling proc-macro2 v1.0.76
[INFO] [stderr]    Compiling libc v0.2.151
[INFO] [stderr]    Compiling thiserror v1.0.56
[INFO] [stderr]    Compiling scopeguard v1.2.0
[INFO] [stderr]    Compiling tap v1.0.1
[INFO] [stderr]    Compiling radium v0.7.0
[INFO] [stderr]    Compiling funty v2.0.0
[INFO] [stderr]    Compiling ppv-lite86 v0.2.17
[INFO] [stderr]     Checking wyz v0.5.1
[INFO] [stderr]    Compiling crossbeam-utils v0.8.18
[INFO] [stderr]    Compiling subtle v2.5.0
[INFO] [stderr]    Compiling lock_api v0.4.11
[INFO] [stderr]     Checking rand_chacha v0.3.1
[INFO] [stderr]    Compiling cpufeatures v0.2.12
[INFO] [stderr]    Compiling ec-gpu v0.2.0
[INFO] [stderr]     Checking bitvec v1.0.1
[INFO] [stderr]     Checking rand_xorshift v0.3.0
[INFO] [stderr]     Checking arrayref v0.3.7
[INFO] [stderr]    Compiling home v0.5.9
[INFO] [stderr]     Checking num_cpus v1.16.0
[INFO] [stderr]    Compiling spin v0.9.8
[INFO] [stderr]     Checking parking_lot_core v0.9.9
[INFO] [stderr]     Checking constant_time_eq v0.3.0
[INFO] [stderr]    Compiling byte-slice-cast v1.2.2
[INFO] [stderr]     Checking rand v0.8.5
[INFO] [stderr]     Checking arrayvec v0.7.4
[INFO] [stderr]    Compiling ec-gpu-gen v0.6.0
[INFO] [stderr]    Compiling ec-gpu-gen v0.7.0
[INFO] [stderr]    Compiling flume v0.10.14
[INFO] [stderr]     Checking parking_lot v0.12.1
[INFO] [stderr]    Compiling crossbeam-epoch v0.9.17
[INFO] [stderr]    Compiling quote v1.0.35
[INFO] [stderr]    Compiling crossbeam-channel v0.5.10
[INFO] [stderr]     Checking threadpool v1.8.1
[INFO] [stderr]    Compiling yastl v0.1.2
[INFO] [stderr]     Checking temp-env v0.3.6
[INFO] [stderr]    Compiling spin v0.5.2
[INFO] [stderr]    Compiling rustversion v1.0.14
[INFO] [stderr]    Compiling syn v2.0.48
[INFO] [stderr]    Compiling crossbeam-deque v0.8.4
[INFO] [stderr]    Compiling lazy_static v1.4.0
[INFO] [stderr]     Checking blake2s_simd v1.0.2
[INFO] [stderr]    Compiling blake2b_simd v1.0.2
[INFO] [stderr]    Compiling static_assertions v1.1.0
[INFO] [stderr]    Compiling rayon-core v1.12.0
[INFO] [stderr]    Compiling rustix v0.38.28
[INFO] [stderr]    Compiling syn v1.0.109
[INFO] [stderr]     Checking bitflags v2.4.1
[INFO] [stderr]     Checking linux-raw-sys v0.4.12
[INFO] [stderr]     Checking memmap2 v0.5.10
[INFO] [stderr]     Checking constant_time_eq v0.1.5
[INFO] [stderr]     Checking arrayvec v0.5.2
[INFO] [stderr]    Compiling async-trait v0.1.77
[INFO] [stderr]     Checking positioned-io v0.3.3
[INFO] [stderr]    Compiling rayon v1.8.0
[INFO] [stderr]     Checking itertools v0.8.2
[INFO] [stderr]     Checking memchr v2.7.1
[INFO] [stderr]    Compiling getrandom v0.2.11
[INFO] [stderr]    Compiling cc v1.0.83
[INFO] [stderr]    Compiling rand_core v0.6.4
[INFO] [stderr]     Checking generic-array v0.14.7
[INFO] [stderr]    Compiling generic-array v1.0.0
[INFO] [stderr]     Checking blake2s_simd v0.5.11
[INFO] [stderr]     Checking nom v7.1.3
[INFO] [stderr]    Compiling semver v1.0.21
[INFO] [stderr]     Checking crypto-common v0.1.6
[INFO] [stderr]     Checking block-buffer v0.10.4
[INFO] [stderr]     Checking ff v0.13.0
[INFO] [stderr]     Checking block-padding v0.3.3
[INFO] [stderr]     Checking pathdiff v0.2.1
[INFO] [stderr]     Checking digest v0.10.7
[INFO] [stderr]     Checking group v0.13.0
[INFO] [stderr]     Checking inout v0.1.3
[INFO] [stderr]     Checking itertools v0.10.5
[INFO] [stderr]     Checking cipher v0.4.4
[INFO] [stderr]     Checking sha2 v0.10.8
[INFO] [stderr]     Checking pairing v0.23.0
[INFO] [stderr]    Compiling blst v0.3.11
[INFO] [stderr]     Checking aes v0.8.3
[INFO] [stderr]     Checking cbc v0.1.2
[INFO] [stderr]    Compiling trait-set v0.3.0
[INFO] [stderr]     Checking tempfile v3.9.0
[INFO] [stderr]    Compiling serde_derive v1.0.195
[INFO] [stderr]    Compiling thiserror-impl v1.0.56
[INFO] [stderr]    Compiling execute-command-macro-impl v0.1.10
[INFO] [stderr]    Compiling zeroize_derive v1.4.2
[INFO] [stderr]    Compiling execute-command-macro v0.1.9
[INFO] [stderr]    Compiling execute v0.2.13
[INFO] [stderr]    Compiling zeroize v1.7.0
[INFO] [stderr]    Compiling cl3 v0.9.5
[INFO] [stderr]     Checking opencl3 v0.9.5
[INFO] [stderr]     Checking hex v0.4.3
[INFO] [stderr]     Checking bellpepper-core v0.2.1
[INFO] [stderr]     Checking blstrs v0.7.1
[INFO] [stderr]     Checking bincode v1.3.3
[INFO] [stderr]     Checking merkletree v0.23.0
[INFO] [stderr]     Checking toml v0.5.11
[INFO] [stderr]     Checking serde_json v1.0.111
[INFO] [stderr]     Checking rust-gpu-tools v0.7.2
[INFO] [stderr]     Checking pasta_curves v0.5.1
[INFO] [stderr]     Checking bellpepper v0.2.1
[INFO] [stderr]     Checking fr32 v9.1.0
[INFO] [stderr]     Checking config v0.12.0
[INFO] [stderr]    Compiling bellperson v0.26.0
[INFO] [stderr]    Compiling neptune v11.0.0
[INFO] [stdout] error: linking with `cc` failed: exit status: 1
[INFO] [stdout]   |
[INFO] [stdout]   = note: LC_ALL="C" PATH="/opt/rustwide/rustup-home/toolchains/beta-2023-12-22-x86_64-unknown-linux-gnu/lib/rustlib/x86_64-unknown-linux-gnu/bin:/opt/rustwide/cargo-home/bin:/usr/local/sbin:/usr/local/bin:/usr/sbin:/usr/bin:/sbin:/bin" VSLANG="1033" "cc" "-m64" "/tmp/rustcrRXIQT/symbols.o" "/opt/rustwide/target/debug/build/bellperson-fc5b5114acc8bab5/build_script_build-fc5b5114acc8bab5.build_script_build.9cb011fe43ec914d-cgu.0.rcgu.o" "/opt/rustwide/target/debug/build/bellperson-fc5b5114acc8bab5/build_script_build-fc5b5114acc8bab5.build_script_build.9cb011fe43ec914d-cgu.1.rcgu.o" "/opt/rustwide/target/debug/build/bellperson-fc5b5114acc8bab5/build_script_build-fc5b5114acc8bab5.build_script_build.9cb011fe43ec914d-cgu.2.rcgu.o" "/opt/rustwide/target/debug/build/bellperson-fc5b5114acc8bab5/build_script_build-fc5b5114acc8bab5.build_script_build.9cb011fe43ec914d-cgu.3.rcgu.o" "/opt/rustwide/target/debug/build/bellperson-fc5b5114acc8bab5/build_script_build-fc5b5114acc8bab5.build_script_build.9cb011fe43ec914d-cgu.4.rcgu.o" "/opt/rustwide/target/debug/build/bellperson-fc5b5114acc8bab5/build_script_build-fc5b5114acc8bab5.2fvcx3u1pkti9az3.rcgu.o" "-Wl,--as-needed" "-L" "/opt/rustwide/target/debug/deps" "-L" "/opt/rustwide/target/debug/build/blst-b2daee4771209129/out" "-L" "/opt/rustwide/rustup-home/toolchains/beta-2023-12-22-x86_64-unknown-linux-gnu/lib/rustlib/x86_64-unknown-linux-gnu/lib" "-Wl,-Bstatic" "/opt/rustwide/target/debug/deps/libec_gpu_gen-739df40fc31dfa04.rlib" "/opt/rustwide/target/debug/deps/libcrossbeam_channel-e4d8ca1c3713a728.rlib" "/opt/rustwide/target/debug/deps/librayon-0e25f670d8dcacd6.rlib" "/opt/rustwide/target/debug/deps/librayon_core-20e81f342e282a44.rlib" "/opt/rustwide/target/debug/deps/libcrossbeam_deque-4a814872aed9824c.rlib" "/opt/rustwide/target/debug/deps/libcrossbeam_epoch-860342c7c6d7dc5d.rlib" "/opt/rustwide/target/debug/deps/libcrossbeam_utils-fdb6fbcf20ac5f59.rlib" "/opt/rustwide/target/debug/deps/libeither-e130675ce2fc3473.rlib" "/opt/rustwide/target/debug/deps/libyastl-7cda05c96917ca4d.rlib" "/opt/rustwide/target/debug/deps/libflume-bc203d9952620980.rlib" "/opt/rustwide/target/debug/deps/libspin-f3d053e9731a8625.rlib" "/opt/rustwide/target/debug/deps/liblock_api-dfe714c0c45bdbfa.rlib" "/opt/rustwide/target/debug/deps/libscopeguard-12e29f949f67046d.rlib" "/opt/rustwide/target/debug/deps/librust_gpu_tools-1e19c53fdf41cb08.rlib" "/opt/rustwide/target/debug/deps/libhome-2bea2639abdf8b88.rlib" "/opt/rustwide/target/debug/deps/libhex-56a87b8be1146bf8.rlib" "/opt/rustwide/target/debug/deps/libsha2-91de3186bf30628e.rlib" "/opt/rustwide/target/debug/deps/libcpufeatures-ca330c6f4b65ae09.rlib" "/opt/rustwide/target/debug/deps/libdigest-825c909821bee1ae.rlib" "/opt/rustwide/target/debug/deps/libblock_buffer-293bce0a521072a7.rlib" "/opt/rustwide/target/debug/deps/libcrypto_common-c6b45dfc01be2ab9.rlib" "/opt/rustwide/target/debug/deps/libgeneric_array-7e649088172b3136.rlib" "/opt/rustwide/target/debug/deps/libtypenum-c2400c5b3612ecf5.rlib" "/opt/rustwide/target/debug/deps/libopencl3-044727e1ee202d21.rlib" "/opt/rustwide/target/debug/deps/libcl3-7077fd4bd8538e10.rlib" "/opt/rustwide/target/debug/deps/libthiserror-bd5bd815cff959b5.rlib" "/opt/rustwide/target/debug/deps/libopencl_sys-bf50806b829507b1.rlib" "/opt/rustwide/target/debug/deps/libonce_cell-849d8a97c8ed8901.rlib" "/opt/rustwide/target/debug/deps/liblog-a675c699a994c380.rlib" "/opt/rustwide/target/debug/deps/libblstrs-ed16fa14d3d28080.rlib" "/opt/rustwide/target/debug/deps/libpairing-73291324b2f6f3a6.rlib" "/opt/rustwide/target/debug/deps/libserde-a388674cf98adeb0.rlib" "/opt/rustwide/target/debug/deps/libbyte_slice_cast-b055fbf4701ecff1.rlib" "/opt/rustwide/target/debug/deps/libgroup-cb9c85127ed5a2f7.rlib" "/opt/rustwide/target/debug/deps/librand_xorshift-0897cb11990ba575.rlib" "/opt/rustwide/target/debug/deps/librand-b30a05d3060eaaae.rlib" "/opt/rustwide/target/debug/deps/librand_chacha-1fd3a278bb63075d.rlib" "/opt/rustwide/target/debug/deps/libppv_lite86-047d2589d3452497.rlib" "/opt/rustwide/target/debug/deps/libec_gpu-36f02adb7546fec7.rlib" "/opt/rustwide/target/debug/deps/libff-fa5b2cd9f1263888.rlib" "/opt/rustwide/target/debug/deps/librand_core-ebad75c2fad3960e.rlib" "/opt/rustwide/target/debug/deps/libgetrandom-666eb41f99ace3e6.rlib" "/opt/rustwide/target/debug/deps/libcfg_if-bfbd1523335e63ac.rlib" "/opt/rustwide/target/debug/deps/libbitvec-c73271c6c710ddda.rlib" "/opt/rustwide/target/debug/deps/libwyz-edd1c651b2b73815.rlib" "/opt/rustwide/target/debug/deps/libtap-338dd26eda372125.rlib" "/opt/rustwide/target/debug/deps/libradium-9ad208001173d844.rlib" "/opt/rustwide/target/debug/deps/libfunty-14bf2b068b699685.rlib" "/opt/rustwide/target/debug/deps/libsubtle-7bf29c20fdc2a135.rlib" "/opt/rustwide/target/debug/deps/libblst-cd7e471f2c7dabfb.rlib" "/opt/rustwide/target/debug/deps/libthreadpool-4584216b9b92e404.rlib" "/opt/rustwide/target/debug/deps/libnum_cpus-ba4b05b379f9db0a.rlib" "/opt/rustwide/target/debug/deps/liblibc-57cfeb837bda44a4.rlib" "/opt/rustwide/target/debug/deps/libzeroize-908e21a954b81928.rlib" "/opt/rustwide/rustup-home/toolchains/beta-2023-12-22-x86_64-unknown-linux-gnu/lib/rustlib/x86_64-unknown-linux-gnu/lib/libstd-0672489a78b613de.rlib" "/opt/rustwide/rustup-home/toolchains/beta-2023-12-22-x86_64-unknown-linux-gnu/lib/rustlib/x86_64-unknown-linux-gnu/lib/libpanic_unwind-7eb3ffc34a49f675.rlib" "/opt/rustwide/rustup-home/toolchains/beta-2023-12-22-x86_64-unknown-linux-gnu/lib/rustlib/x86_64-unknown-linux-gnu/lib/libobject-6478a9daa4bee8e2.rlib" "/opt/rustwide/rustup-home/toolchains/beta-2023-12-22-x86_64-unknown-linux-gnu/lib/rustlib/x86_64-unknown-linux-gnu/lib/libmemchr-0c75d871a5c3923d.rlib" "/opt/rustwide/rustup-home/toolchains/beta-2023-12-22-x86_64-unknown-linux-gnu/lib/rustlib/x86_64-unknown-linux-gnu/lib/libaddr2line-d163ef63ad37bb71.rlib" "/opt/rustwide/rustup-home/toolchains/beta-2023-12-22-x86_64-unknown-linux-gnu/lib/rustlib/x86_64-unknown-linux-gnu/lib/libgimli-8a3fd810a85b9f4c.rlib" "/opt/rustwide/rustup-home/toolchains/beta-2023-12-22-x86_64-unknown-linux-gnu/lib/rustlib/x86_64-unknown-linux-gnu/lib/librustc_demangle-462a2cde8c5dfc10.rlib" "/opt/rustwide/rustup-home/toolchains/beta-2023-12-22-x86_64-unknown-linux-gnu/lib/rustlib/x86_64-unknown-linux-gnu/lib/libstd_detect-cb06ac9f54713f71.rlib" "/opt/rustwide/rustup-home/toolchains/beta-2023-12-22-x86_64-unknown-linux-gnu/lib/rustlib/x86_64-unknown-linux-gnu/lib/libhashbrown-f20bfd1f8e59b393.rlib" "/opt/rustwide/rustup-home/toolchains/beta-2023-12-22-x86_64-unknown-linux-gnu/lib/rustlib/x86_64-unknown-linux-gnu/lib/librustc_std_workspace_alloc-1ef460949b49da4b.rlib" "/opt/rustwide/rustup-home/toolchains/beta-2023-12-22-x86_64-unknown-linux-gnu/lib/rustlib/x86_64-unknown-linux-gnu/lib/libminiz_oxide-2cb0c0ffe4f87514.rlib" "/opt/rustwide/rustup-home/toolchains/beta-2023-12-22-x86_64-unknown-linux-gnu/lib/rustlib/x86_64-unknown-linux-gnu/lib/libadler-58d841eb322a11a2.rlib" "/opt/rustwide/rustup-home/toolchains/beta-2023-12-22-x86_64-unknown-linux-gnu/lib/rustlib/x86_64-unknown-linux-gnu/lib/libunwind-aa2ae0b0a9d11533.rlib" "/opt/rustwide/rustup-home/toolchains/beta-2023-12-22-x86_64-unknown-linux-gnu/lib/rustlib/x86_64-unknown-linux-gnu/lib/libcfg_if-23874e15830ed336.rlib" "/opt/rustwide/rustup-home/toolchains/beta-2023-12-22-x86_64-unknown-linux-gnu/lib/rustlib/x86_64-unknown-linux-gnu/lib/liblibc-e47cddc003bce885.rlib" "/opt/rustwide/rustup-home/toolchains/beta-2023-12-22-x86_64-unknown-linux-gnu/lib/rustlib/x86_64-unknown-linux-gnu/lib/liballoc-c22b13b48a8f128e.rlib" "/opt/rustwide/rustup-home/toolchains/beta-2023-12-22-x86_64-unknown-linux-gnu/lib/rustlib/x86_64-unknown-linux-gnu/lib/librustc_std_workspace_core-e46bc3da6d7c462f.rlib" "/opt/rustwide/rustup-home/toolchains/beta-2023-12-22-x86_64-unknown-linux-gnu/lib/rustlib/x86_64-unknown-linux-gnu/lib/libcore-8d1ac131d3cb2645.rlib" "/opt/rustwide/rustup-home/toolchains/beta-2023-12-22-x86_64-unknown-linux-gnu/lib/rustlib/x86_64-unknown-linux-gnu/lib/libcompiler_builtins-a1b43df8c6899c1f.rlib" "-Wl,-Bdynamic" "-lOpenCL" "-lOpenCL" "-lgcc_s" "-lutil" "-lrt" "-lpthread" "-lm" "-ldl" "-lc" "-Wl,--eh-frame-hdr" "-Wl,-z,noexecstack" "-L" "/opt/rustwide/rustup-home/toolchains/beta-2023-12-22-x86_64-unknown-linux-gnu/lib/rustlib/x86_64-unknown-linux-gnu/lib" "-o" "/opt/rustwide/target/debug/build/bellperson-fc5b5114acc8bab5/build_script_build-fc5b5114acc8bab5" "-Wl,--gc-sections" "-pie" "-Wl,-z,relro,-z,now" "-nodefaultlibs"
[INFO] [stdout]   = note: /usr/bin/ld: cannot find -lOpenCL: No such file or directory
[INFO] [stdout]           /usr/bin/ld: cannot find -lOpenCL: No such file or directory
[INFO] [stdout]           collect2: error: ld returned 1 exit status
[INFO] [stdout]           
[INFO] [stdout] 
[INFO] [stdout] 
[INFO] [stdout] error: aborting due to 1 previous error
[INFO] [stdout] 
[INFO] [stdout] 
[INFO] [stderr] error: could not compile `bellperson` (build script) due to 2 previous errors
[INFO] [stderr] warning: build failed, waiting for other jobs to finish...
[INFO] [stdout] error: linking with `cc` failed: exit status: 1
[INFO] [stdout]   |
[INFO] [stdout]   = note: LC_ALL="C" PATH="/opt/rustwide/rustup-home/toolchains/beta-2023-12-22-x86_64-unknown-linux-gnu/lib/rustlib/x86_64-unknown-linux-gnu/bin:/opt/rustwide/cargo-home/bin:/usr/local/sbin:/usr/local/bin:/usr/sbin:/usr/bin:/sbin:/bin" VSLANG="1033" "cc" "-m64" "/tmp/rustc1cUkwh/symbols.o" "/opt/rustwide/target/debug/build/neptune-848eb9687dcd5fd1/build_script_build-848eb9687dcd5fd1.build_script_build.a7390ff2b9522511-cgu.0.rcgu.o" "/opt/rustwide/target/debug/build/neptune-848eb9687dcd5fd1/build_script_build-848eb9687dcd5fd1.build_script_build.a7390ff2b9522511-cgu.1.rcgu.o" "/opt/rustwide/target/debug/build/neptune-848eb9687dcd5fd1/build_script_build-848eb9687dcd5fd1.build_script_build.a7390ff2b9522511-cgu.2.rcgu.o" "/opt/rustwide/target/debug/build/neptune-848eb9687dcd5fd1/build_script_build-848eb9687dcd5fd1.build_script_build.a7390ff2b9522511-cgu.3.rcgu.o" "/opt/rustwide/target/debug/build/neptune-848eb9687dcd5fd1/build_script_build-848eb9687dcd5fd1.build_script_build.a7390ff2b9522511-cgu.4.rcgu.o" "/opt/rustwide/target/debug/build/neptune-848eb9687dcd5fd1/build_script_build-848eb9687dcd5fd1.3llia4cjw5kuwn71.rcgu.o" "-Wl,--as-needed" "-L" "/opt/rustwide/target/debug/deps" "-L" "/opt/rustwide/target/debug/build/blst-b2daee4771209129/out" "-L" "/opt/rustwide/rustup-home/toolchains/beta-2023-12-22-x86_64-unknown-linux-gnu/lib/rustlib/x86_64-unknown-linux-gnu/lib" "-Wl,-Bstatic" "/opt/rustwide/target/debug/deps/libec_gpu_gen-bf59d58a7721aee2.rlib" "/opt/rustwide/target/debug/deps/libcrossbeam_channel-e4d8ca1c3713a728.rlib" "/opt/rustwide/target/debug/deps/librayon-0e25f670d8dcacd6.rlib" "/opt/rustwide/target/debug/deps/librayon_core-20e81f342e282a44.rlib" "/opt/rustwide/target/debug/deps/libcrossbeam_deque-4a814872aed9824c.rlib" "/opt/rustwide/target/debug/deps/libcrossbeam_epoch-860342c7c6d7dc5d.rlib" "/opt/rustwide/target/debug/deps/libcrossbeam_utils-fdb6fbcf20ac5f59.rlib" "/opt/rustwide/target/debug/deps/libeither-e130675ce2fc3473.rlib" "/opt/rustwide/target/debug/deps/libyastl-7cda05c96917ca4d.rlib" "/opt/rustwide/target/debug/deps/libflume-bc203d9952620980.rlib" "/opt/rustwide/target/debug/deps/libspin-f3d053e9731a8625.rlib" "/opt/rustwide/target/debug/deps/liblock_api-dfe714c0c45bdbfa.rlib" "/opt/rustwide/target/debug/deps/libscopeguard-12e29f949f67046d.rlib" "/opt/rustwide/target/debug/deps/librust_gpu_tools-1e19c53fdf41cb08.rlib" "/opt/rustwide/target/debug/deps/libhome-2bea2639abdf8b88.rlib" "/opt/rustwide/target/debug/deps/libhex-56a87b8be1146bf8.rlib" "/opt/rustwide/target/debug/deps/libsha2-91de3186bf30628e.rlib" "/opt/rustwide/target/debug/deps/libcpufeatures-ca330c6f4b65ae09.rlib" "/opt/rustwide/target/debug/deps/libdigest-825c909821bee1ae.rlib" "/opt/rustwide/target/debug/deps/libblock_buffer-293bce0a521072a7.rlib" "/opt/rustwide/target/debug/deps/libcrypto_common-c6b45dfc01be2ab9.rlib" "/opt/rustwide/target/debug/deps/libgeneric_array-7e649088172b3136.rlib" "/opt/rustwide/target/debug/deps/libtypenum-c2400c5b3612ecf5.rlib" "/opt/rustwide/target/debug/deps/libopencl3-044727e1ee202d21.rlib" "/opt/rustwide/target/debug/deps/libcl3-7077fd4bd8538e10.rlib" "/opt/rustwide/target/debug/deps/libthiserror-bd5bd815cff959b5.rlib" "/opt/rustwide/target/debug/deps/libopencl_sys-bf50806b829507b1.rlib" "/opt/rustwide/target/debug/deps/libonce_cell-849d8a97c8ed8901.rlib" "/opt/rustwide/target/debug/deps/liblog-a675c699a994c380.rlib" "/opt/rustwide/target/debug/deps/libblstrs-ed16fa14d3d28080.rlib" "/opt/rustwide/target/debug/deps/libpairing-73291324b2f6f3a6.rlib" "/opt/rustwide/target/debug/deps/libserde-a388674cf98adeb0.rlib" "/opt/rustwide/target/debug/deps/libbyte_slice_cast-b055fbf4701ecff1.rlib" "/opt/rustwide/target/debug/deps/libgroup-cb9c85127ed5a2f7.rlib" "/opt/rustwide/target/debug/deps/librand_xorshift-0897cb11990ba575.rlib" "/opt/rustwide/target/debug/deps/librand-b30a05d3060eaaae.rlib" "/opt/rustwide/target/debug/deps/librand_chacha-1fd3a278bb63075d.rlib" "/opt/rustwide/target/debug/deps/libppv_lite86-047d2589d3452497.rlib" "/opt/rustwide/target/debug/deps/libec_gpu-36f02adb7546fec7.rlib" "/opt/rustwide/target/debug/deps/libff-fa5b2cd9f1263888.rlib" "/opt/rustwide/target/debug/deps/librand_core-ebad75c2fad3960e.rlib" "/opt/rustwide/target/debug/deps/libgetrandom-666eb41f99ace3e6.rlib" "/opt/rustwide/target/debug/deps/libcfg_if-bfbd1523335e63ac.rlib" "/opt/rustwide/target/debug/deps/libbitvec-c73271c6c710ddda.rlib" "/opt/rustwide/target/debug/deps/libwyz-edd1c651b2b73815.rlib" "/opt/rustwide/target/debug/deps/libtap-338dd26eda372125.rlib" "/opt/rustwide/target/debug/deps/libradium-9ad208001173d844.rlib" "/opt/rustwide/target/debug/deps/libfunty-14bf2b068b699685.rlib" "/opt/rustwide/target/debug/deps/libsubtle-7bf29c20fdc2a135.rlib" "/opt/rustwide/target/debug/deps/libblst-cd7e471f2c7dabfb.rlib" "/opt/rustwide/target/debug/deps/libthreadpool-4584216b9b92e404.rlib" "/opt/rustwide/target/debug/deps/libnum_cpus-ba4b05b379f9db0a.rlib" "/opt/rustwide/target/debug/deps/liblibc-57cfeb837bda44a4.rlib" "/opt/rustwide/target/debug/deps/libzeroize-908e21a954b81928.rlib" "/opt/rustwide/rustup-home/toolchains/beta-2023-12-22-x86_64-unknown-linux-gnu/lib/rustlib/x86_64-unknown-linux-gnu/lib/libstd-0672489a78b613de.rlib" "/opt/rustwide/rustup-home/toolchains/beta-2023-12-22-x86_64-unknown-linux-gnu/lib/rustlib/x86_64-unknown-linux-gnu/lib/libpanic_unwind-7eb3ffc34a49f675.rlib" "/opt/rustwide/rustup-home/toolchains/beta-2023-12-22-x86_64-unknown-linux-gnu/lib/rustlib/x86_64-unknown-linux-gnu/lib/libobject-6478a9daa4bee8e2.rlib" "/opt/rustwide/rustup-home/toolchains/beta-2023-12-22-x86_64-unknown-linux-gnu/lib/rustlib/x86_64-unknown-linux-gnu/lib/libmemchr-0c75d871a5c3923d.rlib" "/opt/rustwide/rustup-home/toolchains/beta-2023-12-22-x86_64-unknown-linux-gnu/lib/rustlib/x86_64-unknown-linux-gnu/lib/libaddr2line-d163ef63ad37bb71.rlib" "/opt/rustwide/rustup-home/toolchains/beta-2023-12-22-x86_64-unknown-linux-gnu/lib/rustlib/x86_64-unknown-linux-gnu/lib/libgimli-8a3fd810a85b9f4c.rlib" "/opt/rustwide/rustup-home/toolchains/beta-2023-12-22-x86_64-unknown-linux-gnu/lib/rustlib/x86_64-unknown-linux-gnu/lib/librustc_demangle-462a2cde8c5dfc10.rlib" "/opt/rustwide/rustup-home/toolchains/beta-2023-12-22-x86_64-unknown-linux-gnu/lib/rustlib/x86_64-unknown-linux-gnu/lib/libstd_detect-cb06ac9f54713f71.rlib" "/opt/rustwide/rustup-home/toolchains/beta-2023-12-22-x86_64-unknown-linux-gnu/lib/rustlib/x86_64-unknown-linux-gnu/lib/libhashbrown-f20bfd1f8e59b393.rlib" "/opt/rustwide/rustup-home/toolchains/beta-2023-12-22-x86_64-unknown-linux-gnu/lib/rustlib/x86_64-unknown-linux-gnu/lib/librustc_std_workspace_alloc-1ef460949b49da4b.rlib" "/opt/rustwide/rustup-home/toolchains/beta-2023-12-22-x86_64-unknown-linux-gnu/lib/rustlib/x86_64-unknown-linux-gnu/lib/libminiz_oxide-2cb0c0ffe4f87514.rlib" "/opt/rustwide/rustup-home/toolchains/beta-2023-12-22-x86_64-unknown-linux-gnu/lib/rustlib/x86_64-unknown-linux-gnu/lib/libadler-58d841eb322a11a2.rlib" "/opt/rustwide/rustup-home/toolchains/beta-2023-12-22-x86_64-unknown-linux-gnu/lib/rustlib/x86_64-unknown-linux-gnu/lib/libunwind-aa2ae0b0a9d11533.rlib" "/opt/rustwide/rustup-home/toolchains/beta-2023-12-22-x86_64-unknown-linux-gnu/lib/rustlib/x86_64-unknown-linux-gnu/lib/libcfg_if-23874e15830ed336.rlib" "/opt/rustwide/rustup-home/toolchains/beta-2023-12-22-x86_64-unknown-linux-gnu/lib/rustlib/x86_64-unknown-linux-gnu/lib/liblibc-e47cddc003bce885.rlib" "/opt/rustwide/rustup-home/toolchains/beta-2023-12-22-x86_64-unknown-linux-gnu/lib/rustlib/x86_64-unknown-linux-gnu/lib/liballoc-c22b13b48a8f128e.rlib" "/opt/rustwide/rustup-home/toolchains/beta-2023-12-22-x86_64-unknown-linux-gnu/lib/rustlib/x86_64-unknown-linux-gnu/lib/librustc_std_workspace_core-e46bc3da6d7c462f.rlib" "/opt/rustwide/rustup-home/toolchains/beta-2023-12-22-x86_64-unknown-linux-gnu/lib/rustlib/x86_64-unknown-linux-gnu/lib/libcore-8d1ac131d3cb2645.rlib" "/opt/rustwide/rustup-home/toolchains/beta-2023-12-22-x86_64-unknown-linux-gnu/lib/rustlib/x86_64-unknown-linux-gnu/lib/libcompiler_builtins-a1b43df8c6899c1f.rlib" "-Wl,-Bdynamic" "-lOpenCL" "-lOpenCL" "-lgcc_s" "-lutil" "-lrt" "-lpthread" "-lm" "-ldl" "-lc" "-Wl,--eh-frame-hdr" "-Wl,-z,noexecstack" "-L" "/opt/rustwide/rustup-home/toolchains/beta-2023-12-22-x86_64-unknown-linux-gnu/lib/rustlib/x86_64-unknown-linux-gnu/lib" "-o" "/opt/rustwide/target/debug/build/neptune-848eb9687dcd5fd1/build_script_build-848eb9687dcd5fd1" "-Wl,--gc-sections" "-pie" "-Wl,-z,relro,-z,now" "-nodefaultlibs"
[INFO] [stdout]   = note: /usr/bin/ld: cannot find -lOpenCL: No such file or directory
[INFO] [stdout]           /usr/bin/ld: cannot find -lOpenCL: No such file or directory
[INFO] [stdout]           collect2: error: ld returned 1 exit status
[INFO] [stdout]           
[INFO] [stdout] 
[INFO] [stdout] 
[INFO] [stdout] error: aborting due to 1 previous error
[INFO] [stdout] 
[INFO] [stdout] 
[INFO] [stderr] error: could not compile `neptune` (build script) due to 2 previous errors
[INFO] running `Command { std: "docker" "inspect" "67f8a498f944941b48b16496f24e287f744d173fb0b98c8e1a3e283e54d90e64", kill_on_drop: false }`
[INFO] running `Command { std: "docker" "rm" "-f" "67f8a498f944941b48b16496f24e287f744d173fb0b98c8e1a3e283e54d90e64", kill_on_drop: false }`
[INFO] [stdout] 67f8a498f944941b48b16496f24e287f744d173fb0b98c8e1a3e283e54d90e64
