[INFO] fetching crate sticker2 0.5.1...
[INFO] documenting sticker2-0.5.1 against 1.75.0 for beta-1.76-rustdoc-1
[INFO] extracting crate sticker2 0.5.1 into /workspace/builds/worker-3-tc1/source
[INFO] validating manifest of crates.io crate sticker2 0.5.1 on toolchain 1.75.0
[INFO] running `Command { std: CARGO_HOME="/workspace/cargo-home" RUSTUP_HOME="/workspace/rustup-home" "/workspace/cargo-home/bin/cargo" "+1.75.0" "metadata" "--manifest-path" "Cargo.toml" "--no-deps", kill_on_drop: false }`
[INFO] started tweaking crates.io crate sticker2 0.5.1
[INFO] finished tweaking crates.io crate sticker2 0.5.1
[INFO] tweaked toml for crates.io crate sticker2 0.5.1 written to /workspace/builds/worker-3-tc1/source/Cargo.toml
[INFO] running `Command { std: CARGO_HOME="/workspace/cargo-home" RUSTUP_HOME="/workspace/rustup-home" "/workspace/cargo-home/bin/cargo" "+1.75.0" "generate-lockfile" "--manifest-path" "Cargo.toml", kill_on_drop: false }`
[INFO] [stderr]     Updating crates.io index
[INFO] running `Command { std: CARGO_HOME="/workspace/cargo-home" RUSTUP_HOME="/workspace/rustup-home" "/workspace/cargo-home/bin/cargo" "+1.75.0" "fetch" "--manifest-path" "Cargo.toml", kill_on_drop: false }`
[INFO] [stderr]  Downloading crates ...
[INFO] [stderr]   Downloaded edit_tree v0.1.2
[INFO] [stderr]   Downloaded wordpieces v0.4.1
[INFO] [stderr]   Downloaded seqalign v0.2.3
[INFO] [stderr]   Downloaded ndarray-rand v0.11.0
[INFO] [stderr]   Downloaded conllu v0.5.1
[INFO] [stderr]   Downloaded ohnomore v0.2.2
[INFO] [stderr]   Downloaded caseless v0.2.1
[INFO] [stderr]   Downloaded numberer v0.2.1
[INFO] [stderr]   Downloaded sticker-encoders v0.5.1
[INFO] [stderr]   Downloaded protobuf v2.17.0
[INFO] [stderr]   Downloaded tch v0.2.1
[INFO] [stderr]   Downloaded hdf5-types v0.6.1
[INFO] [stderr]   Downloaded hdf5-derive v0.6.1
[INFO] [stderr]   Downloaded hdf5-sys v0.6.1
[INFO] [stderr]   Downloaded sticker-transformers v0.8.1
[INFO] [stderr]   Downloaded torch-sys v0.2.1
[INFO] [stderr]   Downloaded sentencepiece v0.4.0
[INFO] [stderr]   Downloaded hdf5 v0.6.1
[INFO] [stderr]   Downloaded sentencepiece-sys v0.4.0
[INFO] running `Command { std: "docker" "create" "-v" "/var/lib/crater-agent-workspace/builds/worker-3-tc1/target:/opt/rustwide/target:rw,Z" "-v" "/var/lib/crater-agent-workspace/builds/worker-3-tc1/source:/opt/rustwide/workdir:ro,Z" "-v" "/var/lib/crater-agent-workspace/cargo-home:/opt/rustwide/cargo-home:ro,Z" "-v" "/var/lib/crater-agent-workspace/rustup-home:/opt/rustwide/rustup-home:ro,Z" "-e" "SOURCE_DIR=/opt/rustwide/workdir" "-e" "CARGO_TARGET_DIR=/opt/rustwide/target" "-e" "CARGO_HOME=/opt/rustwide/cargo-home" "-e" "RUSTUP_HOME=/opt/rustwide/rustup-home" "-w" "/opt/rustwide/workdir" "-m" "1610612736" "--user" "0:0" "--network" "none" "ghcr.io/rust-lang/crates-build-env/linux@sha256:2788e3201cd34a07e3172128adcd8b3090168a8e3bcc40d7c032b9dda1df7d1c" "/opt/rustwide/cargo-home/bin/cargo" "+1.75.0" "metadata" "--no-deps" "--format-version=1", kill_on_drop: false }`
[INFO] [stdout] 5e3c9a6575b8a6a93729af25ddbbb62e319c9df3a9fa5ef03e318195e85c36c5
[INFO] running `Command { std: "docker" "start" "-a" "5e3c9a6575b8a6a93729af25ddbbb62e319c9df3a9fa5ef03e318195e85c36c5", kill_on_drop: false }`
[INFO] running `Command { std: "docker" "inspect" "5e3c9a6575b8a6a93729af25ddbbb62e319c9df3a9fa5ef03e318195e85c36c5", kill_on_drop: false }`
[INFO] running `Command { std: "docker" "rm" "-f" "5e3c9a6575b8a6a93729af25ddbbb62e319c9df3a9fa5ef03e318195e85c36c5", kill_on_drop: false }`
[INFO] [stdout] 5e3c9a6575b8a6a93729af25ddbbb62e319c9df3a9fa5ef03e318195e85c36c5
[INFO] running `Command { std: "docker" "create" "-v" "/var/lib/crater-agent-workspace/builds/worker-3-tc1/target:/opt/rustwide/target:rw,Z" "-v" "/var/lib/crater-agent-workspace/builds/worker-3-tc1/source:/opt/rustwide/workdir:ro,Z" "-v" "/var/lib/crater-agent-workspace/cargo-home:/opt/rustwide/cargo-home:ro,Z" "-v" "/var/lib/crater-agent-workspace/rustup-home:/opt/rustwide/rustup-home:ro,Z" "-e" "SOURCE_DIR=/opt/rustwide/workdir" "-e" "CARGO_TARGET_DIR=/opt/rustwide/target" "-e" "CARGO_INCREMENTAL=0" "-e" "RUST_BACKTRACE=full" "-e" "RUSTFLAGS=--cap-lints=warn" "-e" "RUSTDOCFLAGS=--cap-lints=warn" "-e" "CARGO_HOME=/opt/rustwide/cargo-home" "-e" "RUSTUP_HOME=/opt/rustwide/rustup-home" "-w" "/opt/rustwide/workdir" "-m" "1610612736" "--user" "0:0" "--network" "none" "ghcr.io/rust-lang/crates-build-env/linux@sha256:2788e3201cd34a07e3172128adcd8b3090168a8e3bcc40d7c032b9dda1df7d1c" "/opt/rustwide/cargo-home/bin/cargo" "+1.75.0" "doc" "--frozen" "--no-deps" "--document-private-items" "--message-format=json", kill_on_drop: false }`
[INFO] [stdout] 2798806b2ff4008b870d043a17b1e7d83e7e11e948dc42deef8af0fa1cc3a315
[INFO] running `Command { std: "docker" "start" "-a" "2798806b2ff4008b870d043a17b1e7d83e7e11e948dc42deef8af0fa1cc3a315", kill_on_drop: false }`
[INFO] [stderr]    Compiling libc v0.2.151
[INFO] [stderr]    Compiling pkg-config v0.3.28
[INFO] [stderr]    Compiling proc-macro2 v1.0.76
[INFO] [stderr]    Compiling thiserror v1.0.56
[INFO] [stderr]    Compiling adler v1.0.2
[INFO] [stderr]    Compiling getrandom v0.1.16
[INFO] [stderr]    Compiling libloading v0.6.7
[INFO] [stderr]    Compiling gimli v0.28.1
[INFO] [stderr]    Compiling crc32fast v1.3.2
[INFO] [stderr]    Compiling miniz_oxide v0.7.1
[INFO] [stderr]    Compiling object v0.32.2
[INFO] [stderr]    Compiling curl v0.4.44
[INFO] [stderr]    Compiling rustc-demangle v0.1.23
[INFO] [stderr]    Compiling indexmap v1.9.3
[INFO] [stderr]    Compiling quote v1.0.35
[INFO] [stderr]    Compiling hdf5-sys v0.6.1
[INFO] [stderr]    Compiling flate2 v1.0.28
[INFO] [stderr]    Compiling syn v2.0.48
[INFO] [stderr]    Compiling syn v1.0.109
[INFO] [stderr]    Compiling cc v1.0.83
[INFO] [stderr]    Compiling time v0.1.45
[INFO] [stderr]     Checking rand_core v0.5.1
[INFO] [stderr]    Compiling socket2 v0.4.10
[INFO] [stderr]    Compiling cmake v0.1.50
[INFO] [stderr]    Compiling num-complex v0.2.4
[INFO] [stderr]    Compiling num-integer v0.1.45
[INFO] [stderr]    Compiling byteorder v1.5.0
[INFO] [stderr]    Compiling openssl-probe v0.1.5
[INFO] [stderr]     Checking tinyvec_macros v0.1.1
[INFO] [stderr]    Compiling fst v0.4.7
[INFO] [stderr]    Compiling addr2line v0.21.0
[INFO] [stderr]    Compiling ndarray v0.13.1
[INFO] [stderr]    Compiling bzip2-sys v0.1.11+1.0.8
[INFO] [stderr]    Compiling libz-sys v1.1.12
[INFO] [stderr]    Compiling openssl-sys v0.9.98
[INFO] [stderr]    Compiling curl-sys v0.4.70+curl-8.5.0
[INFO] [stderr]    Compiling backtrace v0.3.69
[INFO] [stderr]     Checking rawpointer v0.2.1
[INFO] [stderr]     Checking matrixmultiply v0.2.4
[INFO] [stderr]     Checking tinyvec v1.6.0
[INFO] [stderr]    Compiling synstructure v0.12.6
[INFO] [stderr]    Compiling bzip2 v0.4.4
[INFO] [stderr]    Compiling caseless v0.2.1
[INFO] [stderr]     Checking either v1.9.0
[INFO] [stderr]     Checking smallvec v1.11.2
[INFO] [stderr]     Checking scopeguard v1.2.0
[INFO] [stderr]     Checking fixedbitset v0.2.0
[INFO] [stderr]     Checking rand_chacha v0.2.2
[INFO] [stderr]     Checking petgraph v0.5.1
[INFO] [stderr]     Checking parking_lot_core v0.7.3
[INFO] [stderr]    Compiling hdf5 v0.6.1
[INFO] [stderr]     Checking lock_api v0.3.4
[INFO] [stderr]     Checking itertools v0.9.0
[INFO] [stderr]    Compiling failure_derive v0.1.8
[INFO] [stderr]     Checking unicode-normalization v0.1.22
[INFO] [stderr]    Compiling sentencepiece-sys v0.4.0
[INFO] [stderr]     Checking rand_pcg v0.2.1
[INFO] [stderr]    Compiling protobuf v2.17.0
[INFO] [stderr]     Checking seqalign v0.2.3
[INFO] [stderr]     Checking ascii v1.1.0
[INFO] [stderr]    Compiling failure v0.1.8
[INFO] [stderr]     Checking rand v0.7.3
[INFO] [stderr]    Compiling hdf5-derive v0.6.1
[INFO] [stderr]     Checking parking_lot v0.10.2
[INFO] [stderr]     Checking hdf5-types v0.6.1
[INFO] [stderr]    Compiling sentencepiece v0.4.0
[INFO] [stderr]    Compiling thiserror-impl v1.0.56
[INFO] [stderr]    Compiling serde_derive v1.0.195
[INFO] [stderr]     Checking half v1.8.2
[INFO] [stderr]     Checking maplit v1.0.2
[INFO] [stderr]    Compiling num-derive v0.3.3
[INFO] [stderr]     Checking rand_xorshift v0.2.0
[INFO] [stderr]    Compiling zip v0.5.13
[INFO] [stderr]     Checking conllu v0.5.1
[INFO] [stderr]     Checking ohnomore v0.2.2
[INFO] [stderr]    Compiling torch-sys v0.2.1
[INFO] [stderr]     Checking wordpieces v0.4.1
[INFO] [stderr] error: failed to run custom build command for `torch-sys v0.2.1`
[INFO] [stderr] note: To improve backtraces for build dependencies, set the CARGO_PROFILE_DEV_BUILD_OVERRIDE_DEBUG=true environment variable to enable debug information generation.
[INFO] [stderr] 
[INFO] [stderr] Caused by:
[INFO] [stderr]   process didn't exit successfully: `/opt/rustwide/target/debug/build/torch-sys-11ce19802d16a321/build-script-build` (exit status: 101)
[INFO] [stderr]   --- stdout
[INFO] [stderr]   cargo:rerun-if-env-changed=TORCH_CUDA_VERSION
[INFO] [stderr]   cargo:rerun-if-env-changed=LIBTORCH
[INFO] [stderr] 
[INFO] [stderr]   --- stderr
[INFO] [stderr]   thread 'main' panicked at /opt/rustwide/cargo-home/registry/src/index.crates.io-6f17d22bba15001f/torch-sys-0.2.1/build.rs:130:48:
[INFO] [stderr]   called `Result::unwrap()` on an `Err` value: Error { description: "Couldn't resolve host name", code: 6, extra: Some("Could not resolve host: download.pytorch.org") }
[INFO] [stderr] 
[INFO] [stderr]      0: failure::backtrace::internal::InternalBacktrace::new
[INFO] [stderr]      1: failure::backtrace::Backtrace::new
[INFO] [stderr]      2: <failure::error::error_impl::ErrorImpl as core::convert::From<F>>::from
[INFO] [stderr]      3: <failure::error::Error as core::convert::From<F>>::from
[INFO] [stderr]      4: <core::result::Result<T,F> as core::ops::try_trait::FromResidual<core::result::Result<core::convert::Infallible,E>>>::from_residual
[INFO] [stderr]      5: build_script_build::download
[INFO] [stderr]      6: build_script_build::prepare_libtorch_dir
[INFO] [stderr]      7: build_script_build::main
[INFO] [stderr]      8: core::ops::function::FnOnce::call_once
[INFO] [stderr]      9: std::sys_common::backtrace::__rust_begin_short_backtrace
[INFO] [stderr]     10: std::rt::lang_start::{{closure}}
[INFO] [stderr]     11: core::ops::function::impls::<impl core::ops::function::FnOnce<A> for &F>::call_once
[INFO] [stderr]                at /rustc/82e1608dfa6e0b5569232559e3d385fea5a93112/library/core/src/ops/function.rs:284:13
[INFO] [stderr]         std::panicking::try::do_call
[INFO] [stderr]                at /rustc/82e1608dfa6e0b5569232559e3d385fea5a93112/library/std/src/panicking.rs:552:40
[INFO] [stderr]         std::panicking::try
[INFO] [stderr]                at /rustc/82e1608dfa6e0b5569232559e3d385fea5a93112/library/std/src/panicking.rs:516:19
[INFO] [stderr]         std::panic::catch_unwind
[INFO] [stderr]                at /rustc/82e1608dfa6e0b5569232559e3d385fea5a93112/library/std/src/panic.rs:142:14
[INFO] [stderr]         std::rt::lang_start_internal::{{closure}}
[INFO] [stderr]                at /rustc/82e1608dfa6e0b5569232559e3d385fea5a93112/library/std/src/rt.rs:148:48
[INFO] [stderr]         std::panicking::try::do_call
[INFO] [stderr]                at /rustc/82e1608dfa6e0b5569232559e3d385fea5a93112/library/std/src/panicking.rs:552:40
[INFO] [stderr]         std::panicking::try
[INFO] [stderr]                at /rustc/82e1608dfa6e0b5569232559e3d385fea5a93112/library/std/src/panicking.rs:516:19
[INFO] [stderr]         std::panic::catch_unwind
[INFO] [stderr]                at /rustc/82e1608dfa6e0b5569232559e3d385fea5a93112/library/std/src/panic.rs:142:14
[INFO] [stderr]         std::rt::lang_start_internal
[INFO] [stderr]                at /rustc/82e1608dfa6e0b5569232559e3d385fea5a93112/library/std/src/rt.rs:148:20
[INFO] [stderr]     12: std::rt::lang_start
[INFO] [stderr]     13: main
[INFO] [stderr]     14: <unknown>
[INFO] [stderr]     15: __libc_start_main
[INFO] [stderr]     16: _start
[INFO] [stderr] 
[INFO] [stderr]   stack backtrace:
[INFO] [stderr]      0:     0x5630299e1bcc - std::backtrace_rs::backtrace::libunwind::trace::ha637c64ce894333a
[INFO] [stderr]                                  at /rustc/82e1608dfa6e0b5569232559e3d385fea5a93112/library/std/src/../../backtrace/src/backtrace/libunwind.rs:104:5
[INFO] [stderr]      1:     0x5630299e1bcc - std::backtrace_rs::backtrace::trace_unsynchronized::h47f62dea28e0c88d
[INFO] [stderr]                                  at /rustc/82e1608dfa6e0b5569232559e3d385fea5a93112/library/std/src/../../backtrace/src/backtrace/mod.rs:66:5
[INFO] [stderr]      2:     0x5630299e1bcc - std::sys_common::backtrace::_print_fmt::h9eef0abe20ede486
[INFO] [stderr]                                  at /rustc/82e1608dfa6e0b5569232559e3d385fea5a93112/library/std/src/sys_common/backtrace.rs:67:5
[INFO] [stderr]      3:     0x5630299e1bcc - <std::sys_common::backtrace::_print::DisplayBacktrace as core::fmt::Display>::fmt::hed7f999df88cc644
[INFO] [stderr]                                  at /rustc/82e1608dfa6e0b5569232559e3d385fea5a93112/library/std/src/sys_common/backtrace.rs:44:22
[INFO] [stderr]      4:     0x563029a09d00 - core::fmt::rt::Argument::fmt::h1539a9308b8d058d
[INFO] [stderr]                                  at /rustc/82e1608dfa6e0b5569232559e3d385fea5a93112/library/core/src/fmt/rt.rs:142:9
[INFO] [stderr]      5:     0x563029a09d00 - core::fmt::write::h3a39390d8560d9c9
[INFO] [stderr]                                  at /rustc/82e1608dfa6e0b5569232559e3d385fea5a93112/library/core/src/fmt/mod.rs:1120:17
[INFO] [stderr]      6:     0x5630299dec7f - std::io::Write::write_fmt::h5fc9997dfe05f882
[INFO] [stderr]                                  at /rustc/82e1608dfa6e0b5569232559e3d385fea5a93112/library/std/src/io/mod.rs:1762:15
[INFO] [stderr]      7:     0x5630299e19b4 - std::sys_common::backtrace::_print::h894006fb5c6f3d45
[INFO] [stderr]                                  at /rustc/82e1608dfa6e0b5569232559e3d385fea5a93112/library/std/src/sys_common/backtrace.rs:47:5
[INFO] [stderr]      8:     0x5630299e19b4 - std::sys_common::backtrace::print::h23a2d212c6fff936
[INFO] [stderr]                                  at /rustc/82e1608dfa6e0b5569232559e3d385fea5a93112/library/std/src/sys_common/backtrace.rs:34:9
[INFO] [stderr]      9:     0x5630299e37e7 - std::panicking::default_hook::{{closure}}::h8a1d2ee00185001a
[INFO] [stderr]     10:     0x5630299e354f - std::panicking::default_hook::h6038f2eba384e475
[INFO] [stderr]                                  at /rustc/82e1608dfa6e0b5569232559e3d385fea5a93112/library/std/src/panicking.rs:292:9
[INFO] [stderr]     11:     0x5630299e3c68 - std::panicking::rust_panic_with_hook::h2b5517d590cab22e
[INFO] [stderr]                                  at /rustc/82e1608dfa6e0b5569232559e3d385fea5a93112/library/std/src/panicking.rs:779:13
[INFO] [stderr]     12:     0x5630299e3b4e - std::panicking::begin_panic_handler::{{closure}}::h233112c06e0ef43e
[INFO] [stderr]                                  at /rustc/82e1608dfa6e0b5569232559e3d385fea5a93112/library/std/src/panicking.rs:657:13
[INFO] [stderr]     13:     0x5630299e2096 - std::sys_common::backtrace::__rust_end_short_backtrace::h6e893f24d7ebbff8
[INFO] [stderr]                                  at /rustc/82e1608dfa6e0b5569232559e3d385fea5a93112/library/std/src/sys_common/backtrace.rs:170:18
[INFO] [stderr]     14:     0x5630299e38b2 - rust_begin_unwind
[INFO] [stderr]                                  at /rustc/82e1608dfa6e0b5569232559e3d385fea5a93112/library/std/src/panicking.rs:645:5
[INFO] [stderr]     15:     0x563029850de5 - core::panicking::panic_fmt::hbf0e066aabfa482c
[INFO] [stderr]                                  at /rustc/82e1608dfa6e0b5569232559e3d385fea5a93112/library/core/src/panicking.rs:72:14
[INFO] [stderr]     16:     0x563029851333 - core::result::unwrap_failed::hddb4fea594200c52
[INFO] [stderr]                                  at /rustc/82e1608dfa6e0b5569232559e3d385fea5a93112/library/core/src/result.rs:1653:5
[INFO] [stderr]     17:     0x56302986197a - core::result::Result<T,E>::unwrap::h387c54b6a52a0a3d
[INFO] [stderr]     18:     0x563029859ddd - build_script_build::prepare_libtorch_dir::hb6d91e07c1565f56
[INFO] [stderr]     19:     0x56302985ae82 - build_script_build::main::h23586db315646bb0
[INFO] [stderr]     20:     0x56302985c6f3 - core::ops::function::FnOnce::call_once::h048d6bef92b19b73
[INFO] [stderr]     21:     0x56302985be56 - std::sys_common::backtrace::__rust_begin_short_backtrace::he877036d3911b62f
[INFO] [stderr]     22:     0x5630298637c9 - std::rt::lang_start::{{closure}}::h5c7330ea5054bac0
[INFO] [stderr]     23:     0x5630299da687 - core::ops::function::impls::<impl core::ops::function::FnOnce<A> for &F>::call_once::hd95060ecd5e1ca24
[INFO] [stderr]                                  at /rustc/82e1608dfa6e0b5569232559e3d385fea5a93112/library/core/src/ops/function.rs:284:13
[INFO] [stderr]     24:     0x5630299da687 - std::panicking::try::do_call::h6e8cf51db32a6e4b
[INFO] [stderr]                                  at /rustc/82e1608dfa6e0b5569232559e3d385fea5a93112/library/std/src/panicking.rs:552:40
[INFO] [stderr]     25:     0x5630299da687 - std::panicking::try::h3a52eefe24fe3c29
[INFO] [stderr]                                  at /rustc/82e1608dfa6e0b5569232559e3d385fea5a93112/library/std/src/panicking.rs:516:19
[INFO] [stderr]     26:     0x5630299da687 - std::panic::catch_unwind::h24c28c23c02c3841
[INFO] [stderr]                                  at /rustc/82e1608dfa6e0b5569232559e3d385fea5a93112/library/std/src/panic.rs:142:14
[INFO] [stderr]     27:     0x5630299da687 - std::rt::lang_start_internal::{{closure}}::h705d3c9cbc06ef47
[INFO] [stderr]                                  at /rustc/82e1608dfa6e0b5569232559e3d385fea5a93112/library/std/src/rt.rs:148:48
[INFO] [stderr]     28:     0x5630299da687 - std::panicking::try::do_call::ha21f52ba13158470
[INFO] [stderr]                                  at /rustc/82e1608dfa6e0b5569232559e3d385fea5a93112/library/std/src/panicking.rs:552:40
[INFO] [stderr]     29:     0x5630299da687 - std::panicking::try::h5581346bf6aeb1f8
[INFO] [stderr]                                  at /rustc/82e1608dfa6e0b5569232559e3d385fea5a93112/library/std/src/panicking.rs:516:19
[INFO] [stderr]     30:     0x5630299da687 - std::panic::catch_unwind::h7919645a6b72e25b
[INFO] [stderr]                                  at /rustc/82e1608dfa6e0b5569232559e3d385fea5a93112/library/std/src/panic.rs:142:14
[INFO] [stderr]     31:     0x5630299da687 - std::rt::lang_start_internal::h12de51168669836e
[INFO] [stderr]                                  at /rustc/82e1608dfa6e0b5569232559e3d385fea5a93112/library/std/src/rt.rs:148:20
[INFO] [stderr]     32:     0x5630298637a7 - std::rt::lang_start::h48f6829b27d9fa01
[INFO] [stderr]     33:     0x56302985b9c5 - main
[INFO] [stderr]     34:     0x7f541312fd90 - <unknown>
[INFO] [stderr]     35:     0x7f541312fe40 - __libc_start_main
[INFO] [stderr]     36:     0x563029851645 - _start
[INFO] [stderr]     37:                0x0 - <unknown>
[INFO] [stderr] warning: build failed, waiting for other jobs to finish...
[INFO] [stderr] error: failed to run custom build command for `sentencepiece-sys v0.4.0`
[INFO] [stderr] note: To improve backtraces for build dependencies, set the CARGO_PROFILE_DEV_BUILD_OVERRIDE_DEBUG=true environment variable to enable debug information generation.
[INFO] [stderr] 
[INFO] [stderr] Caused by:
[INFO] [stderr]   process didn't exit successfully: `/opt/rustwide/target/debug/build/sentencepiece-sys-72c2299cf9c7a890/build-script-build` (exit status: 101)
[INFO] [stderr]   --- stdout
[INFO] [stderr]   cargo:rerun-if-env-changed=SENTENCEPIECE_NO_PKG_CONFIG
[INFO] [stderr]   cargo:rerun-if-env-changed=PKG_CONFIG_x86_64-unknown-linux-gnu
[INFO] [stderr]   cargo:rerun-if-env-changed=PKG_CONFIG_x86_64_unknown_linux_gnu
[INFO] [stderr]   cargo:rerun-if-env-changed=HOST_PKG_CONFIG
[INFO] [stderr]   cargo:rerun-if-env-changed=PKG_CONFIG
[INFO] [stderr]   cargo:rerun-if-env-changed=SENTENCEPIECE_STATIC
[INFO] [stderr]   cargo:rerun-if-env-changed=SENTENCEPIECE_DYNAMIC
[INFO] [stderr]   cargo:rerun-if-env-changed=PKG_CONFIG_ALL_STATIC
[INFO] [stderr]   cargo:rerun-if-env-changed=PKG_CONFIG_ALL_DYNAMIC
[INFO] [stderr]   cargo:rerun-if-env-changed=PKG_CONFIG_PATH_x86_64-unknown-linux-gnu
[INFO] [stderr]   cargo:rerun-if-env-changed=PKG_CONFIG_PATH_x86_64_unknown_linux_gnu
[INFO] [stderr]   cargo:rerun-if-env-changed=HOST_PKG_CONFIG_PATH
[INFO] [stderr]   cargo:rerun-if-env-changed=PKG_CONFIG_PATH
[INFO] [stderr]   cargo:rerun-if-env-changed=PKG_CONFIG_LIBDIR_x86_64-unknown-linux-gnu
[INFO] [stderr]   cargo:rerun-if-env-changed=PKG_CONFIG_LIBDIR_x86_64_unknown_linux_gnu
[INFO] [stderr]   cargo:rerun-if-env-changed=HOST_PKG_CONFIG_LIBDIR
[INFO] [stderr]   cargo:rerun-if-env-changed=PKG_CONFIG_LIBDIR
[INFO] [stderr]   cargo:rerun-if-env-changed=PKG_CONFIG_SYSROOT_DIR_x86_64-unknown-linux-gnu
[INFO] [stderr]   cargo:rerun-if-env-changed=PKG_CONFIG_SYSROOT_DIR_x86_64_unknown_linux_gnu
[INFO] [stderr]   cargo:rerun-if-env-changed=HOST_PKG_CONFIG_SYSROOT_DIR
[INFO] [stderr]   cargo:rerun-if-env-changed=PKG_CONFIG_SYSROOT_DIR
[INFO] [stderr]   CMAKE_TOOLCHAIN_FILE_x86_64-unknown-linux-gnu = None
[INFO] [stderr]   CMAKE_TOOLCHAIN_FILE_x86_64_unknown_linux_gnu = None
[INFO] [stderr]   HOST_CMAKE_TOOLCHAIN_FILE = None
[INFO] [stderr]   CMAKE_TOOLCHAIN_FILE = None
[INFO] [stderr]   CMAKE_GENERATOR_x86_64-unknown-linux-gnu = None
[INFO] [stderr]   CMAKE_GENERATOR_x86_64_unknown_linux_gnu = None
[INFO] [stderr]   HOST_CMAKE_GENERATOR = None
[INFO] [stderr]   CMAKE_GENERATOR = None
[INFO] [stderr]   CMAKE_PREFIX_PATH_x86_64-unknown-linux-gnu = None
[INFO] [stderr]   CMAKE_PREFIX_PATH_x86_64_unknown_linux_gnu = None
[INFO] [stderr]   HOST_CMAKE_PREFIX_PATH = None
[INFO] [stderr]   CMAKE_PREFIX_PATH = None
[INFO] [stderr]   CMAKE_x86_64-unknown-linux-gnu = None
[INFO] [stderr]   CMAKE_x86_64_unknown_linux_gnu = None
[INFO] [stderr]   HOST_CMAKE = None
[INFO] [stderr]   CMAKE = None
[INFO] [stderr]   running: cd "/opt/rustwide/target/debug/build/sentencepiece-sys-a412650ed79085df/out/build" && CMAKE_PREFIX_PATH="" "cmake" "/opt/rustwide/cargo-home/registry/src/index.crates.io-6f17d22bba15001f/sentencepiece-sys-0.4.0/source" "-DCMAKE_INSTALL_PREFIX=/opt/rustwide/target/debug/build/sentencepiece-sys-a412650ed79085df/out" "-DCMAKE_C_FLAGS= -ffunction-sections -fdata-sections -fPIC -m64" "-DCMAKE_C_COMPILER=/usr/bin/cc" "-DCMAKE_CXX_FLAGS= -ffunction-sections -fdata-sections -fPIC -m64" "-DCMAKE_CXX_COMPILER=/usr/bin/c++" "-DCMAKE_ASM_FLAGS= -ffunction-sections -fdata-sections -fPIC -m64" "-DCMAKE_ASM_COMPILER=/usr/bin/cc" "-DCMAKE_BUILD_TYPE=Debug"
[INFO] [stderr]   -- VERSION: 0.1.91
[INFO] [stderr]   -- The C compiler identification is GNU 11.4.0
[INFO] [stderr]   -- The CXX compiler identification is GNU 11.4.0
[INFO] [stderr]   -- Detecting C compiler ABI info
[INFO] [stderr]   -- Detecting C compiler ABI info - done
[INFO] [stderr]   -- Check for working C compiler: /usr/bin/cc - skipped
[INFO] [stderr]   -- Detecting C compile features
[INFO] [stderr]   -- Detecting C compile features - done
[INFO] [stderr]   -- Detecting CXX compiler ABI info
[INFO] [stderr]   -- Detecting CXX compiler ABI info - done
[INFO] [stderr]   -- Check for working CXX compiler: /usr/bin/c++ - skipped
[INFO] [stderr]   -- Detecting CXX compile features
[INFO] [stderr]   -- Detecting CXX compile features - done
[INFO] [stderr]   -- Looking for pthread.h
[INFO] [stderr]   -- Looking for pthread.h - found
[INFO] [stderr]   -- Performing Test CMAKE_HAVE_LIBC_PTHREAD
[INFO] [stderr]   -- Performing Test CMAKE_HAVE_LIBC_PTHREAD - Success
[INFO] [stderr]   -- Found Threads: TRUE  
[INFO] [stderr]   -- Not Found TCMalloc: TCMALLOC_LIB-NOTFOUND
[INFO] [stderr]   -- Configuring done
[INFO] [stderr]   -- Generating done
[INFO] [stderr]   -- Build files have been written to: /opt/rustwide/target/debug/build/sentencepiece-sys-a412650ed79085df/out/build
[INFO] [stderr]   running: cd "/opt/rustwide/target/debug/build/sentencepiece-sys-a412650ed79085df/out/build" && MAKEFLAGS="-j --jobserver-fds=7,8 --jobserver-auth=7,8" "cmake" "--build" "." "--target" "install" "--config" "Debug"
[INFO] [stderr]   [  2%] Building CXX object src/CMakeFiles/sentencepiece-static.dir/__/third_party/protobuf-lite/arena.cc.o
[INFO] [stderr]   [  2%] Building CXX object src/CMakeFiles/sentencepiece_train-static.dir/builder.cc.o
[INFO] [stderr]   [  2%] Building CXX object src/CMakeFiles/sentencepiece.dir/__/third_party/protobuf-lite/arena.cc.o
[INFO] [stderr]   [  3%] Building CXX object src/CMakeFiles/sentencepiece-static.dir/__/third_party/protobuf-lite/arenastring.cc.o
[INFO] [stderr]   [  4%] Building CXX object src/CMakeFiles/sentencepiece.dir/__/third_party/protobuf-lite/arenastring.cc.o
[INFO] [stderr]   [  5%] Building CXX object src/CMakeFiles/sentencepiece.dir/__/third_party/protobuf-lite/bytestream.cc.o
[INFO] [stderr]   [  6%] Building CXX object src/CMakeFiles/sentencepiece.dir/__/third_party/protobuf-lite/coded_stream.cc.o
[INFO] [stderr]   [  7%] Building CXX object src/CMakeFiles/sentencepiece.dir/__/third_party/protobuf-lite/common.cc.o
[INFO] [stderr]   [  8%] Building CXX object src/CMakeFiles/sentencepiece-static.dir/__/third_party/protobuf-lite/bytestream.cc.o
[INFO] [stderr]   [  9%] Building CXX object src/CMakeFiles/sentencepiece-static.dir/__/third_party/protobuf-lite/coded_stream.cc.o
[INFO] [stderr]   [ 10%] Building CXX object src/CMakeFiles/sentencepiece.dir/__/third_party/protobuf-lite/extension_set.cc.o
[INFO] [stderr]   [ 11%] Building CXX object src/CMakeFiles/sentencepiece.dir/__/third_party/protobuf-lite/generated_message_table_driven_lite.cc.o
[INFO] [stderr]   [ 12%] Building CXX object src/CMakeFiles/sentencepiece.dir/__/third_party/protobuf-lite/generated_message_util.cc.o
[INFO] [stderr]   [ 13%] Building CXX object src/CMakeFiles/sentencepiece.dir/__/third_party/protobuf-lite/implicit_weak_message.cc.o
[INFO] [stderr]   [ 14%] Building CXX object src/CMakeFiles/sentencepiece-static.dir/__/third_party/protobuf-lite/common.cc.o
[INFO] [stderr]   [ 14%] Building CXX object src/CMakeFiles/sentencepiece-static.dir/__/third_party/protobuf-lite/extension_set.cc.o
[INFO] [stderr]   [ 15%] Building CXX object src/CMakeFiles/sentencepiece.dir/__/third_party/protobuf-lite/int128.cc.o
[INFO] [stderr]   [ 16%] Building CXX object src/CMakeFiles/sentencepiece-static.dir/__/third_party/protobuf-lite/generated_message_table_driven_lite.cc.o
[INFO] [stderr]   [ 17%] Building CXX object src/CMakeFiles/sentencepiece-static.dir/__/third_party/protobuf-lite/generated_message_util.cc.o
[INFO] [stderr]   [ 18%] Building CXX object src/CMakeFiles/sentencepiece.dir/__/third_party/protobuf-lite/io_win32.cc.o
[INFO] [stderr]   [ 18%] Building CXX object src/CMakeFiles/sentencepiece.dir/__/third_party/protobuf-lite/message_lite.cc.o
[INFO] [stderr]   [ 19%] Building CXX object src/CMakeFiles/sentencepiece.dir/__/third_party/protobuf-lite/repeated_field.cc.o
[INFO] [stderr]   [ 20%] Building CXX object src/CMakeFiles/sentencepiece.dir/__/third_party/protobuf-lite/status.cc.o
[INFO] [stderr]   [ 21%] Building CXX object src/CMakeFiles/sentencepiece-static.dir/__/third_party/protobuf-lite/implicit_weak_message.cc.o
[INFO] [stderr]   [ 22%] Building CXX object src/CMakeFiles/sentencepiece.dir/__/third_party/protobuf-lite/statusor.cc.o
[INFO] [stderr]   [ 23%] Building CXX object src/CMakeFiles/sentencepiece.dir/__/third_party/protobuf-lite/stringpiece.cc.o
[INFO] [stderr]   [ 24%] Building CXX object src/CMakeFiles/sentencepiece-static.dir/__/third_party/protobuf-lite/int128.cc.o
[INFO] [stderr]   [ 25%] Building CXX object src/CMakeFiles/sentencepiece-static.dir/__/third_party/protobuf-lite/io_win32.cc.o
[INFO] [stderr]   [ 26%] Building CXX object src/CMakeFiles/sentencepiece-static.dir/__/third_party/protobuf-lite/message_lite.cc.o
[INFO] [stderr]   [ 27%] Building CXX object src/CMakeFiles/sentencepiece-static.dir/__/third_party/protobuf-lite/repeated_field.cc.o
[INFO] [stderr]   [ 28%] Building CXX object src/CMakeFiles/sentencepiece.dir/__/third_party/protobuf-lite/stringprintf.cc.o
[INFO] [stderr]   [ 29%] Building CXX object src/CMakeFiles/sentencepiece.dir/__/third_party/protobuf-lite/structurally_valid.cc.o
[INFO] [stderr]   [ 30%] Building CXX object src/CMakeFiles/sentencepiece_train-static.dir/unicode_script.cc.o
[INFO] [stderr]   [ 31%] Building CXX object src/CMakeFiles/sentencepiece-static.dir/__/third_party/protobuf-lite/status.cc.o
[INFO] [stderr]   [ 32%] Building CXX object src/CMakeFiles/sentencepiece.dir/__/third_party/protobuf-lite/strutil.cc.o
[INFO] [stderr]   [ 33%] Building CXX object src/CMakeFiles/sentencepiece.dir/__/third_party/protobuf-lite/time.cc.o
[INFO] [stderr]   [ 34%] Building CXX object src/CMakeFiles/sentencepiece-static.dir/__/third_party/protobuf-lite/statusor.cc.o
[INFO] [stderr]   [ 35%] Building CXX object src/CMakeFiles/sentencepiece.dir/__/third_party/protobuf-lite/wire_format_lite.cc.o
[INFO] [stderr]   [ 36%] Building CXX object src/CMakeFiles/sentencepiece-static.dir/__/third_party/protobuf-lite/stringpiece.cc.o
[INFO] [stderr]   [ 36%] Building CXX object src/CMakeFiles/sentencepiece-static.dir/__/third_party/protobuf-lite/stringprintf.cc.o
[INFO] [stderr]   [ 37%] Building CXX object src/CMakeFiles/sentencepiece-static.dir/__/third_party/protobuf-lite/structurally_valid.cc.o
[INFO] [stderr]   [ 38%] Building CXX object src/CMakeFiles/sentencepiece-static.dir/__/third_party/protobuf-lite/strutil.cc.o
[INFO] [stderr]   [ 39%] Building CXX object src/CMakeFiles/sentencepiece.dir/__/third_party/protobuf-lite/zero_copy_stream.cc.o
[INFO] [stderr]   [ 40%] Building CXX object src/CMakeFiles/sentencepiece-static.dir/__/third_party/protobuf-lite/time.cc.o
[INFO] [stderr]   [ 41%] Building CXX object src/CMakeFiles/sentencepiece-static.dir/__/third_party/protobuf-lite/wire_format_lite.cc.o
[INFO] [stderr]   [ 42%] Building CXX object src/CMakeFiles/sentencepiece-static.dir/__/third_party/protobuf-lite/zero_copy_stream.cc.o
[INFO] [stderr]   [ 42%] Building CXX object src/CMakeFiles/sentencepiece.dir/__/third_party/protobuf-lite/zero_copy_stream_impl_lite.cc.o
[INFO] [stderr]   [ 43%] Building CXX object src/CMakeFiles/sentencepiece.dir/builtin_pb/sentencepiece.pb.cc.o
[INFO] [stderr]   [ 44%] Building CXX object src/CMakeFiles/sentencepiece-static.dir/__/third_party/protobuf-lite/zero_copy_stream_impl_lite.cc.o
[INFO] [stderr]   [ 45%] Building CXX object src/CMakeFiles/sentencepiece-static.dir/builtin_pb/sentencepiece.pb.cc.o
[INFO] [stderr]   [ 46%] Building CXX object src/CMakeFiles/sentencepiece.dir/builtin_pb/sentencepiece_model.pb.cc.o
[INFO] [stderr]   [ 47%] Building CXX object src/CMakeFiles/sentencepiece.dir/bpe_model.cc.o
[INFO] [stderr]   [ 48%] Building CXX object src/CMakeFiles/sentencepiece-static.dir/builtin_pb/sentencepiece_model.pb.cc.o
[INFO] [stderr]   [ 49%] Building CXX object src/CMakeFiles/sentencepiece-static.dir/bpe_model.cc.o
[INFO] [stderr]   [ 50%] Building CXX object src/CMakeFiles/sentencepiece-static.dir/char_model.cc.o
[INFO] [stderr]   [ 51%] Building CXX object src/CMakeFiles/sentencepiece.dir/char_model.cc.o
[INFO] [stderr]   [ 51%] Building CXX object src/CMakeFiles/sentencepiece-static.dir/error.cc.o
[INFO] [stderr]   [ 52%] Building CXX object src/CMakeFiles/sentencepiece-static.dir/filesystem.cc.o
[INFO] [stderr]   [ 53%] Building CXX object src/CMakeFiles/sentencepiece-static.dir/flags.cc.o
[INFO] [stderr]   [ 54%] Building CXX object src/CMakeFiles/sentencepiece.dir/error.cc.o
[INFO] [stderr]   [ 55%] Building CXX object src/CMakeFiles/sentencepiece-static.dir/model_factory.cc.o
[INFO] [stderr]   [ 56%] Building CXX object src/CMakeFiles/sentencepiece.dir/filesystem.cc.o
[INFO] [stderr]   [ 57%] Building CXX object src/CMakeFiles/sentencepiece.dir/flags.cc.o
[INFO] [stderr]   [ 58%] Building CXX object src/CMakeFiles/sentencepiece.dir/model_factory.cc.o
[INFO] [stderr]   [ 59%] Building CXX object src/CMakeFiles/sentencepiece-static.dir/model_interface.cc.o
[INFO] [stderr]   [ 60%] Building CXX object src/CMakeFiles/sentencepiece-static.dir/normalizer.cc.o
[INFO] [stderr]   [ 61%] Building CXX object src/CMakeFiles/sentencepiece-static.dir/sentencepiece_processor.cc.o
[INFO] [stderr]   [ 62%] Building CXX object src/CMakeFiles/sentencepiece.dir/model_interface.cc.o
[INFO] [stderr]   [ 63%] Building CXX object src/CMakeFiles/sentencepiece-static.dir/unigram_model.cc.o
[INFO] [stderr]   [ 64%] Building CXX object src/CMakeFiles/sentencepiece.dir/normalizer.cc.o
[INFO] [stderr]   [ 64%] Building CXX object src/CMakeFiles/sentencepiece.dir/sentencepiece_processor.cc.o
[INFO] [stderr]   [ 65%] Building CXX object src/CMakeFiles/sentencepiece.dir/unigram_model.cc.o
[INFO] [stderr]   [ 66%] Building CXX object src/CMakeFiles/sentencepiece-static.dir/util.cc.o
[INFO] [stderr]   [ 67%] Building CXX object src/CMakeFiles/sentencepiece-static.dir/word_model.cc.o
[INFO] [stderr]   [ 68%] Building CXX object src/CMakeFiles/sentencepiece-static.dir/__/third_party/absl/strings/string_view.cc.o
[INFO] [stderr]   [ 69%] Building CXX object src/CMakeFiles/sentencepiece.dir/util.cc.o
[INFO] [stderr]   [ 70%] Building CXX object src/CMakeFiles/sentencepiece.dir/word_model.cc.o
[INFO] [stderr]   [ 71%] Building CXX object src/CMakeFiles/sentencepiece.dir/__/third_party/absl/strings/string_view.cc.o
[INFO] [stderr]   [ 71%] Linking CXX static library libsentencepiece.a
[INFO] [stderr]   [ 71%] Built target sentencepiece-static
[INFO] [stderr]   [ 72%] Linking CXX shared library libsentencepiece.so
[INFO] [stderr]   [ 72%] Built target sentencepiece
[INFO] [stderr] 
[INFO] [stderr]   --- stderr
[INFO] [stderr]   CMake Warning:
[INFO] [stderr]     Manually-specified variables were not used by the project:
[INFO] [stderr] 
[INFO] [stderr]       CMAKE_ASM_COMPILER
[INFO] [stderr]       CMAKE_ASM_FLAGS
[INFO] [stderr] 
[INFO] [stderr] 
[INFO] [stderr]   In file included from /opt/rustwide/cargo-home/registry/src/index.crates.io-6f17d22bba15001f/sentencepiece-sys-0.4.0/source/src/unigram_model.h:25,
[INFO] [stderr]                    from /opt/rustwide/cargo-home/registry/src/index.crates.io-6f17d22bba15001f/sentencepiece-sys-0.4.0/source/src/unigram_model.cc:27:
[INFO] [stderr]   /opt/rustwide/cargo-home/registry/src/index.crates.io-6f17d22bba15001f/sentencepiece-sys-0.4.0/source/src/freelist.h: In instantiation of 'T* sentencepiece::model::FreeList<T>::Allocate() [with T = sentencepiece::unigram::Lattice::Node]':
[INFO] [stderr]   /opt/rustwide/cargo-home/registry/src/index.crates.io-6f17d22bba15001f/sentencepiece-sys-0.4.0/source/src/unigram_model.cc:87:40:   required from here
[INFO] [stderr]   /opt/rustwide/cargo-home/registry/src/index.crates.io-6f17d22bba15001f/sentencepiece-sys-0.4.0/source/src/freelist.h:63:13: warning: 'void* memset(void*, int, size_t)' clearing an object of non-trivial type 'struct sentencepiece::unigram::Lattice::Node'; use assignment or value-initialization instead [-Wclass-memaccess]
[INFO] [stderr]      63 |       memset(chunk, 0, sizeof(*chunk) * chunk_size_);
[INFO] [stderr]         |       ~~~~~~^~~~~~~~~~~~~~~~~~~~~~~~~~~~~~~~~~~~~~~~
[INFO] [stderr]   In file included from /opt/rustwide/cargo-home/registry/src/index.crates.io-6f17d22bba15001f/sentencepiece-sys-0.4.0/source/src/unigram_model.cc:27:
[INFO] [stderr]   /opt/rustwide/cargo-home/registry/src/index.crates.io-6f17d22bba15001f/sentencepiece-sys-0.4.0/source/src/unigram_model.h:38:10: note: 'struct sentencepiece::unigram::Lattice::Node' declared here
[INFO] [stderr]      38 |   struct Node {
[INFO] [stderr]         |          ^~~~
[INFO] [stderr]   In file included from /opt/rustwide/cargo-home/registry/src/index.crates.io-6f17d22bba15001f/sentencepiece-sys-0.4.0/source/src/unigram_model.h:25,
[INFO] [stderr]                    from /opt/rustwide/cargo-home/registry/src/index.crates.io-6f17d22bba15001f/sentencepiece-sys-0.4.0/source/src/unigram_model.cc:27:
[INFO] [stderr]   /opt/rustwide/cargo-home/registry/src/index.crates.io-6f17d22bba15001f/sentencepiece-sys-0.4.0/source/src/freelist.h: In instantiation of 'void sentencepiece::model::FreeList<T>::Free() [with T = sentencepiece::unigram::Lattice::Node]':
[INFO] [stderr]   /opt/rustwide/cargo-home/registry/src/index.crates.io-6f17d22bba15001f/sentencepiece-sys-0.4.0/source/src/unigram_model.cc:97:23:   required from here
[INFO] [stderr]   /opt/rustwide/cargo-home/registry/src/index.crates.io-6f17d22bba15001f/sentencepiece-sys-0.4.0/source/src/freelist.h:40:13: warning: 'void* memset(void*, int, size_t)' clearing an object of non-trivial type 'struct sentencepiece::unigram::Lattice::Node'; use assignment or value-initialization instead [-Wclass-memaccess]
[INFO] [stderr]      40 |       memset(chunk, 0, sizeof(*chunk) * chunk_size_);
[INFO] [stderr]         |       ~~~~~~^~~~~~~~~~~~~~~~~~~~~~~~~~~~~~~~~~~~~~~~
[INFO] [stderr]   In file included from /opt/rustwide/cargo-home/registry/src/index.crates.io-6f17d22bba15001f/sentencepiece-sys-0.4.0/source/src/unigram_model.cc:27:
[INFO] [stderr]   /opt/rustwide/cargo-home/registry/src/index.crates.io-6f17d22bba15001f/sentencepiece-sys-0.4.0/source/src/unigram_model.h:38:10: note: 'struct sentencepiece::unigram::Lattice::Node' declared here
[INFO] [stderr]      38 |   struct Node {
[INFO] [stderr]         |          ^~~~
[INFO] [stderr]   c++: fatal error: Killed signal terminated program cc1plus
[INFO] [stderr]   compilation terminated.
[INFO] [stderr]   gmake[2]: *** [src/CMakeFiles/sentencepiece_train-static.dir/build.make:90: src/CMakeFiles/sentencepiece_train-static.dir/unicode_script.cc.o] Error 1
[INFO] [stderr]   gmake[1]: *** [CMakeFiles/Makefile2:210: src/CMakeFiles/sentencepiece_train-static.dir/all] Error 2
[INFO] [stderr]   gmake[1]: *** Waiting for unfinished jobs....
[INFO] [stderr]   In file included from /opt/rustwide/cargo-home/registry/src/index.crates.io-6f17d22bba15001f/sentencepiece-sys-0.4.0/source/src/unigram_model.h:25,
[INFO] [stderr]                    from /opt/rustwide/cargo-home/registry/src/index.crates.io-6f17d22bba15001f/sentencepiece-sys-0.4.0/source/src/unigram_model.cc:27:
[INFO] [stderr]   /opt/rustwide/cargo-home/registry/src/index.crates.io-6f17d22bba15001f/sentencepiece-sys-0.4.0/source/src/freelist.h: In instantiation of 'T* sentencepiece::model::FreeList<T>::Allocate() [with T = sentencepiece::unigram::Lattice::Node]':
[INFO] [stderr]   /opt/rustwide/cargo-home/registry/src/index.crates.io-6f17d22bba15001f/sentencepiece-sys-0.4.0/source/src/unigram_model.cc:87:40:   required from here
[INFO] [stderr]   /opt/rustwide/cargo-home/registry/src/index.crates.io-6f17d22bba15001f/sentencepiece-sys-0.4.0/source/src/freelist.h:63:13: warning: 'void* memset(void*, int, size_t)' clearing an object of non-trivial type 'struct sentencepiece::unigram::Lattice::Node'; use assignment or value-initialization instead [-Wclass-memaccess]
[INFO] [stderr]      63 |       memset(chunk, 0, sizeof(*chunk) * chunk_size_);
[INFO] [stderr]         |       ~~~~~~^~~~~~~~~~~~~~~~~~~~~~~~~~~~~~~~~~~~~~~~
[INFO] [stderr]   In file included from /opt/rustwide/cargo-home/registry/src/index.crates.io-6f17d22bba15001f/sentencepiece-sys-0.4.0/source/src/unigram_model.cc:27:
[INFO] [stderr]   /opt/rustwide/cargo-home/registry/src/index.crates.io-6f17d22bba15001f/sentencepiece-sys-0.4.0/source/src/unigram_model.h:38:10: note: 'struct sentencepiece::unigram::Lattice::Node' declared here
[INFO] [stderr]      38 |   struct Node {
[INFO] [stderr]         |          ^~~~
[INFO] [stderr]   In file included from /opt/rustwide/cargo-home/registry/src/index.crates.io-6f17d22bba15001f/sentencepiece-sys-0.4.0/source/src/unigram_model.h:25,
[INFO] [stderr]                    from /opt/rustwide/cargo-home/registry/src/index.crates.io-6f17d22bba15001f/sentencepiece-sys-0.4.0/source/src/unigram_model.cc:27:
[INFO] [stderr]   /opt/rustwide/cargo-home/registry/src/index.crates.io-6f17d22bba15001f/sentencepiece-sys-0.4.0/source/src/freelist.h: In instantiation of 'void sentencepiece::model::FreeList<T>::Free() [with T = sentencepiece::unigram::Lattice::Node]':
[INFO] [stderr]   /opt/rustwide/cargo-home/registry/src/index.crates.io-6f17d22bba15001f/sentencepiece-sys-0.4.0/source/src/unigram_model.cc:97:23:   required from here
[INFO] [stderr]   /opt/rustwide/cargo-home/registry/src/index.crates.io-6f17d22bba15001f/sentencepiece-sys-0.4.0/source/src/freelist.h:40:13: warning: 'void* memset(void*, int, size_t)' clearing an object of non-trivial type 'struct sentencepiece::unigram::Lattice::Node'; use assignment or value-initialization instead [-Wclass-memaccess]
[INFO] [stderr]      40 |       memset(chunk, 0, sizeof(*chunk) * chunk_size_);
[INFO] [stderr]         |       ~~~~~~^~~~~~~~~~~~~~~~~~~~~~~~~~~~~~~~~~~~~~~~
[INFO] [stderr]   In file included from /opt/rustwide/cargo-home/registry/src/index.crates.io-6f17d22bba15001f/sentencepiece-sys-0.4.0/source/src/unigram_model.cc:27:
[INFO] [stderr]   /opt/rustwide/cargo-home/registry/src/index.crates.io-6f17d22bba15001f/sentencepiece-sys-0.4.0/source/src/unigram_model.h:38:10: note: 'struct sentencepiece::unigram::Lattice::Node' declared here
[INFO] [stderr]      38 |   struct Node {
[INFO] [stderr]         |          ^~~~
[INFO] [stderr]   gmake: *** [Makefile:156: all] Error 2
[INFO] [stderr]   thread 'main' panicked at /opt/rustwide/cargo-home/registry/src/index.crates.io-6f17d22bba15001f/cmake-0.1.50/src/lib.rs:1098:5:
[INFO] [stderr] 
[INFO] [stderr]   command did not execute successfully, got: exit status: 2
[INFO] [stderr] 
[INFO] [stderr]   build script failed, must exit now
[INFO] [stderr]   stack backtrace:
[INFO] [stderr]      0:     0x5602c78da34c - std::backtrace_rs::backtrace::libunwind::trace::ha637c64ce894333a
[INFO] [stderr]                                  at /rustc/82e1608dfa6e0b5569232559e3d385fea5a93112/library/std/src/../../backtrace/src/backtrace/libunwind.rs:104:5
[INFO] [stderr]      1:     0x5602c78da34c - std::backtrace_rs::backtrace::trace_unsynchronized::h47f62dea28e0c88d
[INFO] [stderr]                                  at /rustc/82e1608dfa6e0b5569232559e3d385fea5a93112/library/std/src/../../backtrace/src/backtrace/mod.rs:66:5
[INFO] [stderr]      2:     0x5602c78da34c - std::sys_common::backtrace::_print_fmt::h9eef0abe20ede486
[INFO] [stderr]                                  at /rustc/82e1608dfa6e0b5569232559e3d385fea5a93112/library/std/src/sys_common/backtrace.rs:67:5
[INFO] [stderr]      3:     0x5602c78da34c - <std::sys_common::backtrace::_print::DisplayBacktrace as core::fmt::Display>::fmt::hed7f999df88cc644
[INFO] [stderr]                                  at /rustc/82e1608dfa6e0b5569232559e3d385fea5a93112/library/std/src/sys_common/backtrace.rs:44:22
[INFO] [stderr]      4:     0x5602c7902080 - core::fmt::rt::Argument::fmt::h1539a9308b8d058d
[INFO] [stderr]                                  at /rustc/82e1608dfa6e0b5569232559e3d385fea5a93112/library/core/src/fmt/rt.rs:142:9
[INFO] [stderr]      5:     0x5602c7902080 - core::fmt::write::h3a39390d8560d9c9
[INFO] [stderr]                                  at /rustc/82e1608dfa6e0b5569232559e3d385fea5a93112/library/core/src/fmt/mod.rs:1120:17
[INFO] [stderr]      6:     0x5602c78d741f - std::io::Write::write_fmt::h5fc9997dfe05f882
[INFO] [stderr]                                  at /rustc/82e1608dfa6e0b5569232559e3d385fea5a93112/library/std/src/io/mod.rs:1762:15
[INFO] [stderr]      7:     0x5602c78da134 - std::sys_common::backtrace::_print::h894006fb5c6f3d45
[INFO] [stderr]                                  at /rustc/82e1608dfa6e0b5569232559e3d385fea5a93112/library/std/src/sys_common/backtrace.rs:47:5
[INFO] [stderr]      8:     0x5602c78da134 - std::sys_common::backtrace::print::h23a2d212c6fff936
[INFO] [stderr]                                  at /rustc/82e1608dfa6e0b5569232559e3d385fea5a93112/library/std/src/sys_common/backtrace.rs:34:9
[INFO] [stderr]      9:     0x5602c78dbf67 - std::panicking::default_hook::{{closure}}::h8a1d2ee00185001a
[INFO] [stderr]     10:     0x5602c78dbccf - std::panicking::default_hook::h6038f2eba384e475
[INFO] [stderr]                                  at /rustc/82e1608dfa6e0b5569232559e3d385fea5a93112/library/std/src/panicking.rs:292:9
[INFO] [stderr]     11:     0x5602c78dc3e8 - std::panicking::rust_panic_with_hook::h2b5517d590cab22e
[INFO] [stderr]                                  at /rustc/82e1608dfa6e0b5569232559e3d385fea5a93112/library/std/src/panicking.rs:779:13
[INFO] [stderr]     12:     0x5602c78dc2ce - std::panicking::begin_panic_handler::{{closure}}::h233112c06e0ef43e
[INFO] [stderr]                                  at /rustc/82e1608dfa6e0b5569232559e3d385fea5a93112/library/std/src/panicking.rs:657:13
[INFO] [stderr]     13:     0x5602c78da816 - std::sys_common::backtrace::__rust_end_short_backtrace::h6e893f24d7ebbff8
[INFO] [stderr]                                  at /rustc/82e1608dfa6e0b5569232559e3d385fea5a93112/library/std/src/sys_common/backtrace.rs:170:18
[INFO] [stderr]     14:     0x5602c78dc032 - rust_begin_unwind
[INFO] [stderr]                                  at /rustc/82e1608dfa6e0b5569232559e3d385fea5a93112/library/std/src/panicking.rs:645:5
[INFO] [stderr]     15:     0x5602c7820815 - core::panicking::panic_fmt::hbf0e066aabfa482c
[INFO] [stderr]                                  at /rustc/82e1608dfa6e0b5569232559e3d385fea5a93112/library/core/src/panicking.rs:72:14
[INFO] [stderr]     16:     0x5602c7861661 - cmake::fail::h48943d4bc26ff962
[INFO] [stderr]     17:     0x5602c7860de7 - cmake::run::hb5b5c0da29ba9049
[INFO] [stderr]     18:     0x5602c785d701 - cmake::Config::build::h95129dac09be71c5
[INFO] [stderr]     19:     0x5602c7822411 - cmake::build::h8181a303241e02f8
[INFO] [stderr]     20:     0x5602c7823107 - build_script_build::build_sentencepiece::h6849a2c633145302
[INFO] [stderr]     21:     0x5602c782376e - build_script_build::main::hbe38a0a0dead78c1
[INFO] [stderr]     22:     0x5602c7821693 - core::ops::function::FnOnce::call_once::h4945d60c0d20d676
[INFO] [stderr]     23:     0x5602c78212c6 - std::sys_common::backtrace::__rust_begin_short_backtrace::hf65891735be63fc6
[INFO] [stderr]     24:     0x5602c7821409 - std::rt::lang_start::{{closure}}::hf04fdc100125b74f
[INFO] [stderr]     25:     0x5602c78d3277 - core::ops::function::impls::<impl core::ops::function::FnOnce<A> for &F>::call_once::hd95060ecd5e1ca24
[INFO] [stderr]                                  at /rustc/82e1608dfa6e0b5569232559e3d385fea5a93112/library/core/src/ops/function.rs:284:13
[INFO] [stderr]     26:     0x5602c78d3277 - std::panicking::try::do_call::h6e8cf51db32a6e4b
[INFO] [stderr]                                  at /rustc/82e1608dfa6e0b5569232559e3d385fea5a93112/library/std/src/panicking.rs:552:40
[INFO] [stderr]     27:     0x5602c78d3277 - std::panicking::try::h3a52eefe24fe3c29
[INFO] [stderr]                                  at /rustc/82e1608dfa6e0b5569232559e3d385fea5a93112/library/std/src/panicking.rs:516:19
[INFO] [stderr]     28:     0x5602c78d3277 - std::panic::catch_unwind::h24c28c23c02c3841
[INFO] [stderr]                                  at /rustc/82e1608dfa6e0b5569232559e3d385fea5a93112/library/std/src/panic.rs:142:14
[INFO] [stderr]     29:     0x5602c78d3277 - std::rt::lang_start_internal::{{closure}}::h705d3c9cbc06ef47
[INFO] [stderr]                                  at /rustc/82e1608dfa6e0b5569232559e3d385fea5a93112/library/std/src/rt.rs:148:48
[INFO] [stderr]     30:     0x5602c78d3277 - std::panicking::try::do_call::ha21f52ba13158470
[INFO] [stderr]                                  at /rustc/82e1608dfa6e0b5569232559e3d385fea5a93112/library/std/src/panicking.rs:552:40
[INFO] [stderr]     31:     0x5602c78d3277 - std::panicking::try::h5581346bf6aeb1f8
[INFO] [stderr]                                  at /rustc/82e1608dfa6e0b5569232559e3d385fea5a93112/library/std/src/panicking.rs:516:19
[INFO] [stderr]     32:     0x5602c78d3277 - std::panic::catch_unwind::h7919645a6b72e25b
[INFO] [stderr]                                  at /rustc/82e1608dfa6e0b5569232559e3d385fea5a93112/library/std/src/panic.rs:142:14
[INFO] [stderr]     33:     0x5602c78d3277 - std::rt::lang_start_internal::h12de51168669836e
[INFO] [stderr]                                  at /rustc/82e1608dfa6e0b5569232559e3d385fea5a93112/library/std/src/rt.rs:148:20
[INFO] [stderr]     34:     0x5602c78213e7 - std::rt::lang_start::h3e439b01a9b61f8f
[INFO] [stderr]     35:     0x5602c7823865 - main
[INFO] [stderr]     36:     0x7f758d4b3d90 - <unknown>
[INFO] [stderr]     37:     0x7f758d4b3e40 - __libc_start_main
[INFO] [stderr]     38:     0x5602c7821025 - _start
[INFO] [stderr]     39:                0x0 - <unknown>
[INFO] running `Command { std: "docker" "inspect" "2798806b2ff4008b870d043a17b1e7d83e7e11e948dc42deef8af0fa1cc3a315", kill_on_drop: false }`
[INFO] running `Command { std: "docker" "rm" "-f" "2798806b2ff4008b870d043a17b1e7d83e7e11e948dc42deef8af0fa1cc3a315", kill_on_drop: false }`
[INFO] [stdout] 2798806b2ff4008b870d043a17b1e7d83e7e11e948dc42deef8af0fa1cc3a315
[INFO] documenting sticker2-0.5.1 against beta-2023-12-22 for beta-1.76-rustdoc-1
[INFO] extracting crate sticker2 0.5.1 into /workspace/builds/worker-3-tc2/source
[INFO] validating manifest of crates.io crate sticker2 0.5.1 on toolchain beta-2023-12-22
[INFO] running `Command { std: CARGO_HOME="/workspace/cargo-home" RUSTUP_HOME="/workspace/rustup-home" "/workspace/cargo-home/bin/cargo" "+beta-2023-12-22" "metadata" "--manifest-path" "Cargo.toml" "--no-deps", kill_on_drop: false }`
[INFO] started tweaking crates.io crate sticker2 0.5.1
[INFO] finished tweaking crates.io crate sticker2 0.5.1
[INFO] tweaked toml for crates.io crate sticker2 0.5.1 written to /workspace/builds/worker-3-tc2/source/Cargo.toml
[INFO] running `Command { std: CARGO_HOME="/workspace/cargo-home" RUSTUP_HOME="/workspace/rustup-home" "/workspace/cargo-home/bin/cargo" "+beta-2023-12-22" "generate-lockfile" "--manifest-path" "Cargo.toml", kill_on_drop: false }`
[INFO] [stderr]     Updating crates.io index
[INFO] running `Command { std: CARGO_HOME="/workspace/cargo-home" RUSTUP_HOME="/workspace/rustup-home" "/workspace/cargo-home/bin/cargo" "+beta-2023-12-22" "fetch" "--manifest-path" "Cargo.toml", kill_on_drop: false }`
[INFO] running `Command { std: "docker" "create" "-v" "/var/lib/crater-agent-workspace/builds/worker-3-tc2/target:/opt/rustwide/target:rw,Z" "-v" "/var/lib/crater-agent-workspace/builds/worker-3-tc2/source:/opt/rustwide/workdir:ro,Z" "-v" "/var/lib/crater-agent-workspace/cargo-home:/opt/rustwide/cargo-home:ro,Z" "-v" "/var/lib/crater-agent-workspace/rustup-home:/opt/rustwide/rustup-home:ro,Z" "-e" "SOURCE_DIR=/opt/rustwide/workdir" "-e" "CARGO_TARGET_DIR=/opt/rustwide/target" "-e" "CARGO_HOME=/opt/rustwide/cargo-home" "-e" "RUSTUP_HOME=/opt/rustwide/rustup-home" "-w" "/opt/rustwide/workdir" "-m" "1610612736" "--user" "0:0" "--network" "none" "ghcr.io/rust-lang/crates-build-env/linux@sha256:2788e3201cd34a07e3172128adcd8b3090168a8e3bcc40d7c032b9dda1df7d1c" "/opt/rustwide/cargo-home/bin/cargo" "+beta-2023-12-22" "metadata" "--no-deps" "--format-version=1", kill_on_drop: false }`
[INFO] [stdout] 67944f52c2eee9cd3010345dccd7cd8c5b14c7c03b77975aa927c48c39a06dc0
[INFO] running `Command { std: "docker" "start" "-a" "67944f52c2eee9cd3010345dccd7cd8c5b14c7c03b77975aa927c48c39a06dc0", kill_on_drop: false }`
[INFO] running `Command { std: "docker" "inspect" "67944f52c2eee9cd3010345dccd7cd8c5b14c7c03b77975aa927c48c39a06dc0", kill_on_drop: false }`
[INFO] running `Command { std: "docker" "rm" "-f" "67944f52c2eee9cd3010345dccd7cd8c5b14c7c03b77975aa927c48c39a06dc0", kill_on_drop: false }`
[INFO] [stdout] 67944f52c2eee9cd3010345dccd7cd8c5b14c7c03b77975aa927c48c39a06dc0
[INFO] running `Command { std: "docker" "create" "-v" "/var/lib/crater-agent-workspace/builds/worker-3-tc2/target:/opt/rustwide/target:rw,Z" "-v" "/var/lib/crater-agent-workspace/builds/worker-3-tc2/source:/opt/rustwide/workdir:ro,Z" "-v" "/var/lib/crater-agent-workspace/cargo-home:/opt/rustwide/cargo-home:ro,Z" "-v" "/var/lib/crater-agent-workspace/rustup-home:/opt/rustwide/rustup-home:ro,Z" "-e" "SOURCE_DIR=/opt/rustwide/workdir" "-e" "CARGO_TARGET_DIR=/opt/rustwide/target" "-e" "CARGO_INCREMENTAL=0" "-e" "RUST_BACKTRACE=full" "-e" "RUSTFLAGS=--cap-lints=warn" "-e" "RUSTDOCFLAGS=--cap-lints=warn" "-e" "CARGO_HOME=/opt/rustwide/cargo-home" "-e" "RUSTUP_HOME=/opt/rustwide/rustup-home" "-w" "/opt/rustwide/workdir" "-m" "1610612736" "--user" "0:0" "--network" "none" "ghcr.io/rust-lang/crates-build-env/linux@sha256:2788e3201cd34a07e3172128adcd8b3090168a8e3bcc40d7c032b9dda1df7d1c" "/opt/rustwide/cargo-home/bin/cargo" "+beta-2023-12-22" "doc" "--frozen" "--no-deps" "--document-private-items" "--message-format=json", kill_on_drop: false }`
[INFO] [stdout] df0d2a75372f2068411eba6e3563403815caeda208c6410b42ec43a06ca80f63
[INFO] running `Command { std: "docker" "start" "-a" "df0d2a75372f2068411eba6e3563403815caeda208c6410b42ec43a06ca80f63", kill_on_drop: false }`
[INFO] [stderr]    Compiling libc v0.2.151
[INFO] [stderr]    Compiling pkg-config v0.3.28
[INFO] [stderr]    Compiling proc-macro2 v1.0.76
[INFO] [stderr]    Compiling thiserror v1.0.56
[INFO] [stderr]    Compiling adler v1.0.2
[INFO] [stderr]    Compiling getrandom v0.1.16
[INFO] [stderr]    Compiling libloading v0.6.7
[INFO] [stderr]    Compiling gimli v0.28.1
[INFO] [stderr]    Compiling crc32fast v1.3.2
[INFO] [stderr]    Compiling miniz_oxide v0.7.1
[INFO] [stderr]    Compiling object v0.32.2
[INFO] [stderr]    Compiling rustc-demangle v0.1.23
[INFO] [stderr]    Compiling curl v0.4.44
[INFO] [stderr]    Compiling quote v1.0.35
[INFO] [stderr]    Compiling syn v2.0.48
[INFO] [stderr]    Compiling syn v1.0.109
[INFO] [stderr]    Compiling hdf5-sys v0.6.1
[INFO] [stderr]    Compiling flate2 v1.0.28
[INFO] [stderr]    Compiling cc v1.0.83
[INFO] [stderr]    Compiling time v0.1.45
[INFO] [stderr]    Compiling cmake v0.1.50
[INFO] [stderr]     Checking rand_core v0.5.1
[INFO] [stderr]    Compiling socket2 v0.4.10
[INFO] [stderr]    Compiling indexmap v1.9.3
[INFO] [stderr]    Compiling num-complex v0.2.4
[INFO] [stderr]    Compiling num-integer v0.1.45
[INFO] [stderr]    Compiling addr2line v0.21.0
[INFO] [stderr]    Compiling openssl-probe v0.1.5
[INFO] [stderr]    Compiling bzip2-sys v0.1.11+1.0.8
[INFO] [stderr]    Compiling libz-sys v1.1.12
[INFO] [stderr]    Compiling openssl-sys v0.9.98
[INFO] [stderr]    Compiling curl-sys v0.4.70+curl-8.5.0
[INFO] [stderr]    Compiling backtrace v0.3.69
[INFO] [stderr]    Compiling synstructure v0.12.6
[INFO] [stderr]    Compiling byteorder v1.5.0
[INFO] [stderr]     Checking tinyvec_macros v0.1.1
[INFO] [stderr]     Checking rawpointer v0.2.1
[INFO] [stderr]    Compiling fst v0.4.7
[INFO] [stderr]    Compiling ndarray v0.13.1
[INFO] [stderr]    Compiling bzip2 v0.4.4
[INFO] [stderr]     Checking matrixmultiply v0.2.4
[INFO] [stderr]     Checking tinyvec v1.6.0
[INFO] [stderr]    Compiling caseless v0.2.1
[INFO] [stderr]     Checking scopeguard v1.2.0
[INFO] [stderr]     Checking either v1.9.0
[INFO] [stderr]     Checking smallvec v1.11.2
[INFO] [stderr]     Checking fixedbitset v0.2.0
[INFO] [stderr]    Compiling hdf5 v0.6.1
[INFO] [stderr]     Checking petgraph v0.5.1
[INFO] [stderr]     Checking parking_lot_core v0.7.3
[INFO] [stderr]    Compiling failure_derive v0.1.8
[INFO] [stderr]     Checking itertools v0.9.0
[INFO] [stderr]     Checking unicode-normalization v0.1.22
[INFO] [stderr]     Checking rand_chacha v0.2.2
[INFO] [stderr]     Checking lock_api v0.3.4
[INFO] [stderr]    Compiling failure v0.1.8
[INFO] [stderr]    Compiling sentencepiece-sys v0.4.0
[INFO] [stderr]     Checking rand_pcg v0.2.1
[INFO] [stderr]     Checking ascii v1.1.0
[INFO] [stderr]     Checking seqalign v0.2.3
[INFO] [stderr]    Compiling thiserror-impl v1.0.56
[INFO] [stderr]    Compiling serde_derive v1.0.195
[INFO] [stderr]    Compiling protobuf v2.17.0
[INFO] [stderr]     Checking rand v0.7.3
[INFO] [stderr]     Checking parking_lot v0.10.2
[INFO] [stderr]     Checking hdf5-types v0.6.1
[INFO] [stderr]    Compiling hdf5-derive v0.6.1
[INFO] [stderr]     Checking half v1.8.2
[INFO] [stderr]     Checking maplit v1.0.2
[INFO] [stderr]    Compiling sentencepiece v0.4.0
[INFO] [stderr]    Compiling num-derive v0.3.3
[INFO] [stderr]     Checking rand_xorshift v0.2.0
[INFO] [stderr]    Compiling zip v0.5.13
[INFO] [stderr]     Checking conllu v0.5.1
[INFO] [stderr]    Compiling torch-sys v0.2.1
[INFO] [stderr]     Checking ohnomore v0.2.2
[INFO] [stderr]     Checking wordpieces v0.4.1
[INFO] [stderr] error: failed to run custom build command for `torch-sys v0.2.1`
[INFO] [stderr] note: To improve backtraces for build dependencies, set the CARGO_PROFILE_DEV_BUILD_OVERRIDE_DEBUG=true environment variable to enable debug information generation.
[INFO] [stderr] 
[INFO] [stderr] Caused by:
[INFO] [stderr]   process didn't exit successfully: `/opt/rustwide/target/debug/build/torch-sys-1fb969dd621bf62c/build-script-build` (exit status: 101)
[INFO] [stderr]   --- stdout
[INFO] [stderr]   cargo:rerun-if-env-changed=TORCH_CUDA_VERSION
[INFO] [stderr]   cargo:rerun-if-env-changed=LIBTORCH
[INFO] [stderr] 
[INFO] [stderr]   --- stderr
[INFO] [stderr]   thread 'main' panicked at /opt/rustwide/cargo-home/registry/src/index.crates.io-6f17d22bba15001f/torch-sys-0.2.1/build.rs:130:48:
[INFO] [stderr]   called `Result::unwrap()` on an `Err` value: Error { description: "Couldn't resolve host name", code: 6, extra: Some("Could not resolve host: download.pytorch.org") }
[INFO] [stderr] 
[INFO] [stderr]      0: failure::backtrace::internal::InternalBacktrace::new
[INFO] [stderr]      1: failure::backtrace::Backtrace::new
[INFO] [stderr]      2: <failure::error::error_impl::ErrorImpl as core::convert::From<F>>::from
[INFO] [stderr]      3: <failure::error::Error as core::convert::From<F>>::from
[INFO] [stderr]      4: <core::result::Result<T,F> as core::ops::try_trait::FromResidual<core::result::Result<core::convert::Infallible,E>>>::from_residual
[INFO] [stderr]      5: build_script_build::download
[INFO] [stderr]      6: build_script_build::prepare_libtorch_dir
[INFO] [stderr]      7: build_script_build::main
[INFO] [stderr]      8: core::ops::function::FnOnce::call_once
[INFO] [stderr]      9: std::sys_common::backtrace::__rust_begin_short_backtrace
[INFO] [stderr]     10: std::rt::lang_start::{{closure}}
[INFO] [stderr]     11: core::ops::function::impls::<impl core::ops::function::FnOnce<A> for &F>::call_once
[INFO] [stderr]                at /rustc/0e09125c6c3c2fd70d7de961bcf0e51575235fad/library/core/src/ops/function.rs:284:13
[INFO] [stderr]         std::panicking::try::do_call
[INFO] [stderr]                at /rustc/0e09125c6c3c2fd70d7de961bcf0e51575235fad/library/std/src/panicking.rs:552:40
[INFO] [stderr]         std::panicking::try
[INFO] [stderr]                at /rustc/0e09125c6c3c2fd70d7de961bcf0e51575235fad/library/std/src/panicking.rs:516:19
[INFO] [stderr]         std::panic::catch_unwind
[INFO] [stderr]                at /rustc/0e09125c6c3c2fd70d7de961bcf0e51575235fad/library/std/src/panic.rs:142:14
[INFO] [stderr]         std::rt::lang_start_internal::{{closure}}
[INFO] [stderr]                at /rustc/0e09125c6c3c2fd70d7de961bcf0e51575235fad/library/std/src/rt.rs:148:48
[INFO] [stderr]         std::panicking::try::do_call
[INFO] [stderr]                at /rustc/0e09125c6c3c2fd70d7de961bcf0e51575235fad/library/std/src/panicking.rs:552:40
[INFO] [stderr]         std::panicking::try
[INFO] [stderr]                at /rustc/0e09125c6c3c2fd70d7de961bcf0e51575235fad/library/std/src/panicking.rs:516:19
[INFO] [stderr]         std::panic::catch_unwind
[INFO] [stderr]                at /rustc/0e09125c6c3c2fd70d7de961bcf0e51575235fad/library/std/src/panic.rs:142:14
[INFO] [stderr]         std::rt::lang_start_internal
[INFO] [stderr]                at /rustc/0e09125c6c3c2fd70d7de961bcf0e51575235fad/library/std/src/rt.rs:148:20
[INFO] [stderr]     12: std::rt::lang_start
[INFO] [stderr]     13: main
[INFO] [stderr]     14: <unknown>
[INFO] [stderr]     15: __libc_start_main
[INFO] [stderr]     16: _start
[INFO] [stderr] 
[INFO] [stderr]   stack backtrace:
[INFO] [stderr]      0:     0x55adc9c4c856 - std::backtrace_rs::backtrace::libunwind::trace::h261606ad26a499c1
[INFO] [stderr]                                  at /rustc/0e09125c6c3c2fd70d7de961bcf0e51575235fad/library/std/src/../../backtrace/src/backtrace/libunwind.rs:104:5
[INFO] [stderr]      1:     0x55adc9c4c856 - std::backtrace_rs::backtrace::trace_unsynchronized::hd183f0625477fb28
[INFO] [stderr]                                  at /rustc/0e09125c6c3c2fd70d7de961bcf0e51575235fad/library/std/src/../../backtrace/src/backtrace/mod.rs:66:5
[INFO] [stderr]      2:     0x55adc9c4c856 - std::sys_common::backtrace::_print_fmt::hd7f8fef21b4eda67
[INFO] [stderr]                                  at /rustc/0e09125c6c3c2fd70d7de961bcf0e51575235fad/library/std/src/sys_common/backtrace.rs:68:5
[INFO] [stderr]      3:     0x55adc9c4c856 - <std::sys_common::backtrace::_print::DisplayBacktrace as core::fmt::Display>::fmt::h623d9b51f2f453f1
[INFO] [stderr]                                  at /rustc/0e09125c6c3c2fd70d7de961bcf0e51575235fad/library/std/src/sys_common/backtrace.rs:44:22
[INFO] [stderr]      4:     0x55adc9c73d90 - core::fmt::rt::Argument::fmt::h9f417ac76a86f368
[INFO] [stderr]                                  at /rustc/0e09125c6c3c2fd70d7de961bcf0e51575235fad/library/core/src/fmt/rt.rs:142:9
[INFO] [stderr]      5:     0x55adc9c73d90 - core::fmt::write::hc9b6faf4ac2aeff7
[INFO] [stderr]                                  at /rustc/0e09125c6c3c2fd70d7de961bcf0e51575235fad/library/core/src/fmt/mod.rs:1120:17
[INFO] [stderr]      6:     0x55adc9c499ef - std::io::Write::write_fmt::hfead1eee52c2e65e
[INFO] [stderr]                                  at /rustc/0e09125c6c3c2fd70d7de961bcf0e51575235fad/library/std/src/io/mod.rs:1810:15
[INFO] [stderr]      7:     0x55adc9c4c634 - std::sys_common::backtrace::_print::hd5d66399c7df88a2
[INFO] [stderr]                                  at /rustc/0e09125c6c3c2fd70d7de961bcf0e51575235fad/library/std/src/sys_common/backtrace.rs:47:5
[INFO] [stderr]      8:     0x55adc9c4c634 - std::sys_common::backtrace::print::he81ed2da642d37e5
[INFO] [stderr]                                  at /rustc/0e09125c6c3c2fd70d7de961bcf0e51575235fad/library/std/src/sys_common/backtrace.rs:34:9
[INFO] [stderr]      9:     0x55adc9c4e567 - std::panicking::default_hook::{{closure}}::h85773f4fa117163d
[INFO] [stderr]     10:     0x55adc9c4e2c9 - std::panicking::default_hook::h6a1694a91d09b278
[INFO] [stderr]                                  at /rustc/0e09125c6c3c2fd70d7de961bcf0e51575235fad/library/std/src/panicking.rs:292:9
[INFO] [stderr]     11:     0x55adc9c4e9f8 - std::panicking::rust_panic_with_hook::h0a7ad96e90f7145b
[INFO] [stderr]                                  at /rustc/0e09125c6c3c2fd70d7de961bcf0e51575235fad/library/std/src/panicking.rs:779:13
[INFO] [stderr]     12:     0x55adc9c4e8d2 - std::panicking::begin_panic_handler::{{closure}}::h7919090525c6485e
[INFO] [stderr]                                  at /rustc/0e09125c6c3c2fd70d7de961bcf0e51575235fad/library/std/src/panicking.rs:657:13
[INFO] [stderr]     13:     0x55adc9c4cd56 - std::sys_common::backtrace::__rust_end_short_backtrace::hf3289479464f7dfe
[INFO] [stderr]                                  at /rustc/0e09125c6c3c2fd70d7de961bcf0e51575235fad/library/std/src/sys_common/backtrace.rs:171:18
[INFO] [stderr]     14:     0x55adc9c4e630 - rust_begin_unwind
[INFO] [stderr]                                  at /rustc/0e09125c6c3c2fd70d7de961bcf0e51575235fad/library/std/src/panicking.rs:645:5
[INFO] [stderr]     15:     0x55adc9ab7e15 - core::panicking::panic_fmt::hcc9f77c5c132af55
[INFO] [stderr]                                  at /rustc/0e09125c6c3c2fd70d7de961bcf0e51575235fad/library/core/src/panicking.rs:72:14
[INFO] [stderr]     16:     0x55adc9ab8373 - core::result::unwrap_failed::hbe14f498be1452f9
[INFO] [stderr]                                  at /rustc/0e09125c6c3c2fd70d7de961bcf0e51575235fad/library/core/src/result.rs:1649:5
[INFO] [stderr]     17:     0x55adc9aca93a - core::result::Result<T,E>::unwrap::he5a8be4d07b59b2e
[INFO] [stderr]     18:     0x55adc9ac0deb - build_script_build::prepare_libtorch_dir::hfbc2029b5ff29c4e
[INFO] [stderr]     19:     0x55adc9ac1e82 - build_script_build::main::hec06906b1382fc1f
[INFO] [stderr]     20:     0x55adc9ac6e63 - core::ops::function::FnOnce::call_once::h162ac78f7a8f8518
[INFO] [stderr]     21:     0x55adc9ac63a6 - std::sys_common::backtrace::__rust_begin_short_backtrace::hb7d26e09a90e0dab
[INFO] [stderr]     22:     0x55adc9ac6b49 - std::rt::lang_start::{{closure}}::h20ed1d802de4fe75
[INFO] [stderr]     23:     0x55adc9c45181 - core::ops::function::impls::<impl core::ops::function::FnOnce<A> for &F>::call_once::h4eb4c5e1620f29b0
[INFO] [stderr]                                  at /rustc/0e09125c6c3c2fd70d7de961bcf0e51575235fad/library/core/src/ops/function.rs:284:13
[INFO] [stderr]     24:     0x55adc9c45181 - std::panicking::try::do_call::h73fd26535faffcdf
[INFO] [stderr]                                  at /rustc/0e09125c6c3c2fd70d7de961bcf0e51575235fad/library/std/src/panicking.rs:552:40
[INFO] [stderr]     25:     0x55adc9c45181 - std::panicking::try::h77ff1d98f0fb9f39
[INFO] [stderr]                                  at /rustc/0e09125c6c3c2fd70d7de961bcf0e51575235fad/library/std/src/panicking.rs:516:19
[INFO] [stderr]     26:     0x55adc9c45181 - std::panic::catch_unwind::hab3caf2448b95e37
[INFO] [stderr]                                  at /rustc/0e09125c6c3c2fd70d7de961bcf0e51575235fad/library/std/src/panic.rs:142:14
[INFO] [stderr]     27:     0x55adc9c45181 - std::rt::lang_start_internal::{{closure}}::h8086711f9c783f78
[INFO] [stderr]                                  at /rustc/0e09125c6c3c2fd70d7de961bcf0e51575235fad/library/std/src/rt.rs:148:48
[INFO] [stderr]     28:     0x55adc9c45181 - std::panicking::try::do_call::hf920d4dc291cd6ca
[INFO] [stderr]                                  at /rustc/0e09125c6c3c2fd70d7de961bcf0e51575235fad/library/std/src/panicking.rs:552:40
[INFO] [stderr]     29:     0x55adc9c45181 - std::panicking::try::h2b806ccc0a85db74
[INFO] [stderr]                                  at /rustc/0e09125c6c3c2fd70d7de961bcf0e51575235fad/library/std/src/panicking.rs:516:19
[INFO] [stderr]     30:     0x55adc9c45181 - std::panic::catch_unwind::h038489539c507df2
[INFO] [stderr]                                  at /rustc/0e09125c6c3c2fd70d7de961bcf0e51575235fad/library/std/src/panic.rs:142:14
[INFO] [stderr]     31:     0x55adc9c45181 - std::rt::lang_start_internal::h28503b88912e8a5c
[INFO] [stderr]                                  at /rustc/0e09125c6c3c2fd70d7de961bcf0e51575235fad/library/std/src/rt.rs:148:20
[INFO] [stderr]     32:     0x55adc9ac6b27 - std::rt::lang_start::h0bc0109795c64f03
[INFO] [stderr]     33:     0x55adc9ac29b5 - main
[INFO] [stderr]     34:     0x7f86a5032d90 - <unknown>
[INFO] [stderr]     35:     0x7f86a5032e40 - __libc_start_main
[INFO] [stderr]     36:     0x55adc9ab8685 - _start
[INFO] [stderr]     37:                0x0 - <unknown>
[INFO] [stderr] warning: build failed, waiting for other jobs to finish...
[INFO] [stderr] error: failed to run custom build command for `sentencepiece-sys v0.4.0`
[INFO] [stderr] note: To improve backtraces for build dependencies, set the CARGO_PROFILE_DEV_BUILD_OVERRIDE_DEBUG=true environment variable to enable debug information generation.
[INFO] [stderr] 
[INFO] [stderr] Caused by:
[INFO] [stderr]   process didn't exit successfully: `/opt/rustwide/target/debug/build/sentencepiece-sys-cb08856813422f0f/build-script-build` (exit status: 101)
[INFO] [stderr]   --- stdout
[INFO] [stderr]   cargo:rerun-if-env-changed=SENTENCEPIECE_NO_PKG_CONFIG
[INFO] [stderr]   cargo:rerun-if-env-changed=PKG_CONFIG_x86_64-unknown-linux-gnu
[INFO] [stderr]   cargo:rerun-if-env-changed=PKG_CONFIG_x86_64_unknown_linux_gnu
[INFO] [stderr]   cargo:rerun-if-env-changed=HOST_PKG_CONFIG
[INFO] [stderr]   cargo:rerun-if-env-changed=PKG_CONFIG
[INFO] [stderr]   cargo:rerun-if-env-changed=SENTENCEPIECE_STATIC
[INFO] [stderr]   cargo:rerun-if-env-changed=SENTENCEPIECE_DYNAMIC
[INFO] [stderr]   cargo:rerun-if-env-changed=PKG_CONFIG_ALL_STATIC
[INFO] [stderr]   cargo:rerun-if-env-changed=PKG_CONFIG_ALL_DYNAMIC
[INFO] [stderr]   cargo:rerun-if-env-changed=PKG_CONFIG_PATH_x86_64-unknown-linux-gnu
[INFO] [stderr]   cargo:rerun-if-env-changed=PKG_CONFIG_PATH_x86_64_unknown_linux_gnu
[INFO] [stderr]   cargo:rerun-if-env-changed=HOST_PKG_CONFIG_PATH
[INFO] [stderr]   cargo:rerun-if-env-changed=PKG_CONFIG_PATH
[INFO] [stderr]   cargo:rerun-if-env-changed=PKG_CONFIG_LIBDIR_x86_64-unknown-linux-gnu
[INFO] [stderr]   cargo:rerun-if-env-changed=PKG_CONFIG_LIBDIR_x86_64_unknown_linux_gnu
[INFO] [stderr]   cargo:rerun-if-env-changed=HOST_PKG_CONFIG_LIBDIR
[INFO] [stderr]   cargo:rerun-if-env-changed=PKG_CONFIG_LIBDIR
[INFO] [stderr]   cargo:rerun-if-env-changed=PKG_CONFIG_SYSROOT_DIR_x86_64-unknown-linux-gnu
[INFO] [stderr]   cargo:rerun-if-env-changed=PKG_CONFIG_SYSROOT_DIR_x86_64_unknown_linux_gnu
[INFO] [stderr]   cargo:rerun-if-env-changed=HOST_PKG_CONFIG_SYSROOT_DIR
[INFO] [stderr]   cargo:rerun-if-env-changed=PKG_CONFIG_SYSROOT_DIR
[INFO] [stderr]   CMAKE_TOOLCHAIN_FILE_x86_64-unknown-linux-gnu = None
[INFO] [stderr]   CMAKE_TOOLCHAIN_FILE_x86_64_unknown_linux_gnu = None
[INFO] [stderr]   HOST_CMAKE_TOOLCHAIN_FILE = None
[INFO] [stderr]   CMAKE_TOOLCHAIN_FILE = None
[INFO] [stderr]   CMAKE_GENERATOR_x86_64-unknown-linux-gnu = None
[INFO] [stderr]   CMAKE_GENERATOR_x86_64_unknown_linux_gnu = None
[INFO] [stderr]   HOST_CMAKE_GENERATOR = None
[INFO] [stderr]   CMAKE_GENERATOR = None
[INFO] [stderr]   CMAKE_PREFIX_PATH_x86_64-unknown-linux-gnu = None
[INFO] [stderr]   CMAKE_PREFIX_PATH_x86_64_unknown_linux_gnu = None
[INFO] [stderr]   HOST_CMAKE_PREFIX_PATH = None
[INFO] [stderr]   CMAKE_PREFIX_PATH = None
[INFO] [stderr]   CMAKE_x86_64-unknown-linux-gnu = None
[INFO] [stderr]   CMAKE_x86_64_unknown_linux_gnu = None
[INFO] [stderr]   HOST_CMAKE = None
[INFO] [stderr]   CMAKE = None
[INFO] [stderr]   running: cd "/opt/rustwide/target/debug/build/sentencepiece-sys-541e2dc981291ae1/out/build" && CMAKE_PREFIX_PATH="" "cmake" "/opt/rustwide/cargo-home/registry/src/index.crates.io-6f17d22bba15001f/sentencepiece-sys-0.4.0/source" "-DCMAKE_INSTALL_PREFIX=/opt/rustwide/target/debug/build/sentencepiece-sys-541e2dc981291ae1/out" "-DCMAKE_C_FLAGS= -ffunction-sections -fdata-sections -fPIC -m64" "-DCMAKE_C_COMPILER=/usr/bin/cc" "-DCMAKE_CXX_FLAGS= -ffunction-sections -fdata-sections -fPIC -m64" "-DCMAKE_CXX_COMPILER=/usr/bin/c++" "-DCMAKE_ASM_FLAGS= -ffunction-sections -fdata-sections -fPIC -m64" "-DCMAKE_ASM_COMPILER=/usr/bin/cc" "-DCMAKE_BUILD_TYPE=Debug"
[INFO] [stderr]   -- VERSION: 0.1.91
[INFO] [stderr]   -- The C compiler identification is GNU 11.4.0
[INFO] [stderr]   -- The CXX compiler identification is GNU 11.4.0
[INFO] [stderr]   -- Detecting C compiler ABI info
[INFO] [stderr]   -- Detecting C compiler ABI info - done
[INFO] [stderr]   -- Check for working C compiler: /usr/bin/cc - skipped
[INFO] [stderr]   -- Detecting C compile features
[INFO] [stderr]   -- Detecting C compile features - done
[INFO] [stderr]   -- Detecting CXX compiler ABI info
[INFO] [stderr]   -- Detecting CXX compiler ABI info - done
[INFO] [stderr]   -- Check for working CXX compiler: /usr/bin/c++ - skipped
[INFO] [stderr]   -- Detecting CXX compile features
[INFO] [stderr]   -- Detecting CXX compile features - done
[INFO] [stderr]   -- Looking for pthread.h
[INFO] [stderr]   -- Looking for pthread.h - found
[INFO] [stderr]   -- Performing Test CMAKE_HAVE_LIBC_PTHREAD
[INFO] [stderr]   -- Performing Test CMAKE_HAVE_LIBC_PTHREAD - Success
[INFO] [stderr]   -- Found Threads: TRUE  
[INFO] [stderr]   -- Not Found TCMalloc: TCMALLOC_LIB-NOTFOUND
[INFO] [stderr]   -- Configuring done
[INFO] [stderr]   -- Generating done
[INFO] [stderr]   -- Build files have been written to: /opt/rustwide/target/debug/build/sentencepiece-sys-541e2dc981291ae1/out/build
[INFO] [stderr]   running: cd "/opt/rustwide/target/debug/build/sentencepiece-sys-541e2dc981291ae1/out/build" && MAKEFLAGS="-j --jobserver-fds=7,8 --jobserver-auth=7,8" "cmake" "--build" "." "--target" "install" "--config" "Debug"
[INFO] [stderr]   [  1%] Building CXX object src/CMakeFiles/sentencepiece.dir/__/third_party/protobuf-lite/arena.cc.o
[INFO] [stderr]   [  1%] Building CXX object src/CMakeFiles/sentencepiece-static.dir/__/third_party/protobuf-lite/arena.cc.o
[INFO] [stderr]   [  2%] Building CXX object src/CMakeFiles/sentencepiece.dir/__/third_party/protobuf-lite/arenastring.cc.o
[INFO] [stderr]   [  3%] Building CXX object src/CMakeFiles/sentencepiece.dir/__/third_party/protobuf-lite/bytestream.cc.o
[INFO] [stderr]   [  4%] Building CXX object src/CMakeFiles/sentencepiece.dir/__/third_party/protobuf-lite/coded_stream.cc.o
[INFO] [stderr]   [  5%] Building CXX object src/CMakeFiles/sentencepiece-static.dir/__/third_party/protobuf-lite/arenastring.cc.o
[INFO] [stderr]   [  6%] Building CXX object src/CMakeFiles/sentencepiece.dir/__/third_party/protobuf-lite/common.cc.o
[INFO] [stderr]   [  7%] Building CXX object src/CMakeFiles/sentencepiece-static.dir/__/third_party/protobuf-lite/bytestream.cc.o
[INFO] [stderr]   [  8%] Building CXX object src/CMakeFiles/sentencepiece-static.dir/__/third_party/protobuf-lite/coded_stream.cc.o
[INFO] [stderr]   [  9%] Building CXX object src/CMakeFiles/sentencepiece-static.dir/__/third_party/protobuf-lite/common.cc.o
[INFO] [stderr]   [ 10%] Building CXX object src/CMakeFiles/sentencepiece.dir/__/third_party/protobuf-lite/extension_set.cc.o
[INFO] [stderr]   [ 11%] Building CXX object src/CMakeFiles/sentencepiece.dir/__/third_party/protobuf-lite/generated_message_table_driven_lite.cc.o
[INFO] [stderr]   [ 11%] Building CXX object src/CMakeFiles/sentencepiece-static.dir/__/third_party/protobuf-lite/extension_set.cc.o
[INFO] [stderr]   [ 12%] Building CXX object src/CMakeFiles/sentencepiece-static.dir/__/third_party/protobuf-lite/generated_message_table_driven_lite.cc.o
[INFO] [stderr]   [ 13%] Building CXX object src/CMakeFiles/sentencepiece.dir/__/third_party/protobuf-lite/generated_message_util.cc.o
[INFO] [stderr]   [ 14%] Building CXX object src/CMakeFiles/sentencepiece.dir/__/third_party/protobuf-lite/implicit_weak_message.cc.o
[INFO] [stderr]   [ 15%] Building CXX object src/CMakeFiles/sentencepiece-static.dir/__/third_party/protobuf-lite/generated_message_util.cc.o
[INFO] [stderr]   [ 16%] Building CXX object src/CMakeFiles/sentencepiece-static.dir/__/third_party/protobuf-lite/implicit_weak_message.cc.o
[INFO] [stderr]   [ 17%] Building CXX object src/CMakeFiles/sentencepiece.dir/__/third_party/protobuf-lite/int128.cc.o
[INFO] [stderr]   [ 18%] Building CXX object src/CMakeFiles/sentencepiece-static.dir/__/third_party/protobuf-lite/int128.cc.o
[INFO] [stderr]   [ 19%] Building CXX object src/CMakeFiles/sentencepiece.dir/__/third_party/protobuf-lite/io_win32.cc.o
[INFO] [stderr]   [ 19%] Building CXX object src/CMakeFiles/sentencepiece.dir/__/third_party/protobuf-lite/message_lite.cc.o
[INFO] [stderr]   [ 20%] Building CXX object src/CMakeFiles/sentencepiece.dir/__/third_party/protobuf-lite/repeated_field.cc.o
[INFO] [stderr]   [ 21%] Building CXX object src/CMakeFiles/sentencepiece-static.dir/__/third_party/protobuf-lite/io_win32.cc.o
[INFO] [stderr]   [ 22%] Building CXX object src/CMakeFiles/sentencepiece-static.dir/__/third_party/protobuf-lite/message_lite.cc.o
[INFO] [stderr]   [ 23%] Building CXX object src/CMakeFiles/sentencepiece-static.dir/__/third_party/protobuf-lite/repeated_field.cc.o
[INFO] [stderr]   [ 24%] Building CXX object src/CMakeFiles/sentencepiece.dir/__/third_party/protobuf-lite/status.cc.o
[INFO] [stderr]   [ 25%] Building CXX object src/CMakeFiles/sentencepiece.dir/__/third_party/protobuf-lite/statusor.cc.o
[INFO] [stderr]   [ 26%] Building CXX object src/CMakeFiles/sentencepiece-static.dir/__/third_party/protobuf-lite/status.cc.o
[INFO] [stderr]   [ 27%] Building CXX object src/CMakeFiles/sentencepiece.dir/__/third_party/protobuf-lite/stringpiece.cc.o
[INFO] [stderr]   [ 28%] Building CXX object src/CMakeFiles/sentencepiece-static.dir/__/third_party/protobuf-lite/statusor.cc.o
[INFO] [stderr]   [ 29%] Building CXX object src/CMakeFiles/sentencepiece-static.dir/__/third_party/protobuf-lite/stringpiece.cc.o
[INFO] [stderr]   [ 29%] Building CXX object src/CMakeFiles/sentencepiece-static.dir/__/third_party/protobuf-lite/stringprintf.cc.o
[INFO] [stderr]   [ 30%] Building CXX object src/CMakeFiles/sentencepiece.dir/__/third_party/protobuf-lite/stringprintf.cc.o
[INFO] [stderr]   [ 31%] Building CXX object src/CMakeFiles/sentencepiece-static.dir/__/third_party/protobuf-lite/structurally_valid.cc.o
[INFO] [stderr]   [ 32%] Building CXX object src/CMakeFiles/sentencepiece.dir/__/third_party/protobuf-lite/structurally_valid.cc.o
[INFO] [stderr]   [ 33%] Building CXX object src/CMakeFiles/sentencepiece-static.dir/__/third_party/protobuf-lite/strutil.cc.o
[INFO] [stderr]   [ 34%] Building CXX object src/CMakeFiles/sentencepiece.dir/__/third_party/protobuf-lite/strutil.cc.o
[INFO] [stderr]   [ 35%] Building CXX object src/CMakeFiles/sentencepiece-static.dir/__/third_party/protobuf-lite/time.cc.o
[INFO] [stderr]   [ 36%] Building CXX object src/CMakeFiles/sentencepiece.dir/__/third_party/protobuf-lite/time.cc.o
[INFO] [stderr]   [ 37%] Building CXX object src/CMakeFiles/sentencepiece-static.dir/__/third_party/protobuf-lite/wire_format_lite.cc.o
[INFO] [stderr]   [ 38%] Building CXX object src/CMakeFiles/sentencepiece-static.dir/__/third_party/protobuf-lite/zero_copy_stream.cc.o
[INFO] [stderr]   [ 39%] Building CXX object src/CMakeFiles/sentencepiece-static.dir/__/third_party/protobuf-lite/zero_copy_stream_impl_lite.cc.o
[INFO] [stderr]   [ 40%] Building CXX object src/CMakeFiles/sentencepiece.dir/__/third_party/protobuf-lite/wire_format_lite.cc.o
[INFO] [stderr]   [ 41%] Building CXX object src/CMakeFiles/sentencepiece-static.dir/builtin_pb/sentencepiece.pb.cc.o
[INFO] [stderr]   [ 42%] Building CXX object src/CMakeFiles/sentencepiece-static.dir/builtin_pb/sentencepiece_model.pb.cc.o
[INFO] [stderr]   [ 43%] Building CXX object src/CMakeFiles/sentencepiece.dir/__/third_party/protobuf-lite/zero_copy_stream.cc.o
[INFO] [stderr]   [ 44%] Building CXX object src/CMakeFiles/sentencepiece-static.dir/bpe_model.cc.o
[INFO] [stderr]   [ 44%] Building CXX object src/CMakeFiles/sentencepiece.dir/__/third_party/protobuf-lite/zero_copy_stream_impl_lite.cc.o
[INFO] [stderr]   [ 45%] Building CXX object src/CMakeFiles/sentencepiece-static.dir/char_model.cc.o
[INFO] [stderr]   [ 46%] Building CXX object src/CMakeFiles/sentencepiece.dir/builtin_pb/sentencepiece.pb.cc.o
[INFO] [stderr]   [ 46%] Building CXX object src/CMakeFiles/sentencepiece-static.dir/error.cc.o
[INFO] [stderr]   [ 47%] Building CXX object src/CMakeFiles/sentencepiece.dir/builtin_pb/sentencepiece_model.pb.cc.o
[INFO] [stderr]   [ 48%] Building CXX object src/CMakeFiles/sentencepiece.dir/bpe_model.cc.o
[INFO] [stderr]   [ 49%] Building CXX object src/CMakeFiles/sentencepiece-static.dir/filesystem.cc.o
[INFO] [stderr]   [ 50%] Building CXX object src/CMakeFiles/sentencepiece-static.dir/flags.cc.o
[INFO] [stderr]   [ 51%] Building CXX object src/CMakeFiles/sentencepiece-static.dir/model_factory.cc.o
[INFO] [stderr]   [ 52%] Building CXX object src/CMakeFiles/sentencepiece-static.dir/model_interface.cc.o
[INFO] [stderr]   [ 53%] Building CXX object src/CMakeFiles/sentencepiece.dir/char_model.cc.o
[INFO] [stderr]   [ 54%] Building CXX object src/CMakeFiles/sentencepiece-static.dir/normalizer.cc.o
[INFO] [stderr]   [ 55%] Building CXX object src/CMakeFiles/sentencepiece-static.dir/sentencepiece_processor.cc.o
[INFO] [stderr]   [ 56%] Building CXX object src/CMakeFiles/sentencepiece-static.dir/unigram_model.cc.o
[INFO] [stderr]   [ 57%] Building CXX object src/CMakeFiles/sentencepiece.dir/error.cc.o
[INFO] [stderr]   [ 58%] Building CXX object src/CMakeFiles/sentencepiece-static.dir/util.cc.o
[INFO] [stderr]   [ 59%] Building CXX object src/CMakeFiles/sentencepiece.dir/filesystem.cc.o
[INFO] [stderr]   [ 60%] Building CXX object src/CMakeFiles/sentencepiece.dir/flags.cc.o
[INFO] [stderr]   [ 61%] Building CXX object src/CMakeFiles/sentencepiece.dir/model_factory.cc.o
[INFO] [stderr]   [ 62%] Building CXX object src/CMakeFiles/sentencepiece-static.dir/word_model.cc.o
[INFO] [stderr]   [ 63%] Building CXX object src/CMakeFiles/sentencepiece-static.dir/__/third_party/absl/strings/string_view.cc.o
[INFO] [stderr]   [ 64%] Building CXX object src/CMakeFiles/sentencepiece.dir/model_interface.cc.o
[INFO] [stderr]   [ 65%] Building CXX object src/CMakeFiles/sentencepiece.dir/normalizer.cc.o
[INFO] [stderr]   [ 65%] Building CXX object src/CMakeFiles/sentencepiece.dir/sentencepiece_processor.cc.o
[INFO] [stderr]   [ 66%] Building CXX object src/CMakeFiles/sentencepiece.dir/unigram_model.cc.o
[INFO] [stderr]   [ 67%] Building CXX object src/CMakeFiles/sentencepiece.dir/util.cc.o
[INFO] [stderr]   [ 68%] Building CXX object src/CMakeFiles/sentencepiece.dir/word_model.cc.o
[INFO] [stderr]   [ 69%] Building CXX object src/CMakeFiles/sentencepiece.dir/__/third_party/absl/strings/string_view.cc.o
[INFO] [stderr]   [ 70%] Building CXX object src/CMakeFiles/sentencepiece_train-static.dir/builder.cc.o
[INFO] [stderr]   [ 71%] Building CXX object src/CMakeFiles/sentencepiece_train-static.dir/unicode_script.cc.o
[INFO] [stderr]   [ 72%] Building CXX object src/CMakeFiles/sentencepiece_train-static.dir/trainer_factory.cc.o
[INFO] [stderr]   [ 73%] Building CXX object src/CMakeFiles/sentencepiece_train-static.dir/trainer_interface.cc.o
[INFO] [stderr]   [ 74%] Building CXX object src/CMakeFiles/sentencepiece_train-static.dir/unigram_model_trainer.cc.o
[INFO] [stderr]   [ 75%] Building CXX object src/CMakeFiles/sentencepiece_train-static.dir/word_model_trainer.cc.o
[INFO] [stderr]   [ 76%] Building CXX object src/CMakeFiles/sentencepiece_train-static.dir/char_model_trainer.cc.o
[INFO] [stderr]   [ 77%] Building CXX object src/CMakeFiles/sentencepiece_train-static.dir/bpe_model_trainer.cc.o
[INFO] [stderr]   [ 78%] Building CXX object src/CMakeFiles/sentencepiece_train-static.dir/sentencepiece_trainer.cc.o
[INFO] [stderr] 
[INFO] [stderr]   --- stderr
[INFO] [stderr]   CMake Warning:
[INFO] [stderr]     Manually-specified variables were not used by the project:
[INFO] [stderr] 
[INFO] [stderr]       CMAKE_ASM_COMPILER
[INFO] [stderr]       CMAKE_ASM_FLAGS
[INFO] [stderr] 
[INFO] [stderr] 
[INFO] [stderr]   In file included from /opt/rustwide/cargo-home/registry/src/index.crates.io-6f17d22bba15001f/sentencepiece-sys-0.4.0/source/src/unigram_model.h:25,
[INFO] [stderr]                    from /opt/rustwide/cargo-home/registry/src/index.crates.io-6f17d22bba15001f/sentencepiece-sys-0.4.0/source/src/unigram_model.cc:27:
[INFO] [stderr]   /opt/rustwide/cargo-home/registry/src/index.crates.io-6f17d22bba15001f/sentencepiece-sys-0.4.0/source/src/freelist.h: In instantiation of 'T* sentencepiece::model::FreeList<T>::Allocate() [with T = sentencepiece::unigram::Lattice::Node]':
[INFO] [stderr]   /opt/rustwide/cargo-home/registry/src/index.crates.io-6f17d22bba15001f/sentencepiece-sys-0.4.0/source/src/unigram_model.cc:87:40:   required from here
[INFO] [stderr]   /opt/rustwide/cargo-home/registry/src/index.crates.io-6f17d22bba15001f/sentencepiece-sys-0.4.0/source/src/freelist.h:63:13: warning: 'void* memset(void*, int, size_t)' clearing an object of non-trivial type 'struct sentencepiece::unigram::Lattice::Node'; use assignment or value-initialization instead [-Wclass-memaccess]
[INFO] [stderr]      63 |       memset(chunk, 0, sizeof(*chunk) * chunk_size_);
[INFO] [stderr]         |       ~~~~~~^~~~~~~~~~~~~~~~~~~~~~~~~~~~~~~~~~~~~~~~
[INFO] [stderr]   In file included from /opt/rustwide/cargo-home/registry/src/index.crates.io-6f17d22bba15001f/sentencepiece-sys-0.4.0/source/src/unigram_model.cc:27:
[INFO] [stderr]   /opt/rustwide/cargo-home/registry/src/index.crates.io-6f17d22bba15001f/sentencepiece-sys-0.4.0/source/src/unigram_model.h:38:10: note: 'struct sentencepiece::unigram::Lattice::Node' declared here
[INFO] [stderr]      38 |   struct Node {
[INFO] [stderr]         |          ^~~~
[INFO] [stderr]   In file included from /opt/rustwide/cargo-home/registry/src/index.crates.io-6f17d22bba15001f/sentencepiece-sys-0.4.0/source/src/unigram_model.h:25,
[INFO] [stderr]                    from /opt/rustwide/cargo-home/registry/src/index.crates.io-6f17d22bba15001f/sentencepiece-sys-0.4.0/source/src/unigram_model.cc:27:
[INFO] [stderr]   /opt/rustwide/cargo-home/registry/src/index.crates.io-6f17d22bba15001f/sentencepiece-sys-0.4.0/source/src/freelist.h: In instantiation of 'void sentencepiece::model::FreeList<T>::Free() [with T = sentencepiece::unigram::Lattice::Node]':
[INFO] [stderr]   /opt/rustwide/cargo-home/registry/src/index.crates.io-6f17d22bba15001f/sentencepiece-sys-0.4.0/source/src/unigram_model.cc:97:23:   required from here
[INFO] [stderr]   /opt/rustwide/cargo-home/registry/src/index.crates.io-6f17d22bba15001f/sentencepiece-sys-0.4.0/source/src/freelist.h:40:13: warning: 'void* memset(void*, int, size_t)' clearing an object of non-trivial type 'struct sentencepiece::unigram::Lattice::Node'; use assignment or value-initialization instead [-Wclass-memaccess]
[INFO] [stderr]      40 |       memset(chunk, 0, sizeof(*chunk) * chunk_size_);
[INFO] [stderr]         |       ~~~~~~^~~~~~~~~~~~~~~~~~~~~~~~~~~~~~~~~~~~~~~~
[INFO] [stderr]   In file included from /opt/rustwide/cargo-home/registry/src/index.crates.io-6f17d22bba15001f/sentencepiece-sys-0.4.0/source/src/unigram_model.cc:27:
[INFO] [stderr]   /opt/rustwide/cargo-home/registry/src/index.crates.io-6f17d22bba15001f/sentencepiece-sys-0.4.0/source/src/unigram_model.h:38:10: note: 'struct sentencepiece::unigram::Lattice::Node' declared here
[INFO] [stderr]      38 |   struct Node {
[INFO] [stderr]         |          ^~~~
[INFO] [stderr]   c++: fatal error: Killed signal terminated program cc1plus
[INFO] [stderr]   compilation terminated.
[INFO] [stderr]   gmake[2]: *** [src/CMakeFiles/sentencepiece-static.dir/build.make:538: src/CMakeFiles/sentencepiece-static.dir/sentencepiece_processor.cc.o] Error 1
[INFO] [stderr]   gmake[2]: *** Waiting for unfinished jobs....
[INFO] [stderr]   In file included from /opt/rustwide/cargo-home/registry/src/index.crates.io-6f17d22bba15001f/sentencepiece-sys-0.4.0/source/src/unigram_model.h:25,
[INFO] [stderr]                    from /opt/rustwide/cargo-home/registry/src/index.crates.io-6f17d22bba15001f/sentencepiece-sys-0.4.0/source/src/unigram_model.cc:27:
[INFO] [stderr]   /opt/rustwide/cargo-home/registry/src/index.crates.io-6f17d22bba15001f/sentencepiece-sys-0.4.0/source/src/freelist.h: In instantiation of 'T* sentencepiece::model::FreeList<T>::Allocate() [with T = sentencepiece::unigram::Lattice::Node]':
[INFO] [stderr]   /opt/rustwide/cargo-home/registry/src/index.crates.io-6f17d22bba15001f/sentencepiece-sys-0.4.0/source/src/unigram_model.cc:87:40:   required from here
[INFO] [stderr]   /opt/rustwide/cargo-home/registry/src/index.crates.io-6f17d22bba15001f/sentencepiece-sys-0.4.0/source/src/freelist.h:63:13: warning: 'void* memset(void*, int, size_t)' clearing an object of non-trivial type 'struct sentencepiece::unigram::Lattice::Node'; use assignment or value-initialization instead [-Wclass-memaccess]
[INFO] [stderr]      63 |       memset(chunk, 0, sizeof(*chunk) * chunk_size_);
[INFO] [stderr]         |       ~~~~~~^~~~~~~~~~~~~~~~~~~~~~~~~~~~~~~~~~~~~~~~
[INFO] [stderr]   In file included from /opt/rustwide/cargo-home/registry/src/index.crates.io-6f17d22bba15001f/sentencepiece-sys-0.4.0/source/src/unigram_model.cc:27:
[INFO] [stderr]   /opt/rustwide/cargo-home/registry/src/index.crates.io-6f17d22bba15001f/sentencepiece-sys-0.4.0/source/src/unigram_model.h:38:10: note: 'struct sentencepiece::unigram::Lattice::Node' declared here
[INFO] [stderr]      38 |   struct Node {
[INFO] [stderr]         |          ^~~~
[INFO] [stderr]   In file included from /opt/rustwide/cargo-home/registry/src/index.crates.io-6f17d22bba15001f/sentencepiece-sys-0.4.0/source/src/unigram_model.h:25,
[INFO] [stderr]                    from /opt/rustwide/cargo-home/registry/src/index.crates.io-6f17d22bba15001f/sentencepiece-sys-0.4.0/source/src/unigram_model.cc:27:
[INFO] [stderr]   /opt/rustwide/cargo-home/registry/src/index.crates.io-6f17d22bba15001f/sentencepiece-sys-0.4.0/source/src/freelist.h: In instantiation of 'void sentencepiece::model::FreeList<T>::Free() [with T = sentencepiece::unigram::Lattice::Node]':
[INFO] [stderr]   /opt/rustwide/cargo-home/registry/src/index.crates.io-6f17d22bba15001f/sentencepiece-sys-0.4.0/source/src/unigram_model.cc:97:23:   required from here
[INFO] [stderr]   /opt/rustwide/cargo-home/registry/src/index.crates.io-6f17d22bba15001f/sentencepiece-sys-0.4.0/source/src/freelist.h:40:13: warning: 'void* memset(void*, int, size_t)' clearing an object of non-trivial type 'struct sentencepiece::unigram::Lattice::Node'; use assignment or value-initialization instead [-Wclass-memaccess]
[INFO] [stderr]      40 |       memset(chunk, 0, sizeof(*chunk) * chunk_size_);
[INFO] [stderr]         |       ~~~~~~^~~~~~~~~~~~~~~~~~~~~~~~~~~~~~~~~~~~~~~~
[INFO] [stderr]   In file included from /opt/rustwide/cargo-home/registry/src/index.crates.io-6f17d22bba15001f/sentencepiece-sys-0.4.0/source/src/unigram_model.cc:27:
[INFO] [stderr]   /opt/rustwide/cargo-home/registry/src/index.crates.io-6f17d22bba15001f/sentencepiece-sys-0.4.0/source/src/unigram_model.h:38:10: note: 'struct sentencepiece::unigram::Lattice::Node' declared here
[INFO] [stderr]      38 |   struct Node {
[INFO] [stderr]         |          ^~~~
[INFO] [stderr]   gmake[1]: *** [CMakeFiles/Makefile2:184: src/CMakeFiles/sentencepiece-static.dir/all] Error 2
[INFO] [stderr]   gmake[1]: *** Waiting for unfinished jobs....
[INFO] [stderr]   c++: fatal error: Killed signal terminated program cc1plus
[INFO] [stderr]   compilation terminated.
[INFO] [stderr]   gmake[2]: *** [src/CMakeFiles/sentencepiece.dir/build.make:538: src/CMakeFiles/sentencepiece.dir/sentencepiece_processor.cc.o] Error 1
[INFO] [stderr]   gmake[2]: *** Waiting for unfinished jobs....
[INFO] [stderr]   c++: fatal error: Killed signal terminated program cc1plus
[INFO] [stderr]   compilation terminated.
[INFO] [stderr]   gmake[2]: *** [src/CMakeFiles/sentencepiece.dir/build.make:552: src/CMakeFiles/sentencepiece.dir/unigram_model.cc.o] Error 1
[INFO] [stderr]   gmake[1]: *** [CMakeFiles/Makefile2:132: src/CMakeFiles/sentencepiece.dir/all] Error 2
[INFO] [stderr]   c++: fatal error: Killed signal terminated program cc1plus
[INFO] [stderr]   compilation terminated.
[INFO] [stderr]   gmake[2]: *** [src/CMakeFiles/sentencepiece_train-static.dir/build.make:118: src/CMakeFiles/sentencepiece_train-static.dir/trainer_interface.cc.o] Error 1
[INFO] [stderr]   gmake[2]: *** Waiting for unfinished jobs....
[INFO] [stderr]   c++: fatal error: Killed signal terminated program cc1plus
[INFO] [stderr]   compilation terminated.
[INFO] [stderr]   gmake[2]: *** [src/CMakeFiles/sentencepiece_train-static.dir/build.make:132: src/CMakeFiles/sentencepiece_train-static.dir/unigram_model_trainer.cc.o] Error 1
[INFO] [stderr]   gmake[1]: *** [CMakeFiles/Makefile2:210: src/CMakeFiles/sentencepiece_train-static.dir/all] Error 2
[INFO] [stderr]   gmake: *** [Makefile:156: all] Error 2
[INFO] [stderr]   thread 'main' panicked at /opt/rustwide/cargo-home/registry/src/index.crates.io-6f17d22bba15001f/cmake-0.1.50/src/lib.rs:1098:5:
[INFO] [stderr] 
[INFO] [stderr]   command did not execute successfully, got: exit status: 2
[INFO] [stderr] 
[INFO] [stderr]   build script failed, must exit now
[INFO] [stderr]   stack backtrace:
[INFO] [stderr]      0:     0x560586dbbbb6 - std::backtrace_rs::backtrace::libunwind::trace::h261606ad26a499c1
[INFO] [stderr]                                  at /rustc/0e09125c6c3c2fd70d7de961bcf0e51575235fad/library/std/src/../../backtrace/src/backtrace/libunwind.rs:104:5
[INFO] [stderr]      1:     0x560586dbbbb6 - std::backtrace_rs::backtrace::trace_unsynchronized::hd183f0625477fb28
[INFO] [stderr]                                  at /rustc/0e09125c6c3c2fd70d7de961bcf0e51575235fad/library/std/src/../../backtrace/src/backtrace/mod.rs:66:5
[INFO] [stderr]      2:     0x560586dbbbb6 - std::sys_common::backtrace::_print_fmt::hd7f8fef21b4eda67
[INFO] [stderr]                                  at /rustc/0e09125c6c3c2fd70d7de961bcf0e51575235fad/library/std/src/sys_common/backtrace.rs:68:5
[INFO] [stderr]      3:     0x560586dbbbb6 - <std::sys_common::backtrace::_print::DisplayBacktrace as core::fmt::Display>::fmt::h623d9b51f2f453f1
[INFO] [stderr]                                  at /rustc/0e09125c6c3c2fd70d7de961bcf0e51575235fad/library/std/src/sys_common/backtrace.rs:44:22
[INFO] [stderr]      4:     0x560586de2d00 - core::fmt::rt::Argument::fmt::h9f417ac76a86f368
[INFO] [stderr]                                  at /rustc/0e09125c6c3c2fd70d7de961bcf0e51575235fad/library/core/src/fmt/rt.rs:142:9
[INFO] [stderr]      5:     0x560586de2d00 - core::fmt::write::hc9b6faf4ac2aeff7
[INFO] [stderr]                                  at /rustc/0e09125c6c3c2fd70d7de961bcf0e51575235fad/library/core/src/fmt/mod.rs:1120:17
[INFO] [stderr]      6:     0x560586db8d6f - std::io::Write::write_fmt::hfead1eee52c2e65e
[INFO] [stderr]                                  at /rustc/0e09125c6c3c2fd70d7de961bcf0e51575235fad/library/std/src/io/mod.rs:1810:15
[INFO] [stderr]      7:     0x560586dbb994 - std::sys_common::backtrace::_print::hd5d66399c7df88a2
[INFO] [stderr]                                  at /rustc/0e09125c6c3c2fd70d7de961bcf0e51575235fad/library/std/src/sys_common/backtrace.rs:47:5
[INFO] [stderr]      8:     0x560586dbb994 - std::sys_common::backtrace::print::he81ed2da642d37e5
[INFO] [stderr]                                  at /rustc/0e09125c6c3c2fd70d7de961bcf0e51575235fad/library/std/src/sys_common/backtrace.rs:34:9
[INFO] [stderr]      9:     0x560586dbd8c7 - std::panicking::default_hook::{{closure}}::h85773f4fa117163d
[INFO] [stderr]     10:     0x560586dbd629 - std::panicking::default_hook::h6a1694a91d09b278
[INFO] [stderr]                                  at /rustc/0e09125c6c3c2fd70d7de961bcf0e51575235fad/library/std/src/panicking.rs:292:9
[INFO] [stderr]     11:     0x560586dbdd58 - std::panicking::rust_panic_with_hook::h0a7ad96e90f7145b
[INFO] [stderr]                                  at /rustc/0e09125c6c3c2fd70d7de961bcf0e51575235fad/library/std/src/panicking.rs:779:13
[INFO] [stderr]     12:     0x560586dbdc32 - std::panicking::begin_panic_handler::{{closure}}::h7919090525c6485e
[INFO] [stderr]                                  at /rustc/0e09125c6c3c2fd70d7de961bcf0e51575235fad/library/std/src/panicking.rs:657:13
[INFO] [stderr]     13:     0x560586dbc0b6 - std::sys_common::backtrace::__rust_end_short_backtrace::hf3289479464f7dfe
[INFO] [stderr]                                  at /rustc/0e09125c6c3c2fd70d7de961bcf0e51575235fad/library/std/src/sys_common/backtrace.rs:171:18
[INFO] [stderr]     14:     0x560586dbd990 - rust_begin_unwind
[INFO] [stderr]                                  at /rustc/0e09125c6c3c2fd70d7de961bcf0e51575235fad/library/std/src/panicking.rs:645:5
[INFO] [stderr]     15:     0x560586cff845 - core::panicking::panic_fmt::hcc9f77c5c132af55
[INFO] [stderr]                                  at /rustc/0e09125c6c3c2fd70d7de961bcf0e51575235fad/library/core/src/panicking.rs:72:14
[INFO] [stderr]     16:     0x560586d41201 - cmake::fail::hb96067ba752479bf
[INFO] [stderr]     17:     0x560586d40997 - cmake::run::h2a913540d65b4727
[INFO] [stderr]     18:     0x560586d3d2cd - cmake::Config::build::he6edb72bc52b9536
[INFO] [stderr]     19:     0x560586d0141f - cmake::build::h1f562e62e3009a9d
[INFO] [stderr]     20:     0x560586d02127 - build_script_build::build_sentencepiece::h9ed2f5b0a0d47414
[INFO] [stderr]     21:     0x560586d0278e - build_script_build::main::h86b5823546bf722d
[INFO] [stderr]     22:     0x560586d006b3 - core::ops::function::FnOnce::call_once::h805eadd3e19cfcbd
[INFO] [stderr]     23:     0x560586d002f6 - std::sys_common::backtrace::__rust_begin_short_backtrace::ha73d37778f442d05
[INFO] [stderr]     24:     0x560586d00409 - std::rt::lang_start::{{closure}}::hbe5050a69abc3101
[INFO] [stderr]     25:     0x560586db4941 - core::ops::function::impls::<impl core::ops::function::FnOnce<A> for &F>::call_once::h4eb4c5e1620f29b0
[INFO] [stderr]                                  at /rustc/0e09125c6c3c2fd70d7de961bcf0e51575235fad/library/core/src/ops/function.rs:284:13
[INFO] [stderr]     26:     0x560586db4941 - std::panicking::try::do_call::h73fd26535faffcdf
[INFO] [stderr]                                  at /rustc/0e09125c6c3c2fd70d7de961bcf0e51575235fad/library/std/src/panicking.rs:552:40
[INFO] [stderr]     27:     0x560586db4941 - std::panicking::try::h77ff1d98f0fb9f39
[INFO] [stderr]                                  at /rustc/0e09125c6c3c2fd70d7de961bcf0e51575235fad/library/std/src/panicking.rs:516:19
[INFO] [stderr]     28:     0x560586db4941 - std::panic::catch_unwind::hab3caf2448b95e37
[INFO] [stderr]                                  at /rustc/0e09125c6c3c2fd70d7de961bcf0e51575235fad/library/std/src/panic.rs:142:14
[INFO] [stderr]     29:     0x560586db4941 - std::rt::lang_start_internal::{{closure}}::h8086711f9c783f78
[INFO] [stderr]                                  at /rustc/0e09125c6c3c2fd70d7de961bcf0e51575235fad/library/std/src/rt.rs:148:48
[INFO] [stderr]     30:     0x560586db4941 - std::panicking::try::do_call::hf920d4dc291cd6ca
[INFO] [stderr]                                  at /rustc/0e09125c6c3c2fd70d7de961bcf0e51575235fad/library/std/src/panicking.rs:552:40
[INFO] [stderr]     31:     0x560586db4941 - std::panicking::try::h2b806ccc0a85db74
[INFO] [stderr]                                  at /rustc/0e09125c6c3c2fd70d7de961bcf0e51575235fad/library/std/src/panicking.rs:516:19
[INFO] [stderr]     32:     0x560586db4941 - std::panic::catch_unwind::h038489539c507df2
[INFO] [stderr]                                  at /rustc/0e09125c6c3c2fd70d7de961bcf0e51575235fad/library/std/src/panic.rs:142:14
[INFO] [stderr]     33:     0x560586db4941 - std::rt::lang_start_internal::h28503b88912e8a5c
[INFO] [stderr]                                  at /rustc/0e09125c6c3c2fd70d7de961bcf0e51575235fad/library/std/src/rt.rs:148:20
[INFO] [stderr]     34:     0x560586d003e7 - std::rt::lang_start::hc2a607bc198746b0
[INFO] [stderr]     35:     0x560586d02885 - main
[INFO] [stderr]     36:     0x7f9f38b0dd90 - <unknown>
[INFO] [stderr]     37:     0x7f9f38b0de40 - __libc_start_main
[INFO] [stderr]     38:     0x560586d00065 - _start
[INFO] [stderr]     39:                0x0 - <unknown>
[INFO] running `Command { std: "docker" "inspect" "df0d2a75372f2068411eba6e3563403815caeda208c6410b42ec43a06ca80f63", kill_on_drop: false }`
[INFO] running `Command { std: "docker" "rm" "-f" "df0d2a75372f2068411eba6e3563403815caeda208c6410b42ec43a06ca80f63", kill_on_drop: false }`
[INFO] [stdout] df0d2a75372f2068411eba6e3563403815caeda208c6410b42ec43a06ca80f63
