[INFO] fetching crate starstruck 0.1.0-alpha.3...
[INFO] documenting starstruck-0.1.0-alpha.3 against 1.75.0 for beta-1.76-rustdoc-1
[INFO] extracting crate starstruck 0.1.0-alpha.3 into /workspace/builds/worker-4-tc1/source
[INFO] validating manifest of crates.io crate starstruck 0.1.0-alpha.3 on toolchain 1.75.0
[INFO] running `Command { std: CARGO_HOME="/workspace/cargo-home" RUSTUP_HOME="/workspace/rustup-home" "/workspace/cargo-home/bin/cargo" "+1.75.0" "metadata" "--manifest-path" "Cargo.toml" "--no-deps", kill_on_drop: false }`
[INFO] started tweaking crates.io crate starstruck 0.1.0-alpha.3
[INFO] removed 0 missing tests
[INFO] finished tweaking crates.io crate starstruck 0.1.0-alpha.3
[INFO] tweaked toml for crates.io crate starstruck 0.1.0-alpha.3 written to /workspace/builds/worker-4-tc1/source/Cargo.toml
[INFO] running `Command { std: CARGO_HOME="/workspace/cargo-home" RUSTUP_HOME="/workspace/rustup-home" "/workspace/cargo-home/bin/cargo" "+1.75.0" "generate-lockfile" "--manifest-path" "Cargo.toml", kill_on_drop: false }`
[INFO] [stderr]     Updating crates.io index
[INFO] running `Command { std: CARGO_HOME="/workspace/cargo-home" RUSTUP_HOME="/workspace/rustup-home" "/workspace/cargo-home/bin/cargo" "+1.75.0" "fetch" "--manifest-path" "Cargo.toml", kill_on_drop: false }`
[INFO] [stderr]  Downloading crates ...
[INFO] [stderr]   Downloaded glyph_brush v0.4.3
[INFO] [stderr]   Downloaded rusttype v0.7.9
[INFO] [stderr]   Downloaded num-derive v0.2.5
[INFO] [stderr]   Downloaded png v0.14.1
[INFO] [stderr]   Downloaded image v0.21.3
[INFO] [stderr]   Downloaded stb_truetype v0.3.1
[INFO] [stderr]   Downloaded static_assertions v0.2.5
[INFO] [stderr]   Downloaded wayland-scanner v0.21.13
[INFO] [stderr]   Downloaded glyph_brush_layout v0.1.9
[INFO] [stderr]   Downloaded line_drawing v0.7.0
[INFO] [stderr]   Downloaded cocoa v0.18.5
[INFO] [stderr]   Downloaded wayland-client v0.21.13
[INFO] [stderr]   Downloaded vek v0.9.12
[INFO] [stderr]   Downloaded tiff v0.2.2
[INFO] [stderr]   Downloaded glsl-to-spirv v0.1.7
[INFO] [stderr]   Downloaded gfx-backend-empty v0.1.1
[INFO] [stderr]   Downloaded ash v0.24.4
[INFO] [stderr]   Downloaded gfx-backend-vulkan v0.1.0
[INFO] [stderr]   Downloaded gfx-hal v0.1.0
[INFO] [stderr]   Downloaded gfx-backend-dx12 v0.1.3
[INFO] [stderr]   Downloaded spirv_cross v0.12.1
[INFO] [stderr]   Downloaded gfx-backend-metal v0.1.1
[INFO] [stderr]   Downloaded smithay-client-toolkit v0.4.6
[INFO] [stderr]   Downloaded wayland-protocols v0.21.13
[INFO] [stderr]   Downloaded winit v0.18.1
[INFO] [stderr]   Downloaded xi-unicode v0.2.1
[INFO] [stderr]   Downloaded metal v0.14.0
[INFO] [stderr]   Downloaded simplelog v0.5.3
[INFO] [stderr]   Downloaded wayland-commons v0.21.13
[INFO] [stderr]   Downloaded rusttype v0.8.3
[INFO] [stderr]   Downloaded core-graphics v0.17.3
[INFO] [stderr]   Downloaded d3d12 v0.1.0
[INFO] [stderr]   Downloaded wayland-sys v0.21.13
[INFO] [stderr]   Downloaded storage-map v0.1.2
[INFO] [stderr]   Downloaded obj v0.9.1
[INFO] [stderr]   Downloaded andrew v0.2.1
[INFO] running `Command { std: "docker" "create" "-v" "/var/lib/crater-agent-workspace/builds/worker-4-tc1/target:/opt/rustwide/target:rw,Z" "-v" "/var/lib/crater-agent-workspace/builds/worker-4-tc1/source:/opt/rustwide/workdir:ro,Z" "-v" "/var/lib/crater-agent-workspace/cargo-home:/opt/rustwide/cargo-home:ro,Z" "-v" "/var/lib/crater-agent-workspace/rustup-home:/opt/rustwide/rustup-home:ro,Z" "-e" "SOURCE_DIR=/opt/rustwide/workdir" "-e" "CARGO_TARGET_DIR=/opt/rustwide/target" "-e" "CARGO_HOME=/opt/rustwide/cargo-home" "-e" "RUSTUP_HOME=/opt/rustwide/rustup-home" "-w" "/opt/rustwide/workdir" "-m" "1610612736" "--user" "0:0" "--network" "none" "ghcr.io/rust-lang/crates-build-env/linux@sha256:2788e3201cd34a07e3172128adcd8b3090168a8e3bcc40d7c032b9dda1df7d1c" "/opt/rustwide/cargo-home/bin/cargo" "+1.75.0" "metadata" "--no-deps" "--format-version=1", kill_on_drop: false }`
[INFO] [stdout] b7d225d6045e9bd45edd968c296ca18ad516803eb9c9d885369dde6a85995fc1
[INFO] running `Command { std: "docker" "start" "-a" "b7d225d6045e9bd45edd968c296ca18ad516803eb9c9d885369dde6a85995fc1", kill_on_drop: false }`
[INFO] running `Command { std: "docker" "inspect" "b7d225d6045e9bd45edd968c296ca18ad516803eb9c9d885369dde6a85995fc1", kill_on_drop: false }`
[INFO] running `Command { std: "docker" "rm" "-f" "b7d225d6045e9bd45edd968c296ca18ad516803eb9c9d885369dde6a85995fc1", kill_on_drop: false }`
[INFO] [stdout] b7d225d6045e9bd45edd968c296ca18ad516803eb9c9d885369dde6a85995fc1
[INFO] running `Command { std: "docker" "create" "-v" "/var/lib/crater-agent-workspace/builds/worker-4-tc1/target:/opt/rustwide/target:rw,Z" "-v" "/var/lib/crater-agent-workspace/builds/worker-4-tc1/source:/opt/rustwide/workdir:ro,Z" "-v" "/var/lib/crater-agent-workspace/cargo-home:/opt/rustwide/cargo-home:ro,Z" "-v" "/var/lib/crater-agent-workspace/rustup-home:/opt/rustwide/rustup-home:ro,Z" "-e" "SOURCE_DIR=/opt/rustwide/workdir" "-e" "CARGO_TARGET_DIR=/opt/rustwide/target" "-e" "CARGO_INCREMENTAL=0" "-e" "RUST_BACKTRACE=full" "-e" "RUSTFLAGS=--cap-lints=warn" "-e" "RUSTDOCFLAGS=--cap-lints=warn" "-e" "CARGO_HOME=/opt/rustwide/cargo-home" "-e" "RUSTUP_HOME=/opt/rustwide/rustup-home" "-w" "/opt/rustwide/workdir" "-m" "1610612736" "--user" "0:0" "--network" "none" "ghcr.io/rust-lang/crates-build-env/linux@sha256:2788e3201cd34a07e3172128adcd8b3090168a8e3bcc40d7c032b9dda1df7d1c" "/opt/rustwide/cargo-home/bin/cargo" "+1.75.0" "doc" "--frozen" "--no-deps" "--document-private-items" "--message-format=json", kill_on_drop: false }`
[INFO] [stdout] cf1aa390658acdc3abe1ec190128f37c2aebe4b027d0d9cddc07449e78998581
[INFO] running `Command { std: "docker" "start" "-a" "cf1aa390658acdc3abe1ec190128f37c2aebe4b027d0d9cddc07449e78998581", kill_on_drop: false }`
[INFO] [stderr]    Compiling maybe-uninit v2.0.0
[INFO] [stderr]     Checking byteorder v1.5.0
[INFO] [stderr]    Compiling crossbeam-utils v0.7.2
[INFO] [stderr]    Compiling num-traits v0.2.17
[INFO] [stderr]    Compiling crossbeam-epoch v0.8.2
[INFO] [stderr]    Compiling autocfg v0.1.8
[INFO] [stderr]     Checking rand_core v0.4.2
[INFO] [stderr]    Compiling slab v0.4.9
[INFO] [stderr]    Compiling proc-macro2 v1.0.76
[INFO] [stderr]    Compiling xml-rs v0.8.19
[INFO] [stderr]     Checking num_cpus v1.16.0
[INFO] [stderr]    Compiling cc v1.0.83
[INFO] [stderr]     Checking iovec v0.1.4
[INFO] [stderr]    Compiling typenum v1.17.0
[INFO] [stderr]    Compiling rustix v0.38.28
[INFO] [stderr]    Compiling parking_lot_core v0.6.3
[INFO] [stderr]     Checking libloading v0.6.7
[INFO] [stderr]     Checking linked-hash-map v0.5.6
[INFO] [stderr]     Checking rand_core v0.3.1
[INFO] [stderr]     Checking bytes v0.4.12
[INFO] [stderr]     Checking stb_truetype v0.3.1
[INFO] [stderr]    Compiling nix v0.14.1
[INFO] [stderr]    Compiling rand_pcg v0.1.2
[INFO] [stderr]     Checking dlib v0.4.2
[INFO] [stderr]    Compiling rand_chacha v0.1.1
[INFO] [stderr]     Checking net2 v0.2.39
[INFO] [stderr]     Checking smallvec v0.6.14
[INFO] [stderr]    Compiling parking_lot v0.9.0
[INFO] [stderr]    Compiling quote v1.0.35
[INFO] [stderr]    Compiling num-integer v0.1.45
[INFO] [stderr]    Compiling byte-tools v0.2.0
[INFO] [stderr]    Compiling syn v1.0.109
[INFO] [stderr]     Checking void v1.0.2
[INFO] [stderr]    Compiling arrayref v0.3.7
[INFO] [stderr]     Checking mio v0.6.23
[INFO] [stderr]    Compiling block-buffer v0.3.3
[INFO] [stderr]     Checking tokio-io v0.1.13
[INFO] [stderr]    Compiling generic-array v0.9.1
[INFO] [stderr]     Checking wayland-sys v0.21.13
[INFO] [stderr]    Compiling rand v0.6.5
[INFO] [stderr]     Checking lock_api v0.3.4
[INFO] [stderr]     Checking tokio-executor v0.1.10
[INFO] [stderr]    Compiling fake-simd v0.1.2
[INFO] [stderr]     Checking tokio-sync v0.1.8
[INFO] [stderr]    Compiling digest v0.7.6
[INFO] [stderr]    Compiling cmake v0.1.50
[INFO] [stderr]    Compiling sha2 v0.7.1
[INFO] [stderr]     Checking rand_isaac v0.1.1
[INFO] [stderr]     Checking rand_hc v0.1.0
[INFO] [stderr]    Compiling wayland-scanner v0.21.13
[INFO] [stderr]     Checking rand_xorshift v0.1.1
[INFO] [stderr]     Checking rand_os v0.1.3
[INFO] [stderr]     Checking crossbeam-deque v0.7.4
[INFO] [stderr]     Checking rand_jitter v0.1.4
[INFO] [stderr]    Compiling parking_lot_core v0.4.0
[INFO] [stderr]    Compiling failure_derive v0.1.8
[INFO] [stderr]    Compiling syn v0.15.44
[INFO] [stderr]     Checking memchr v2.7.1
[INFO] [stderr]     Checking adler v1.0.2
[INFO] [stderr]     Checking approx v0.3.2
[INFO] [stderr]     Checking ordered-float v1.1.1
[INFO] [stderr]     Checking stable_deref_trait v1.2.0
[INFO] [stderr]     Checking same-file v1.0.6
[INFO] [stderr]    Compiling unicode-xid v0.2.4
[INFO] [stderr]    Compiling bitflags v2.4.1
[INFO] [stderr]     Checking gimli v0.28.1
[INFO] [stderr]    Compiling linux-raw-sys v0.4.12
[INFO] [stderr]     Checking owning_ref v0.4.1
[INFO] [stderr]     Checking walkdir v2.4.0
[INFO] [stderr]    Compiling backtrace v0.3.69
[INFO] [stderr]     Checking tokio-reactor v0.1.12
[INFO] [stderr]    Compiling glsl-to-spirv v0.1.7
[INFO] [stderr]     Checking rusttype v0.8.3
[INFO] [stderr]     Checking miniz_oxide v0.7.1
[INFO] [stderr]     Checking line_drawing v0.7.0
[INFO] [stderr]    Compiling syn v2.0.48
[INFO] [stderr]    Compiling x11-dl v2.21.0
[INFO] [stderr]    Compiling num-iter v0.1.43
[INFO] [stderr]     Checking object v0.32.2
[INFO] [stderr]    Compiling fastrand v2.0.1
[INFO] [stderr]     Checking xdg v2.5.2
[INFO] [stderr]    Compiling serde v1.0.195
[INFO] [stderr]    Compiling num-derive v0.2.5
[INFO] [stderr]     Checking rustc-demangle v0.1.23
[INFO] [stderr]     Checking rusttype v0.7.9
[INFO] [stderr]     Checking lock_api v0.1.5
[INFO] [stderr]     Checking tokio-codec v0.1.2
[INFO] [stderr]     Checking crossbeam-queue v0.2.3
[INFO] [stderr]    Compiling x11 v2.21.0
[INFO] [stderr]    Compiling xcb v0.8.2
[INFO] [stderr]     Checking memmap v0.7.0
[INFO] [stderr]    Compiling num-rational v0.2.4
[INFO] [stderr]     Checking lzw v0.10.0
[INFO] [stderr]    Compiling wayland-client v0.21.13
[INFO] [stderr]    Compiling wayland-protocols v0.21.13
[INFO] [stderr]     Checking andrew v0.2.1
[INFO] [stderr]     Checking parking_lot v0.7.1
[INFO] [stderr]     Checking rayon v1.8.0
[INFO] [stderr]     Checking tokio-threadpool v0.1.18
[INFO] [stderr] error: failed to run custom build command for `xcb v0.8.2`
[INFO] [stderr] note: To improve backtraces for build dependencies, set the CARGO_PROFILE_DEV_BUILD_OVERRIDE_DEBUG=true environment variable to enable debug information generation.
[INFO] [stderr] 
[INFO] [stderr] Caused by:
[INFO] [stderr]   process didn't exit successfully: `/opt/rustwide/target/debug/build/xcb-8fc27a10d4939323/build-script-build` (exit status: 101)
[INFO] [stderr]   --- stderr
[INFO] [stderr]   error occured in handler:  ('request: ', ('xcb', 'SELinux', 'GetClientContext'))
[INFO] [stderr]   Traceback (most recent call last):
[INFO] [stderr]     File "/opt/rustwide/cargo-home/registry/src/index.crates.io-6f17d22bba15001f/xcb-0.8.2/rs_client.py", line 2448, in <module>
[INFO] [stderr]       module.generate()
[INFO] [stderr]     File "/opt/rustwide/cargo-home/registry/src/index.crates.io-6f17d22bba15001f/xcb-0.8.2/xcbgen/state.py", line 108, in generate
[INFO] [stderr]       self.close()
[INFO] [stderr]     File "/opt/rustwide/cargo-home/registry/src/index.crates.io-6f17d22bba15001f/xcb-0.8.2/rs_client.py", line 296, in rs_close
[INFO] [stderr]       _f.writeout(os.path.join(module.rs_srcdir, "ffi", "%s.rs" % _module_name(_ns.ext_name)))
[INFO] [stderr]     File "/opt/rustwide/cargo-home/registry/src/index.crates.io-6f17d22bba15001f/xcb-0.8.2/rs_client.py", line 114, in writeout
[INFO] [stderr]       with open(path, 'w') as f:
[INFO] [stderr]   OSError: [Errno 30] Read-only file system: '/opt/rustwide/cargo-home/registry/src/index.crates.io-6f17d22bba15001f/xcb-0.8.2/src/ffi/selinux.rs'
[INFO] [stderr]   thread 'main' panicked at /opt/rustwide/cargo-home/registry/src/index.crates.io-6f17d22bba15001f/xcb-0.8.2/build.rs:75:17:
[INFO] [stderr]   processing of /opt/rustwide/cargo-home/registry/src/index.crates.io-6f17d22bba15001f/xcb-0.8.2/xml/xselinux.xml returned non-zero (1)
[INFO] [stderr]   stack backtrace:
[INFO] [stderr]      0:     0x558056acf2cc - std::backtrace_rs::backtrace::libunwind::trace::ha637c64ce894333a
[INFO] [stderr]                                  at /rustc/82e1608dfa6e0b5569232559e3d385fea5a93112/library/std/src/../../backtrace/src/backtrace/libunwind.rs:104:5
[INFO] [stderr]      1:     0x558056acf2cc - std::backtrace_rs::backtrace::trace_unsynchronized::h47f62dea28e0c88d
[INFO] [stderr]                                  at /rustc/82e1608dfa6e0b5569232559e3d385fea5a93112/library/std/src/../../backtrace/src/backtrace/mod.rs:66:5
[INFO] [stderr]      2:     0x558056acf2cc - std::sys_common::backtrace::_print_fmt::h9eef0abe20ede486
[INFO] [stderr]                                  at /rustc/82e1608dfa6e0b5569232559e3d385fea5a93112/library/std/src/sys_common/backtrace.rs:67:5
[INFO] [stderr]      3:     0x558056acf2cc - <std::sys_common::backtrace::_print::DisplayBacktrace as core::fmt::Display>::fmt::hed7f999df88cc644
[INFO] [stderr]                                  at /rustc/82e1608dfa6e0b5569232559e3d385fea5a93112/library/std/src/sys_common/backtrace.rs:44:22
[INFO] [stderr]      4:     0x558056af26c0 - core::fmt::rt::Argument::fmt::h1539a9308b8d058d
[INFO] [stderr]                                  at /rustc/82e1608dfa6e0b5569232559e3d385fea5a93112/library/core/src/fmt/rt.rs:142:9
[INFO] [stderr]      5:     0x558056af26c0 - core::fmt::write::h3a39390d8560d9c9
[INFO] [stderr]                                  at /rustc/82e1608dfa6e0b5569232559e3d385fea5a93112/library/core/src/fmt/mod.rs:1120:17
[INFO] [stderr]      6:     0x558056acd29f - std::io::Write::write_fmt::h5fc9997dfe05f882
[INFO] [stderr]                                  at /rustc/82e1608dfa6e0b5569232559e3d385fea5a93112/library/std/src/io/mod.rs:1762:15
[INFO] [stderr]      7:     0x558056acf0b4 - std::sys_common::backtrace::_print::h894006fb5c6f3d45
[INFO] [stderr]                                  at /rustc/82e1608dfa6e0b5569232559e3d385fea5a93112/library/std/src/sys_common/backtrace.rs:47:5
[INFO] [stderr]      8:     0x558056acf0b4 - std::sys_common::backtrace::print::h23a2d212c6fff936
[INFO] [stderr]                                  at /rustc/82e1608dfa6e0b5569232559e3d385fea5a93112/library/std/src/sys_common/backtrace.rs:34:9
[INFO] [stderr]      9:     0x558056ad0757 - std::panicking::default_hook::{{closure}}::h8a1d2ee00185001a
[INFO] [stderr]     10:     0x558056ad04bf - std::panicking::default_hook::h6038f2eba384e475
[INFO] [stderr]                                  at /rustc/82e1608dfa6e0b5569232559e3d385fea5a93112/library/std/src/panicking.rs:292:9
[INFO] [stderr]     11:     0x558056ad0bd8 - std::panicking::rust_panic_with_hook::h2b5517d590cab22e
[INFO] [stderr]                                  at /rustc/82e1608dfa6e0b5569232559e3d385fea5a93112/library/std/src/panicking.rs:779:13
[INFO] [stderr]     12:     0x558056ad0abe - std::panicking::begin_panic_handler::{{closure}}::h233112c06e0ef43e
[INFO] [stderr]                                  at /rustc/82e1608dfa6e0b5569232559e3d385fea5a93112/library/std/src/panicking.rs:657:13
[INFO] [stderr]     13:     0x558056acf796 - std::sys_common::backtrace::__rust_end_short_backtrace::h6e893f24d7ebbff8
[INFO] [stderr]                                  at /rustc/82e1608dfa6e0b5569232559e3d385fea5a93112/library/std/src/sys_common/backtrace.rs:170:18
[INFO] [stderr]     14:     0x558056ad0822 - rust_begin_unwind
[INFO] [stderr]                                  at /rustc/82e1608dfa6e0b5569232559e3d385fea5a93112/library/std/src/panicking.rs:645:5
[INFO] [stderr]     15:     0x558056aa9285 - core::panicking::panic_fmt::hbf0e066aabfa482c
[INFO] [stderr]                                  at /rustc/82e1608dfa6e0b5569232559e3d385fea5a93112/library/core/src/panicking.rs:72:14
[INFO] [stderr]     16:     0x558056aaf171 - build_script_build::main::{{closure}}::h971414dc8a34fad9
[INFO] [stderr]     17:     0x558056aae065 - build_script_build::visit_xml::h54107297757a933f
[INFO] [stderr]     18:     0x558056aae703 - build_script_build::main::h76a0fee410be7b74
[INFO] [stderr]     19:     0x558056aaadb3 - core::ops::function::FnOnce::call_once::h4e3236bac2356905
[INFO] [stderr]     20:     0x558056aa9dc6 - std::sys_common::backtrace::__rust_begin_short_backtrace::h7b452acc57e5bf44
[INFO] [stderr]     21:     0x558056aaa509 - std::rt::lang_start::{{closure}}::h02f007aefcb7c402
[INFO] [stderr]     22:     0x558056ac9fa7 - core::ops::function::impls::<impl core::ops::function::FnOnce<A> for &F>::call_once::hd95060ecd5e1ca24
[INFO] [stderr]                                  at /rustc/82e1608dfa6e0b5569232559e3d385fea5a93112/library/core/src/ops/function.rs:284:13
[INFO] [stderr]     23:     0x558056ac9fa7 - std::panicking::try::do_call::h6e8cf51db32a6e4b
[INFO] [stderr]                                  at /rustc/82e1608dfa6e0b5569232559e3d385fea5a93112/library/std/src/panicking.rs:552:40
[INFO] [stderr]     24:     0x558056ac9fa7 - std::panicking::try::h3a52eefe24fe3c29
[INFO] [stderr]                                  at /rustc/82e1608dfa6e0b5569232559e3d385fea5a93112/library/std/src/panicking.rs:516:19
[INFO] [stderr]     25:     0x558056ac9fa7 - std::panic::catch_unwind::h24c28c23c02c3841
[INFO] [stderr]                                  at /rustc/82e1608dfa6e0b5569232559e3d385fea5a93112/library/std/src/panic.rs:142:14
[INFO] [stderr]     26:     0x558056ac9fa7 - std::rt::lang_start_internal::{{closure}}::h705d3c9cbc06ef47
[INFO] [stderr]                                  at /rustc/82e1608dfa6e0b5569232559e3d385fea5a93112/library/std/src/rt.rs:148:48
[INFO] [stderr]     27:     0x558056ac9fa7 - std::panicking::try::do_call::ha21f52ba13158470
[INFO] [stderr]                                  at /rustc/82e1608dfa6e0b5569232559e3d385fea5a93112/library/std/src/panicking.rs:552:40
[INFO] [stderr]     28:     0x558056ac9fa7 - std::panicking::try::h5581346bf6aeb1f8
[INFO] [stderr]                                  at /rustc/82e1608dfa6e0b5569232559e3d385fea5a93112/library/std/src/panicking.rs:516:19
[INFO] [stderr]     29:     0x558056ac9fa7 - std::panic::catch_unwind::h7919645a6b72e25b
[INFO] [stderr]                                  at /rustc/82e1608dfa6e0b5569232559e3d385fea5a93112/library/std/src/panic.rs:142:14
[INFO] [stderr]     30:     0x558056ac9fa7 - std::rt::lang_start_internal::h12de51168669836e
[INFO] [stderr]                                  at /rustc/82e1608dfa6e0b5569232559e3d385fea5a93112/library/std/src/rt.rs:148:20
[INFO] [stderr]     31:     0x558056aaa4e7 - std::rt::lang_start::h008436d12a35c190
[INFO] [stderr]     32:     0x558056aaf1f5 - main
[INFO] [stderr]     33:     0x7f2362837d90 - <unknown>
[INFO] [stderr]     34:     0x7f2362837e40 - __libc_start_main
[INFO] [stderr]     35:     0x558056aa99a5 - _start
[INFO] [stderr]     36:                0x0 - <unknown>
[INFO] [stderr] warning: build failed, waiting for other jobs to finish...
[INFO] [stderr] error: could not compile `rustix` (lib)
[INFO] [stderr] 
[INFO] [stderr] Caused by:
[INFO] [stderr]   process didn't exit successfully: `/opt/rustwide/rustup-home/toolchains/1.75.0-x86_64-unknown-linux-gnu/bin/rustc --crate-name rustix --edition=2021 /opt/rustwide/cargo-home/registry/src/index.crates.io-6f17d22bba15001f/rustix-0.38.28/src/lib.rs --error-format=json --json=diagnostic-rendered-ansi,artifacts,future-incompat --crate-type lib --emit=dep-info,metadata,link -C embed-bitcode=no --cfg 'feature="alloc"' --cfg 'feature="default"' --cfg 'feature="fs"' --cfg 'feature="std"' --cfg 'feature="termios"' --cfg 'feature="use-libc-auxv"' -C metadata=77ddc598ba46eb3f -C extra-filename=-77ddc598ba46eb3f --out-dir /opt/rustwide/target/debug/deps -L dependency=/opt/rustwide/target/debug/deps --extern bitflags=/opt/rustwide/target/debug/deps/libbitflags-00213f7d7bb51b3b.rmeta --extern linux_raw_sys=/opt/rustwide/target/debug/deps/liblinux_raw_sys-c6dc1809985cb54f.rmeta --cap-lints allow --cap-lints=warn --cfg static_assertions --cfg linux_raw --cfg linux_like --cfg linux_kernel` (signal: 9, SIGKILL: kill)
[INFO] [stderr] error: could not compile `syn` (lib)
[INFO] [stderr] 
[INFO] [stderr] Caused by:
[INFO] [stderr]   process didn't exit successfully: `/opt/rustwide/rustup-home/toolchains/1.75.0-x86_64-unknown-linux-gnu/bin/rustc --crate-name syn --edition=2021 /opt/rustwide/cargo-home/registry/src/index.crates.io-6f17d22bba15001f/syn-2.0.48/src/lib.rs --error-format=json --json=diagnostic-rendered-ansi,artifacts,future-incompat --crate-type lib --emit=dep-info,metadata,link -C embed-bitcode=no --cfg 'feature="clone-impls"' --cfg 'feature="default"' --cfg 'feature="derive"' --cfg 'feature="full"' --cfg 'feature="parsing"' --cfg 'feature="printing"' --cfg 'feature="proc-macro"' --cfg 'feature="quote"' --cfg 'feature="visit"' -C metadata=2016069c647cd389 -C extra-filename=-2016069c647cd389 --out-dir /opt/rustwide/target/debug/deps -L dependency=/opt/rustwide/target/debug/deps --extern proc_macro2=/opt/rustwide/target/debug/deps/libproc_macro2-5ed4f7c766dad0ce.rmeta --extern quote=/opt/rustwide/target/debug/deps/libquote-66f33318e1c9f723.rmeta --extern unicode_ident=/opt/rustwide/target/debug/deps/libunicode_ident-e03ce37406b474da.rmeta --cap-lints allow --cap-lints=warn` (signal: 9, SIGKILL: kill)
[INFO] [stderr] error: could not compile `syn` (lib)
[INFO] [stderr] 
[INFO] [stderr] Caused by:
[INFO] [stderr]   process didn't exit successfully: `/opt/rustwide/rustup-home/toolchains/1.75.0-x86_64-unknown-linux-gnu/bin/rustc --crate-name syn --edition=2018 /opt/rustwide/cargo-home/registry/src/index.crates.io-6f17d22bba15001f/syn-1.0.109/src/lib.rs --error-format=json --json=diagnostic-rendered-ansi,artifacts,future-incompat --crate-type lib --emit=dep-info,metadata,link -C embed-bitcode=no --cfg 'feature="clone-impls"' --cfg 'feature="default"' --cfg 'feature="derive"' --cfg 'feature="extra-traits"' --cfg 'feature="full"' --cfg 'feature="parsing"' --cfg 'feature="printing"' --cfg 'feature="proc-macro"' --cfg 'feature="quote"' --cfg 'feature="visit"' -C metadata=a5072ac109b7392d -C extra-filename=-a5072ac109b7392d --out-dir /opt/rustwide/target/debug/deps -L dependency=/opt/rustwide/target/debug/deps --extern proc_macro2=/opt/rustwide/target/debug/deps/libproc_macro2-5ed4f7c766dad0ce.rmeta --extern quote=/opt/rustwide/target/debug/deps/libquote-66f33318e1c9f723.rmeta --extern unicode_ident=/opt/rustwide/target/debug/deps/libunicode_ident-e03ce37406b474da.rmeta --cap-lints allow --cap-lints=warn --cfg syn_disable_nightly_tests` (signal: 9, SIGKILL: kill)
[INFO] [stderr] error: could not compile `object` (lib)
[INFO] [stderr] 
[INFO] [stderr] Caused by:
[INFO] [stderr]   process didn't exit successfully: `/opt/rustwide/rustup-home/toolchains/1.75.0-x86_64-unknown-linux-gnu/bin/rustc --crate-name object --edition=2018 /opt/rustwide/cargo-home/registry/src/index.crates.io-6f17d22bba15001f/object-0.32.2/src/lib.rs --error-format=json --json=diagnostic-rendered-ansi,artifacts,future-incompat --crate-type lib --emit=dep-info,metadata -C embed-bitcode=no -C debuginfo=2 --cfg 'feature="archive"' --cfg 'feature="coff"' --cfg 'feature="elf"' --cfg 'feature="macho"' --cfg 'feature="pe"' --cfg 'feature="read_core"' --cfg 'feature="unaligned"' -C metadata=c69c2f57162e7fcd -C extra-filename=-c69c2f57162e7fcd --out-dir /opt/rustwide/target/debug/deps -L dependency=/opt/rustwide/target/debug/deps --extern memchr=/opt/rustwide/target/debug/deps/libmemchr-26547f2137a91953.rmeta --cap-lints allow --cap-lints=warn` (signal: 9, SIGKILL: kill)
[INFO] [stderr] error: failed to run custom build command for `glsl-to-spirv v0.1.7`
[INFO] [stderr] note: To improve backtraces for build dependencies, set the CARGO_PROFILE_DEV_BUILD_OVERRIDE_DEBUG=true environment variable to enable debug information generation.
[INFO] [stderr] 
[INFO] [stderr] Caused by:
[INFO] [stderr]   process didn't exit successfully: `/opt/rustwide/target/debug/build/glsl-to-spirv-922e381027fd054b/build-script-build` (exit status: 101)
[INFO] [stderr]   --- stdout
[INFO] [stderr]   cargo:rerun-if-changed=build/glslangValidator.exe
[INFO] [stderr]   CMAKE_TOOLCHAIN_FILE_x86_64-unknown-linux-gnu = None
[INFO] [stderr]   CMAKE_TOOLCHAIN_FILE_x86_64_unknown_linux_gnu = None
[INFO] [stderr]   HOST_CMAKE_TOOLCHAIN_FILE = None
[INFO] [stderr]   CMAKE_TOOLCHAIN_FILE = None
[INFO] [stderr]   CMAKE_GENERATOR_x86_64-unknown-linux-gnu = None
[INFO] [stderr]   CMAKE_GENERATOR_x86_64_unknown_linux_gnu = None
[INFO] [stderr]   HOST_CMAKE_GENERATOR = None
[INFO] [stderr]   CMAKE_GENERATOR = None
[INFO] [stderr]   CMAKE_PREFIX_PATH_x86_64-unknown-linux-gnu = None
[INFO] [stderr]   CMAKE_PREFIX_PATH_x86_64_unknown_linux_gnu = None
[INFO] [stderr]   HOST_CMAKE_PREFIX_PATH = None
[INFO] [stderr]   CMAKE_PREFIX_PATH = None
[INFO] [stderr]   CMAKE_x86_64-unknown-linux-gnu = None
[INFO] [stderr]   CMAKE_x86_64_unknown_linux_gnu = None
[INFO] [stderr]   HOST_CMAKE = None
[INFO] [stderr]   CMAKE = None
[INFO] [stderr]   running: cd "/opt/rustwide/target/debug/build/glsl-to-spirv-217dece4f5d7d686/out/build" && CMAKE_PREFIX_PATH="" "cmake" "/opt/rustwide/cargo-home/registry/src/index.crates.io-6f17d22bba15001f/glsl-to-spirv-0.1.7/glslang" "-DCMAKE_INSTALL_PREFIX=/opt/rustwide/target/debug/build/glsl-to-spirv-217dece4f5d7d686/out" "-DCMAKE_C_FLAGS= -ffunction-sections -fdata-sections -fPIC -m64" "-DCMAKE_C_COMPILER=/usr/bin/cc" "-DCMAKE_CXX_FLAGS= -ffunction-sections -fdata-sections -fPIC -m64" "-DCMAKE_CXX_COMPILER=/usr/bin/c++" "-DCMAKE_ASM_FLAGS= -ffunction-sections -fdata-sections -fPIC -m64" "-DCMAKE_ASM_COMPILER=/usr/bin/cc" "-DCMAKE_BUILD_TYPE=Debug"
[INFO] [stderr]   -- The C compiler identification is GNU 11.4.0
[INFO] [stderr]   -- The CXX compiler identification is GNU 11.4.0
[INFO] [stderr]   -- Detecting C compiler ABI info
[INFO] [stderr]   -- Detecting C compiler ABI info - done
[INFO] [stderr]   -- Check for working C compiler: /usr/bin/cc - skipped
[INFO] [stderr]   -- Detecting C compile features
[INFO] [stderr]   -- Detecting C compile features - done
[INFO] [stderr]   -- Detecting CXX compiler ABI info
[INFO] [stderr]   -- Detecting CXX compiler ABI info - done
[INFO] [stderr]   -- Check for working CXX compiler: /usr/bin/c++ - skipped
[INFO] [stderr]   -- Detecting CXX compile features
[INFO] [stderr]   -- Detecting CXX compile features - done
[INFO] [stderr]   -- Google Mock was not found - tests based on that will not build
[INFO] [stderr]   -- Configuring done
[INFO] [stderr]   -- Generating done
[INFO] [stderr]   -- Build files have been written to: /opt/rustwide/target/debug/build/glsl-to-spirv-217dece4f5d7d686/out/build
[INFO] [stderr]   running: cd "/opt/rustwide/target/debug/build/glsl-to-spirv-217dece4f5d7d686/out/build" && MAKEFLAGS="-j --jobserver-fds=7,8 --jobserver-auth=7,8" "cmake" "--build" "." "--target" "install" "--config" "Debug"
[INFO] [stderr]   [  1%] Building CXX object glslang/OSDependent/Unix/CMakeFiles/OSDependent.dir/ossource.cpp.o
[INFO] [stderr]   [  3%] Building CXX object hlsl/CMakeFiles/HLSL.dir/hlslAttributes.cpp.o
[INFO] [stderr]   [  5%] Building CXX object hlsl/CMakeFiles/HLSL.dir/hlslParseHelper.cpp.o
[INFO] [stderr]   [  7%] Building CXX object StandAlone/CMakeFiles/glslang-default-resource-limits.dir/ResourceLimits.cpp.o
[INFO] [stderr]   [  8%] Building CXX object hlsl/CMakeFiles/HLSL.dir/hlslScanContext.cpp.o
[INFO] [stderr]   [ 10%] Building CXX object SPIRV/CMakeFiles/SPVRemapper.dir/SPVRemapper.cpp.o
[INFO] [stderr]   [ 12%] Building CXX object OGLCompilersDLL/CMakeFiles/OGLCompiler.dir/InitializeDll.cpp.o
[INFO] [stderr]   [ 14%] Linking CXX static library libOSDependent.a
[INFO] [stderr]   [ 14%] Built target OSDependent
[INFO] [stderr]   [ 15%] Building CXX object SPIRV/CMakeFiles/SPVRemapper.dir/doc.cpp.o
[INFO] [stderr]   [ 17%] Building CXX object hlsl/CMakeFiles/HLSL.dir/hlslOpMap.cpp.o
[INFO] [stderr]   [ 19%] Building CXX object hlsl/CMakeFiles/HLSL.dir/hlslTokenStream.cpp.o
[INFO] [stderr]   [ 21%] Linking CXX static library libOGLCompiler.a
[INFO] [stderr]   [ 21%] Built target OGLCompiler
[INFO] [stderr]   [ 22%] Building CXX object hlsl/CMakeFiles/HLSL.dir/hlslGrammar.cpp.o
[INFO] [stderr]   [ 24%] Linking CXX static library libglslang-default-resource-limits.a
[INFO] [stderr]   [ 24%] Built target glslang-default-resource-limits
[INFO] [stderr]   [ 26%] Building CXX object hlsl/CMakeFiles/HLSL.dir/hlslParseables.cpp.o
[INFO] [stderr]   [ 28%] Linking CXX static library libSPVRemapper.a
[INFO] [stderr]   [ 28%] Built target SPVRemapper
[INFO] [stderr]   [ 29%] Linking CXX static library libHLSL.a
[INFO] [stderr]   [ 29%] Built target HLSL
[INFO] [stderr]   [ 33%] Building CXX object glslang/CMakeFiles/glslang.dir/MachineIndependent/Constant.cpp.o
[INFO] [stderr]   [ 33%] Building CXX object glslang/CMakeFiles/glslang.dir/MachineIndependent/glslang_tab.cpp.o
[INFO] [stderr]   [ 35%] Building CXX object glslang/CMakeFiles/glslang.dir/MachineIndependent/InfoSink.cpp.o
[INFO] [stderr]   [ 36%] Building CXX object glslang/CMakeFiles/glslang.dir/MachineIndependent/Initialize.cpp.o
[INFO] [stderr]   [ 40%] Building CXX object glslang/CMakeFiles/glslang.dir/MachineIndependent/iomapper.cpp.o
[INFO] [stderr]   [ 40%] Building CXX object glslang/CMakeFiles/glslang.dir/MachineIndependent/IntermTraverse.cpp.o
[INFO] [stderr]   [ 43%] Building CXX object glslang/CMakeFiles/glslang.dir/MachineIndependent/RemoveTree.cpp.o
[INFO] [stderr]   [ 43%] Building CXX object glslang/CMakeFiles/glslang.dir/MachineIndependent/Intermediate.cpp.o
[INFO] [stderr]   [ 45%] Building CXX object glslang/CMakeFiles/glslang.dir/MachineIndependent/ParseHelper.cpp.o
[INFO] [stderr]   [ 47%] Building CXX object glslang/CMakeFiles/glslang.dir/MachineIndependent/Scan.cpp.o
[INFO] [stderr]   [ 50%] Building CXX object glslang/CMakeFiles/glslang.dir/MachineIndependent/ParseContextBase.cpp.o
[INFO] [stderr]   [ 50%] Building CXX object glslang/CMakeFiles/glslang.dir/MachineIndependent/PoolAlloc.cpp.o
[INFO] [stderr]   [ 52%] Building CXX object glslang/CMakeFiles/glslang.dir/MachineIndependent/SymbolTable.cpp.o
[INFO] [stderr]   [ 54%] Building CXX object glslang/CMakeFiles/glslang.dir/MachineIndependent/ShaderLang.cpp.o
[INFO] [stderr]   [ 56%] Building CXX object glslang/CMakeFiles/glslang.dir/MachineIndependent/intermOut.cpp.o
[INFO] [stderr]   [ 57%] Building CXX object glslang/CMakeFiles/glslang.dir/MachineIndependent/Versions.cpp.o
[INFO] [stderr]   [ 59%] Building CXX object glslang/CMakeFiles/glslang.dir/MachineIndependent/limits.cpp.o
[INFO] [stderr]   [ 61%] Building CXX object glslang/CMakeFiles/glslang.dir/MachineIndependent/linkValidate.cpp.o
[INFO] [stderr] 
[INFO] [stderr]   --- stderr
[INFO] [stderr]   fatal: not a git repository (or any parent up to mount point /opt/rustwide)
[INFO] [stderr]   Stopping at filesystem boundary (GIT_DISCOVERY_ACROSS_FILESYSTEM not set).
[INFO] [stderr]   CMake Warning (dev) at /usr/share/cmake-3.22/Modules/GNUInstallDirs.cmake:239 (message):
[INFO] [stderr]     Unable to determine default CMAKE_INSTALL_LIBDIR directory because no
[INFO] [stderr]     target architecture is known.  Please enable at least one language before
[INFO] [stderr]     including GNUInstallDirs.
[INFO] [stderr]   Call Stack (most recent call first):
[INFO] [stderr]     CMakeLists.txt:7 (include)
[INFO] [stderr]   This warning is for project developers.  Use -Wno-dev to suppress it.
[INFO] [stderr] 
[INFO] [stderr]   CMake Warning:
[INFO] [stderr]     Manually-specified variables were not used by the project:
[INFO] [stderr] 
[INFO] [stderr]       CMAKE_ASM_COMPILER
[INFO] [stderr]       CMAKE_ASM_FLAGS
[INFO] [stderr] 
[INFO] [stderr] 
[INFO] [stderr]   c++: fatal error: Killed signal terminated program cc1plus
[INFO] [stderr]   compilation terminated.
[INFO] [stderr]   gmake[2]: *** [glslang/CMakeFiles/glslang.dir/build.make:188: glslang/CMakeFiles/glslang.dir/MachineIndependent/ParseHelper.cpp.o] Error 1
[INFO] [stderr]   gmake[2]: *** Waiting for unfinished jobs....
[INFO] [stderr]   c++: fatal error: Killed signal terminated program cc1plus
[INFO] [stderr]   compilation terminated.
[INFO] [stderr]   gmake[2]: *** [glslang/CMakeFiles/glslang.dir/build.make:272: glslang/CMakeFiles/glslang.dir/MachineIndependent/Versions.cpp.o] Error 1
[INFO] [stderr]   c++: fatal error: Killed signal terminated program cc1plus
[INFO] [stderr]   compilation terminated.
[INFO] [stderr]   gmake[2]: *** [glslang/CMakeFiles/glslang.dir/build.make:76: glslang/CMakeFiles/glslang.dir/MachineIndependent/glslang_tab.cpp.o] Error 1
[INFO] [stderr]   gmake[1]: *** [CMakeFiles/Makefile2:987: glslang/CMakeFiles/glslang.dir/all] Error 2
[INFO] [stderr]   gmake: *** [Makefile:146: all] Error 2
[INFO] [stderr]   thread 'main' panicked at /opt/rustwide/cargo-home/registry/src/index.crates.io-6f17d22bba15001f/cmake-0.1.50/src/lib.rs:1098:5:
[INFO] [stderr] 
[INFO] [stderr]   command did not execute successfully, got: exit status: 2
[INFO] [stderr] 
[INFO] [stderr]   build script failed, must exit now
[INFO] [stderr]   stack backtrace:
[INFO] [stderr]      0:     0x5560c21cf11c - std::backtrace_rs::backtrace::libunwind::trace::ha637c64ce894333a
[INFO] [stderr]                                  at /rustc/82e1608dfa6e0b5569232559e3d385fea5a93112/library/std/src/../../backtrace/src/backtrace/libunwind.rs:104:5
[INFO] [stderr]      1:     0x5560c21cf11c - std::backtrace_rs::backtrace::trace_unsynchronized::h47f62dea28e0c88d
[INFO] [stderr]                                  at /rustc/82e1608dfa6e0b5569232559e3d385fea5a93112/library/std/src/../../backtrace/src/backtrace/mod.rs:66:5
[INFO] [stderr]      2:     0x5560c21cf11c - std::sys_common::backtrace::_print_fmt::h9eef0abe20ede486
[INFO] [stderr]                                  at /rustc/82e1608dfa6e0b5569232559e3d385fea5a93112/library/std/src/sys_common/backtrace.rs:67:5
[INFO] [stderr]      3:     0x5560c21cf11c - <std::sys_common::backtrace::_print::DisplayBacktrace as core::fmt::Display>::fmt::hed7f999df88cc644
[INFO] [stderr]                                  at /rustc/82e1608dfa6e0b5569232559e3d385fea5a93112/library/std/src/sys_common/backtrace.rs:44:22
[INFO] [stderr]      4:     0x5560c21f5e90 - core::fmt::rt::Argument::fmt::h1539a9308b8d058d
[INFO] [stderr]                                  at /rustc/82e1608dfa6e0b5569232559e3d385fea5a93112/library/core/src/fmt/rt.rs:142:9
[INFO] [stderr]      5:     0x5560c21f5e90 - core::fmt::write::h3a39390d8560d9c9
[INFO] [stderr]                                  at /rustc/82e1608dfa6e0b5569232559e3d385fea5a93112/library/core/src/fmt/mod.rs:1120:17
[INFO] [stderr]      6:     0x5560c21cc86f - std::io::Write::write_fmt::h5fc9997dfe05f882
[INFO] [stderr]                                  at /rustc/82e1608dfa6e0b5569232559e3d385fea5a93112/library/std/src/io/mod.rs:1762:15
[INFO] [stderr]      7:     0x5560c21cef04 - std::sys_common::backtrace::_print::h894006fb5c6f3d45
[INFO] [stderr]                                  at /rustc/82e1608dfa6e0b5569232559e3d385fea5a93112/library/std/src/sys_common/backtrace.rs:47:5
[INFO] [stderr]      8:     0x5560c21cef04 - std::sys_common::backtrace::print::h23a2d212c6fff936
[INFO] [stderr]                                  at /rustc/82e1608dfa6e0b5569232559e3d385fea5a93112/library/std/src/sys_common/backtrace.rs:34:9
[INFO] [stderr]      9:     0x5560c21d0717 - std::panicking::default_hook::{{closure}}::h8a1d2ee00185001a
[INFO] [stderr]     10:     0x5560c21d047f - std::panicking::default_hook::h6038f2eba384e475
[INFO] [stderr]                                  at /rustc/82e1608dfa6e0b5569232559e3d385fea5a93112/library/std/src/panicking.rs:292:9
[INFO] [stderr]     11:     0x5560c21d0b98 - std::panicking::rust_panic_with_hook::h2b5517d590cab22e
[INFO] [stderr]                                  at /rustc/82e1608dfa6e0b5569232559e3d385fea5a93112/library/std/src/panicking.rs:779:13
[INFO] [stderr]     12:     0x5560c21d0a7e - std::panicking::begin_panic_handler::{{closure}}::h233112c06e0ef43e
[INFO] [stderr]                                  at /rustc/82e1608dfa6e0b5569232559e3d385fea5a93112/library/std/src/panicking.rs:657:13
[INFO] [stderr]     13:     0x5560c21cf5e6 - std::sys_common::backtrace::__rust_end_short_backtrace::h6e893f24d7ebbff8
[INFO] [stderr]                                  at /rustc/82e1608dfa6e0b5569232559e3d385fea5a93112/library/std/src/sys_common/backtrace.rs:170:18
[INFO] [stderr]     14:     0x5560c21d07e2 - rust_begin_unwind
[INFO] [stderr]                                  at /rustc/82e1608dfa6e0b5569232559e3d385fea5a93112/library/std/src/panicking.rs:645:5
[INFO] [stderr]     15:     0x5560c2148625 - core::panicking::panic_fmt::hbf0e066aabfa482c
[INFO] [stderr]                                  at /rustc/82e1608dfa6e0b5569232559e3d385fea5a93112/library/core/src/panicking.rs:72:14
[INFO] [stderr]     16:     0x5560c2164c41 - cmake::fail::h23e1b4c00b537b8b
[INFO] [stderr]     17:     0x5560c21643c7 - cmake::run::h64c667435d6b4d28
[INFO] [stderr]     18:     0x5560c2160ce1 - cmake::Config::build::he75b6b49e493abaa
[INFO] [stderr]     19:     0x5560c214ad51 - cmake::build::he155e110a6de87ec
[INFO] [stderr]     20:     0x5560c214c018 - build_script_build::main::h8830b0a14e952958
[INFO] [stderr]     21:     0x5560c214a0d3 - core::ops::function::FnOnce::call_once::h8507ba047c06358b
[INFO] [stderr]     22:     0x5560c2149b86 - std::sys_common::backtrace::__rust_begin_short_backtrace::h58001cc7e264d1c9
[INFO] [stderr]     23:     0x5560c2149de9 - std::rt::lang_start::{{closure}}::hd5e10e94ab14afb0
[INFO] [stderr]     24:     0x5560c21c81c7 - core::ops::function::impls::<impl core::ops::function::FnOnce<A> for &F>::call_once::hd95060ecd5e1ca24
[INFO] [stderr]                                  at /rustc/82e1608dfa6e0b5569232559e3d385fea5a93112/library/core/src/ops/function.rs:284:13
[INFO] [stderr]     25:     0x5560c21c81c7 - std::panicking::try::do_call::h6e8cf51db32a6e4b
[INFO] [stderr]                                  at /rustc/82e1608dfa6e0b5569232559e3d385fea5a93112/library/std/src/panicking.rs:552:40
[INFO] [stderr]     26:     0x5560c21c81c7 - std::panicking::try::h3a52eefe24fe3c29
[INFO] [stderr]                                  at /rustc/82e1608dfa6e0b5569232559e3d385fea5a93112/library/std/src/panicking.rs:516:19
[INFO] [stderr]     27:     0x5560c21c81c7 - std::panic::catch_unwind::h24c28c23c02c3841
[INFO] [stderr]                                  at /rustc/82e1608dfa6e0b5569232559e3d385fea5a93112/library/std/src/panic.rs:142:14
[INFO] [stderr]     28:     0x5560c21c81c7 - std::rt::lang_start_internal::{{closure}}::h705d3c9cbc06ef47
[INFO] [stderr]                                  at /rustc/82e1608dfa6e0b5569232559e3d385fea5a93112/library/std/src/rt.rs:148:48
[INFO] [stderr]     29:     0x5560c21c81c7 - std::panicking::try::do_call::ha21f52ba13158470
[INFO] [stderr]                                  at /rustc/82e1608dfa6e0b5569232559e3d385fea5a93112/library/std/src/panicking.rs:552:40
[INFO] [stderr]     30:     0x5560c21c81c7 - std::panicking::try::h5581346bf6aeb1f8
[INFO] [stderr]                                  at /rustc/82e1608dfa6e0b5569232559e3d385fea5a93112/library/std/src/panicking.rs:516:19
[INFO] [stderr]     31:     0x5560c21c81c7 - std::panic::catch_unwind::h7919645a6b72e25b
[INFO] [stderr]                                  at /rustc/82e1608dfa6e0b5569232559e3d385fea5a93112/library/std/src/panic.rs:142:14
[INFO] [stderr]     32:     0x5560c21c81c7 - std::rt::lang_start_internal::h12de51168669836e
[INFO] [stderr]                                  at /rustc/82e1608dfa6e0b5569232559e3d385fea5a93112/library/std/src/rt.rs:148:20
[INFO] [stderr]     33:     0x5560c2149dc7 - std::rt::lang_start::h3a1b38c89de641e1
[INFO] [stderr]     34:     0x5560c214c5f5 - main
[INFO] [stderr]     35:     0x7f103a0e7d90 - <unknown>
[INFO] [stderr]     36:     0x7f103a0e7e40 - __libc_start_main
[INFO] [stderr]     37:     0x5560c2148d45 - _start
[INFO] [stderr]     38:                0x0 - <unknown>
[INFO] running `Command { std: "docker" "inspect" "cf1aa390658acdc3abe1ec190128f37c2aebe4b027d0d9cddc07449e78998581", kill_on_drop: false }`
[INFO] running `Command { std: "docker" "rm" "-f" "cf1aa390658acdc3abe1ec190128f37c2aebe4b027d0d9cddc07449e78998581", kill_on_drop: false }`
[INFO] [stdout] cf1aa390658acdc3abe1ec190128f37c2aebe4b027d0d9cddc07449e78998581
