[INFO] fetching crate starknet-contract-class 0.2.0...
[INFO] documenting starknet-contract-class-0.2.0 against 1.75.0 for beta-1.76-rustdoc-1
[INFO] extracting crate starknet-contract-class 0.2.0 into /workspace/builds/worker-2-tc1/source
[INFO] validating manifest of crates.io crate starknet-contract-class 0.2.0 on toolchain 1.75.0
[INFO] running `Command { std: CARGO_HOME="/workspace/cargo-home" RUSTUP_HOME="/workspace/rustup-home" "/workspace/cargo-home/bin/cargo" "+1.75.0" "metadata" "--manifest-path" "Cargo.toml" "--no-deps", kill_on_drop: false }`
[INFO] started tweaking crates.io crate starknet-contract-class 0.2.0
[INFO] finished tweaking crates.io crate starknet-contract-class 0.2.0
[INFO] tweaked toml for crates.io crate starknet-contract-class 0.2.0 written to /workspace/builds/worker-2-tc1/source/Cargo.toml
[INFO] running `Command { std: CARGO_HOME="/workspace/cargo-home" RUSTUP_HOME="/workspace/rustup-home" "/workspace/cargo-home/bin/cargo" "+1.75.0" "generate-lockfile" "--manifest-path" "Cargo.toml", kill_on_drop: false }`
[INFO] [stderr]     Updating crates.io index
[INFO] running `Command { std: CARGO_HOME="/workspace/cargo-home" RUSTUP_HOME="/workspace/rustup-home" "/workspace/cargo-home/bin/cargo" "+1.75.0" "fetch" "--manifest-path" "Cargo.toml", kill_on_drop: false }`
[INFO] [stderr]  Downloading crates ...
[INFO] [stderr]   Downloaded cairo-lang-eq-solver v2.4.3
[INFO] [stderr]   Downloaded thiserror-impl-no-std v2.0.2
[INFO] [stderr]   Downloaded starknet-crypto v0.5.2
[INFO] [stderr]   Downloaded thiserror-no-std v2.0.2
[INFO] [stderr]   Downloaded starknet-ff v0.3.6
[INFO] [stderr]   Downloaded cairo-lang-sierra-type-size v2.4.3
[INFO] [stderr]   Downloaded cairo-lang-proc-macros v2.4.3
[INFO] [stderr]   Downloaded starknet-curve v0.3.0
[INFO] [stderr]   Downloaded const-fnv1a-hash v1.1.0
[INFO] [stderr]   Downloaded starknet-curve v0.4.0
[INFO] [stderr]   Downloaded cairo-lang-utils v2.4.3
[INFO] [stderr]   Downloaded cairo-lang-debug v2.4.3
[INFO] [stderr]   Downloaded cairo-lang-sierra-ap-change v2.4.3
[INFO] [stderr]   Downloaded good_lp v1.7.0
[INFO] [stderr]   Downloaded cairo-lang-filesystem v2.4.3
[INFO] [stderr]   Downloaded genco v0.17.8
[INFO] [stderr]   Downloaded cairo-vm v0.8.7
[INFO] [stderr]   Downloaded cairo-lang-starknet v2.3.1
[INFO] [stderr]   Downloaded cairo-lang-parser v2.4.3
[INFO] [stderr]   Downloaded cairo-lang-lowering v2.4.3
[INFO] [stderr]   Downloaded cairo-lang-casm v2.4.3
[INFO] [stderr]   Downloaded num-prime v0.4.3
[INFO] [stderr]   Downloaded cairo-lang-syntax v2.4.3
[INFO] [stderr]   Downloaded cairo-lang-sierra-generator v2.4.3
[INFO] [stderr]   Downloaded minilp v0.2.2
[INFO] [stderr]   Downloaded cairo-lang-defs v2.4.3
[INFO] [stderr]   Downloaded sprs v0.7.1
[INFO] [stderr]   Downloaded cairo-lang-compiler v2.3.1
[INFO] [stderr]   Downloaded cairo-lang-syntax-codegen v2.4.3
[INFO] [stderr]   Downloaded cairo-lang-project v2.3.1
[INFO] [stderr]   Downloaded cairo-felt v0.8.7
[INFO] [stderr]   Downloaded num-modular v0.5.1
[INFO] [stderr]   Downloaded starknet-crypto-codegen v0.3.2
[INFO] [stderr]   Downloaded genco-macros v0.17.8
[INFO] [stderr]   Downloaded unescaper v0.1.3
[INFO] [stderr]   Downloaded cairo-lang-diagnostics v2.4.3
[INFO] [stderr]   Downloaded starknet_api v0.1.3
[INFO] [stderr]   Downloaded cairo-lang-sierra-gas v2.4.3
[INFO] [stderr]   Downloaded cairo-lang-plugins v2.4.3
[INFO] [stderr]   Downloaded cairo-lang-sierra v2.4.3
[INFO] [stderr]   Downloaded cairo-lang-sierra-to-casm v2.4.3
[INFO] [stderr]   Downloaded cairo-lang-semantic v2.4.3
[INFO] running `Command { std: "docker" "create" "-v" "/var/lib/crater-agent-workspace/builds/worker-2-tc1/target:/opt/rustwide/target:rw,Z" "-v" "/var/lib/crater-agent-workspace/builds/worker-2-tc1/source:/opt/rustwide/workdir:ro,Z" "-v" "/var/lib/crater-agent-workspace/cargo-home:/opt/rustwide/cargo-home:ro,Z" "-v" "/var/lib/crater-agent-workspace/rustup-home:/opt/rustwide/rustup-home:ro,Z" "-e" "SOURCE_DIR=/opt/rustwide/workdir" "-e" "CARGO_TARGET_DIR=/opt/rustwide/target" "-e" "CARGO_HOME=/opt/rustwide/cargo-home" "-e" "RUSTUP_HOME=/opt/rustwide/rustup-home" "-w" "/opt/rustwide/workdir" "-m" "1610612736" "--user" "0:0" "--network" "none" "ghcr.io/rust-lang/crates-build-env/linux@sha256:2788e3201cd34a07e3172128adcd8b3090168a8e3bcc40d7c032b9dda1df7d1c" "/opt/rustwide/cargo-home/bin/cargo" "+1.75.0" "metadata" "--no-deps" "--format-version=1", kill_on_drop: false }`
[INFO] [stdout] 610a2dee073826a8bce9b122d14ecbd3c82af1d053c4d412afadfd1b603ce144
[INFO] running `Command { std: "docker" "start" "-a" "610a2dee073826a8bce9b122d14ecbd3c82af1d053c4d412afadfd1b603ce144", kill_on_drop: false }`
[INFO] running `Command { std: "docker" "inspect" "610a2dee073826a8bce9b122d14ecbd3c82af1d053c4d412afadfd1b603ce144", kill_on_drop: false }`
[INFO] running `Command { std: "docker" "rm" "-f" "610a2dee073826a8bce9b122d14ecbd3c82af1d053c4d412afadfd1b603ce144", kill_on_drop: false }`
[INFO] [stdout] 610a2dee073826a8bce9b122d14ecbd3c82af1d053c4d412afadfd1b603ce144
[INFO] running `Command { std: "docker" "create" "-v" "/var/lib/crater-agent-workspace/builds/worker-2-tc1/target:/opt/rustwide/target:rw,Z" "-v" "/var/lib/crater-agent-workspace/builds/worker-2-tc1/source:/opt/rustwide/workdir:ro,Z" "-v" "/var/lib/crater-agent-workspace/cargo-home:/opt/rustwide/cargo-home:ro,Z" "-v" "/var/lib/crater-agent-workspace/rustup-home:/opt/rustwide/rustup-home:ro,Z" "-e" "SOURCE_DIR=/opt/rustwide/workdir" "-e" "CARGO_TARGET_DIR=/opt/rustwide/target" "-e" "CARGO_INCREMENTAL=0" "-e" "RUST_BACKTRACE=full" "-e" "RUSTFLAGS=--cap-lints=warn" "-e" "RUSTDOCFLAGS=--cap-lints=warn" "-e" "CARGO_HOME=/opt/rustwide/cargo-home" "-e" "RUSTUP_HOME=/opt/rustwide/rustup-home" "-w" "/opt/rustwide/workdir" "-m" "1610612736" "--user" "0:0" "--network" "none" "ghcr.io/rust-lang/crates-build-env/linux@sha256:2788e3201cd34a07e3172128adcd8b3090168a8e3bcc40d7c032b9dda1df7d1c" "/opt/rustwide/cargo-home/bin/cargo" "+1.75.0" "doc" "--frozen" "--no-deps" "--document-private-items" "--message-format=json", kill_on_drop: false }`
[INFO] [stdout] 4cf7427e09197b2772a6f123085e91ce1920806a03cf61e2bcbd3b9a2e531c67
[INFO] running `Command { std: "docker" "start" "-a" "4cf7427e09197b2772a6f123085e91ce1920806a03cf61e2bcbd3b9a2e531c67", kill_on_drop: false }`
[INFO] [stderr]    Compiling proc-macro2 v1.0.76
[INFO] [stderr]    Compiling syn v1.0.109
[INFO] [stderr]    Compiling serde v1.0.195
[INFO] [stderr]    Compiling num-traits v0.2.17
[INFO] [stderr]    Compiling num-integer v0.1.45
[INFO] [stderr]     Checking rand v0.8.5
[INFO] [stderr]    Compiling num-bigint v0.4.4
[INFO] [stderr]    Compiling indexmap v1.9.3
[INFO] [stderr]     Checking either v1.9.0
[INFO] [stderr]    Compiling lock_api v0.4.11
[INFO] [stderr]    Compiling schemars v0.8.16
[INFO] [stderr]     Checking allocator-api2 v0.2.16
[INFO] [stderr]    Compiling serde_json v1.0.111
[INFO] [stderr]    Compiling libc v0.2.151
[INFO] [stderr]     Checking byte-slice-cast v1.2.2
[INFO] [stderr]     Checking arrayvec v0.7.4
[INFO] [stderr]     Checking dyn-clone v1.0.16
[INFO] [stderr]    Compiling equivalent v1.0.1
[INFO] [stderr]    Compiling hashbrown v0.14.3
[INFO] [stderr]     Checking generic-array v0.14.7
[INFO] [stderr]    Compiling quote v1.0.35
[INFO] [stderr]     Checking itertools v0.11.0
[INFO] [stderr]    Compiling syn v2.0.48
[INFO] [stderr]     Checking log v0.4.20
[INFO] [stderr]    Compiling parking_lot_core v0.8.6
[INFO] [stderr]     Checking instant v0.1.12
[INFO] [stderr]    Compiling crossbeam-utils v0.8.18
[INFO] [stderr]    Compiling unicode-segmentation v1.10.1
[INFO] [stderr]     Checking subtle v2.5.0
[INFO] [stderr]    Compiling thiserror v1.0.56
[INFO] [stderr]     Checking parking_lot v0.11.2
[INFO] [stderr]    Compiling heck v0.3.3
[INFO] [stderr]     Checking crypto-common v0.1.6
[INFO] [stderr]     Checking block-buffer v0.10.4
[INFO] [stderr]     Checking oorandom v11.1.3
[INFO] [stderr]     Checking rustc-hash v1.1.0
[INFO] [stderr]    Compiling cfg-if v1.0.0
[INFO] [stderr]    Compiling itertools v0.10.5
[INFO] [stderr]    Compiling memchr v2.7.1
[INFO] [stderr]     Checking digest v0.10.7
[INFO] [stderr]    Compiling parking_lot_core v0.9.9
[INFO] [stderr]    Compiling dirs-sys-next v0.1.2
[INFO] [stderr]    Compiling rustix v0.38.28
[INFO] [stderr]    Compiling regex-syntax v0.8.2
[INFO] [stderr]    Compiling scopeguard v1.2.0
[INFO] [stderr]    Compiling crunchy v0.2.2
[INFO] [stderr]    Compiling aho-corasick v1.1.2
[INFO] [stderr]    Compiling dirs-next v2.0.0
[INFO] [stderr]    Compiling bitflags v2.4.1
[INFO] [stderr]    Compiling siphasher v0.3.11
[INFO] [stderr]    Compiling tiny-keccak v2.0.2
[INFO] [stderr]    Compiling linux-raw-sys v0.4.12
[INFO] [stderr]    Compiling phf_shared v0.10.0
[INFO] [stderr]    Compiling parking_lot v0.12.1
[INFO] [stderr]    Compiling term v0.7.0
[INFO] [stderr]    Compiling once_cell v1.19.0
[INFO] [stderr]    Compiling fixedbitset v0.4.2
[INFO] [stderr]    Compiling bit-vec v0.6.3
[INFO] [stderr]    Compiling precomputed-hash v0.1.1
[INFO] [stderr]     Checking path-clean v1.0.1
[INFO] [stderr]    Compiling regex-automata v0.4.3
[INFO] [stderr]    Compiling genco-macros v0.17.8
[INFO] [stderr]    Compiling new_debug_unreachable v1.0.4
[INFO] [stderr]    Compiling string_cache v0.8.7
[INFO] [stderr]    Compiling is-terminal v0.4.10
[INFO] [stderr]    Compiling ena v0.14.2
[INFO] [stderr]    Compiling bit-set v0.5.3
[INFO] [stderr]    Compiling ascii-canvas v3.0.0
[INFO] [stderr]    Compiling serde_derive_internals v0.26.0
[INFO] [stderr]    Compiling num-complex v0.2.4
[INFO] [stderr]    Compiling diff v0.1.13
[INFO] [stderr]    Compiling pico-args v0.5.0
[INFO] [stderr]    Compiling regex-syntax v0.7.5
[INFO] [stderr]    Compiling hashbrown v0.12.3
[INFO] [stderr]    Compiling ryu v1.0.16
[INFO] [stderr]     Checking rawpointer v0.2.1
[INFO] [stderr]    Compiling ndarray v0.13.1
[INFO] [stderr]    Compiling xshell-macros v0.2.5
[INFO] [stderr]    Compiling itoa v1.0.10
[INFO] [stderr]     Checking relative-path v1.9.2
[INFO] [stderr]     Checking matrixmultiply v0.2.4
[INFO] [stderr]    Compiling anyhow v1.0.79
[INFO] [stderr]    Compiling regex v1.10.2
[INFO] [stderr]     Checking xshell v0.2.5
[INFO] [stderr]    Compiling typenum v1.17.0
[INFO] [stderr]    Compiling lalrpop-util v0.20.0
[INFO] [stderr]    Compiling rand_core v0.6.4
[INFO] [stderr]    Compiling ppv-lite86 v0.2.17
[INFO] [stderr]     Checking sha3 v0.10.8
[INFO] [stderr]    Compiling serde_derive v1.0.195
[INFO] [stderr]    Compiling thiserror-impl v1.0.56
[INFO] [stderr]    Compiling zeroize_derive v1.4.2
[INFO] [stderr]    Compiling rand_chacha v0.3.1
[INFO] [stderr]    Compiling impl-trait-for-tuples v0.2.2
[INFO] [stderr]    Compiling schemars_derive v0.8.16
[INFO] [stderr]    Compiling salsa-macros v0.16.0
[INFO] [stderr]    Compiling derivative v2.2.0
[INFO] [stderr]    Compiling ark-ff-asm v0.4.2
[INFO] [stderr]     Checking genco v0.17.8
[INFO] [stderr]     Checking cairo-lang-syntax-codegen v2.4.3
[INFO] [stderr]     Checking unescaper v0.1.3
[INFO] [stderr]     Checking convert_case v0.6.0
[INFO] [stderr]     Checking colored v2.1.0
[INFO] [stderr]     Checking num-traits v0.1.43
[INFO] [stderr]     Checking const-fnv1a-hash v1.1.0
[INFO] [stderr]    Compiling indoc v2.0.4
[INFO] [stderr]     Checking indent v0.1.1
[INFO] [stderr]    Compiling toml_datetime v0.6.3
[INFO] [stderr]    Compiling winnow v0.5.33
[INFO] [stderr]    Compiling ark-std v0.4.0
[INFO] [stderr]    Compiling zeroize v1.7.0
[INFO] [stderr]     Checking id-arena v2.2.1
[INFO] [stderr]    Compiling crypto-bigint v0.5.5
[INFO] [stderr]     Checking sprs v0.7.1
[INFO] [stderr]    Compiling hex v0.4.3
[INFO] [stderr]    Compiling cc v1.0.83
[INFO] [stderr]     Checking minilp v0.2.2
[INFO] [stderr]    Compiling radium v0.7.0
[INFO] [stderr]    Compiling const_format_proc_macros v0.2.32
[INFO] [stderr]     Checking hmac v0.12.1
[INFO] [stderr]     Checking good_lp v1.7.0
[INFO] [stderr]     Checking assert_matches v1.5.0
[INFO] [stderr]     Checking byteorder v1.5.0
[INFO] [stderr]     Checking wyz v0.5.1
[INFO] [stderr]     Checking sha2 v0.10.8
[INFO] [stderr]     Checking rfc6979 v0.4.0
[INFO] [stderr]     Checking rustc-hex v2.1.0
[INFO] [stderr]     Checking parity-scale-codec v3.6.9
[INFO] [stderr]     Checking smol_str v0.2.0
[INFO] [stderr]     Checking serde_spanned v0.6.5
[INFO] [stderr]    Compiling libmimalloc-sys v0.1.35
[INFO] [stderr]     Checking salsa v0.16.1
[INFO] [stderr]     Checking indexmap v2.1.0
[INFO] [stderr]     Checking funty v2.0.0
[INFO] [stderr]     Checking const_format v0.2.32
[INFO] [stderr]     Checking fixed-hash v0.8.0
[INFO] [stderr]     Checking uint v0.9.5
[INFO] [stderr]     Checking impl-serde v0.4.0
[INFO] [stderr]     Checking bitvec v1.0.1
[INFO] [stderr]    Compiling proc-macro-error-attr v1.0.4
[INFO] [stderr]     Checking toml_edit v0.19.15
[INFO] [stderr]    Compiling petgraph v0.6.4
[INFO] [stderr]     Checking cairo-lang-utils v2.4.3
[INFO] [stderr]    Compiling toml_edit v0.20.2
[INFO] [stderr]     Checking cairo-lang-debug v2.4.3
[INFO] [stderr]     Checking cairo-lang-filesystem v2.4.3
[INFO] [stderr]     Checking cairo-lang-syntax v2.4.3
[INFO] [stderr]     Checking cairo-lang-diagnostics v2.4.3
[INFO] [stderr]    Compiling ark-serialize v0.4.2
[INFO] [stderr]     Checking cairo-lang-eq-solver v2.4.3
[INFO] [stderr]     Checking toml v0.7.8
[INFO] [stderr]    Compiling ark-ff-macros v0.4.2
[INFO] [stderr]     Checking cairo-felt v0.8.7
[INFO] [stderr]    Compiling lalrpop v0.20.0
[INFO] [stderr]     Checking cairo-lang-project v2.3.1
[INFO] [stderr]     Checking num-modular v0.5.1
[INFO] [stderr]    Compiling thiserror-impl-no-std v2.0.2
[INFO] [stderr]     Checking lru v0.7.8
[INFO] [stderr]    Compiling proc-macro-crate v2.0.1
[INFO] [stderr]    Compiling convert_case v0.4.0
[INFO] [stderr]     Checking minimal-lexical v0.2.1
[INFO] [stderr]     Checking nom v7.1.3
[INFO] [stderr]    Compiling cairo-lang-proc-macros v2.4.3
[INFO] [stderr]    Compiling ark-ff v0.4.2
[INFO] [stderr]     Checking thiserror-no-std v2.0.2
[INFO] [stderr]    Compiling derive_more v0.99.17
[INFO] [stderr]    Compiling parity-scale-codec-derive v3.6.9
[INFO] [stderr]     Checking num-prime v0.4.3
[INFO] [stderr]     Checking mimalloc v0.1.39
[INFO] [stderr]    Compiling proc-macro-error v1.0.4
[INFO] [stderr]     Checking primitive-types v0.12.2
[INFO] [stderr]     Checking bincode v2.0.0-rc.3
[INFO] [stderr]    Compiling getset v0.1.2
[INFO] [stderr]     Checking cairo-lang-parser v2.4.3
[INFO] [stderr]     Checking cairo-lang-defs v2.4.3
[INFO] [stderr]     Checking cairo-lang-casm v2.4.3
[INFO] [stderr]     Checking cairo-lang-plugins v2.4.3
[INFO] [stderr]     Checking cairo-lang-semantic v2.4.3
[INFO] [stderr]    Compiling cairo-lang-sierra v2.4.3
[INFO] [stderr]    Compiling starknet-ff v0.3.6
[INFO] [stderr]    Compiling starknet-curve v0.4.0
[INFO] [stderr]     Checking starknet-curve v0.3.0
[INFO] [stderr]     Checking cairo-lang-lowering v2.4.3
[INFO] [stderr]    Compiling starknet-crypto-codegen v0.3.2
[INFO] [stderr]     Checking starknet-crypto v0.5.2
[INFO] [stderr]     Checking cairo-lang-sierra-type-size v2.4.3
[INFO] [stderr]     Checking cairo-lang-sierra-generator v2.4.3
[INFO] [stderr]     Checking cairo-lang-sierra-ap-change v2.4.3
[INFO] [stderr]     Checking cairo-lang-sierra-gas v2.4.3
[INFO] [stderr]     Checking cairo-lang-sierra-to-casm v2.4.3
[INFO] [stderr]     Checking cairo-lang-compiler v2.3.1
[INFO] [stdout] error[E0432]: unresolved import `cairo_lang_plugins::get_default_plugins`
[INFO] [stdout]   --> /opt/rustwide/cargo-home/registry/src/index.crates.io-6f17d22bba15001f/cairo-lang-compiler-2.3.1/src/db.rs:15:5
[INFO] [stdout]    |
[INFO] [stdout] 15 | use cairo_lang_plugins::get_default_plugins;
[INFO] [stdout]    |     ^^^^^^^^^^^^^^^^^^^^-------------------
[INFO] [stdout]    |     |                   |
[INFO] [stdout]    |     |                   help: a similar name exists in the module: `get_base_plugins`
[INFO] [stdout]    |     no `get_default_plugins` in the root
[INFO] [stdout] 
[INFO] [stdout] 
[INFO] [stdout] error[E0432]: unresolved import `cairo_lang_semantic::inline_macros::get_default_inline_macro_plugins`
[INFO] [stdout]   --> /opt/rustwide/cargo-home/registry/src/index.crates.io-6f17d22bba15001f/cairo-lang-compiler-2.3.1/src/db.rs:18:5
[INFO] [stdout]    |
[INFO] [stdout] 18 | use cairo_lang_semantic::inline_macros::get_default_inline_macro_plugins;
[INFO] [stdout]    |     ^^^^^^^^^^^^^^^^^^^^^^^^^^^^^^^^^^^^^^^^^^^^^^^^^^^^^^^^^^^^^^^^^^^^ no `get_default_inline_macro_plugins` in `inline_macros`
[INFO] [stdout] 
[INFO] [stdout] 
[INFO] [stdout] error[E0599]: no method named `set_crate_root` found for struct `RootDatabase` in the current scope
[INFO] [stdout]    --> /opt/rustwide/cargo-home/registry/src/index.crates.io-6f17d22bba15001f/cairo-lang-compiler-2.3.1/src/db.rs:152:20
[INFO] [stdout]     |
[INFO] [stdout] 35  | pub struct RootDatabase {
[INFO] [stdout]     | ----------------------- method `set_crate_root` not found for this struct
[INFO] [stdout] ...
[INFO] [stdout] 152 |                 db.set_crate_root(core_crate, Some(corelib));
[INFO] [stdout]     |                    ^^^^^^^^^^^^^^ method not found in `RootDatabase`
[INFO] [stdout] 
[INFO] [stdout] 
[INFO] [stdout] error[E0599]: no method named `set_crate_root` found for mutable reference `&mut dyn SemanticGroup` in the current scope
[INFO] [stdout]   --> /opt/rustwide/cargo-home/registry/src/index.crates.io-6f17d22bba15001f/cairo-lang-compiler-2.3.1/src/project.rs:45:12
[INFO] [stdout]    |
[INFO] [stdout] 45 |         db.set_crate_root(crate_id, Some(Directory::Real(file_dir.to_path_buf())));
[INFO] [stdout]    |            ^^^^^^^^^^^^^^ method not found in `&mut dyn SemanticGroup`
[INFO] [stdout] 
[INFO] [stdout] 
[INFO] [stdout] error[E0599]: no method named `set_crate_root` found for mutable reference `&mut dyn SemanticGroup` in the current scope
[INFO] [stdout]   --> /opt/rustwide/cargo-home/registry/src/index.crates.io-6f17d22bba15001f/cairo-lang-compiler-2.3.1/src/project.rs:50:12
[INFO] [stdout]    |
[INFO] [stdout] 50 |         db.set_crate_root(crate_id, Some(Directory::Real(path.parent().unwrap().to_path_buf())));
[INFO] [stdout]    |            ^^^^^^^^^^^^^^ method not found in `&mut dyn SemanticGroup`
[INFO] [stdout] 
[INFO] [stdout] 
[INFO] [stdout] error[E0599]: no method named `set_crate_root` found for mutable reference `&mut dyn SemanticGroup` in the current scope
[INFO] [stdout]   --> /opt/rustwide/cargo-home/registry/src/index.crates.io-6f17d22bba15001f/cairo-lang-compiler-2.3.1/src/project.rs:69:12
[INFO] [stdout]    |
[INFO] [stdout] 69 |         db.set_crate_root(crate_id, Some(root));
[INFO] [stdout]    |            ^^^^^^^^^^^^^^ method not found in `&mut dyn SemanticGroup`
[INFO] [stdout] 
[INFO] [stdout] 
[INFO] [stdout] error: aborting due to 6 previous errors
[INFO] [stdout] 
[INFO] [stdout] 
[INFO] [stdout] Some errors have detailed explanations: E0432, E0599.
[INFO] [stdout] 
[INFO] [stdout] For more information about an error, try `rustc --explain E0432`.
[INFO] [stdout] 
[INFO] [stderr] error: could not compile `cairo-lang-compiler` (lib) due to 7 previous errors
[INFO] [stderr] warning: build failed, waiting for other jobs to finish...
[INFO] running `Command { std: "docker" "inspect" "4cf7427e09197b2772a6f123085e91ce1920806a03cf61e2bcbd3b9a2e531c67", kill_on_drop: false }`
[INFO] running `Command { std: "docker" "rm" "-f" "4cf7427e09197b2772a6f123085e91ce1920806a03cf61e2bcbd3b9a2e531c67", kill_on_drop: false }`
[INFO] [stdout] 4cf7427e09197b2772a6f123085e91ce1920806a03cf61e2bcbd3b9a2e531c67
[INFO] documenting starknet-contract-class-0.2.0 against beta-2023-12-22 for beta-1.76-rustdoc-1
[INFO] extracting crate starknet-contract-class 0.2.0 into /workspace/builds/worker-2-tc2/source
[INFO] validating manifest of crates.io crate starknet-contract-class 0.2.0 on toolchain beta-2023-12-22
[INFO] running `Command { std: CARGO_HOME="/workspace/cargo-home" RUSTUP_HOME="/workspace/rustup-home" "/workspace/cargo-home/bin/cargo" "+beta-2023-12-22" "metadata" "--manifest-path" "Cargo.toml" "--no-deps", kill_on_drop: false }`
[INFO] started tweaking crates.io crate starknet-contract-class 0.2.0
[INFO] finished tweaking crates.io crate starknet-contract-class 0.2.0
[INFO] tweaked toml for crates.io crate starknet-contract-class 0.2.0 written to /workspace/builds/worker-2-tc2/source/Cargo.toml
[INFO] running `Command { std: CARGO_HOME="/workspace/cargo-home" RUSTUP_HOME="/workspace/rustup-home" "/workspace/cargo-home/bin/cargo" "+beta-2023-12-22" "generate-lockfile" "--manifest-path" "Cargo.toml", kill_on_drop: false }`
[INFO] [stderr]     Updating crates.io index
[INFO] running `Command { std: CARGO_HOME="/workspace/cargo-home" RUSTUP_HOME="/workspace/rustup-home" "/workspace/cargo-home/bin/cargo" "+beta-2023-12-22" "fetch" "--manifest-path" "Cargo.toml", kill_on_drop: false }`
[INFO] running `Command { std: "docker" "create" "-v" "/var/lib/crater-agent-workspace/builds/worker-2-tc2/target:/opt/rustwide/target:rw,Z" "-v" "/var/lib/crater-agent-workspace/builds/worker-2-tc2/source:/opt/rustwide/workdir:ro,Z" "-v" "/var/lib/crater-agent-workspace/cargo-home:/opt/rustwide/cargo-home:ro,Z" "-v" "/var/lib/crater-agent-workspace/rustup-home:/opt/rustwide/rustup-home:ro,Z" "-e" "SOURCE_DIR=/opt/rustwide/workdir" "-e" "CARGO_TARGET_DIR=/opt/rustwide/target" "-e" "CARGO_HOME=/opt/rustwide/cargo-home" "-e" "RUSTUP_HOME=/opt/rustwide/rustup-home" "-w" "/opt/rustwide/workdir" "-m" "1610612736" "--user" "0:0" "--network" "none" "ghcr.io/rust-lang/crates-build-env/linux@sha256:2788e3201cd34a07e3172128adcd8b3090168a8e3bcc40d7c032b9dda1df7d1c" "/opt/rustwide/cargo-home/bin/cargo" "+beta-2023-12-22" "metadata" "--no-deps" "--format-version=1", kill_on_drop: false }`
[INFO] [stdout] 322a87113dc989adc45c66c7c32feeb8b2958e5933a66141c26732a29526a529
[INFO] running `Command { std: "docker" "start" "-a" "322a87113dc989adc45c66c7c32feeb8b2958e5933a66141c26732a29526a529", kill_on_drop: false }`
[INFO] running `Command { std: "docker" "inspect" "322a87113dc989adc45c66c7c32feeb8b2958e5933a66141c26732a29526a529", kill_on_drop: false }`
[INFO] running `Command { std: "docker" "rm" "-f" "322a87113dc989adc45c66c7c32feeb8b2958e5933a66141c26732a29526a529", kill_on_drop: false }`
[INFO] [stdout] 322a87113dc989adc45c66c7c32feeb8b2958e5933a66141c26732a29526a529
[INFO] running `Command { std: "docker" "create" "-v" "/var/lib/crater-agent-workspace/builds/worker-2-tc2/target:/opt/rustwide/target:rw,Z" "-v" "/var/lib/crater-agent-workspace/builds/worker-2-tc2/source:/opt/rustwide/workdir:ro,Z" "-v" "/var/lib/crater-agent-workspace/cargo-home:/opt/rustwide/cargo-home:ro,Z" "-v" "/var/lib/crater-agent-workspace/rustup-home:/opt/rustwide/rustup-home:ro,Z" "-e" "SOURCE_DIR=/opt/rustwide/workdir" "-e" "CARGO_TARGET_DIR=/opt/rustwide/target" "-e" "CARGO_INCREMENTAL=0" "-e" "RUST_BACKTRACE=full" "-e" "RUSTFLAGS=--cap-lints=warn" "-e" "RUSTDOCFLAGS=--cap-lints=warn" "-e" "CARGO_HOME=/opt/rustwide/cargo-home" "-e" "RUSTUP_HOME=/opt/rustwide/rustup-home" "-w" "/opt/rustwide/workdir" "-m" "1610612736" "--user" "0:0" "--network" "none" "ghcr.io/rust-lang/crates-build-env/linux@sha256:2788e3201cd34a07e3172128adcd8b3090168a8e3bcc40d7c032b9dda1df7d1c" "/opt/rustwide/cargo-home/bin/cargo" "+beta-2023-12-22" "doc" "--frozen" "--no-deps" "--document-private-items" "--message-format=json", kill_on_drop: false }`
[INFO] [stdout] d5e8912e6b2d4efde5ceacc99d320f1c0b2e00f62bf649adfc79006459784627
[INFO] running `Command { std: "docker" "start" "-a" "d5e8912e6b2d4efde5ceacc99d320f1c0b2e00f62bf649adfc79006459784627", kill_on_drop: false }`
[INFO] [stderr]    Compiling proc-macro2 v1.0.76
[INFO] [stderr]    Compiling syn v1.0.109
[INFO] [stderr]    Compiling serde v1.0.195
[INFO] [stderr]    Compiling num-traits v0.2.17
[INFO] [stderr]    Compiling num-integer v0.1.45
[INFO] [stderr]     Checking rand v0.8.5
[INFO] [stderr]    Compiling num-bigint v0.4.4
[INFO] [stderr]    Compiling indexmap v1.9.3
[INFO] [stderr]     Checking either v1.9.0
[INFO] [stderr]    Compiling lock_api v0.4.11
[INFO] [stderr]    Compiling schemars v0.8.16
[INFO] [stderr]     Checking allocator-api2 v0.2.16
[INFO] [stderr]    Compiling serde_json v1.0.111
[INFO] [stderr]    Compiling libc v0.2.151
[INFO] [stderr]     Checking dyn-clone v1.0.16
[INFO] [stderr]     Checking arrayvec v0.7.4
[INFO] [stderr]     Checking byte-slice-cast v1.2.2
[INFO] [stderr]    Compiling hashbrown v0.14.3
[INFO] [stderr]    Compiling equivalent v1.0.1
[INFO] [stderr]     Checking generic-array v0.14.7
[INFO] [stderr]     Checking itertools v0.11.0
[INFO] [stderr]    Compiling quote v1.0.35
[INFO] [stderr]    Compiling parking_lot_core v0.8.6
[INFO] [stderr]    Compiling syn v2.0.48
[INFO] [stderr]     Checking log v0.4.20
[INFO] [stderr]     Checking instant v0.1.12
[INFO] [stderr]    Compiling unicode-segmentation v1.10.1
[INFO] [stderr]    Compiling crossbeam-utils v0.8.18
[INFO] [stderr]    Compiling heck v0.3.3
[INFO] [stderr]     Checking subtle v2.5.0
[INFO] [stderr]    Compiling thiserror v1.0.56
[INFO] [stderr]     Checking block-buffer v0.10.4
[INFO] [stderr]     Checking parking_lot v0.11.2
[INFO] [stderr]     Checking crypto-common v0.1.6
[INFO] [stderr]     Checking rustc-hash v1.1.0
[INFO] [stderr]     Checking oorandom v11.1.3
[INFO] [stderr]     Checking digest v0.10.7
[INFO] [stderr]    Compiling cfg-if v1.0.0
[INFO] [stderr]    Compiling itertools v0.10.5
[INFO] [stderr]    Compiling parking_lot_core v0.9.9
[INFO] [stderr]    Compiling memchr v2.7.1
[INFO] [stderr]    Compiling dirs-sys-next v0.1.2
[INFO] [stderr]    Compiling regex-syntax v0.8.2
[INFO] [stderr]    Compiling rustix v0.38.28
[INFO] [stderr]    Compiling scopeguard v1.2.0
[INFO] [stderr]    Compiling aho-corasick v1.1.2
[INFO] [stderr]    Compiling dirs-next v2.0.0
[INFO] [stderr]    Compiling crunchy v0.2.2
[INFO] [stderr]    Compiling tiny-keccak v2.0.2
[INFO] [stderr]    Compiling siphasher v0.3.11
[INFO] [stderr]    Compiling linux-raw-sys v0.4.12
[INFO] [stderr]    Compiling bitflags v2.4.1
[INFO] [stderr]    Compiling phf_shared v0.10.0
[INFO] [stderr]    Compiling term v0.7.0
[INFO] [stderr]    Compiling parking_lot v0.12.1
[INFO] [stderr]    Compiling once_cell v1.19.0
[INFO] [stderr]    Compiling bit-vec v0.6.3
[INFO] [stderr]     Checking path-clean v1.0.1
[INFO] [stderr]    Compiling genco-macros v0.17.8
[INFO] [stderr]    Compiling new_debug_unreachable v1.0.4
[INFO] [stderr]    Compiling precomputed-hash v0.1.1
[INFO] [stderr]    Compiling fixedbitset v0.4.2
[INFO] [stderr]    Compiling is-terminal v0.4.10
[INFO] [stderr]    Compiling regex-automata v0.4.3
[INFO] [stderr]    Compiling string_cache v0.8.7
[INFO] [stderr]    Compiling bit-set v0.5.3
[INFO] [stderr]    Compiling ena v0.14.2
[INFO] [stderr]    Compiling ascii-canvas v3.0.0
[INFO] [stderr]    Compiling num-complex v0.2.4
[INFO] [stderr]    Compiling pico-args v0.5.0
[INFO] [stderr]    Compiling serde_derive_internals v0.26.0
[INFO] [stderr]    Compiling diff v0.1.13
[INFO] [stderr]    Compiling regex-syntax v0.7.5
[INFO] [stderr]    Compiling xshell-macros v0.2.5
[INFO] [stderr]    Compiling hashbrown v0.12.3
[INFO] [stderr]    Compiling ndarray v0.13.1
[INFO] [stderr]     Checking rawpointer v0.2.1
[INFO] [stderr]     Checking relative-path v1.9.2
[INFO] [stderr]    Compiling itoa v1.0.10
[INFO] [stderr]    Compiling ryu v1.0.16
[INFO] [stderr]     Checking matrixmultiply v0.2.4
[INFO] [stderr]     Checking xshell v0.2.5
[INFO] [stderr]    Compiling regex v1.10.2
[INFO] [stderr]    Compiling anyhow v1.0.79
[INFO] [stderr]    Compiling typenum v1.17.0
[INFO] [stderr]    Compiling lalrpop-util v0.20.0
[INFO] [stderr]    Compiling ppv-lite86 v0.2.17
[INFO] [stderr]    Compiling rand_core v0.6.4
[INFO] [stderr]     Checking sha3 v0.10.8
[INFO] [stderr]     Checking convert_case v0.6.0
[INFO] [stderr]    Compiling serde_derive v1.0.195
[INFO] [stderr]    Compiling thiserror-impl v1.0.56
[INFO] [stderr]    Compiling zeroize_derive v1.4.2
[INFO] [stderr]    Compiling schemars_derive v0.8.16
[INFO] [stderr]    Compiling impl-trait-for-tuples v0.2.2
[INFO] [stderr]    Compiling salsa-macros v0.16.0
[INFO] [stderr]    Compiling derivative v2.2.0
[INFO] [stderr]    Compiling ark-ff-asm v0.4.2
[INFO] [stderr]     Checking unescaper v0.1.3
[INFO] [stderr]    Compiling rand_chacha v0.3.1
[INFO] [stderr]     Checking colored v2.1.0
[INFO] [stderr]     Checking genco v0.17.8
[INFO] [stderr]     Checking num-traits v0.1.43
[INFO] [stderr]     Checking const-fnv1a-hash v1.1.0
[INFO] [stderr]    Compiling indoc v2.0.4
[INFO] [stderr]     Checking sprs v0.7.1
[INFO] [stderr]     Checking cairo-lang-syntax-codegen v2.4.3
[INFO] [stderr]    Compiling toml_datetime v0.6.3
[INFO] [stderr]     Checking indent v0.1.1
[INFO] [stderr]    Compiling winnow v0.5.33
[INFO] [stderr]     Checking minilp v0.2.2
[INFO] [stderr]    Compiling ark-std v0.4.0
[INFO] [stderr]    Compiling zeroize v1.7.0
[INFO] [stderr]     Checking good_lp v1.7.0
[INFO] [stderr]     Checking id-arena v2.2.1
[INFO] [stderr]    Compiling crypto-bigint v0.5.5
[INFO] [stderr]    Compiling hex v0.4.3
[INFO] [stderr]    Compiling cc v1.0.83
[INFO] [stderr]    Compiling radium v0.7.0
[INFO] [stderr]    Compiling const_format_proc_macros v0.2.32
[INFO] [stderr]    Compiling libmimalloc-sys v0.1.35
[INFO] [stderr]     Checking hmac v0.12.1
[INFO] [stderr]     Checking assert_matches v1.5.0
[INFO] [stderr]     Checking byteorder v1.5.0
[INFO] [stderr]     Checking wyz v0.5.1
[INFO] [stderr]     Checking rfc6979 v0.4.0
[INFO] [stderr]     Checking sha2 v0.10.8
[INFO] [stderr]     Checking rustc-hex v2.1.0
[INFO] [stderr]     Checking funty v2.0.0
[INFO] [stderr]     Checking fixed-hash v0.8.0
[INFO] [stderr]     Checking uint v0.9.5
[INFO] [stderr]    Compiling proc-macro-error-attr v1.0.4
[INFO] [stderr]    Compiling thiserror-impl-no-std v2.0.2
[INFO] [stderr]     Checking lru v0.7.8
[INFO] [stderr]     Checking minimal-lexical v0.2.1
[INFO] [stderr]     Checking bitvec v1.0.1
[INFO] [stderr]    Compiling convert_case v0.4.0
[INFO] [stderr]     Checking const_format v0.2.32
[INFO] [stderr]     Checking nom v7.1.3
[INFO] [stderr]     Checking parity-scale-codec v3.6.9
[INFO] [stderr]     Checking indexmap v2.1.0
[INFO] [stderr]     Checking salsa v0.16.1
[INFO] [stderr]     Checking smol_str v0.2.0
[INFO] [stderr]    Compiling petgraph v0.6.4
[INFO] [stderr]    Compiling toml_edit v0.20.2
[INFO] [stderr]     Checking serde_spanned v0.6.5
[INFO] [stderr]     Checking ark-serialize v0.4.2
[INFO] [stderr]     Checking toml_edit v0.19.15
[INFO] [stderr]     Checking cairo-felt v0.8.7
[INFO] [stderr]     Checking num-modular v0.5.1
[INFO] [stderr]    Compiling lalrpop v0.20.0
[INFO] [stderr]     Checking cairo-lang-utils v2.4.3
[INFO] [stderr]    Compiling ark-ff-macros v0.4.2
[INFO] [stderr]     Checking impl-serde v0.4.0
[INFO] [stderr]     Checking cairo-lang-debug v2.4.3
[INFO] [stderr]     Checking cairo-lang-eq-solver v2.4.3
[INFO] [stderr]     Checking cairo-lang-filesystem v2.4.3
[INFO] [stderr]     Checking primitive-types v0.12.2
[INFO] [stderr]     Checking mimalloc v0.1.39
[INFO] [stderr]     Checking num-prime v0.4.3
[INFO] [stderr]     Checking cairo-lang-diagnostics v2.4.3
[INFO] [stderr]     Checking cairo-lang-syntax v2.4.3
[INFO] [stderr]    Compiling proc-macro-crate v2.0.1
[INFO] [stderr]     Checking toml v0.7.8
[INFO] [stderr]     Checking cairo-lang-project v2.3.1
[INFO] [stderr]     Checking thiserror-no-std v2.0.2
[INFO] [stderr]    Compiling derive_more v0.99.17
[INFO] [stderr]     Checking bincode v2.0.0-rc.3
[INFO] [stderr]    Compiling proc-macro-error v1.0.4
[INFO] [stderr]    Compiling ark-ff v0.4.2
[INFO] [stderr]    Compiling cairo-lang-proc-macros v2.4.3
[INFO] [stderr]    Compiling getset v0.1.2
[INFO] [stderr]    Compiling parity-scale-codec-derive v3.6.9
[INFO] [stderr]     Checking cairo-lang-casm v2.4.3
[INFO] [stderr]     Checking cairo-lang-parser v2.4.3
[INFO] [stderr]     Checking cairo-lang-defs v2.4.3
[INFO] [stderr]     Checking cairo-lang-plugins v2.4.3
[INFO] [stderr]     Checking cairo-lang-semantic v2.4.3
[INFO] [stderr]    Compiling cairo-lang-sierra v2.4.3
[INFO] [stderr]     Checking starknet-ff v0.3.6
[INFO] [stderr]     Checking starknet-curve v0.3.0
[INFO] [stderr]    Compiling starknet-curve v0.4.0
[INFO] [stderr]    Compiling starknet-crypto-codegen v0.3.2
[INFO] [stderr]     Checking starknet-crypto v0.5.2
[INFO] [stderr]     Checking cairo-lang-lowering v2.4.3
[INFO] [stderr]     Checking cairo-lang-sierra-type-size v2.4.3
[INFO] [stderr]     Checking cairo-lang-sierra-generator v2.4.3
[INFO] [stderr]     Checking cairo-lang-sierra-ap-change v2.4.3
[INFO] [stderr]     Checking cairo-lang-sierra-gas v2.4.3
[INFO] [stderr]     Checking cairo-lang-sierra-to-casm v2.4.3
[INFO] [stderr]     Checking cairo-lang-compiler v2.3.1
[INFO] [stdout] error[E0432]: unresolved import `cairo_lang_plugins::get_default_plugins`
[INFO] [stdout]   --> /opt/rustwide/cargo-home/registry/src/index.crates.io-6f17d22bba15001f/cairo-lang-compiler-2.3.1/src/db.rs:15:5
[INFO] [stdout]    |
[INFO] [stdout] 15 | use cairo_lang_plugins::get_default_plugins;
[INFO] [stdout]    |     ^^^^^^^^^^^^^^^^^^^^-------------------
[INFO] [stdout]    |     |                   |
[INFO] [stdout]    |     |                   help: a similar name exists in the module: `get_base_plugins`
[INFO] [stdout]    |     no `get_default_plugins` in the root
[INFO] [stdout] 
[INFO] [stdout] 
[INFO] [stdout] error[E0432]: unresolved import `cairo_lang_semantic::inline_macros::get_default_inline_macro_plugins`
[INFO] [stdout]   --> /opt/rustwide/cargo-home/registry/src/index.crates.io-6f17d22bba15001f/cairo-lang-compiler-2.3.1/src/db.rs:18:5
[INFO] [stdout]    |
[INFO] [stdout] 18 | use cairo_lang_semantic::inline_macros::get_default_inline_macro_plugins;
[INFO] [stdout]    |     ^^^^^^^^^^^^^^^^^^^^^^^^^^^^^^^^^^^^^^^^^^^^^^^^^^^^^^^^^^^^^^^^^^^^ no `get_default_inline_macro_plugins` in `inline_macros`
[INFO] [stdout] 
[INFO] [stdout] 
[INFO] [stdout] error[E0599]: no method named `set_crate_root` found for struct `RootDatabase` in the current scope
[INFO] [stdout]    --> /opt/rustwide/cargo-home/registry/src/index.crates.io-6f17d22bba15001f/cairo-lang-compiler-2.3.1/src/db.rs:152:20
[INFO] [stdout]     |
[INFO] [stdout] 35  | pub struct RootDatabase {
[INFO] [stdout]     | ----------------------- method `set_crate_root` not found for this struct
[INFO] [stdout] ...
[INFO] [stdout] 152 |                 db.set_crate_root(core_crate, Some(corelib));
[INFO] [stdout]     |                    ^^^^^^^^^^^^^^ method not found in `RootDatabase`
[INFO] [stdout] 
[INFO] [stdout] 
[INFO] [stdout] error[E0599]: no method named `set_crate_root` found for mutable reference `&mut dyn SemanticGroup` in the current scope
[INFO] [stdout]   --> /opt/rustwide/cargo-home/registry/src/index.crates.io-6f17d22bba15001f/cairo-lang-compiler-2.3.1/src/project.rs:45:12
[INFO] [stdout]    |
[INFO] [stdout] 45 |         db.set_crate_root(crate_id, Some(Directory::Real(file_dir.to_path_buf())));
[INFO] [stdout]    |            ^^^^^^^^^^^^^^ method not found in `&mut dyn SemanticGroup`
[INFO] [stdout] 
[INFO] [stdout] 
[INFO] [stdout] error[E0599]: no method named `set_crate_root` found for mutable reference `&mut dyn SemanticGroup` in the current scope
[INFO] [stdout]   --> /opt/rustwide/cargo-home/registry/src/index.crates.io-6f17d22bba15001f/cairo-lang-compiler-2.3.1/src/project.rs:50:12
[INFO] [stdout]    |
[INFO] [stdout] 50 |         db.set_crate_root(crate_id, Some(Directory::Real(path.parent().unwrap().to_path_buf())));
[INFO] [stdout]    |            ^^^^^^^^^^^^^^ method not found in `&mut dyn SemanticGroup`
[INFO] [stdout] 
[INFO] [stdout] 
[INFO] [stdout] error[E0599]: no method named `set_crate_root` found for mutable reference `&mut dyn SemanticGroup` in the current scope
[INFO] [stdout]   --> /opt/rustwide/cargo-home/registry/src/index.crates.io-6f17d22bba15001f/cairo-lang-compiler-2.3.1/src/project.rs:69:12
[INFO] [stdout]    |
[INFO] [stdout] 69 |         db.set_crate_root(crate_id, Some(root));
[INFO] [stdout]    |            ^^^^^^^^^^^^^^ method not found in `&mut dyn SemanticGroup`
[INFO] [stdout] 
[INFO] [stdout] 
[INFO] [stdout] error: aborting due to 6 previous errors
[INFO] [stdout] 
[INFO] [stdout] 
[INFO] [stdout] Some errors have detailed explanations: E0432, E0599.
[INFO] [stdout] 
[INFO] [stdout] For more information about an error, try `rustc --explain E0432`.
[INFO] [stdout] 
[INFO] [stderr] error: could not compile `cairo-lang-compiler` (lib) due to 7 previous errors
[INFO] [stderr] warning: build failed, waiting for other jobs to finish...
[INFO] running `Command { std: "docker" "inspect" "d5e8912e6b2d4efde5ceacc99d320f1c0b2e00f62bf649adfc79006459784627", kill_on_drop: false }`
[INFO] running `Command { std: "docker" "rm" "-f" "d5e8912e6b2d4efde5ceacc99d320f1c0b2e00f62bf649adfc79006459784627", kill_on_drop: false }`
[INFO] [stdout] d5e8912e6b2d4efde5ceacc99d320f1c0b2e00f62bf649adfc79006459784627
