[INFO] fetching crate stack_test_progpow_gpu 0.1.0...
[INFO] documenting stack_test_progpow_gpu-0.1.0 against 1.75.0 for beta-1.76-rustdoc-1
[INFO] extracting crate stack_test_progpow_gpu 0.1.0 into /workspace/builds/worker-7-tc1/source
[INFO] validating manifest of crates.io crate stack_test_progpow_gpu 0.1.0 on toolchain 1.75.0
[INFO] running `Command { std: CARGO_HOME="/workspace/cargo-home" RUSTUP_HOME="/workspace/rustup-home" "/workspace/cargo-home/bin/cargo" "+1.75.0" "metadata" "--manifest-path" "Cargo.toml" "--no-deps", kill_on_drop: false }`
[INFO] started tweaking crates.io crate stack_test_progpow_gpu 0.1.0
[INFO] finished tweaking crates.io crate stack_test_progpow_gpu 0.1.0
[INFO] tweaked toml for crates.io crate stack_test_progpow_gpu 0.1.0 written to /workspace/builds/worker-7-tc1/source/Cargo.toml
[INFO] running `Command { std: CARGO_HOME="/workspace/cargo-home" RUSTUP_HOME="/workspace/rustup-home" "/workspace/cargo-home/bin/cargo" "+1.75.0" "generate-lockfile" "--manifest-path" "Cargo.toml", kill_on_drop: false }`
[INFO] [stderr]     Blocking waiting for file lock on package cache
[INFO] [stderr]     Updating crates.io index
[INFO] running `Command { std: CARGO_HOME="/workspace/cargo-home" RUSTUP_HOME="/workspace/rustup-home" "/workspace/cargo-home/bin/cargo" "+1.75.0" "fetch" "--manifest-path" "Cargo.toml", kill_on_drop: false }`
[INFO] [stderr]     Blocking waiting for file lock on package cache
[INFO] running `Command { std: "docker" "create" "-v" "/var/lib/crater-agent-workspace/builds/worker-7-tc1/target:/opt/rustwide/target:rw,Z" "-v" "/var/lib/crater-agent-workspace/builds/worker-7-tc1/source:/opt/rustwide/workdir:ro,Z" "-v" "/var/lib/crater-agent-workspace/cargo-home:/opt/rustwide/cargo-home:ro,Z" "-v" "/var/lib/crater-agent-workspace/rustup-home:/opt/rustwide/rustup-home:ro,Z" "-e" "SOURCE_DIR=/opt/rustwide/workdir" "-e" "CARGO_TARGET_DIR=/opt/rustwide/target" "-e" "CARGO_HOME=/opt/rustwide/cargo-home" "-e" "RUSTUP_HOME=/opt/rustwide/rustup-home" "-w" "/opt/rustwide/workdir" "-m" "1610612736" "--user" "0:0" "--network" "none" "ghcr.io/rust-lang/crates-build-env/linux@sha256:2788e3201cd34a07e3172128adcd8b3090168a8e3bcc40d7c032b9dda1df7d1c" "/opt/rustwide/cargo-home/bin/cargo" "+1.75.0" "metadata" "--no-deps" "--format-version=1", kill_on_drop: false }`
[INFO] [stdout] 6f89c9eb5b15239265bf7cb0885a4b48ef199dc0765e178b926b5e2a5e21e3da
[INFO] running `Command { std: "docker" "start" "-a" "6f89c9eb5b15239265bf7cb0885a4b48ef199dc0765e178b926b5e2a5e21e3da", kill_on_drop: false }`
[INFO] running `Command { std: "docker" "inspect" "6f89c9eb5b15239265bf7cb0885a4b48ef199dc0765e178b926b5e2a5e21e3da", kill_on_drop: false }`
[INFO] running `Command { std: "docker" "rm" "-f" "6f89c9eb5b15239265bf7cb0885a4b48ef199dc0765e178b926b5e2a5e21e3da", kill_on_drop: false }`
[INFO] [stdout] 6f89c9eb5b15239265bf7cb0885a4b48ef199dc0765e178b926b5e2a5e21e3da
[INFO] running `Command { std: "docker" "create" "-v" "/var/lib/crater-agent-workspace/builds/worker-7-tc1/target:/opt/rustwide/target:rw,Z" "-v" "/var/lib/crater-agent-workspace/builds/worker-7-tc1/source:/opt/rustwide/workdir:ro,Z" "-v" "/var/lib/crater-agent-workspace/cargo-home:/opt/rustwide/cargo-home:ro,Z" "-v" "/var/lib/crater-agent-workspace/rustup-home:/opt/rustwide/rustup-home:ro,Z" "-e" "SOURCE_DIR=/opt/rustwide/workdir" "-e" "CARGO_TARGET_DIR=/opt/rustwide/target" "-e" "CARGO_INCREMENTAL=0" "-e" "RUST_BACKTRACE=full" "-e" "RUSTFLAGS=--cap-lints=warn" "-e" "RUSTDOCFLAGS=--cap-lints=warn" "-e" "CARGO_HOME=/opt/rustwide/cargo-home" "-e" "RUSTUP_HOME=/opt/rustwide/rustup-home" "-w" "/opt/rustwide/workdir" "-m" "1610612736" "--user" "0:0" "--network" "none" "ghcr.io/rust-lang/crates-build-env/linux@sha256:2788e3201cd34a07e3172128adcd8b3090168a8e3bcc40d7c032b9dda1df7d1c" "/opt/rustwide/cargo-home/bin/cargo" "+1.75.0" "doc" "--frozen" "--no-deps" "--document-private-items" "--message-format=json", kill_on_drop: false }`
[INFO] [stdout] f7c3e9cf84e6cfe46ce89066d5b85ff53cdc27aa8e23b5b2e3cf3b7992453ab3
[INFO] running `Command { std: "docker" "start" "-a" "f7c3e9cf84e6cfe46ce89066d5b85ff53cdc27aa8e23b5b2e3cf3b7992453ab3", kill_on_drop: false }`
[INFO] [stderr]    Compiling libc v0.2.151
[INFO] [stderr]    Compiling glob v0.2.11
[INFO] [stderr]    Compiling quick-error v1.2.3
[INFO] [stderr]    Compiling unicode-width v0.1.11
[INFO] [stderr]    Compiling vec_map v0.8.2
[INFO] [stderr]    Compiling termcolor v1.4.0
[INFO] [stderr]    Compiling bitflags v1.3.2
[INFO] [stderr]    Compiling bindgen v0.37.4
[INFO] [stderr]    Compiling ansi_term v0.12.1
[INFO] [stderr]    Compiling strsim v0.8.0
[INFO] [stderr]    Compiling peeking_take_while v0.1.2
[INFO] [stderr]    Compiling proc-macro2 v0.3.5
[INFO] [stderr]    Compiling crunchy v0.1.6
[INFO] [stderr]    Compiling cfg-if v0.1.10
[INFO] [stderr]     Checking byteorder v1.5.0
[INFO] [stderr]    Compiling textwrap v0.11.0
[INFO] [stderr]    Compiling humantime v1.3.0
[INFO] [stderr]    Compiling quote v0.5.2
[INFO] [stderr]    Compiling clang-sys v0.23.0
[INFO] [stderr]     Checking bigint v4.4.3
[INFO] [stderr]    Compiling cc v1.0.83
[INFO] [stderr]    Compiling atty v0.2.14
[INFO] [stderr]    Compiling memchr v1.0.2
[INFO] [stderr]    Compiling which v1.0.5
[INFO] [stderr]    Compiling filetime v0.2.23
[INFO] [stderr]    Compiling nom v3.2.1
[INFO] [stderr]    Compiling clap v2.34.0
[INFO] [stderr]    Compiling env_logger v0.5.13
[INFO] [stderr]    Compiling cmake v0.1.50
[INFO] [stderr]    Compiling cexpr v0.2.3
[INFO] [stderr]    Compiling libloading v0.5.2
[INFO] [stderr]    Compiling stack_test_progpow_gpu v0.1.0 (/opt/rustwide/workdir)
[INFO] [stdout] warning: function `generate_bindings` is never used
[INFO] [stdout]   --> build.rs:21:4
[INFO] [stdout]    |
[INFO] [stdout] 21 | fn generate_bindings(out_dir: &str) {
[INFO] [stdout]    |    ^^^^^^^^^^^^^^^^^
[INFO] [stdout]    |
[INFO] [stdout]    = note: `#[warn(dead_code)]` on by default
[INFO] [stdout] 
[INFO] [stdout] 
[INFO] [stdout] warning: function `exec_if_newer` is never used
[INFO] [stdout]   --> build.rs:53:4
[INFO] [stdout]    |
[INFO] [stdout] 53 | fn exec_if_newer<F: Fn()>(inpath: &str, outpath: &str, build: F) {
[INFO] [stdout]    |    ^^^^^^^^^^^^^
[INFO] [stdout] 
[INFO] [stdout] 
[INFO] [stdout] warning: 2 warnings emitted
[INFO] [stdout] 
[INFO] [stdout] 
[INFO] [stderr] error: failed to run custom build command for `stack_test_progpow_gpu v0.1.0 (/opt/rustwide/workdir)`
[INFO] [stderr] note: To improve backtraces for build dependencies, set the CARGO_PROFILE_DEV_BUILD_OVERRIDE_DEBUG=true environment variable to enable debug information generation.
[INFO] [stderr] 
[INFO] [stderr] Caused by:
[INFO] [stderr]   process didn't exit successfully: `/opt/rustwide/target/debug/build/stack_test_progpow_gpu-0cdd3832a853df06/build-script-build` (exit status: 101)
[INFO] [stderr]   --- stdout
[INFO] [stderr]   Starting progpow build
[INFO] [stderr]   CMAKE_TOOLCHAIN_FILE_x86_64-unknown-linux-gnu = None
[INFO] [stderr]   CMAKE_TOOLCHAIN_FILE_x86_64_unknown_linux_gnu = None
[INFO] [stderr]   HOST_CMAKE_TOOLCHAIN_FILE = None
[INFO] [stderr]   CMAKE_TOOLCHAIN_FILE = None
[INFO] [stderr]   CMAKE_GENERATOR_x86_64-unknown-linux-gnu = None
[INFO] [stderr]   CMAKE_GENERATOR_x86_64_unknown_linux_gnu = None
[INFO] [stderr]   HOST_CMAKE_GENERATOR = None
[INFO] [stderr]   CMAKE_GENERATOR = None
[INFO] [stderr]   CMAKE_PREFIX_PATH_x86_64-unknown-linux-gnu = None
[INFO] [stderr]   CMAKE_PREFIX_PATH_x86_64_unknown_linux_gnu = None
[INFO] [stderr]   HOST_CMAKE_PREFIX_PATH = None
[INFO] [stderr]   CMAKE_PREFIX_PATH = None
[INFO] [stderr]   CMAKE_x86_64-unknown-linux-gnu = None
[INFO] [stderr]   CMAKE_x86_64_unknown_linux_gnu = None
[INFO] [stderr]   HOST_CMAKE = None
[INFO] [stderr]   CMAKE = None
[INFO] [stderr]   running: cd "/opt/rustwide/target/debug/build/stack_test_progpow_gpu-cf91961221d38686/out/build" && CMAKE_PREFIX_PATH="" "cmake" "/opt/rustwide/workdir/lib" "-DETHASHCUDA=OFF" "-DETHASHCL=OFF" "-DCMAKE_INSTALL_PREFIX=/opt/rustwide/target/debug/build/stack_test_progpow_gpu-cf91961221d38686/out" "-DCMAKE_C_FLAGS= -ffunction-sections -fdata-sections -fPIC -m64" "-DCMAKE_C_COMPILER=/usr/bin/cc" "-DCMAKE_CXX_FLAGS= -ffunction-sections -fdata-sections -fPIC -m64" "-DCMAKE_CXX_COMPILER=/usr/bin/c++" "-DCMAKE_ASM_FLAGS= -ffunction-sections -fdata-sections -fPIC -m64" "-DCMAKE_ASM_COMPILER=/usr/bin/cc" "-DCMAKE_BUILD_TYPE=Debug"
[INFO] [stderr]   -- [cable] Cable 0.1.4 initialized
[INFO] [stderr]   -- [hunter] Initializing Hunter workspace (2f04d1beffdf39db1c40d8347beb8c10bbe9b8ed)
[INFO] [stderr]   -- [hunter]   https://github.com/ruslo/hunter/archive/v0.20.34.tar.gz
[INFO] [stderr]   -- [hunter]   -> /root/.hunter/_Base/Download/Hunter/0.20.34/2f04d1b
[INFO] [stderr]   -- Configuring incomplete, errors occurred!
[INFO] [stderr] 
[INFO] [stderr]   --- stderr
[INFO] [stderr]   CMake Error at Build/Hunter-prefix/src/Hunter-stamp/download-Hunter.cmake:170 (message):
[INFO] [stderr]     Each download failed!
[INFO] [stderr] 
[INFO] [stderr]       error: downloading 'https://github.com/ruslo/hunter/archive/v0.20.34.tar.gz' failed
[INFO] [stderr]             status_code: 6
[INFO] [stderr]             status_string: "Couldn't resolve host name"
[INFO] [stderr]             log:
[INFO] [stderr]             --- LOG BEGIN ---
[INFO] [stderr]             Could not resolve host: github.com
[INFO] [stderr] 
[INFO] [stderr]     Closing connection 0
[INFO] [stderr] 
[INFO] [stderr]     
[INFO] [stderr] 
[INFO] [stderr]             --- LOG END ---
[INFO] [stderr]             error: downloading 'https://github.com/ruslo/hunter/archive/v0.20.34.tar.gz' failed
[INFO] [stderr]             status_code: 6
[INFO] [stderr]             status_string: "Couldn't resolve host name"
[INFO] [stderr]             log:
[INFO] [stderr]             --- LOG BEGIN ---
[INFO] [stderr]             Could not resolve host: github.com
[INFO] [stderr] 
[INFO] [stderr]     Closing connection 0
[INFO] [stderr] 
[INFO] [stderr]     
[INFO] [stderr] 
[INFO] [stderr]             --- LOG END ---
[INFO] [stderr]             error: downloading 'https://github.com/ruslo/hunter/archive/v0.20.34.tar.gz' failed
[INFO] [stderr]             status_code: 6
[INFO] [stderr]             status_string: "Couldn't resolve host name"
[INFO] [stderr]             log:
[INFO] [stderr]             --- LOG BEGIN ---
[INFO] [stderr]             Could not resolve host: github.com
[INFO] [stderr] 
[INFO] [stderr]     Closing connection 0
[INFO] [stderr] 
[INFO] [stderr]     
[INFO] [stderr] 
[INFO] [stderr]             --- LOG END ---
[INFO] [stderr]             error: downloading 'https://github.com/ruslo/hunter/archive/v0.20.34.tar.gz' failed
[INFO] [stderr]             status_code: 6
[INFO] [stderr]             status_string: "Couldn't resolve host name"
[INFO] [stderr]             log:
[INFO] [stderr]             --- LOG BEGIN ---
[INFO] [stderr]             Could not resolve host: github.com
[INFO] [stderr] 
[INFO] [stderr]     Closing connection 0
[INFO] [stderr] 
[INFO] [stderr]     
[INFO] [stderr] 
[INFO] [stderr]             --- LOG END ---
[INFO] [stderr]             error: downloading 'https://github.com/ruslo/hunter/archive/v0.20.34.tar.gz' failed
[INFO] [stderr]             status_code: 6
[INFO] [stderr]             status_string: "Couldn't resolve host name"
[INFO] [stderr]             log:
[INFO] [stderr]             --- LOG BEGIN ---
[INFO] [stderr]             Could not resolve host: github.com
[INFO] [stderr] 
[INFO] [stderr]     Closing connection 0
[INFO] [stderr] 
[INFO] [stderr]     
[INFO] [stderr] 
[INFO] [stderr]             --- LOG END ---
[INFO] [stderr]             error: downloading 'https://github.com/ruslo/hunter/archive/v0.20.34.tar.gz' failed
[INFO] [stderr]             status_code: 6
[INFO] [stderr]             status_string: "Couldn't resolve host name"
[INFO] [stderr]             log:
[INFO] [stderr]             --- LOG BEGIN ---
[INFO] [stderr]             Could not resolve host: github.com
[INFO] [stderr] 
[INFO] [stderr]     Closing connection 0
[INFO] [stderr] 
[INFO] [stderr]     
[INFO] [stderr] 
[INFO] [stderr]             --- LOG END ---
[INFO] [stderr]             
[INFO] [stderr]       
[INFO] [stderr] 
[INFO] [stderr] 
[INFO] [stderr]   gmake[2]: *** [CMakeFiles/Hunter.dir/build.make:98: Hunter-prefix/src/Hunter-stamp/Hunter-download] Error 1
[INFO] [stderr]   gmake[1]: *** [CMakeFiles/Makefile2:83: CMakeFiles/Hunter.dir/all] Error 2
[INFO] [stderr]   gmake: *** [Makefile:91: all] Error 2
[INFO] [stderr] 
[INFO] [stderr]   [hunter ** INTERNAL **] Build project failed
[INFO] [stderr]   [hunter ** INTERNAL **] [Directory:/opt/rustwide/workdir/lib]
[INFO] [stderr] 
[INFO] [stderr]   ------------------------------ WIKI -------------------------------
[INFO] [stderr]       https://github.com/ruslo/hunter/wiki/error.internal
[INFO] [stderr]   -------------------------------------------------------------------
[INFO] [stderr] 
[INFO] [stderr]   CMake Error at cmake/cable/HunterGate.cmake:83 (message):
[INFO] [stderr]   Call Stack (most recent call first):
[INFO] [stderr]     cmake/cable/HunterGate.cmake:93 (hunter_gate_wiki)
[INFO] [stderr]     cmake/cable/HunterGate.cmake:349 (hunter_gate_internal_error)
[INFO] [stderr]     cmake/cable/HunterGate.cmake:513 (hunter_gate_download)
[INFO] [stderr]     CMakeLists.txt:23 (HunterGate)
[INFO] [stderr] 
[INFO] [stderr] 
[INFO] [stderr]   thread 'main' panicked at /opt/rustwide/cargo-home/registry/src/index.crates.io-6f17d22bba15001f/cmake-0.1.50/src/lib.rs:1098:5:
[INFO] [stderr] 
[INFO] [stderr]   command did not execute successfully, got: exit status: 1
[INFO] [stderr] 
[INFO] [stderr]   build script failed, must exit now
[INFO] [stderr]   stack backtrace:
[INFO] [stderr]      0:     0x55adc1376f5c - std::backtrace_rs::backtrace::libunwind::trace::ha637c64ce894333a
[INFO] [stderr]                                  at /rustc/82e1608dfa6e0b5569232559e3d385fea5a93112/library/std/src/../../backtrace/src/backtrace/libunwind.rs:104:5
[INFO] [stderr]      1:     0x55adc1376f5c - std::backtrace_rs::backtrace::trace_unsynchronized::h47f62dea28e0c88d
[INFO] [stderr]                                  at /rustc/82e1608dfa6e0b5569232559e3d385fea5a93112/library/std/src/../../backtrace/src/backtrace/mod.rs:66:5
[INFO] [stderr]      2:     0x55adc1376f5c - std::sys_common::backtrace::_print_fmt::h9eef0abe20ede486
[INFO] [stderr]                                  at /rustc/82e1608dfa6e0b5569232559e3d385fea5a93112/library/std/src/sys_common/backtrace.rs:67:5
[INFO] [stderr]      3:     0x55adc1376f5c - <std::sys_common::backtrace::_print::DisplayBacktrace as core::fmt::Display>::fmt::hed7f999df88cc644
[INFO] [stderr]                                  at /rustc/82e1608dfa6e0b5569232559e3d385fea5a93112/library/std/src/sys_common/backtrace.rs:44:22
[INFO] [stderr]      4:     0x55adc139d5b0 - core::fmt::rt::Argument::fmt::h1539a9308b8d058d
[INFO] [stderr]                                  at /rustc/82e1608dfa6e0b5569232559e3d385fea5a93112/library/core/src/fmt/rt.rs:142:9
[INFO] [stderr]      5:     0x55adc139d5b0 - core::fmt::write::h3a39390d8560d9c9
[INFO] [stderr]                                  at /rustc/82e1608dfa6e0b5569232559e3d385fea5a93112/library/core/src/fmt/mod.rs:1120:17
[INFO] [stderr]      6:     0x55adc13746af - std::io::Write::write_fmt::h5fc9997dfe05f882
[INFO] [stderr]                                  at /rustc/82e1608dfa6e0b5569232559e3d385fea5a93112/library/std/src/io/mod.rs:1762:15
[INFO] [stderr]      7:     0x55adc1376d44 - std::sys_common::backtrace::_print::h894006fb5c6f3d45
[INFO] [stderr]                                  at /rustc/82e1608dfa6e0b5569232559e3d385fea5a93112/library/std/src/sys_common/backtrace.rs:47:5
[INFO] [stderr]      8:     0x55adc1376d44 - std::sys_common::backtrace::print::h23a2d212c6fff936
[INFO] [stderr]                                  at /rustc/82e1608dfa6e0b5569232559e3d385fea5a93112/library/std/src/sys_common/backtrace.rs:34:9
[INFO] [stderr]      9:     0x55adc1378557 - std::panicking::default_hook::{{closure}}::h8a1d2ee00185001a
[INFO] [stderr]     10:     0x55adc13782bf - std::panicking::default_hook::h6038f2eba384e475
[INFO] [stderr]                                  at /rustc/82e1608dfa6e0b5569232559e3d385fea5a93112/library/std/src/panicking.rs:292:9
[INFO] [stderr]     11:     0x55adc13789d8 - std::panicking::rust_panic_with_hook::h2b5517d590cab22e
[INFO] [stderr]                                  at /rustc/82e1608dfa6e0b5569232559e3d385fea5a93112/library/std/src/panicking.rs:779:13
[INFO] [stderr]     12:     0x55adc13788be - std::panicking::begin_panic_handler::{{closure}}::h233112c06e0ef43e
[INFO] [stderr]                                  at /rustc/82e1608dfa6e0b5569232559e3d385fea5a93112/library/std/src/panicking.rs:657:13
[INFO] [stderr]     13:     0x55adc1377426 - std::sys_common::backtrace::__rust_end_short_backtrace::h6e893f24d7ebbff8
[INFO] [stderr]                                  at /rustc/82e1608dfa6e0b5569232559e3d385fea5a93112/library/std/src/sys_common/backtrace.rs:170:18
[INFO] [stderr]     14:     0x55adc1378622 - rust_begin_unwind
[INFO] [stderr]                                  at /rustc/82e1608dfa6e0b5569232559e3d385fea5a93112/library/std/src/panicking.rs:645:5
[INFO] [stderr]     15:     0x55adc12f56b5 - core::panicking::panic_fmt::hbf0e066aabfa482c
[INFO] [stderr]                                  at /rustc/82e1608dfa6e0b5569232559e3d385fea5a93112/library/core/src/panicking.rs:72:14
[INFO] [stderr]     16:     0x55adc130a521 - cmake::fail::h111ec42b78df3aba
[INFO] [stderr]     17:     0x55adc1309ca7 - cmake::run::hd247afd35f35457d
[INFO] [stderr]     18:     0x55adc1305df6 - cmake::Config::build::h05a63f787a0c128a
[INFO] [stderr]     19:     0x55adc12f7b50 - build_script_build::compile_cmake::h4900a2833df931b6
[INFO] [stderr]     20:     0x55adc12f7c62 - build_script_build::main::hbc5e18cc11563a18
[INFO] [stderr]     21:     0x55adc12f6323 - core::ops::function::FnOnce::call_once::h84b4b9c1a353299c
[INFO] [stderr]     22:     0x55adc12f5ea6 - std::sys_common::backtrace::__rust_begin_short_backtrace::h5b035a1248ef8d27
[INFO] [stderr]     23:     0x55adc12f6079 - std::rt::lang_start::{{closure}}::hb4f36ca9e2cc0f43
[INFO] [stderr]     24:     0x55adc13704f7 - core::ops::function::impls::<impl core::ops::function::FnOnce<A> for &F>::call_once::hd95060ecd5e1ca24
[INFO] [stderr]                                  at /rustc/82e1608dfa6e0b5569232559e3d385fea5a93112/library/core/src/ops/function.rs:284:13
[INFO] [stderr]     25:     0x55adc13704f7 - std::panicking::try::do_call::h6e8cf51db32a6e4b
[INFO] [stderr]                                  at /rustc/82e1608dfa6e0b5569232559e3d385fea5a93112/library/std/src/panicking.rs:552:40
[INFO] [stderr]     26:     0x55adc13704f7 - std::panicking::try::h3a52eefe24fe3c29
[INFO] [stderr]                                  at /rustc/82e1608dfa6e0b5569232559e3d385fea5a93112/library/std/src/panicking.rs:516:19
[INFO] [stderr]     27:     0x55adc13704f7 - std::panic::catch_unwind::h24c28c23c02c3841
[INFO] [stderr]                                  at /rustc/82e1608dfa6e0b5569232559e3d385fea5a93112/library/std/src/panic.rs:142:14
[INFO] [stderr]     28:     0x55adc13704f7 - std::rt::lang_start_internal::{{closure}}::h705d3c9cbc06ef47
[INFO] [stderr]                                  at /rustc/82e1608dfa6e0b5569232559e3d385fea5a93112/library/std/src/rt.rs:148:48
[INFO] [stderr]     29:     0x55adc13704f7 - std::panicking::try::do_call::ha21f52ba13158470
[INFO] [stderr]                                  at /rustc/82e1608dfa6e0b5569232559e3d385fea5a93112/library/std/src/panicking.rs:552:40
[INFO] [stderr]     30:     0x55adc13704f7 - std::panicking::try::h5581346bf6aeb1f8
[INFO] [stderr]                                  at /rustc/82e1608dfa6e0b5569232559e3d385fea5a93112/library/std/src/panicking.rs:516:19
[INFO] [stderr]     31:     0x55adc13704f7 - std::panic::catch_unwind::h7919645a6b72e25b
[INFO] [stderr]                                  at /rustc/82e1608dfa6e0b5569232559e3d385fea5a93112/library/std/src/panic.rs:142:14
[INFO] [stderr]     32:     0x55adc13704f7 - std::rt::lang_start_internal::h12de51168669836e
[INFO] [stderr]                                  at /rustc/82e1608dfa6e0b5569232559e3d385fea5a93112/library/std/src/rt.rs:148:20
[INFO] [stderr]     33:     0x55adc12f6057 - std::rt::lang_start::h2f45031f1575ff93
[INFO] [stderr]     34:     0x55adc12f86b5 - main
[INFO] [stderr]     35:     0x7fc1229f1d90 - <unknown>
[INFO] [stderr]     36:     0x7fc1229f1e40 - __libc_start_main
[INFO] [stderr]     37:     0x55adc12f5dd5 - _start
[INFO] [stderr]     38:                0x0 - <unknown>
[INFO] running `Command { std: "docker" "inspect" "f7c3e9cf84e6cfe46ce89066d5b85ff53cdc27aa8e23b5b2e3cf3b7992453ab3", kill_on_drop: false }`
[INFO] running `Command { std: "docker" "rm" "-f" "f7c3e9cf84e6cfe46ce89066d5b85ff53cdc27aa8e23b5b2e3cf3b7992453ab3", kill_on_drop: false }`
[INFO] [stdout] f7c3e9cf84e6cfe46ce89066d5b85ff53cdc27aa8e23b5b2e3cf3b7992453ab3
[INFO] documenting stack_test_progpow_gpu-0.1.0 against beta-2023-12-22 for beta-1.76-rustdoc-1
[INFO] extracting crate stack_test_progpow_gpu 0.1.0 into /workspace/builds/worker-7-tc2/source
[INFO] validating manifest of crates.io crate stack_test_progpow_gpu 0.1.0 on toolchain beta-2023-12-22
[INFO] running `Command { std: CARGO_HOME="/workspace/cargo-home" RUSTUP_HOME="/workspace/rustup-home" "/workspace/cargo-home/bin/cargo" "+beta-2023-12-22" "metadata" "--manifest-path" "Cargo.toml" "--no-deps", kill_on_drop: false }`
[INFO] started tweaking crates.io crate stack_test_progpow_gpu 0.1.0
[INFO] finished tweaking crates.io crate stack_test_progpow_gpu 0.1.0
[INFO] tweaked toml for crates.io crate stack_test_progpow_gpu 0.1.0 written to /workspace/builds/worker-7-tc2/source/Cargo.toml
[INFO] running `Command { std: CARGO_HOME="/workspace/cargo-home" RUSTUP_HOME="/workspace/rustup-home" "/workspace/cargo-home/bin/cargo" "+beta-2023-12-22" "generate-lockfile" "--manifest-path" "Cargo.toml", kill_on_drop: false }`
[INFO] [stderr]     Updating crates.io index
[INFO] running `Command { std: CARGO_HOME="/workspace/cargo-home" RUSTUP_HOME="/workspace/rustup-home" "/workspace/cargo-home/bin/cargo" "+beta-2023-12-22" "fetch" "--manifest-path" "Cargo.toml", kill_on_drop: false }`
[INFO] running `Command { std: "docker" "create" "-v" "/var/lib/crater-agent-workspace/builds/worker-7-tc2/target:/opt/rustwide/target:rw,Z" "-v" "/var/lib/crater-agent-workspace/builds/worker-7-tc2/source:/opt/rustwide/workdir:ro,Z" "-v" "/var/lib/crater-agent-workspace/cargo-home:/opt/rustwide/cargo-home:ro,Z" "-v" "/var/lib/crater-agent-workspace/rustup-home:/opt/rustwide/rustup-home:ro,Z" "-e" "SOURCE_DIR=/opt/rustwide/workdir" "-e" "CARGO_TARGET_DIR=/opt/rustwide/target" "-e" "CARGO_HOME=/opt/rustwide/cargo-home" "-e" "RUSTUP_HOME=/opt/rustwide/rustup-home" "-w" "/opt/rustwide/workdir" "-m" "1610612736" "--user" "0:0" "--network" "none" "ghcr.io/rust-lang/crates-build-env/linux@sha256:2788e3201cd34a07e3172128adcd8b3090168a8e3bcc40d7c032b9dda1df7d1c" "/opt/rustwide/cargo-home/bin/cargo" "+beta-2023-12-22" "metadata" "--no-deps" "--format-version=1", kill_on_drop: false }`
[INFO] [stdout] be1415801d8f4267cf12e67dc3659e5bca7fbe29c27a5b80c6f8689cf1bf0050
[INFO] running `Command { std: "docker" "start" "-a" "be1415801d8f4267cf12e67dc3659e5bca7fbe29c27a5b80c6f8689cf1bf0050", kill_on_drop: false }`
[INFO] running `Command { std: "docker" "inspect" "be1415801d8f4267cf12e67dc3659e5bca7fbe29c27a5b80c6f8689cf1bf0050", kill_on_drop: false }`
[INFO] running `Command { std: "docker" "rm" "-f" "be1415801d8f4267cf12e67dc3659e5bca7fbe29c27a5b80c6f8689cf1bf0050", kill_on_drop: false }`
[INFO] [stdout] be1415801d8f4267cf12e67dc3659e5bca7fbe29c27a5b80c6f8689cf1bf0050
[INFO] running `Command { std: "docker" "create" "-v" "/var/lib/crater-agent-workspace/builds/worker-7-tc2/target:/opt/rustwide/target:rw,Z" "-v" "/var/lib/crater-agent-workspace/builds/worker-7-tc2/source:/opt/rustwide/workdir:ro,Z" "-v" "/var/lib/crater-agent-workspace/cargo-home:/opt/rustwide/cargo-home:ro,Z" "-v" "/var/lib/crater-agent-workspace/rustup-home:/opt/rustwide/rustup-home:ro,Z" "-e" "SOURCE_DIR=/opt/rustwide/workdir" "-e" "CARGO_TARGET_DIR=/opt/rustwide/target" "-e" "CARGO_INCREMENTAL=0" "-e" "RUST_BACKTRACE=full" "-e" "RUSTFLAGS=--cap-lints=warn" "-e" "RUSTDOCFLAGS=--cap-lints=warn" "-e" "CARGO_HOME=/opt/rustwide/cargo-home" "-e" "RUSTUP_HOME=/opt/rustwide/rustup-home" "-w" "/opt/rustwide/workdir" "-m" "1610612736" "--user" "0:0" "--network" "none" "ghcr.io/rust-lang/crates-build-env/linux@sha256:2788e3201cd34a07e3172128adcd8b3090168a8e3bcc40d7c032b9dda1df7d1c" "/opt/rustwide/cargo-home/bin/cargo" "+beta-2023-12-22" "doc" "--frozen" "--no-deps" "--document-private-items" "--message-format=json", kill_on_drop: false }`
[INFO] [stdout] 667b982bae712129ce6bac6b76eaa6bde7eb7f6a71689f800546c258b01c77c2
[INFO] running `Command { std: "docker" "start" "-a" "667b982bae712129ce6bac6b76eaa6bde7eb7f6a71689f800546c258b01c77c2", kill_on_drop: false }`
[INFO] [stderr]    Compiling libc v0.2.151
[INFO] [stderr]    Compiling glob v0.2.11
[INFO] [stderr]    Compiling unicode-width v0.1.11
[INFO] [stderr]    Compiling quick-error v1.2.3
[INFO] [stderr]    Compiling ansi_term v0.12.1
[INFO] [stderr]    Compiling bitflags v1.3.2
[INFO] [stderr]    Compiling proc-macro2 v0.3.5
[INFO] [stderr]    Compiling termcolor v1.4.0
[INFO] [stderr]    Compiling bindgen v0.37.4
[INFO] [stderr]    Compiling strsim v0.8.0
[INFO] [stderr]    Compiling vec_map v0.8.2
[INFO] [stderr]    Compiling peeking_take_while v0.1.2
[INFO] [stderr]    Compiling cfg-if v0.1.10
[INFO] [stderr]    Compiling crunchy v0.1.6
[INFO] [stderr]     Checking byteorder v1.5.0
[INFO] [stderr]    Compiling humantime v1.3.0
[INFO] [stderr]    Compiling textwrap v0.11.0
[INFO] [stderr]    Compiling clang-sys v0.23.0
[INFO] [stderr]    Compiling quote v0.5.2
[INFO] [stderr]     Checking bigint v4.4.3
[INFO] [stderr]    Compiling cc v1.0.83
[INFO] [stderr]    Compiling memchr v1.0.2
[INFO] [stderr]    Compiling atty v0.2.14
[INFO] [stderr]    Compiling which v1.0.5
[INFO] [stderr]    Compiling filetime v0.2.23
[INFO] [stderr]    Compiling env_logger v0.5.13
[INFO] [stderr]    Compiling clap v2.34.0
[INFO] [stderr]    Compiling nom v3.2.1
[INFO] [stderr]    Compiling cmake v0.1.50
[INFO] [stderr]    Compiling cexpr v0.2.3
[INFO] [stderr]    Compiling libloading v0.5.2
[INFO] [stderr]    Compiling stack_test_progpow_gpu v0.1.0 (/opt/rustwide/workdir)
[INFO] [stdout] warning: function `generate_bindings` is never used
[INFO] [stdout]   --> build.rs:21:4
[INFO] [stdout]    |
[INFO] [stdout] 21 | fn generate_bindings(out_dir: &str) {
[INFO] [stdout]    |    ^^^^^^^^^^^^^^^^^
[INFO] [stdout]    |
[INFO] [stdout]    = note: `#[warn(dead_code)]` on by default
[INFO] [stdout] 
[INFO] [stdout] 
[INFO] [stdout] warning: function `exec_if_newer` is never used
[INFO] [stdout]   --> build.rs:53:4
[INFO] [stdout]    |
[INFO] [stdout] 53 | fn exec_if_newer<F: Fn()>(inpath: &str, outpath: &str, build: F) {
[INFO] [stdout]    |    ^^^^^^^^^^^^^
[INFO] [stdout] 
[INFO] [stdout] 
[INFO] [stdout] warning: 2 warnings emitted
[INFO] [stdout] 
[INFO] [stdout] 
[INFO] [stderr] error: failed to run custom build command for `stack_test_progpow_gpu v0.1.0 (/opt/rustwide/workdir)`
[INFO] [stderr] note: To improve backtraces for build dependencies, set the CARGO_PROFILE_DEV_BUILD_OVERRIDE_DEBUG=true environment variable to enable debug information generation.
[INFO] [stderr] 
[INFO] [stderr] Caused by:
[INFO] [stderr]   process didn't exit successfully: `/opt/rustwide/target/debug/build/stack_test_progpow_gpu-52f6c249c5065671/build-script-build` (exit status: 101)
[INFO] [stderr]   --- stdout
[INFO] [stderr]   Starting progpow build
[INFO] [stderr]   CMAKE_TOOLCHAIN_FILE_x86_64-unknown-linux-gnu = None
[INFO] [stderr]   CMAKE_TOOLCHAIN_FILE_x86_64_unknown_linux_gnu = None
[INFO] [stderr]   HOST_CMAKE_TOOLCHAIN_FILE = None
[INFO] [stderr]   CMAKE_TOOLCHAIN_FILE = None
[INFO] [stderr]   CMAKE_GENERATOR_x86_64-unknown-linux-gnu = None
[INFO] [stderr]   CMAKE_GENERATOR_x86_64_unknown_linux_gnu = None
[INFO] [stderr]   HOST_CMAKE_GENERATOR = None
[INFO] [stderr]   CMAKE_GENERATOR = None
[INFO] [stderr]   CMAKE_PREFIX_PATH_x86_64-unknown-linux-gnu = None
[INFO] [stderr]   CMAKE_PREFIX_PATH_x86_64_unknown_linux_gnu = None
[INFO] [stderr]   HOST_CMAKE_PREFIX_PATH = None
[INFO] [stderr]   CMAKE_PREFIX_PATH = None
[INFO] [stderr]   CMAKE_x86_64-unknown-linux-gnu = None
[INFO] [stderr]   CMAKE_x86_64_unknown_linux_gnu = None
[INFO] [stderr]   HOST_CMAKE = None
[INFO] [stderr]   CMAKE = None
[INFO] [stderr]   running: cd "/opt/rustwide/target/debug/build/stack_test_progpow_gpu-67927fcd0d5bd3c0/out/build" && CMAKE_PREFIX_PATH="" "cmake" "/opt/rustwide/workdir/lib" "-DETHASHCUDA=OFF" "-DETHASHCL=OFF" "-DCMAKE_INSTALL_PREFIX=/opt/rustwide/target/debug/build/stack_test_progpow_gpu-67927fcd0d5bd3c0/out" "-DCMAKE_C_FLAGS= -ffunction-sections -fdata-sections -fPIC -m64" "-DCMAKE_C_COMPILER=/usr/bin/cc" "-DCMAKE_CXX_FLAGS= -ffunction-sections -fdata-sections -fPIC -m64" "-DCMAKE_CXX_COMPILER=/usr/bin/c++" "-DCMAKE_ASM_FLAGS= -ffunction-sections -fdata-sections -fPIC -m64" "-DCMAKE_ASM_COMPILER=/usr/bin/cc" "-DCMAKE_BUILD_TYPE=Debug"
[INFO] [stderr]   -- [cable] Cable 0.1.4 initialized
[INFO] [stderr]   -- [hunter] Initializing Hunter workspace (2f04d1beffdf39db1c40d8347beb8c10bbe9b8ed)
[INFO] [stderr]   -- [hunter]   https://github.com/ruslo/hunter/archive/v0.20.34.tar.gz
[INFO] [stderr]   -- [hunter]   -> /root/.hunter/_Base/Download/Hunter/0.20.34/2f04d1b
[INFO] [stderr]   -- Configuring incomplete, errors occurred!
[INFO] [stderr] 
[INFO] [stderr]   --- stderr
[INFO] [stderr]   CMake Error at Build/Hunter-prefix/src/Hunter-stamp/download-Hunter.cmake:170 (message):
[INFO] [stderr]     Each download failed!
[INFO] [stderr] 
[INFO] [stderr]       error: downloading 'https://github.com/ruslo/hunter/archive/v0.20.34.tar.gz' failed
[INFO] [stderr]             status_code: 6
[INFO] [stderr]             status_string: "Couldn't resolve host name"
[INFO] [stderr]             log:
[INFO] [stderr]             --- LOG BEGIN ---
[INFO] [stderr]             Could not resolve host: github.com
[INFO] [stderr] 
[INFO] [stderr]     Closing connection 0
[INFO] [stderr] 
[INFO] [stderr]     
[INFO] [stderr] 
[INFO] [stderr]             --- LOG END ---
[INFO] [stderr]             error: downloading 'https://github.com/ruslo/hunter/archive/v0.20.34.tar.gz' failed
[INFO] [stderr]             status_code: 6
[INFO] [stderr]             status_string: "Couldn't resolve host name"
[INFO] [stderr]             log:
[INFO] [stderr]             --- LOG BEGIN ---
[INFO] [stderr]             Could not resolve host: github.com
[INFO] [stderr] 
[INFO] [stderr]     Closing connection 0
[INFO] [stderr] 
[INFO] [stderr]     
[INFO] [stderr] 
[INFO] [stderr]             --- LOG END ---
[INFO] [stderr]             error: downloading 'https://github.com/ruslo/hunter/archive/v0.20.34.tar.gz' failed
[INFO] [stderr]             status_code: 6
[INFO] [stderr]             status_string: "Couldn't resolve host name"
[INFO] [stderr]             log:
[INFO] [stderr]             --- LOG BEGIN ---
[INFO] [stderr]             Could not resolve host: github.com
[INFO] [stderr] 
[INFO] [stderr]     Closing connection 0
[INFO] [stderr] 
[INFO] [stderr]     
[INFO] [stderr] 
[INFO] [stderr]             --- LOG END ---
[INFO] [stderr]             error: downloading 'https://github.com/ruslo/hunter/archive/v0.20.34.tar.gz' failed
[INFO] [stderr]             status_code: 6
[INFO] [stderr]             status_string: "Couldn't resolve host name"
[INFO] [stderr]             log:
[INFO] [stderr]             --- LOG BEGIN ---
[INFO] [stderr]             Could not resolve host: github.com
[INFO] [stderr] 
[INFO] [stderr]     Closing connection 0
[INFO] [stderr] 
[INFO] [stderr]     
[INFO] [stderr] 
[INFO] [stderr]             --- LOG END ---
[INFO] [stderr]             error: downloading 'https://github.com/ruslo/hunter/archive/v0.20.34.tar.gz' failed
[INFO] [stderr]             status_code: 6
[INFO] [stderr]             status_string: "Couldn't resolve host name"
[INFO] [stderr]             log:
[INFO] [stderr]             --- LOG BEGIN ---
[INFO] [stderr]             Could not resolve host: github.com
[INFO] [stderr] 
[INFO] [stderr]     Closing connection 0
[INFO] [stderr] 
[INFO] [stderr]     
[INFO] [stderr] 
[INFO] [stderr]             --- LOG END ---
[INFO] [stderr]             error: downloading 'https://github.com/ruslo/hunter/archive/v0.20.34.tar.gz' failed
[INFO] [stderr]             status_code: 6
[INFO] [stderr]             status_string: "Couldn't resolve host name"
[INFO] [stderr]             log:
[INFO] [stderr]             --- LOG BEGIN ---
[INFO] [stderr]             Could not resolve host: github.com
[INFO] [stderr] 
[INFO] [stderr]     Closing connection 0
[INFO] [stderr] 
[INFO] [stderr]     
[INFO] [stderr] 
[INFO] [stderr]             --- LOG END ---
[INFO] [stderr]             
[INFO] [stderr]       
[INFO] [stderr] 
[INFO] [stderr] 
[INFO] [stderr]   gmake[2]: *** [CMakeFiles/Hunter.dir/build.make:98: Hunter-prefix/src/Hunter-stamp/Hunter-download] Error 1
[INFO] [stderr]   gmake[1]: *** [CMakeFiles/Makefile2:83: CMakeFiles/Hunter.dir/all] Error 2
[INFO] [stderr]   gmake: *** [Makefile:91: all] Error 2
[INFO] [stderr] 
[INFO] [stderr]   [hunter ** INTERNAL **] Build project failed
[INFO] [stderr]   [hunter ** INTERNAL **] [Directory:/opt/rustwide/workdir/lib]
[INFO] [stderr] 
[INFO] [stderr]   ------------------------------ WIKI -------------------------------
[INFO] [stderr]       https://github.com/ruslo/hunter/wiki/error.internal
[INFO] [stderr]   -------------------------------------------------------------------
[INFO] [stderr] 
[INFO] [stderr]   CMake Error at cmake/cable/HunterGate.cmake:83 (message):
[INFO] [stderr]   Call Stack (most recent call first):
[INFO] [stderr]     cmake/cable/HunterGate.cmake:93 (hunter_gate_wiki)
[INFO] [stderr]     cmake/cable/HunterGate.cmake:349 (hunter_gate_internal_error)
[INFO] [stderr]     cmake/cable/HunterGate.cmake:513 (hunter_gate_download)
[INFO] [stderr]     CMakeLists.txt:23 (HunterGate)
[INFO] [stderr] 
[INFO] [stderr] 
[INFO] [stderr]   thread 'main' panicked at /opt/rustwide/cargo-home/registry/src/index.crates.io-6f17d22bba15001f/cmake-0.1.50/src/lib.rs:1098:5:
[INFO] [stderr] 
[INFO] [stderr]   command did not execute successfully, got: exit status: 1
[INFO] [stderr] 
[INFO] [stderr]   build script failed, must exit now
[INFO] [stderr]   stack backtrace:
[INFO] [stderr]      0:     0x5646a014be06 - std::backtrace_rs::backtrace::libunwind::trace::h261606ad26a499c1
[INFO] [stderr]                                  at /rustc/0e09125c6c3c2fd70d7de961bcf0e51575235fad/library/std/src/../../backtrace/src/backtrace/libunwind.rs:104:5
[INFO] [stderr]      1:     0x5646a014be06 - std::backtrace_rs::backtrace::trace_unsynchronized::hd183f0625477fb28
[INFO] [stderr]                                  at /rustc/0e09125c6c3c2fd70d7de961bcf0e51575235fad/library/std/src/../../backtrace/src/backtrace/mod.rs:66:5
[INFO] [stderr]      2:     0x5646a014be06 - std::sys_common::backtrace::_print_fmt::hd7f8fef21b4eda67
[INFO] [stderr]                                  at /rustc/0e09125c6c3c2fd70d7de961bcf0e51575235fad/library/std/src/sys_common/backtrace.rs:68:5
[INFO] [stderr]      3:     0x5646a014be06 - <std::sys_common::backtrace::_print::DisplayBacktrace as core::fmt::Display>::fmt::h623d9b51f2f453f1
[INFO] [stderr]                                  at /rustc/0e09125c6c3c2fd70d7de961bcf0e51575235fad/library/std/src/sys_common/backtrace.rs:44:22
[INFO] [stderr]      4:     0x5646a0171820 - core::fmt::rt::Argument::fmt::h9f417ac76a86f368
[INFO] [stderr]                                  at /rustc/0e09125c6c3c2fd70d7de961bcf0e51575235fad/library/core/src/fmt/rt.rs:142:9
[INFO] [stderr]      5:     0x5646a0171820 - core::fmt::write::hc9b6faf4ac2aeff7
[INFO] [stderr]                                  at /rustc/0e09125c6c3c2fd70d7de961bcf0e51575235fad/library/core/src/fmt/mod.rs:1120:17
[INFO] [stderr]      6:     0x5646a014963f - std::io::Write::write_fmt::hfead1eee52c2e65e
[INFO] [stderr]                                  at /rustc/0e09125c6c3c2fd70d7de961bcf0e51575235fad/library/std/src/io/mod.rs:1810:15
[INFO] [stderr]      7:     0x5646a014bbe4 - std::sys_common::backtrace::_print::hd5d66399c7df88a2
[INFO] [stderr]                                  at /rustc/0e09125c6c3c2fd70d7de961bcf0e51575235fad/library/std/src/sys_common/backtrace.rs:47:5
[INFO] [stderr]      8:     0x5646a014bbe4 - std::sys_common::backtrace::print::he81ed2da642d37e5
[INFO] [stderr]                                  at /rustc/0e09125c6c3c2fd70d7de961bcf0e51575235fad/library/std/src/sys_common/backtrace.rs:34:9
[INFO] [stderr]      9:     0x5646a014d4c7 - std::panicking::default_hook::{{closure}}::h85773f4fa117163d
[INFO] [stderr]     10:     0x5646a014d229 - std::panicking::default_hook::h6a1694a91d09b278
[INFO] [stderr]                                  at /rustc/0e09125c6c3c2fd70d7de961bcf0e51575235fad/library/std/src/panicking.rs:292:9
[INFO] [stderr]     11:     0x5646a014d958 - std::panicking::rust_panic_with_hook::h0a7ad96e90f7145b
[INFO] [stderr]                                  at /rustc/0e09125c6c3c2fd70d7de961bcf0e51575235fad/library/std/src/panicking.rs:779:13
[INFO] [stderr]     12:     0x5646a014d832 - std::panicking::begin_panic_handler::{{closure}}::h7919090525c6485e
[INFO] [stderr]                                  at /rustc/0e09125c6c3c2fd70d7de961bcf0e51575235fad/library/std/src/panicking.rs:657:13
[INFO] [stderr]     13:     0x5646a014c306 - std::sys_common::backtrace::__rust_end_short_backtrace::hf3289479464f7dfe
[INFO] [stderr]                                  at /rustc/0e09125c6c3c2fd70d7de961bcf0e51575235fad/library/std/src/sys_common/backtrace.rs:171:18
[INFO] [stderr]     14:     0x5646a014d590 - rust_begin_unwind
[INFO] [stderr]                                  at /rustc/0e09125c6c3c2fd70d7de961bcf0e51575235fad/library/std/src/panicking.rs:645:5
[INFO] [stderr]     15:     0x5646a00c96d5 - core::panicking::panic_fmt::hcc9f77c5c132af55
[INFO] [stderr]                                  at /rustc/0e09125c6c3c2fd70d7de961bcf0e51575235fad/library/core/src/panicking.rs:72:14
[INFO] [stderr]     16:     0x5646a00de561 - cmake::fail::h1fb3a9b23bedcb68
[INFO] [stderr]     17:     0x5646a00ddcf7 - cmake::run::h12d17a6563078da0
[INFO] [stderr]     18:     0x5646a00d9e5c - cmake::Config::build::hb17679454f7a2eff
[INFO] [stderr]     19:     0x5646a00cbb70 - build_script_build::compile_cmake::h595af5fb51d1f436
[INFO] [stderr]     20:     0x5646a00cbc72 - build_script_build::main::h5f157bd816181736
[INFO] [stderr]     21:     0x5646a00ca343 - core::ops::function::FnOnce::call_once::h9c91b6422dc6ee69
[INFO] [stderr]     22:     0x5646a00c9ed6 - std::sys_common::backtrace::__rust_begin_short_backtrace::h4e0f028746bc2e6c
[INFO] [stderr]     23:     0x5646a00ca079 - std::rt::lang_start::{{closure}}::ha8c5096160983886
[INFO] [stderr]     24:     0x5646a0145201 - core::ops::function::impls::<impl core::ops::function::FnOnce<A> for &F>::call_once::h4eb4c5e1620f29b0
[INFO] [stderr]                                  at /rustc/0e09125c6c3c2fd70d7de961bcf0e51575235fad/library/core/src/ops/function.rs:284:13
[INFO] [stderr]     25:     0x5646a0145201 - std::panicking::try::do_call::h73fd26535faffcdf
[INFO] [stderr]                                  at /rustc/0e09125c6c3c2fd70d7de961bcf0e51575235fad/library/std/src/panicking.rs:552:40
[INFO] [stderr]     26:     0x5646a0145201 - std::panicking::try::h77ff1d98f0fb9f39
[INFO] [stderr]                                  at /rustc/0e09125c6c3c2fd70d7de961bcf0e51575235fad/library/std/src/panicking.rs:516:19
[INFO] [stderr]     27:     0x5646a0145201 - std::panic::catch_unwind::hab3caf2448b95e37
[INFO] [stderr]                                  at /rustc/0e09125c6c3c2fd70d7de961bcf0e51575235fad/library/std/src/panic.rs:142:14
[INFO] [stderr]     28:     0x5646a0145201 - std::rt::lang_start_internal::{{closure}}::h8086711f9c783f78
[INFO] [stderr]                                  at /rustc/0e09125c6c3c2fd70d7de961bcf0e51575235fad/library/std/src/rt.rs:148:48
[INFO] [stderr]     29:     0x5646a0145201 - std::panicking::try::do_call::hf920d4dc291cd6ca
[INFO] [stderr]                                  at /rustc/0e09125c6c3c2fd70d7de961bcf0e51575235fad/library/std/src/panicking.rs:552:40
[INFO] [stderr]     30:     0x5646a0145201 - std::panicking::try::h2b806ccc0a85db74
[INFO] [stderr]                                  at /rustc/0e09125c6c3c2fd70d7de961bcf0e51575235fad/library/std/src/panicking.rs:516:19
[INFO] [stderr]     31:     0x5646a0145201 - std::panic::catch_unwind::h038489539c507df2
[INFO] [stderr]                                  at /rustc/0e09125c6c3c2fd70d7de961bcf0e51575235fad/library/std/src/panic.rs:142:14
[INFO] [stderr]     32:     0x5646a0145201 - std::rt::lang_start_internal::h28503b88912e8a5c
[INFO] [stderr]                                  at /rustc/0e09125c6c3c2fd70d7de961bcf0e51575235fad/library/std/src/rt.rs:148:20
[INFO] [stderr]     33:     0x5646a00ca057 - std::rt::lang_start::hc9e99c40f06c08fd
[INFO] [stderr]     34:     0x5646a00cc6c5 - main
[INFO] [stderr]     35:     0x7f7b10b88d90 - <unknown>
[INFO] [stderr]     36:     0x7f7b10b88e40 - __libc_start_main
[INFO] [stderr]     37:     0x5646a00c9e05 - _start
[INFO] [stderr]     38:                0x0 - <unknown>
[INFO] running `Command { std: "docker" "inspect" "667b982bae712129ce6bac6b76eaa6bde7eb7f6a71689f800546c258b01c77c2", kill_on_drop: false }`
[INFO] running `Command { std: "docker" "rm" "-f" "667b982bae712129ce6bac6b76eaa6bde7eb7f6a71689f800546c258b01c77c2", kill_on_drop: false }`
[INFO] [stdout] 667b982bae712129ce6bac6b76eaa6bde7eb7f6a71689f800546c258b01c77c2
