[INFO] fetching crate stabby-abi 2.0.1...
[INFO] documenting stabby-abi-2.0.1 against 1.75.0 for beta-1.76-rustdoc-1
[INFO] extracting crate stabby-abi 2.0.1 into /workspace/builds/worker-2-tc1/source
[INFO] validating manifest of crates.io crate stabby-abi 2.0.1 on toolchain 1.75.0
[INFO] running `Command { std: CARGO_HOME="/workspace/cargo-home" RUSTUP_HOME="/workspace/rustup-home" "/workspace/cargo-home/bin/cargo" "+1.75.0" "metadata" "--manifest-path" "Cargo.toml" "--no-deps", kill_on_drop: false }`
[INFO] started tweaking crates.io crate stabby-abi 2.0.1
[INFO] finished tweaking crates.io crate stabby-abi 2.0.1
[INFO] tweaked toml for crates.io crate stabby-abi 2.0.1 written to /workspace/builds/worker-2-tc1/source/Cargo.toml
[INFO] running `Command { std: CARGO_HOME="/workspace/cargo-home" RUSTUP_HOME="/workspace/rustup-home" "/workspace/cargo-home/bin/cargo" "+1.75.0" "generate-lockfile" "--manifest-path" "Cargo.toml", kill_on_drop: false }`
[INFO] [stderr]     Blocking waiting for file lock on package cache
[INFO] [stderr]     Updating crates.io index
[INFO] running `Command { std: CARGO_HOME="/workspace/cargo-home" RUSTUP_HOME="/workspace/rustup-home" "/workspace/cargo-home/bin/cargo" "+1.75.0" "fetch" "--manifest-path" "Cargo.toml", kill_on_drop: false }`
[INFO] [stderr]     Blocking waiting for file lock on package cache
[INFO] [stderr]  Downloading crates ...
[INFO] [stderr]   Downloaded abi_stable_shared v0.11.0
[INFO] [stderr]   Downloaded core_extensions_proc_macros v1.5.3
[INFO] [stderr]   Downloaded repr_offset v0.2.2
[INFO] [stderr]   Downloaded abi_stable v0.11.3
[INFO] [stderr]   Downloaded tstr v0.2.3
[INFO] [stderr]   Downloaded as_derive_utils v0.11.0
[INFO] [stderr]   Downloaded core_extensions v1.5.3
[INFO] [stderr]   Downloaded abi_stable_derive v0.11.3
[INFO] [stderr]   Downloaded tstr_proc_macros v0.2.2
[INFO] [stderr]   Downloaded stabby-macros v2.0.1
[INFO] running `Command { std: "docker" "create" "-v" "/var/lib/crater-agent-workspace/builds/worker-2-tc1/target:/opt/rustwide/target:rw,Z" "-v" "/var/lib/crater-agent-workspace/builds/worker-2-tc1/source:/opt/rustwide/workdir:ro,Z" "-v" "/var/lib/crater-agent-workspace/cargo-home:/opt/rustwide/cargo-home:ro,Z" "-v" "/var/lib/crater-agent-workspace/rustup-home:/opt/rustwide/rustup-home:ro,Z" "-e" "SOURCE_DIR=/opt/rustwide/workdir" "-e" "CARGO_TARGET_DIR=/opt/rustwide/target" "-e" "CARGO_HOME=/opt/rustwide/cargo-home" "-e" "RUSTUP_HOME=/opt/rustwide/rustup-home" "-w" "/opt/rustwide/workdir" "-m" "1610612736" "--user" "0:0" "--network" "none" "ghcr.io/rust-lang/crates-build-env/linux@sha256:2788e3201cd34a07e3172128adcd8b3090168a8e3bcc40d7c032b9dda1df7d1c" "/opt/rustwide/cargo-home/bin/cargo" "+1.75.0" "metadata" "--no-deps" "--format-version=1", kill_on_drop: false }`
[INFO] [stdout] 678d78d19491db1d7f148e2deba590b3465941d8369c71846db6247adaf1bc9a
[INFO] running `Command { std: "docker" "start" "-a" "678d78d19491db1d7f148e2deba590b3465941d8369c71846db6247adaf1bc9a", kill_on_drop: false }`
[INFO] running `Command { std: "docker" "inspect" "678d78d19491db1d7f148e2deba590b3465941d8369c71846db6247adaf1bc9a", kill_on_drop: false }`
[INFO] running `Command { std: "docker" "rm" "-f" "678d78d19491db1d7f148e2deba590b3465941d8369c71846db6247adaf1bc9a", kill_on_drop: false }`
[INFO] [stdout] 678d78d19491db1d7f148e2deba590b3465941d8369c71846db6247adaf1bc9a
[INFO] running `Command { std: "docker" "create" "-v" "/var/lib/crater-agent-workspace/builds/worker-2-tc1/target:/opt/rustwide/target:rw,Z" "-v" "/var/lib/crater-agent-workspace/builds/worker-2-tc1/source:/opt/rustwide/workdir:ro,Z" "-v" "/var/lib/crater-agent-workspace/cargo-home:/opt/rustwide/cargo-home:ro,Z" "-v" "/var/lib/crater-agent-workspace/rustup-home:/opt/rustwide/rustup-home:ro,Z" "-e" "SOURCE_DIR=/opt/rustwide/workdir" "-e" "CARGO_TARGET_DIR=/opt/rustwide/target" "-e" "CARGO_INCREMENTAL=0" "-e" "RUST_BACKTRACE=full" "-e" "RUSTFLAGS=--cap-lints=warn" "-e" "RUSTDOCFLAGS=--cap-lints=warn" "-e" "CARGO_HOME=/opt/rustwide/cargo-home" "-e" "RUSTUP_HOME=/opt/rustwide/rustup-home" "-w" "/opt/rustwide/workdir" "-m" "1610612736" "--user" "0:0" "--network" "none" "ghcr.io/rust-lang/crates-build-env/linux@sha256:2788e3201cd34a07e3172128adcd8b3090168a8e3bcc40d7c032b9dda1df7d1c" "/opt/rustwide/cargo-home/bin/cargo" "+1.75.0" "doc" "--frozen" "--no-deps" "--document-private-items" "--message-format=json", kill_on_drop: false }`
[INFO] [stdout] 436bed78de1e547d79bfd7e9de5262a2e099af2728828ffcda3f6930725ec7ea
[INFO] running `Command { std: "docker" "start" "-a" "436bed78de1e547d79bfd7e9de5262a2e099af2728828ffcda3f6930725ec7ea", kill_on_drop: false }`
[INFO] [stderr]    Compiling cfg-if v1.0.0
[INFO] [stderr]    Compiling syn v1.0.109
[INFO] [stderr]    Compiling ppv-lite86 v0.2.17
[INFO] [stderr]    Compiling proc-macro2 v1.0.76
[INFO] [stderr]    Compiling toml_datetime v0.6.5
[INFO] [stderr]    Compiling stabby-macros v2.0.1
[INFO] [stderr]    Compiling stabby-abi v2.0.1 (/opt/rustwide/workdir)
[INFO] [stderr]    Compiling getrandom v0.2.11
[INFO] [stderr]    Compiling toml_edit v0.19.15
[INFO] [stderr]    Compiling rand_core v0.6.4
[INFO] [stderr]    Compiling quote v1.0.35
[INFO] [stderr]    Compiling rand_chacha v0.3.1
[INFO] [stderr]    Compiling rand v0.8.5
[INFO] [stderr]    Compiling proc-macro-crate v1.3.1
[INFO] [stderr]  Documenting stabby-abi v2.0.1 (/opt/rustwide/workdir)
[INFO] [stdout] warning: unresolved link to `Self::into_inner`
[INFO] [stdout]    --> src/alloc/sync.rs:157:71
[INFO] [stdout]     |
[INFO] [stdout] 157 |     /// `this` MUST not be dangling, and have been obtained through [`Self::into_inner`].
[INFO] [stdout]     |                                                                       ^^^^^^^^^^^^^^^^ the struct `Arc` has no field or associated item named `into_inner`
[INFO] [stdout]     |
[INFO] [stdout]     = note: `#[warn(rustdoc::broken_intra_doc_links)]` on by default
[INFO] [stdout] 
[INFO] [stdout] 
[INFO] [stdout] warning: unresolved link to `Self::into_inner`
[INFO] [stdout]    --> src/alloc/sync.rs:289:71
[INFO] [stdout]     |
[INFO] [stdout] 289 |     /// `this` MUST not be dangling, and have been obtained through [`Self::into_inner`].
[INFO] [stdout]     |                                                                       ^^^^^^^^^^^^^^^^ the struct `Weak` has no field or associated item named `into_inner`
[INFO] [stdout] 
[INFO] [stdout] 
[INFO] [stdout] warning: unresolved link to `stabby::realloc`
[INFO] [stdout]    --> src/alloc/mod.rs:188:1
[INFO] [stdout]     |
[INFO] [stdout] 188 | / /// The prefix common to all allocations in [`stabby::realloc`].
[INFO] [stdout] 189 | | ///
[INFO] [stdout] 190 | | /// This allows reuse of allocations when converting between container types.
[INFO] [stdout]     | |_____________________________________________________________________________^
[INFO] [stdout]     |
[INFO] [stdout]     = note: the link appears in this line:
[INFO] [stdout]             
[INFO] [stdout]             The prefix common to all allocations in [`stabby::realloc`].
[INFO] [stdout]                                                      ^^^^^^^^^^^^^^^^^
[INFO] [stdout]     = note: no item named `stabby` in scope
[INFO] [stdout] 
[INFO] [stdout] 
[INFO] [stdout] error[E0080]: evaluation of constant value failed
[INFO] [stdout]    --> src/typenum2/unsigned.rs:257:27
[INFO] [stdout]     |
[INFO] [stdout] 257 |     const _U128: u128 = { panic!("Attempted to convert Saturator into u128") };
[INFO] [stdout]     |                           ^^^^^^^^^^^^^^^^^^^^^^^^^^^^^^^^^^^^^^^^^^^^^^^^^^ the evaluated program panicked at 'Attempted to convert Saturator into u128', src/typenum2/unsigned.rs:257:27
[INFO] [stdout]     |
[INFO] [stdout]     = note: this error originates in the macro `$crate::panic::panic_2021` which comes from the expansion of the macro `panic` (in Nightly builds, run with -Z macro-backtrace for more info)
[INFO] [stdout] 
[INFO] [stdout] 
[INFO] [stdout] error: aborting due to previous error; 3 warnings emitted
[INFO] [stdout] 
[INFO] [stdout] 
[INFO] [stdout] For more information about this error, try `rustc --explain E0080`.
[INFO] [stdout] 
[INFO] [stderr] error: could not document `stabby-abi`
[INFO] [stderr] 
[INFO] [stderr] Caused by:
[INFO] [stderr]   process didn't exit successfully: `/opt/rustwide/rustup-home/toolchains/1.75.0-x86_64-unknown-linux-gnu/bin/rustdoc --edition=2021 --crate-type lib --crate-name stabby_abi src/lib.rs -o /opt/rustwide/target/doc --cfg 'feature="default"' --cfg 'feature="libc"' --cfg 'feature="std"' --error-format=json --json=diagnostic-rendered-ansi,artifacts,future-incompat --document-private-items -C metadata=689470a6af9561ec -L dependency=/opt/rustwide/target/debug/deps --extern libc=/opt/rustwide/target/debug/deps/liblibc-d14b5e10944e99e9.rmeta --extern rustversion=/opt/rustwide/target/debug/deps/librustversion-2468c0b6c5a3f2c2.so --extern stabby_macros=/opt/rustwide/target/debug/deps/libstabby_macros-8ad3072bf821bde5.so --cap-lints=warn --crate-version 2.0.1` (exit status: 1)
[INFO] running `Command { std: "docker" "inspect" "436bed78de1e547d79bfd7e9de5262a2e099af2728828ffcda3f6930725ec7ea", kill_on_drop: false }`
[INFO] running `Command { std: "docker" "rm" "-f" "436bed78de1e547d79bfd7e9de5262a2e099af2728828ffcda3f6930725ec7ea", kill_on_drop: false }`
[INFO] [stdout] 436bed78de1e547d79bfd7e9de5262a2e099af2728828ffcda3f6930725ec7ea
[INFO] documenting stabby-abi-2.0.1 against beta-2023-12-22 for beta-1.76-rustdoc-1
[INFO] extracting crate stabby-abi 2.0.1 into /workspace/builds/worker-2-tc2/source
[INFO] validating manifest of crates.io crate stabby-abi 2.0.1 on toolchain beta-2023-12-22
[INFO] running `Command { std: CARGO_HOME="/workspace/cargo-home" RUSTUP_HOME="/workspace/rustup-home" "/workspace/cargo-home/bin/cargo" "+beta-2023-12-22" "metadata" "--manifest-path" "Cargo.toml" "--no-deps", kill_on_drop: false }`
[INFO] started tweaking crates.io crate stabby-abi 2.0.1
[INFO] finished tweaking crates.io crate stabby-abi 2.0.1
[INFO] tweaked toml for crates.io crate stabby-abi 2.0.1 written to /workspace/builds/worker-2-tc2/source/Cargo.toml
[INFO] running `Command { std: CARGO_HOME="/workspace/cargo-home" RUSTUP_HOME="/workspace/rustup-home" "/workspace/cargo-home/bin/cargo" "+beta-2023-12-22" "generate-lockfile" "--manifest-path" "Cargo.toml", kill_on_drop: false }`
[INFO] [stderr]     Updating crates.io index
[INFO] running `Command { std: CARGO_HOME="/workspace/cargo-home" RUSTUP_HOME="/workspace/rustup-home" "/workspace/cargo-home/bin/cargo" "+beta-2023-12-22" "fetch" "--manifest-path" "Cargo.toml", kill_on_drop: false }`
[INFO] running `Command { std: "docker" "create" "-v" "/var/lib/crater-agent-workspace/builds/worker-2-tc2/target:/opt/rustwide/target:rw,Z" "-v" "/var/lib/crater-agent-workspace/builds/worker-2-tc2/source:/opt/rustwide/workdir:ro,Z" "-v" "/var/lib/crater-agent-workspace/cargo-home:/opt/rustwide/cargo-home:ro,Z" "-v" "/var/lib/crater-agent-workspace/rustup-home:/opt/rustwide/rustup-home:ro,Z" "-e" "SOURCE_DIR=/opt/rustwide/workdir" "-e" "CARGO_TARGET_DIR=/opt/rustwide/target" "-e" "CARGO_HOME=/opt/rustwide/cargo-home" "-e" "RUSTUP_HOME=/opt/rustwide/rustup-home" "-w" "/opt/rustwide/workdir" "-m" "1610612736" "--user" "0:0" "--network" "none" "ghcr.io/rust-lang/crates-build-env/linux@sha256:2788e3201cd34a07e3172128adcd8b3090168a8e3bcc40d7c032b9dda1df7d1c" "/opt/rustwide/cargo-home/bin/cargo" "+beta-2023-12-22" "metadata" "--no-deps" "--format-version=1", kill_on_drop: false }`
[INFO] [stdout] 984cc4e4d03fdca74c683aab7efa74e63faeae1c3af7b12d0b41303932caf8c0
[INFO] running `Command { std: "docker" "start" "-a" "984cc4e4d03fdca74c683aab7efa74e63faeae1c3af7b12d0b41303932caf8c0", kill_on_drop: false }`
[INFO] running `Command { std: "docker" "inspect" "984cc4e4d03fdca74c683aab7efa74e63faeae1c3af7b12d0b41303932caf8c0", kill_on_drop: false }`
[INFO] running `Command { std: "docker" "rm" "-f" "984cc4e4d03fdca74c683aab7efa74e63faeae1c3af7b12d0b41303932caf8c0", kill_on_drop: false }`
[INFO] [stdout] 984cc4e4d03fdca74c683aab7efa74e63faeae1c3af7b12d0b41303932caf8c0
[INFO] running `Command { std: "docker" "create" "-v" "/var/lib/crater-agent-workspace/builds/worker-2-tc2/target:/opt/rustwide/target:rw,Z" "-v" "/var/lib/crater-agent-workspace/builds/worker-2-tc2/source:/opt/rustwide/workdir:ro,Z" "-v" "/var/lib/crater-agent-workspace/cargo-home:/opt/rustwide/cargo-home:ro,Z" "-v" "/var/lib/crater-agent-workspace/rustup-home:/opt/rustwide/rustup-home:ro,Z" "-e" "SOURCE_DIR=/opt/rustwide/workdir" "-e" "CARGO_TARGET_DIR=/opt/rustwide/target" "-e" "CARGO_INCREMENTAL=0" "-e" "RUST_BACKTRACE=full" "-e" "RUSTFLAGS=--cap-lints=warn" "-e" "RUSTDOCFLAGS=--cap-lints=warn" "-e" "CARGO_HOME=/opt/rustwide/cargo-home" "-e" "RUSTUP_HOME=/opt/rustwide/rustup-home" "-w" "/opt/rustwide/workdir" "-m" "1610612736" "--user" "0:0" "--network" "none" "ghcr.io/rust-lang/crates-build-env/linux@sha256:2788e3201cd34a07e3172128adcd8b3090168a8e3bcc40d7c032b9dda1df7d1c" "/opt/rustwide/cargo-home/bin/cargo" "+beta-2023-12-22" "doc" "--frozen" "--no-deps" "--document-private-items" "--message-format=json", kill_on_drop: false }`
[INFO] [stdout] 9fc3861ed41ad4ed701e1be759e715d5c33e9a973c7cd769f6083d00637f734a
[INFO] running `Command { std: "docker" "start" "-a" "9fc3861ed41ad4ed701e1be759e715d5c33e9a973c7cd769f6083d00637f734a", kill_on_drop: false }`
[INFO] [stderr]    Compiling cfg-if v1.0.0
[INFO] [stderr]    Compiling toml_datetime v0.6.5
[INFO] [stderr]    Compiling proc-macro2 v1.0.76
[INFO] [stderr]    Compiling ppv-lite86 v0.2.17
[INFO] [stderr]    Compiling syn v1.0.109
[INFO] [stderr]    Compiling stabby-macros v2.0.1
[INFO] [stderr]    Compiling stabby-abi v2.0.1 (/opt/rustwide/workdir)
[INFO] [stderr]    Compiling getrandom v0.2.11
[INFO] [stderr]    Compiling toml_edit v0.19.15
[INFO] [stderr]    Compiling rand_core v0.6.4
[INFO] [stderr]    Compiling rand_chacha v0.3.1
[INFO] [stderr] error: failed to run custom build command for `stabby-macros v2.0.1`
[INFO] [stderr] note: To improve backtraces for build dependencies, set the CARGO_PROFILE_DEV_BUILD_OVERRIDE_DEBUG=true environment variable to enable debug information generation.
[INFO] [stderr] 
[INFO] [stderr] Caused by:
[INFO] [stderr]   process didn't exit successfully: `/opt/rustwide/target/debug/build/stabby-macros-aa6a64ff2fc861be/build-script-build` (exit status: 101)
[INFO] [stderr]   --- stderr
[INFO] [stderr]   thread 'main' panicked at /opt/rustwide/cargo-home/registry/src/index.crates.io-6f17d22bba15001f/stabby-macros-2.0.1/build.rs:46:17:
[INFO] [stderr]   index out of bounds: the len is 3 but the index is 3
[INFO] [stderr]   stack backtrace:
[INFO] [stderr]      0:     0x5575426ad1c6 - std::backtrace_rs::backtrace::libunwind::trace::h261606ad26a499c1
[INFO] [stderr]                                  at /rustc/0e09125c6c3c2fd70d7de961bcf0e51575235fad/library/std/src/../../backtrace/src/backtrace/libunwind.rs:104:5
[INFO] [stderr]      1:     0x5575426ad1c6 - std::backtrace_rs::backtrace::trace_unsynchronized::hd183f0625477fb28
[INFO] [stderr]                                  at /rustc/0e09125c6c3c2fd70d7de961bcf0e51575235fad/library/std/src/../../backtrace/src/backtrace/mod.rs:66:5
[INFO] [stderr]      2:     0x5575426ad1c6 - std::sys_common::backtrace::_print_fmt::hd7f8fef21b4eda67
[INFO] [stderr]                                  at /rustc/0e09125c6c3c2fd70d7de961bcf0e51575235fad/library/std/src/sys_common/backtrace.rs:68:5
[INFO] [stderr]      3:     0x5575426ad1c6 - <std::sys_common::backtrace::_print::DisplayBacktrace as core::fmt::Display>::fmt::h623d9b51f2f453f1
[INFO] [stderr]                                  at /rustc/0e09125c6c3c2fd70d7de961bcf0e51575235fad/library/std/src/sys_common/backtrace.rs:44:22
[INFO] [stderr]      4:     0x5575426cf740 - core::fmt::rt::Argument::fmt::h9f417ac76a86f368
[INFO] [stderr]                                  at /rustc/0e09125c6c3c2fd70d7de961bcf0e51575235fad/library/core/src/fmt/rt.rs:142:9
[INFO] [stderr]      5:     0x5575426cf740 - core::fmt::write::hc9b6faf4ac2aeff7
[INFO] [stderr]                                  at /rustc/0e09125c6c3c2fd70d7de961bcf0e51575235fad/library/core/src/fmt/mod.rs:1120:17
[INFO] [stderr]      6:     0x5575426ab0cf - std::io::Write::write_fmt::hfead1eee52c2e65e
[INFO] [stderr]                                  at /rustc/0e09125c6c3c2fd70d7de961bcf0e51575235fad/library/std/src/io/mod.rs:1810:15
[INFO] [stderr]      7:     0x5575426acfa4 - std::sys_common::backtrace::_print::hd5d66399c7df88a2
[INFO] [stderr]                                  at /rustc/0e09125c6c3c2fd70d7de961bcf0e51575235fad/library/std/src/sys_common/backtrace.rs:47:5
[INFO] [stderr]      8:     0x5575426acfa4 - std::sys_common::backtrace::print::he81ed2da642d37e5
[INFO] [stderr]                                  at /rustc/0e09125c6c3c2fd70d7de961bcf0e51575235fad/library/std/src/sys_common/backtrace.rs:34:9
[INFO] [stderr]      9:     0x5575426ae507 - std::panicking::default_hook::{{closure}}::h85773f4fa117163d
[INFO] [stderr]     10:     0x5575426ae269 - std::panicking::default_hook::h6a1694a91d09b278
[INFO] [stderr]                                  at /rustc/0e09125c6c3c2fd70d7de961bcf0e51575235fad/library/std/src/panicking.rs:292:9
[INFO] [stderr]     11:     0x5575426ae998 - std::panicking::rust_panic_with_hook::h0a7ad96e90f7145b
[INFO] [stderr]                                  at /rustc/0e09125c6c3c2fd70d7de961bcf0e51575235fad/library/std/src/panicking.rs:779:13
[INFO] [stderr]     12:     0x5575426ae872 - std::panicking::begin_panic_handler::{{closure}}::h7919090525c6485e
[INFO] [stderr]                                  at /rustc/0e09125c6c3c2fd70d7de961bcf0e51575235fad/library/std/src/panicking.rs:657:13
[INFO] [stderr]     13:     0x5575426ad6c6 - std::sys_common::backtrace::__rust_end_short_backtrace::hf3289479464f7dfe
[INFO] [stderr]                                  at /rustc/0e09125c6c3c2fd70d7de961bcf0e51575235fad/library/std/src/sys_common/backtrace.rs:171:18
[INFO] [stderr]     14:     0x5575426ae5d0 - rust_begin_unwind
[INFO] [stderr]                                  at /rustc/0e09125c6c3c2fd70d7de961bcf0e51575235fad/library/std/src/panicking.rs:645:5
[INFO] [stderr]     15:     0x557542684f05 - core::panicking::panic_fmt::hcc9f77c5c132af55
[INFO] [stderr]                                  at /rustc/0e09125c6c3c2fd70d7de961bcf0e51575235fad/library/core/src/panicking.rs:72:14
[INFO] [stderr]     16:     0x5575426850e2 - core::panicking::panic_bounds_check::h24e82910cb718d54
[INFO] [stderr]                                  at /rustc/0e09125c6c3c2fd70d7de961bcf0e51575235fad/library/core/src/panicking.rs:208:5
[INFO] [stderr]     17:     0x55754268a0a9 - build_script_build::main::h2033f370d078c90f
[INFO] [stderr]     18:     0x55754268aa03 - core::ops::function::FnOnce::call_once::h2970cdad6f9d2384
[INFO] [stderr]     19:     0x55754268a6b6 - std::sys_common::backtrace::__rust_begin_short_backtrace::h6d29f4418af015f7
[INFO] [stderr]     20:     0x55754268a709 - std::rt::lang_start::{{closure}}::h14d0861d8550b9e7
[INFO] [stderr]     21:     0x5575426a7b91 - core::ops::function::impls::<impl core::ops::function::FnOnce<A> for &F>::call_once::h4eb4c5e1620f29b0
[INFO] [stderr]                                  at /rustc/0e09125c6c3c2fd70d7de961bcf0e51575235fad/library/core/src/ops/function.rs:284:13
[INFO] [stderr]     22:     0x5575426a7b91 - std::panicking::try::do_call::h73fd26535faffcdf
[INFO] [stderr]                                  at /rustc/0e09125c6c3c2fd70d7de961bcf0e51575235fad/library/std/src/panicking.rs:552:40
[INFO] [stderr]     23:     0x5575426a7b91 - std::panicking::try::h77ff1d98f0fb9f39
[INFO] [stderr]                                  at /rustc/0e09125c6c3c2fd70d7de961bcf0e51575235fad/library/std/src/panicking.rs:516:19
[INFO] [stderr]     24:     0x5575426a7b91 - std::panic::catch_unwind::hab3caf2448b95e37
[INFO] [stderr]                                  at /rustc/0e09125c6c3c2fd70d7de961bcf0e51575235fad/library/std/src/panic.rs:142:14
[INFO] [stderr]     25:     0x5575426a7b91 - std::rt::lang_start_internal::{{closure}}::h8086711f9c783f78
[INFO] [stderr]                                  at /rustc/0e09125c6c3c2fd70d7de961bcf0e51575235fad/library/std/src/rt.rs:148:48
[INFO] [stderr]     26:     0x5575426a7b91 - std::panicking::try::do_call::hf920d4dc291cd6ca
[INFO] [stderr]                                  at /rustc/0e09125c6c3c2fd70d7de961bcf0e51575235fad/library/std/src/panicking.rs:552:40
[INFO] [stderr]     27:     0x5575426a7b91 - std::panicking::try::h2b806ccc0a85db74
[INFO] [stderr]                                  at /rustc/0e09125c6c3c2fd70d7de961bcf0e51575235fad/library/std/src/panicking.rs:516:19
[INFO] [stderr]     28:     0x5575426a7b91 - std::panic::catch_unwind::h038489539c507df2
[INFO] [stderr]                                  at /rustc/0e09125c6c3c2fd70d7de961bcf0e51575235fad/library/std/src/panic.rs:142:14
[INFO] [stderr]     29:     0x5575426a7b91 - std::rt::lang_start_internal::h28503b88912e8a5c
[INFO] [stderr]                                  at /rustc/0e09125c6c3c2fd70d7de961bcf0e51575235fad/library/std/src/rt.rs:148:20
[INFO] [stderr]     30:     0x55754268a6e7 - std::rt::lang_start::h90e97aee5717fc44
[INFO] [stderr]     31:     0x55754268a3d5 - main
[INFO] [stderr]     32:     0x7fa2249d1d90 - <unknown>
[INFO] [stderr]     33:     0x7fa2249d1e40 - __libc_start_main
[INFO] [stderr]     34:     0x557542685635 - _start
[INFO] [stderr]     35:                0x0 - <unknown>
[INFO] [stderr] warning: build failed, waiting for other jobs to finish...
[INFO] running `Command { std: "docker" "inspect" "9fc3861ed41ad4ed701e1be759e715d5c33e9a973c7cd769f6083d00637f734a", kill_on_drop: false }`
[INFO] running `Command { std: "docker" "rm" "-f" "9fc3861ed41ad4ed701e1be759e715d5c33e9a973c7cd769f6083d00637f734a", kill_on_drop: false }`
[INFO] [stdout] 9fc3861ed41ad4ed701e1be759e715d5c33e9a973c7cd769f6083d00637f734a
