[INFO] fetching crate ssb-client 0.3.1...
[INFO] documenting ssb-client-0.3.1 against 1.75.0 for beta-1.76-rustdoc-1
[INFO] extracting crate ssb-client 0.3.1 into /workspace/builds/worker-2-tc1/source
[INFO] validating manifest of crates.io crate ssb-client 0.3.1 on toolchain 1.75.0
[INFO] running `Command { std: CARGO_HOME="/workspace/cargo-home" RUSTUP_HOME="/workspace/rustup-home" "/workspace/cargo-home/bin/cargo" "+1.75.0" "metadata" "--manifest-path" "Cargo.toml" "--no-deps", kill_on_drop: false }`
[INFO] started tweaking crates.io crate ssb-client 0.3.1
[INFO] finished tweaking crates.io crate ssb-client 0.3.1
[INFO] tweaked toml for crates.io crate ssb-client 0.3.1 written to /workspace/builds/worker-2-tc1/source/Cargo.toml
[INFO] running `Command { std: CARGO_HOME="/workspace/cargo-home" RUSTUP_HOME="/workspace/rustup-home" "/workspace/cargo-home/bin/cargo" "+1.75.0" "generate-lockfile" "--manifest-path" "Cargo.toml", kill_on_drop: false }`
[INFO] [stderr]     Updating crates.io index
[INFO] running `Command { std: CARGO_HOME="/workspace/cargo-home" RUSTUP_HOME="/workspace/rustup-home" "/workspace/cargo-home/bin/cargo" "+1.75.0" "fetch" "--manifest-path" "Cargo.toml", kill_on_drop: false }`
[INFO] [stderr]  Downloading crates ...
[INFO] [stderr]   Downloaded atm-io-utils v0.1.0
[INFO] [stderr]   Downloaded ssb-common v0.3.0
[INFO] [stderr]   Downloaded quickcheck v0.5.0
[INFO] [stderr]   Downloaded secret_handshake v4.0.0
[INFO] [stderr]   Downloaded atm-async-utils v0.1.2
[INFO] [stderr]   Downloaded packet-stream v0.5.0
[INFO] [stderr]   Downloaded packet-stream-codec v0.1.0
[INFO] [stderr]   Downloaded multi-consumer-stream v0.3.0
[INFO] [stderr]   Downloaded ssb-keyfile v0.1.2
[INFO] [stderr]   Downloaded secret_stream v0.2.0
[INFO] [stderr]   Downloaded multi-producer-sink v0.3.0
[INFO] [stderr]   Downloaded ssb-rpc v0.3.1
[INFO] [stderr]   Downloaded ssb-common v0.2.5
[INFO] [stderr]   Downloaded box_stream v0.4.0
[INFO] [stderr]   Downloaded muxrpc v0.2.0
[INFO] running `Command { std: "docker" "create" "-v" "/var/lib/crater-agent-workspace/builds/worker-2-tc1/target:/opt/rustwide/target:rw,Z" "-v" "/var/lib/crater-agent-workspace/builds/worker-2-tc1/source:/opt/rustwide/workdir:ro,Z" "-v" "/var/lib/crater-agent-workspace/cargo-home:/opt/rustwide/cargo-home:ro,Z" "-v" "/var/lib/crater-agent-workspace/rustup-home:/opt/rustwide/rustup-home:ro,Z" "-e" "SOURCE_DIR=/opt/rustwide/workdir" "-e" "CARGO_TARGET_DIR=/opt/rustwide/target" "-e" "CARGO_HOME=/opt/rustwide/cargo-home" "-e" "RUSTUP_HOME=/opt/rustwide/rustup-home" "-w" "/opt/rustwide/workdir" "-m" "1610612736" "--user" "0:0" "--network" "none" "ghcr.io/rust-lang/crates-build-env/linux@sha256:2788e3201cd34a07e3172128adcd8b3090168a8e3bcc40d7c032b9dda1df7d1c" "/opt/rustwide/cargo-home/bin/cargo" "+1.75.0" "metadata" "--no-deps" "--format-version=1", kill_on_drop: false }`
[INFO] [stdout] ee8caf81bb35fcd633aed5641f5f37dad6e159d02629167bb84f2d29ac1d9df6
[INFO] running `Command { std: "docker" "start" "-a" "ee8caf81bb35fcd633aed5641f5f37dad6e159d02629167bb84f2d29ac1d9df6", kill_on_drop: false }`
[INFO] running `Command { std: "docker" "inspect" "ee8caf81bb35fcd633aed5641f5f37dad6e159d02629167bb84f2d29ac1d9df6", kill_on_drop: false }`
[INFO] running `Command { std: "docker" "rm" "-f" "ee8caf81bb35fcd633aed5641f5f37dad6e159d02629167bb84f2d29ac1d9df6", kill_on_drop: false }`
[INFO] [stdout] ee8caf81bb35fcd633aed5641f5f37dad6e159d02629167bb84f2d29ac1d9df6
[INFO] running `Command { std: "docker" "create" "-v" "/var/lib/crater-agent-workspace/builds/worker-2-tc1/target:/opt/rustwide/target:rw,Z" "-v" "/var/lib/crater-agent-workspace/builds/worker-2-tc1/source:/opt/rustwide/workdir:ro,Z" "-v" "/var/lib/crater-agent-workspace/cargo-home:/opt/rustwide/cargo-home:ro,Z" "-v" "/var/lib/crater-agent-workspace/rustup-home:/opt/rustwide/rustup-home:ro,Z" "-e" "SOURCE_DIR=/opt/rustwide/workdir" "-e" "CARGO_TARGET_DIR=/opt/rustwide/target" "-e" "CARGO_INCREMENTAL=0" "-e" "RUST_BACKTRACE=full" "-e" "RUSTFLAGS=--cap-lints=warn" "-e" "RUSTDOCFLAGS=--cap-lints=warn" "-e" "CARGO_HOME=/opt/rustwide/cargo-home" "-e" "RUSTUP_HOME=/opt/rustwide/rustup-home" "-w" "/opt/rustwide/workdir" "-m" "1610612736" "--user" "0:0" "--network" "none" "ghcr.io/rust-lang/crates-build-env/linux@sha256:2788e3201cd34a07e3172128adcd8b3090168a8e3bcc40d7c032b9dda1df7d1c" "/opt/rustwide/cargo-home/bin/cargo" "+1.75.0" "doc" "--frozen" "--no-deps" "--document-private-items" "--message-format=json", kill_on_drop: false }`
[INFO] [stdout] 19056da222e42c0a612dba7500b6444a42e2e19719045e54b28d37f7cf3d22b6
[INFO] running `Command { std: "docker" "start" "-a" "19056da222e42c0a612dba7500b6444a42e2e19719045e54b28d37f7cf3d22b6", kill_on_drop: false }`
[INFO] [stderr]    Compiling libc v0.2.151
[INFO] [stderr]     Checking futures v0.1.31
[INFO] [stderr]     Checking log v0.4.20
[INFO] [stderr]    Compiling autocfg v1.1.0
[INFO] [stderr]     Checking lazy_static v1.4.0
[INFO] [stderr]     Checking byteorder v1.5.0
[INFO] [stderr]     Checking cfg-if v0.1.10
[INFO] [stderr]    Compiling maybe-uninit v2.0.0
[INFO] [stderr]    Compiling semver-parser v0.7.0
[INFO] [stderr]    Compiling pkg-config v0.3.28
[INFO] [stderr]    Compiling serde v1.0.195
[INFO] [stderr]     Checking scopeguard v1.2.0
[INFO] [stderr]     Checking memchr v2.7.1
[INFO] [stderr]    Compiling regex v0.2.11
[INFO] [stderr]     Checking ucd-util v0.1.10
[INFO] [stderr]     Checking utf8-ranges v1.0.5
[INFO] [stderr]    Compiling proc-macro2 v1.0.76
[INFO] [stderr]     Checking thread_local v0.3.6
[INFO] [stderr]    Compiling unicode-ident v1.0.12
[INFO] [stderr]     Checking regex-syntax v0.5.6
[INFO] [stderr]     Checking void v1.0.2
[INFO] [stderr]     Checking log v0.3.9
[INFO] [stderr]     Checking lock_api v0.3.4
[INFO] [stderr]     Checking fnv v1.0.7
[INFO] [stderr]    Compiling semver v0.9.0
[INFO] [stderr]    Compiling serde_json v1.0.111
[INFO] [stderr]     Checking ordermap v0.3.5
[INFO] [stderr]     Checking itoa v1.0.10
[INFO] [stderr]     Checking safemem v0.3.3
[INFO] [stderr]    Compiling rustc_version v0.2.3
[INFO] [stderr]     Checking ryu v1.0.16
[INFO] [stderr]    Compiling crossbeam-utils v0.7.2
[INFO] [stderr]    Compiling slab v0.4.9
[INFO] [stderr]     Checking smallvec v0.6.14
[INFO] [stderr]    Compiling memoffset v0.5.6
[INFO] [stderr]    Compiling crossbeam-epoch v0.8.2
[INFO] [stderr]     Checking base64 v0.9.3
[INFO] [stderr]     Checking aho-corasick v0.6.10
[INFO] [stderr]    Compiling parking_lot_core v0.6.3
[INFO] [stderr]    Compiling parking_lot v0.9.0
[INFO] [stderr]    Compiling libsodium-sys v0.0.16
[INFO] [stderr]    Compiling quote v1.0.35
[INFO] [stderr]     Checking crossbeam-queue v0.2.3
[INFO] [stderr]    Compiling cc v1.0.83
[INFO] [stderr]    Compiling syn v2.0.48
[INFO] [stderr]     Checking tokio-executor v0.1.10
[INFO] [stderr]     Checking tokio-sync v0.1.8
[INFO] [stderr]     Checking multi-producer-sink v0.3.0
[INFO] [stderr]     Checking multi-consumer-stream v0.3.0
[INFO] [stderr]     Checking iovec v0.1.4
[INFO] [stderr]     Checking net2 v0.2.39
[INFO] [stderr]     Checking num_cpus v1.16.0
[INFO] [stderr]     Checking rand v0.4.6
[INFO] [stderr]     Checking bytes v0.4.12
[INFO] [stderr]     Checking crossbeam-deque v0.7.4
[INFO] [stderr]     Checking tokio-current-thread v0.1.7
[INFO] [stderr]     Checking tokio-timer v0.2.13
[INFO] [stderr]     Checking mio v0.6.23
[INFO] [stderr]     Checking tokio-threadpool v0.1.18
[INFO] [stderr]     Checking tokio-io v0.1.13
[INFO] [stderr]     Checking rand v0.3.23
[INFO] [stderr]     Checking atm-io-utils v0.1.0
[INFO] [stderr]     Checking tokio-codec v0.1.2
[INFO] [stderr]     Checking tokio-fs v0.1.7
[INFO] [stderr]     Checking packet-stream-codec v0.1.0
[INFO] [stderr]     Checking tokio-reactor v0.1.12
[INFO] [stderr]     Checking mio-uds v0.6.8
[INFO] [stderr]    Compiling secret_handshake v4.0.0
[INFO] [stderr]    Compiling box_stream v0.4.0
[INFO] [stderr]     Checking tokio-udp v0.1.6
[INFO] [stderr]     Checking tokio-tcp v0.1.4
[INFO] [stderr]     Checking tokio-uds v0.2.7
[INFO] [stderr]     Checking tokio v0.1.22
[INFO] [stderr]     Checking env_logger v0.4.3
[INFO] [stderr]     Checking quickcheck v0.5.0
[INFO] [stderr]     Checking atm-async-utils v0.1.2
[INFO] [stderr]     Checking packet-stream v0.5.0
[INFO] [stderr]     Checking sodiumoxide v0.0.16
[INFO] [stderr]    Compiling serde_derive v1.0.195
[INFO] [stdout] error[E0554]: `#![feature]` may not be used on the stable release channel
[INFO] [stdout]  --> /opt/rustwide/cargo-home/registry/src/index.crates.io-6f17d22bba15001f/secret_handshake-4.0.0/src/lib.rs:9:12
[INFO] [stdout]   |
[INFO] [stdout] 9 | #![feature(unique)]
[INFO] [stdout]   |            ^^^^^^
[INFO] [stdout] 
[INFO] [stdout] 
[INFO] [stdout] error[E0635]: unknown feature `unique`
[INFO] [stdout]  --> /opt/rustwide/cargo-home/registry/src/index.crates.io-6f17d22bba15001f/secret_handshake-4.0.0/src/lib.rs:9:12
[INFO] [stdout]   |
[INFO] [stdout] 9 | #![feature(unique)]
[INFO] [stdout]   |            ^^^^^^
[INFO] [stdout] 
[INFO] [stdout] 
[INFO] [stdout] error: aborting due to 2 previous errors
[INFO] [stdout] 
[INFO] [stdout] 
[INFO] [stdout] Some errors have detailed explanations: E0554, E0635.
[INFO] [stdout] 
[INFO] [stdout] For more information about an error, try `rustc --explain E0554`.
[INFO] [stdout] 
[INFO] [stderr] The following warnings were emitted during compilation:
[INFO] [stderr] 
[INFO] [stderr] warning: secret_handshake@4.0.0: shs1-c/src/shs1.c:30:18: warning: argument 2 of type 'const uint8_t *' {aka 'const unsigned char *'} declared as a pointer [-Warray-parameter=]
[INFO] [stderr] warning: secret_handshake@4.0.0:    30 |   const uint8_t *app,
[INFO] [stderr] warning: secret_handshake@4.0.0:       |   ~~~~~~~~~~~~~~~^~~
[INFO] [stderr] warning: secret_handshake@4.0.0: In file included from shs1-c/src/shs1.c:1:
[INFO] [stderr] warning: secret_handshake@4.0.0: shs1-c/src/shs1.h:49:17: note: previously declared as an array 'const uint8_t[32]' {aka 'const unsigned char[32]'}
[INFO] [stderr] warning: secret_handshake@4.0.0:    49 |   const uint8_t app[crypto_auth_KEYBYTES],
[INFO] [stderr] warning: secret_handshake@4.0.0:       |   ~~~~~~~~~~~~~~^~~~~~~~~~~~~~~~~~~~~~~~~
[INFO] [stderr] warning: secret_handshake@4.0.0: shs1-c/src/shs1.c:31:18: warning: argument 3 of type 'const uint8_t *' {aka 'const unsigned char *'} declared as a pointer [-Warray-parameter=]
[INFO] [stderr] warning: secret_handshake@4.0.0:    31 |   const uint8_t *pub,
[INFO] [stderr] warning: secret_handshake@4.0.0:       |   ~~~~~~~~~~~~~~~^~~
[INFO] [stderr] warning: secret_handshake@4.0.0: In file included from shs1-c/src/shs1.c:1:
[INFO] [stderr] warning: secret_handshake@4.0.0: shs1-c/src/shs1.h:50:17: note: previously declared as an array 'const uint8_t[32]' {aka 'const unsigned char[32]'}
[INFO] [stderr] warning: secret_handshake@4.0.0:    50 |   const uint8_t pub[crypto_sign_PUBLICKEYBYTES],
[INFO] [stderr] warning: secret_handshake@4.0.0:       |   ~~~~~~~~~~~~~~^~~~~~~~~~~~~~~~~~~~~~~~~~~~~~~
[INFO] [stderr] warning: secret_handshake@4.0.0: shs1-c/src/shs1.c:32:18: warning: argument 4 of type 'const uint8_t *' {aka 'const unsigned char *'} declared as a pointer [-Warray-parameter=]
[INFO] [stderr] warning: secret_handshake@4.0.0:    32 |   const uint8_t *sec,
[INFO] [stderr] warning: secret_handshake@4.0.0:       |   ~~~~~~~~~~~~~~~^~~
[INFO] [stderr] warning: secret_handshake@4.0.0: In file included from shs1-c/src/shs1.c:1:
[INFO] [stderr] warning: secret_handshake@4.0.0: shs1-c/src/shs1.h:51:17: note: previously declared as an array 'const uint8_t[64]' {aka 'const unsigned char[64]'}
[INFO] [stderr] warning: secret_handshake@4.0.0:    51 |   const uint8_t sec[crypto_sign_SECRETKEYBYTES],
[INFO] [stderr] warning: secret_handshake@4.0.0:       |   ~~~~~~~~~~~~~~^~~~~~~~~~~~~~~~~~~~~~~~~~~~~~~
[INFO] [stderr] warning: secret_handshake@4.0.0: shs1-c/src/shs1.c:33:18: warning: argument 5 of type 'const uint8_t *' {aka 'const unsigned char *'} declared as a pointer [-Warray-parameter=]
[INFO] [stderr] warning: secret_handshake@4.0.0:    33 |   const uint8_t *eph_pub,
[INFO] [stderr] warning: secret_handshake@4.0.0:       |   ~~~~~~~~~~~~~~~^~~~~~~
[INFO] [stderr] warning: secret_handshake@4.0.0: In file included from shs1-c/src/shs1.c:1:
[INFO] [stderr] warning: secret_handshake@4.0.0: shs1-c/src/shs1.h:52:17: note: previously declared as an array 'const uint8_t[32]' {aka 'const unsigned char[32]'}
[INFO] [stderr] warning: secret_handshake@4.0.0:    52 |   const uint8_t eph_pub[crypto_box_PUBLICKEYBYTES],
[INFO] [stderr] warning: secret_handshake@4.0.0:       |   ~~~~~~~~~~~~~~^~~~~~~~~~~~~~~~~~~~~~~~~~~~~~~~~~
[INFO] [stderr] warning: secret_handshake@4.0.0: shs1-c/src/shs1.c:34:18: warning: argument 6 of type 'const uint8_t *' {aka 'const unsigned char *'} declared as a pointer [-Warray-parameter=]
[INFO] [stderr] warning: secret_handshake@4.0.0:    34 |   const uint8_t *eph_sec,
[INFO] [stderr] warning: secret_handshake@4.0.0:       |   ~~~~~~~~~~~~~~~^~~~~~~
[INFO] [stderr] warning: secret_handshake@4.0.0: In file included from shs1-c/src/shs1.c:1:
[INFO] [stderr] warning: secret_handshake@4.0.0: shs1-c/src/shs1.h:53:17: note: previously declared as an array 'const uint8_t[32]' {aka 'const unsigned char[32]'}
[INFO] [stderr] warning: secret_handshake@4.0.0:    53 |   const uint8_t eph_sec[crypto_box_SECRETKEYBYTES],
[INFO] [stderr] warning: secret_handshake@4.0.0:       |   ~~~~~~~~~~~~~~^~~~~~~~~~~~~~~~~~~~~~~~~~~~~~~~~~
[INFO] [stderr] warning: secret_handshake@4.0.0: shs1-c/src/shs1.c:35:18: warning: argument 7 of type 'const uint8_t *' {aka 'const unsigned char *'} declared as a pointer [-Warray-parameter=]
[INFO] [stderr] warning: secret_handshake@4.0.0:    35 |   const uint8_t *server_pub
[INFO] [stderr] warning: secret_handshake@4.0.0:       |   ~~~~~~~~~~~~~~~^~~~~~~~~~
[INFO] [stderr] warning: secret_handshake@4.0.0: In file included from shs1-c/src/shs1.c:1:
[INFO] [stderr] warning: secret_handshake@4.0.0: shs1-c/src/shs1.h:54:17: note: previously declared as an array 'const uint8_t[32]' {aka 'const unsigned char[32]'}
[INFO] [stderr] warning: secret_handshake@4.0.0:    54 |   const uint8_t server_pub[crypto_sign_PUBLICKEYBYTES]
[INFO] [stderr] warning: secret_handshake@4.0.0:       |   ~~~~~~~~~~~~~~^~~~~~~~~~~~~~~~~~~~~~~~~~~~~~~~~~~~~~
[INFO] [stderr] warning: secret_handshake@4.0.0: shs1-c/src/shs1.c:50:12: warning: argument 1 of type 'uint8_t *' {aka 'unsigned char *'} declared as a pointer [-Warray-parameter=]
[INFO] [stderr] warning: secret_handshake@4.0.0:    50 |   uint8_t *challenge,
[INFO] [stderr] warning: secret_handshake@4.0.0:       |   ~~~~~~~~~^~~~~~~~~
[INFO] [stderr] warning: secret_handshake@4.0.0: In file included from shs1-c/src/shs1.c:1:
[INFO] [stderr] warning: secret_handshake@4.0.0: shs1-c/src/shs1.h:61:11: note: previously declared as an array 'uint8_t[64]' {aka 'unsigned char[64]'}
[INFO] [stderr] warning: secret_handshake@4.0.0:    61 |   uint8_t challenge[SHS1_CLIENT_CHALLENGE_BYTES],
[INFO] [stderr] warning: secret_handshake@4.0.0:       |   ~~~~~~~~^~~~~~~~~~~~~~~~~~~~~~~~~~~~~~~~~~~~~~
[INFO] [stderr] warning: secret_handshake@4.0.0: shs1-c/src/shs1.c:65:18: warning: argument 1 of type 'const uint8_t *' {aka 'const unsigned char *'} declared as a pointer [-Warray-parameter=]
[INFO] [stderr] warning: secret_handshake@4.0.0:    65 |   const uint8_t *challenge,
[INFO] [stderr] warning: secret_handshake@4.0.0:       |   ~~~~~~~~~~~~~~~^~~~~~~~~
[INFO] [stderr] warning: secret_handshake@4.0.0: In file included from shs1-c/src/shs1.c:1:
[INFO] [stderr] warning: secret_handshake@4.0.0: shs1-c/src/shs1.h:70:17: note: previously declared as an array 'const uint8_t[64]' {aka 'const unsigned char[64]'}
[INFO] [stderr] warning: secret_handshake@4.0.0:    70 |   const uint8_t challenge[SHS1_SERVER_CHALLENGE_BYTES],
[INFO] [stderr] warning: secret_handshake@4.0.0:       |   ~~~~~~~~~~~~~~^~~~~~~~~~~~~~~~~~~~~~~~~~~~~~~~~~~~~~
[INFO] [stderr] warning: secret_handshake@4.0.0: shs1-c/src/shs1.c:86:12: warning: argument 1 of type 'uint8_t *' {aka 'unsigned char *'} declared as a pointer [-Warray-parameter=]
[INFO] [stderr] warning: secret_handshake@4.0.0:    86 |   uint8_t *auth,
[INFO] [stderr] warning: secret_handshake@4.0.0:       |   ~~~~~~~~~^~~~
[INFO] [stderr] warning: secret_handshake@4.0.0: In file included from shs1-c/src/shs1.c:1:
[INFO] [stderr] warning: secret_handshake@4.0.0: shs1-c/src/shs1.h:80:11: note: previously declared as an array 'uint8_t[112]' {aka 'unsigned char[112]'}
[INFO] [stderr] warning: secret_handshake@4.0.0:    80 |   uint8_t auth[SHS1_CLIENT_AUTH_BYTES],
[INFO] [stderr] warning: secret_handshake@4.0.0:       |   ~~~~~~~~^~~~~~~~~~~~~~~~~~~~~~~~~~~~
[INFO] [stderr] warning: secret_handshake@4.0.0: shs1-c/src/shs1.c:152:18: warning: argument 1 of type 'const uint8_t *' {aka 'const unsigned char *'} declared as a pointer [-Warray-parameter=]
[INFO] [stderr] warning: secret_handshake@4.0.0:   152 |   const uint8_t *ack,
[INFO] [stderr] warning: secret_handshake@4.0.0:       |   ~~~~~~~~~~~~~~~^~~
[INFO] [stderr] warning: secret_handshake@4.0.0: In file included from shs1-c/src/shs1.c:1:
[INFO] [stderr] warning: secret_handshake@4.0.0: shs1-c/src/shs1.h:89:17: note: previously declared as an array 'const uint8_t[80]' {aka 'const unsigned char[80]'}
[INFO] [stderr] warning: secret_handshake@4.0.0:    89 |   const uint8_t ack[SHS1_SERVER_ACK_BYTES],
[INFO] [stderr] warning: secret_handshake@4.0.0:       |   ~~~~~~~~~~~~~~^~~~~~~~~~~~~~~~~~~~~~~~~~
[INFO] [stderr] warning: secret_handshake@4.0.0: shs1-c/src/shs1.c:257:18: warning: argument 2 of type 'const uint8_t *' {aka 'const unsigned char *'} declared as a pointer [-Warray-parameter=]
[INFO] [stderr] warning: secret_handshake@4.0.0:   257 |   const uint8_t *app,
[INFO] [stderr] warning: secret_handshake@4.0.0:       |   ~~~~~~~~~~~~~~~^~~
[INFO] [stderr] warning: secret_handshake@4.0.0: In file included from shs1-c/src/shs1.c:1:
[INFO] [stderr] warning: secret_handshake@4.0.0: shs1-c/src/shs1.h:109:17: note: previously declared as an array 'const uint8_t[32]' {aka 'const unsigned char[32]'}
[INFO] [stderr] warning: secret_handshake@4.0.0:   109 |   const uint8_t app[crypto_auth_KEYBYTES],
[INFO] [stderr] warning: secret_handshake@4.0.0:       |   ~~~~~~~~~~~~~~^~~~~~~~~~~~~~~~~~~~~~~~~
[INFO] [stderr] warning: secret_handshake@4.0.0: shs1-c/src/shs1.c:258:18: warning: argument 3 of type 'const uint8_t *' {aka 'const unsigned char *'} declared as a pointer [-Warray-parameter=]
[INFO] [stderr] warning: secret_handshake@4.0.0:   258 |   const uint8_t *pub,
[INFO] [stderr] warning: secret_handshake@4.0.0:       |   ~~~~~~~~~~~~~~~^~~
[INFO] [stderr] warning: secret_handshake@4.0.0: In file included from shs1-c/src/shs1.c:1:
[INFO] [stderr] warning: secret_handshake@4.0.0: shs1-c/src/shs1.h:110:17: note: previously declared as an array 'const uint8_t[32]' {aka 'const unsigned char[32]'}
[INFO] [stderr] warning: secret_handshake@4.0.0:   110 |   const uint8_t pub[crypto_sign_PUBLICKEYBYTES],
[INFO] [stderr] warning: secret_handshake@4.0.0:       |   ~~~~~~~~~~~~~~^~~~~~~~~~~~~~~~~~~~~~~~~~~~~~~
[INFO] [stderr] warning: secret_handshake@4.0.0: shs1-c/src/shs1.c:259:18: warning: argument 4 of type 'const uint8_t *' {aka 'const unsigned char *'} declared as a pointer [-Warray-parameter=]
[INFO] [stderr] warning: secret_handshake@4.0.0:   259 |   const uint8_t *sec,
[INFO] [stderr] warning: secret_handshake@4.0.0:       |   ~~~~~~~~~~~~~~~^~~
[INFO] [stderr] warning: secret_handshake@4.0.0: In file included from shs1-c/src/shs1.c:1:
[INFO] [stderr] warning: secret_handshake@4.0.0: shs1-c/src/shs1.h:111:17: note: previously declared as an array 'const uint8_t[64]' {aka 'const unsigned char[64]'}
[INFO] [stderr] warning: secret_handshake@4.0.0:   111 |   const uint8_t sec[crypto_sign_SECRETKEYBYTES],
[INFO] [stderr] warning: secret_handshake@4.0.0:       |   ~~~~~~~~~~~~~~^~~~~~~~~~~~~~~~~~~~~~~~~~~~~~~
[INFO] [stderr] warning: secret_handshake@4.0.0: shs1-c/src/shs1.c:260:18: warning: argument 5 of type 'const uint8_t *' {aka 'const unsigned char *'} declared as a pointer [-Warray-parameter=]
[INFO] [stderr] warning: secret_handshake@4.0.0:   260 |   const uint8_t *eph_pub,
[INFO] [stderr] warning: secret_handshake@4.0.0:       |   ~~~~~~~~~~~~~~~^~~~~~~
[INFO] [stderr] warning: secret_handshake@4.0.0: In file included from shs1-c/src/shs1.c:1:
[INFO] [stderr] warning: secret_handshake@4.0.0: shs1-c/src/shs1.h:112:17: note: previously declared as an array 'const uint8_t[32]' {aka 'const unsigned char[32]'}
[INFO] [stderr] warning: secret_handshake@4.0.0:   112 |   const uint8_t eph_pub[crypto_box_PUBLICKEYBYTES],
[INFO] [stderr] warning: secret_handshake@4.0.0:       |   ~~~~~~~~~~~~~~^~~~~~~~~~~~~~~~~~~~~~~~~~~~~~~~~~
[INFO] [stderr] warning: secret_handshake@4.0.0: shs1-c/src/shs1.c:261:18: warning: argument 6 of type 'const uint8_t *' {aka 'const unsigned char *'} declared as a pointer [-Warray-parameter=]
[INFO] [stderr] warning: secret_handshake@4.0.0:   261 |   const uint8_t *eph_sec
[INFO] [stderr] warning: secret_handshake@4.0.0:       |   ~~~~~~~~~~~~~~~^~~~~~~
[INFO] [stderr] warning: secret_handshake@4.0.0: In file included from shs1-c/src/shs1.c:1:
[INFO] [stderr] warning: secret_handshake@4.0.0: shs1-c/src/shs1.h:113:17: note: previously declared as an array 'const uint8_t[32]' {aka 'const unsigned char[32]'}
[INFO] [stderr] warning: secret_handshake@4.0.0:   113 |   const uint8_t eph_sec[crypto_box_SECRETKEYBYTES]
[INFO] [stderr] warning: secret_handshake@4.0.0:       |   ~~~~~~~~~~~~~~^~~~~~~~~~~~~~~~~~~~~~~~~~~~~~~~~~
[INFO] [stderr] warning: secret_handshake@4.0.0: shs1-c/src/shs1.c:274:18: warning: argument 1 of type 'const uint8_t *' {aka 'const unsigned char *'} declared as a pointer [-Warray-parameter=]
[INFO] [stderr] warning: secret_handshake@4.0.0:   274 |   const uint8_t *challenge,
[INFO] [stderr] warning: secret_handshake@4.0.0:       |   ~~~~~~~~~~~~~~~^~~~~~~~~
[INFO] [stderr] warning: secret_handshake@4.0.0: In file included from shs1-c/src/shs1.c:1:
[INFO] [stderr] warning: secret_handshake@4.0.0: shs1-c/src/shs1.h:120:17: note: previously declared as an array 'const uint8_t[64]' {aka 'const unsigned char[64]'}
[INFO] [stderr] warning: secret_handshake@4.0.0:   120 |   const uint8_t challenge[SHS1_CLIENT_CHALLENGE_BYTES],
[INFO] [stderr] warning: secret_handshake@4.0.0:       |   ~~~~~~~~~~~~~~^~~~~~~~~~~~~~~~~~~~~~~~~~~~~~~~~~~~~~
[INFO] [stderr] warning: secret_handshake@4.0.0: shs1-c/src/shs1.c:295:12: warning: argument 1 of type 'uint8_t *' {aka 'unsigned char *'} declared as a pointer [-Warray-parameter=]
[INFO] [stderr] warning: secret_handshake@4.0.0:   295 |   uint8_t *challenge,
[INFO] [stderr] warning: secret_handshake@4.0.0:       |   ~~~~~~~~~^~~~~~~~~
[INFO] [stderr] warning: secret_handshake@4.0.0: In file included from shs1-c/src/shs1.c:1:
[INFO] [stderr] warning: secret_handshake@4.0.0: shs1-c/src/shs1.h:129:11: note: previously declared as an array 'uint8_t[64]' {aka 'unsigned char[64]'}
[INFO] [stderr] warning: secret_handshake@4.0.0:   129 |   uint8_t challenge[SHS1_SERVER_CHALLENGE_BYTES],
[INFO] [stderr] warning: secret_handshake@4.0.0:       |   ~~~~~~~~^~~~~~~~~~~~~~~~~~~~~~~~~~~~~~~~~~~~~~
[INFO] [stderr] warning: secret_handshake@4.0.0: shs1-c/src/shs1.c:310:18: warning: argument 1 of type 'const uint8_t *' {aka 'const unsigned char *'} declared as a pointer [-Warray-parameter=]
[INFO] [stderr] warning: secret_handshake@4.0.0:   310 |   const uint8_t *auth,
[INFO] [stderr] warning: secret_handshake@4.0.0:       |   ~~~~~~~~~~~~~~~^~~~
[INFO] [stderr] warning: secret_handshake@4.0.0: In file included from shs1-c/src/shs1.c:1:
[INFO] [stderr] warning: secret_handshake@4.0.0: shs1-c/src/shs1.h:138:17: note: previously declared as an array 'const uint8_t[112]' {aka 'const unsigned char[112]'}
[INFO] [stderr] warning: secret_handshake@4.0.0:   138 |   const uint8_t auth[SHS1_CLIENT_AUTH_BYTES],
[INFO] [stderr] warning: secret_handshake@4.0.0:       |   ~~~~~~~~~~~~~~^~~~~~~~~~~~~~~~~~~~~~~~~~~~
[INFO] [stderr] warning: secret_handshake@4.0.0: shs1-c/src/shs1.c:383:12: warning: argument 1 of type 'uint8_t *' {aka 'unsigned char *'} declared as a pointer [-Warray-parameter=]
[INFO] [stderr] warning: secret_handshake@4.0.0:   383 |   uint8_t *ack,
[INFO] [stderr] warning: secret_handshake@4.0.0:       |   ~~~~~~~~~^~~
[INFO] [stderr] warning: secret_handshake@4.0.0: In file included from shs1-c/src/shs1.c:1:
[INFO] [stderr] warning: secret_handshake@4.0.0: shs1-c/src/shs1.h:147:11: note: previously declared as an array 'uint8_t[80]' {aka 'unsigned char[80]'}
[INFO] [stderr] warning: secret_handshake@4.0.0:   147 |   uint8_t ack[SHS1_SERVER_ACK_BYTES],
[INFO] [stderr] warning: secret_handshake@4.0.0:       |   ~~~~~~~~^~~~~~~~~~~~~~~~~~~~~~~~~~
[INFO] [stderr] 
[INFO] [stderr] error: could not compile `secret_handshake` (lib) due to 3 previous errors
[INFO] [stderr] warning: build failed, waiting for other jobs to finish...
[INFO] running `Command { std: "docker" "inspect" "19056da222e42c0a612dba7500b6444a42e2e19719045e54b28d37f7cf3d22b6", kill_on_drop: false }`
[INFO] running `Command { std: "docker" "rm" "-f" "19056da222e42c0a612dba7500b6444a42e2e19719045e54b28d37f7cf3d22b6", kill_on_drop: false }`
[INFO] [stdout] 19056da222e42c0a612dba7500b6444a42e2e19719045e54b28d37f7cf3d22b6
[INFO] documenting ssb-client-0.3.1 against beta-2023-12-22 for beta-1.76-rustdoc-1
[INFO] extracting crate ssb-client 0.3.1 into /workspace/builds/worker-2-tc2/source
[INFO] validating manifest of crates.io crate ssb-client 0.3.1 on toolchain beta-2023-12-22
[INFO] running `Command { std: CARGO_HOME="/workspace/cargo-home" RUSTUP_HOME="/workspace/rustup-home" "/workspace/cargo-home/bin/cargo" "+beta-2023-12-22" "metadata" "--manifest-path" "Cargo.toml" "--no-deps", kill_on_drop: false }`
[INFO] started tweaking crates.io crate ssb-client 0.3.1
[INFO] finished tweaking crates.io crate ssb-client 0.3.1
[INFO] tweaked toml for crates.io crate ssb-client 0.3.1 written to /workspace/builds/worker-2-tc2/source/Cargo.toml
[INFO] running `Command { std: CARGO_HOME="/workspace/cargo-home" RUSTUP_HOME="/workspace/rustup-home" "/workspace/cargo-home/bin/cargo" "+beta-2023-12-22" "generate-lockfile" "--manifest-path" "Cargo.toml", kill_on_drop: false }`
[INFO] [stderr]     Updating crates.io index
[INFO] running `Command { std: CARGO_HOME="/workspace/cargo-home" RUSTUP_HOME="/workspace/rustup-home" "/workspace/cargo-home/bin/cargo" "+beta-2023-12-22" "fetch" "--manifest-path" "Cargo.toml", kill_on_drop: false }`
[INFO] running `Command { std: "docker" "create" "-v" "/var/lib/crater-agent-workspace/builds/worker-2-tc2/target:/opt/rustwide/target:rw,Z" "-v" "/var/lib/crater-agent-workspace/builds/worker-2-tc2/source:/opt/rustwide/workdir:ro,Z" "-v" "/var/lib/crater-agent-workspace/cargo-home:/opt/rustwide/cargo-home:ro,Z" "-v" "/var/lib/crater-agent-workspace/rustup-home:/opt/rustwide/rustup-home:ro,Z" "-e" "SOURCE_DIR=/opt/rustwide/workdir" "-e" "CARGO_TARGET_DIR=/opt/rustwide/target" "-e" "CARGO_HOME=/opt/rustwide/cargo-home" "-e" "RUSTUP_HOME=/opt/rustwide/rustup-home" "-w" "/opt/rustwide/workdir" "-m" "1610612736" "--user" "0:0" "--network" "none" "ghcr.io/rust-lang/crates-build-env/linux@sha256:2788e3201cd34a07e3172128adcd8b3090168a8e3bcc40d7c032b9dda1df7d1c" "/opt/rustwide/cargo-home/bin/cargo" "+beta-2023-12-22" "metadata" "--no-deps" "--format-version=1", kill_on_drop: false }`
[INFO] [stdout] b446fc38a508103a4e3c143858354707ffc20374354e9acae88c8afea082538f
[INFO] running `Command { std: "docker" "start" "-a" "b446fc38a508103a4e3c143858354707ffc20374354e9acae88c8afea082538f", kill_on_drop: false }`
[INFO] running `Command { std: "docker" "inspect" "b446fc38a508103a4e3c143858354707ffc20374354e9acae88c8afea082538f", kill_on_drop: false }`
[INFO] running `Command { std: "docker" "rm" "-f" "b446fc38a508103a4e3c143858354707ffc20374354e9acae88c8afea082538f", kill_on_drop: false }`
[INFO] [stdout] b446fc38a508103a4e3c143858354707ffc20374354e9acae88c8afea082538f
[INFO] running `Command { std: "docker" "create" "-v" "/var/lib/crater-agent-workspace/builds/worker-2-tc2/target:/opt/rustwide/target:rw,Z" "-v" "/var/lib/crater-agent-workspace/builds/worker-2-tc2/source:/opt/rustwide/workdir:ro,Z" "-v" "/var/lib/crater-agent-workspace/cargo-home:/opt/rustwide/cargo-home:ro,Z" "-v" "/var/lib/crater-agent-workspace/rustup-home:/opt/rustwide/rustup-home:ro,Z" "-e" "SOURCE_DIR=/opt/rustwide/workdir" "-e" "CARGO_TARGET_DIR=/opt/rustwide/target" "-e" "CARGO_INCREMENTAL=0" "-e" "RUST_BACKTRACE=full" "-e" "RUSTFLAGS=--cap-lints=warn" "-e" "RUSTDOCFLAGS=--cap-lints=warn" "-e" "CARGO_HOME=/opt/rustwide/cargo-home" "-e" "RUSTUP_HOME=/opt/rustwide/rustup-home" "-w" "/opt/rustwide/workdir" "-m" "1610612736" "--user" "0:0" "--network" "none" "ghcr.io/rust-lang/crates-build-env/linux@sha256:2788e3201cd34a07e3172128adcd8b3090168a8e3bcc40d7c032b9dda1df7d1c" "/opt/rustwide/cargo-home/bin/cargo" "+beta-2023-12-22" "doc" "--frozen" "--no-deps" "--document-private-items" "--message-format=json", kill_on_drop: false }`
[INFO] [stdout] ace1450c1316599b1d808396219de6899d5c26015c5ef8de34563762320c71ae
[INFO] running `Command { std: "docker" "start" "-a" "ace1450c1316599b1d808396219de6899d5c26015c5ef8de34563762320c71ae", kill_on_drop: false }`
[INFO] [stderr]    Compiling libc v0.2.151
[INFO] [stderr]     Checking futures v0.1.31
[INFO] [stderr]     Checking log v0.4.20
[INFO] [stderr]    Compiling autocfg v1.1.0
[INFO] [stderr]     Checking lazy_static v1.4.0
[INFO] [stderr]     Checking byteorder v1.5.0
[INFO] [stderr]     Checking cfg-if v0.1.10
[INFO] [stderr]    Compiling maybe-uninit v2.0.0
[INFO] [stderr]    Compiling semver-parser v0.7.0
[INFO] [stderr]    Compiling serde v1.0.195
[INFO] [stderr]    Compiling pkg-config v0.3.28
[INFO] [stderr]     Checking memchr v2.7.1
[INFO] [stderr]    Compiling regex v0.2.11
[INFO] [stderr]     Checking scopeguard v1.2.0
[INFO] [stderr]     Checking ucd-util v0.1.10
[INFO] [stderr]    Compiling proc-macro2 v1.0.76
[INFO] [stderr]     Checking utf8-ranges v1.0.5
[INFO] [stderr]     Checking thread_local v0.3.6
[INFO] [stderr]    Compiling unicode-ident v1.0.12
[INFO] [stderr]     Checking regex-syntax v0.5.6
[INFO] [stderr]    Compiling semver v0.9.0
[INFO] [stderr]     Checking void v1.0.2
[INFO] [stderr]     Checking log v0.3.9
[INFO] [stderr]     Checking lock_api v0.3.4
[INFO] [stderr]     Checking fnv v1.0.7
[INFO] [stderr]    Compiling serde_json v1.0.111
[INFO] [stderr]     Checking ryu v1.0.16
[INFO] [stderr]     Checking itoa v1.0.10
[INFO] [stderr]     Checking safemem v0.3.3
[INFO] [stderr]    Compiling rustc_version v0.2.3
[INFO] [stderr]     Checking ordermap v0.3.5
[INFO] [stderr]     Checking smallvec v0.6.14
[INFO] [stderr]     Checking base64 v0.9.3
[INFO] [stderr]    Compiling crossbeam-utils v0.7.2
[INFO] [stderr]    Compiling slab v0.4.9
[INFO] [stderr]    Compiling memoffset v0.5.6
[INFO] [stderr]    Compiling crossbeam-epoch v0.8.2
[INFO] [stderr]     Checking aho-corasick v0.6.10
[INFO] [stderr]    Compiling parking_lot_core v0.6.3
[INFO] [stderr]    Compiling parking_lot v0.9.0
[INFO] [stderr]    Compiling libsodium-sys v0.0.16
[INFO] [stderr]    Compiling quote v1.0.35
[INFO] [stderr]     Checking tokio-sync v0.1.8
[INFO] [stderr]     Checking multi-consumer-stream v0.3.0
[INFO] [stderr]     Checking multi-producer-sink v0.3.0
[INFO] [stderr]    Compiling syn v2.0.48
[INFO] [stderr]     Checking iovec v0.1.4
[INFO] [stderr]     Checking num_cpus v1.16.0
[INFO] [stderr]     Checking net2 v0.2.39
[INFO] [stderr]     Checking rand v0.4.6
[INFO] [stderr]     Checking tokio-executor v0.1.10
[INFO] [stderr]     Checking crossbeam-queue v0.2.3
[INFO] [stderr]     Checking bytes v0.4.12
[INFO] [stderr]    Compiling cc v1.0.83
[INFO] [stderr]     Checking mio v0.6.23
[INFO] [stderr]     Checking tokio-current-thread v0.1.7
[INFO] [stderr]     Checking tokio-timer v0.2.13
[INFO] [stderr]     Checking crossbeam-deque v0.7.4
[INFO] [stderr]     Checking tokio-threadpool v0.1.18
[INFO] [stderr]     Checking tokio-io v0.1.13
[INFO] [stderr]     Checking rand v0.3.23
[INFO] [stderr]     Checking mio-uds v0.6.8
[INFO] [stderr]     Checking atm-io-utils v0.1.0
[INFO] [stderr]     Checking tokio-reactor v0.1.12
[INFO] [stderr]     Checking tokio-codec v0.1.2
[INFO] [stderr]     Checking tokio-fs v0.1.7
[INFO] [stderr]     Checking packet-stream-codec v0.1.0
[INFO] [stderr]     Checking tokio-udp v0.1.6
[INFO] [stderr]     Checking tokio-uds v0.2.7
[INFO] [stderr]     Checking tokio-tcp v0.1.4
[INFO] [stderr]    Compiling secret_handshake v4.0.0
[INFO] [stderr]    Compiling box_stream v0.4.0
[INFO] [stderr]     Checking tokio v0.1.22
[INFO] [stderr]     Checking env_logger v0.4.3
[INFO] [stderr]     Checking quickcheck v0.5.0
[INFO] [stderr]     Checking atm-async-utils v0.1.2
[INFO] [stderr]     Checking packet-stream v0.5.0
[INFO] [stderr]     Checking sodiumoxide v0.0.16
[INFO] [stderr]    Compiling serde_derive v1.0.195
[INFO] [stdout] error[E0554]: `#![feature]` may not be used on the beta release channel
[INFO] [stdout]  --> /opt/rustwide/cargo-home/registry/src/index.crates.io-6f17d22bba15001f/secret_handshake-4.0.0/src/lib.rs:9:12
[INFO] [stdout]   |
[INFO] [stdout] 9 | #![feature(unique)]
[INFO] [stdout]   |            ^^^^^^
[INFO] [stdout] 
[INFO] [stdout] 
[INFO] [stdout] error[E0635]: unknown feature `unique`
[INFO] [stdout]  --> /opt/rustwide/cargo-home/registry/src/index.crates.io-6f17d22bba15001f/secret_handshake-4.0.0/src/lib.rs:9:12
[INFO] [stdout]   |
[INFO] [stdout] 9 | #![feature(unique)]
[INFO] [stdout]   |            ^^^^^^
[INFO] [stdout] 
[INFO] [stdout] 
[INFO] [stdout] error: aborting due to 2 previous errors
[INFO] [stdout] 
[INFO] [stdout] 
[INFO] [stdout] Some errors have detailed explanations: E0554, E0635.
[INFO] [stdout] 
[INFO] [stdout] For more information about an error, try `rustc --explain E0554`.
[INFO] [stdout] 
[INFO] [stderr] The following warnings were emitted during compilation:
[INFO] [stderr] 
[INFO] [stderr] warning: secret_handshake@4.0.0: shs1-c/src/shs1.c:30:18: warning: argument 2 of type 'const uint8_t *' {aka 'const unsigned char *'} declared as a pointer [-Warray-parameter=]
[INFO] [stderr] warning: secret_handshake@4.0.0:    30 |   const uint8_t *app,
[INFO] [stderr] warning: secret_handshake@4.0.0:       |   ~~~~~~~~~~~~~~~^~~
[INFO] [stderr] warning: secret_handshake@4.0.0: In file included from shs1-c/src/shs1.c:1:
[INFO] [stderr] warning: secret_handshake@4.0.0: shs1-c/src/shs1.h:49:17: note: previously declared as an array 'const uint8_t[32]' {aka 'const unsigned char[32]'}
[INFO] [stderr] warning: secret_handshake@4.0.0:    49 |   const uint8_t app[crypto_auth_KEYBYTES],
[INFO] [stderr] warning: secret_handshake@4.0.0:       |   ~~~~~~~~~~~~~~^~~~~~~~~~~~~~~~~~~~~~~~~
[INFO] [stderr] warning: secret_handshake@4.0.0: shs1-c/src/shs1.c:31:18: warning: argument 3 of type 'const uint8_t *' {aka 'const unsigned char *'} declared as a pointer [-Warray-parameter=]
[INFO] [stderr] warning: secret_handshake@4.0.0:    31 |   const uint8_t *pub,
[INFO] [stderr] warning: secret_handshake@4.0.0:       |   ~~~~~~~~~~~~~~~^~~
[INFO] [stderr] warning: secret_handshake@4.0.0: In file included from shs1-c/src/shs1.c:1:
[INFO] [stderr] warning: secret_handshake@4.0.0: shs1-c/src/shs1.h:50:17: note: previously declared as an array 'const uint8_t[32]' {aka 'const unsigned char[32]'}
[INFO] [stderr] warning: secret_handshake@4.0.0:    50 |   const uint8_t pub[crypto_sign_PUBLICKEYBYTES],
[INFO] [stderr] warning: secret_handshake@4.0.0:       |   ~~~~~~~~~~~~~~^~~~~~~~~~~~~~~~~~~~~~~~~~~~~~~
[INFO] [stderr] warning: secret_handshake@4.0.0: shs1-c/src/shs1.c:32:18: warning: argument 4 of type 'const uint8_t *' {aka 'const unsigned char *'} declared as a pointer [-Warray-parameter=]
[INFO] [stderr] warning: secret_handshake@4.0.0:    32 |   const uint8_t *sec,
[INFO] [stderr] warning: secret_handshake@4.0.0:       |   ~~~~~~~~~~~~~~~^~~
[INFO] [stderr] warning: secret_handshake@4.0.0: In file included from shs1-c/src/shs1.c:1:
[INFO] [stderr] warning: secret_handshake@4.0.0: shs1-c/src/shs1.h:51:17: note: previously declared as an array 'const uint8_t[64]' {aka 'const unsigned char[64]'}
[INFO] [stderr] warning: secret_handshake@4.0.0:    51 |   const uint8_t sec[crypto_sign_SECRETKEYBYTES],
[INFO] [stderr] warning: secret_handshake@4.0.0:       |   ~~~~~~~~~~~~~~^~~~~~~~~~~~~~~~~~~~~~~~~~~~~~~
[INFO] [stderr] warning: secret_handshake@4.0.0: shs1-c/src/shs1.c:33:18: warning: argument 5 of type 'const uint8_t *' {aka 'const unsigned char *'} declared as a pointer [-Warray-parameter=]
[INFO] [stderr] warning: secret_handshake@4.0.0:    33 |   const uint8_t *eph_pub,
[INFO] [stderr] warning: secret_handshake@4.0.0:       |   ~~~~~~~~~~~~~~~^~~~~~~
[INFO] [stderr] warning: secret_handshake@4.0.0: In file included from shs1-c/src/shs1.c:1:
[INFO] [stderr] warning: secret_handshake@4.0.0: shs1-c/src/shs1.h:52:17: note: previously declared as an array 'const uint8_t[32]' {aka 'const unsigned char[32]'}
[INFO] [stderr] warning: secret_handshake@4.0.0:    52 |   const uint8_t eph_pub[crypto_box_PUBLICKEYBYTES],
[INFO] [stderr] warning: secret_handshake@4.0.0:       |   ~~~~~~~~~~~~~~^~~~~~~~~~~~~~~~~~~~~~~~~~~~~~~~~~
[INFO] [stderr] warning: secret_handshake@4.0.0: shs1-c/src/shs1.c:34:18: warning: argument 6 of type 'const uint8_t *' {aka 'const unsigned char *'} declared as a pointer [-Warray-parameter=]
[INFO] [stderr] warning: secret_handshake@4.0.0:    34 |   const uint8_t *eph_sec,
[INFO] [stderr] warning: secret_handshake@4.0.0:       |   ~~~~~~~~~~~~~~~^~~~~~~
[INFO] [stderr] warning: secret_handshake@4.0.0: In file included from shs1-c/src/shs1.c:1:
[INFO] [stderr] warning: secret_handshake@4.0.0: shs1-c/src/shs1.h:53:17: note: previously declared as an array 'const uint8_t[32]' {aka 'const unsigned char[32]'}
[INFO] [stderr] warning: secret_handshake@4.0.0:    53 |   const uint8_t eph_sec[crypto_box_SECRETKEYBYTES],
[INFO] [stderr] warning: secret_handshake@4.0.0:       |   ~~~~~~~~~~~~~~^~~~~~~~~~~~~~~~~~~~~~~~~~~~~~~~~~
[INFO] [stderr] warning: secret_handshake@4.0.0: shs1-c/src/shs1.c:35:18: warning: argument 7 of type 'const uint8_t *' {aka 'const unsigned char *'} declared as a pointer [-Warray-parameter=]
[INFO] [stderr] warning: secret_handshake@4.0.0:    35 |   const uint8_t *server_pub
[INFO] [stderr] warning: secret_handshake@4.0.0:       |   ~~~~~~~~~~~~~~~^~~~~~~~~~
[INFO] [stderr] warning: secret_handshake@4.0.0: In file included from shs1-c/src/shs1.c:1:
[INFO] [stderr] warning: secret_handshake@4.0.0: shs1-c/src/shs1.h:54:17: note: previously declared as an array 'const uint8_t[32]' {aka 'const unsigned char[32]'}
[INFO] [stderr] warning: secret_handshake@4.0.0:    54 |   const uint8_t server_pub[crypto_sign_PUBLICKEYBYTES]
[INFO] [stderr] warning: secret_handshake@4.0.0:       |   ~~~~~~~~~~~~~~^~~~~~~~~~~~~~~~~~~~~~~~~~~~~~~~~~~~~~
[INFO] [stderr] warning: secret_handshake@4.0.0: shs1-c/src/shs1.c:50:12: warning: argument 1 of type 'uint8_t *' {aka 'unsigned char *'} declared as a pointer [-Warray-parameter=]
[INFO] [stderr] warning: secret_handshake@4.0.0:    50 |   uint8_t *challenge,
[INFO] [stderr] warning: secret_handshake@4.0.0:       |   ~~~~~~~~~^~~~~~~~~
[INFO] [stderr] warning: secret_handshake@4.0.0: In file included from shs1-c/src/shs1.c:1:
[INFO] [stderr] warning: secret_handshake@4.0.0: shs1-c/src/shs1.h:61:11: note: previously declared as an array 'uint8_t[64]' {aka 'unsigned char[64]'}
[INFO] [stderr] warning: secret_handshake@4.0.0:    61 |   uint8_t challenge[SHS1_CLIENT_CHALLENGE_BYTES],
[INFO] [stderr] warning: secret_handshake@4.0.0:       |   ~~~~~~~~^~~~~~~~~~~~~~~~~~~~~~~~~~~~~~~~~~~~~~
[INFO] [stderr] warning: secret_handshake@4.0.0: shs1-c/src/shs1.c:65:18: warning: argument 1 of type 'const uint8_t *' {aka 'const unsigned char *'} declared as a pointer [-Warray-parameter=]
[INFO] [stderr] warning: secret_handshake@4.0.0:    65 |   const uint8_t *challenge,
[INFO] [stderr] warning: secret_handshake@4.0.0:       |   ~~~~~~~~~~~~~~~^~~~~~~~~
[INFO] [stderr] warning: secret_handshake@4.0.0: In file included from shs1-c/src/shs1.c:1:
[INFO] [stderr] warning: secret_handshake@4.0.0: shs1-c/src/shs1.h:70:17: note: previously declared as an array 'const uint8_t[64]' {aka 'const unsigned char[64]'}
[INFO] [stderr] warning: secret_handshake@4.0.0:    70 |   const uint8_t challenge[SHS1_SERVER_CHALLENGE_BYTES],
[INFO] [stderr] warning: secret_handshake@4.0.0:       |   ~~~~~~~~~~~~~~^~~~~~~~~~~~~~~~~~~~~~~~~~~~~~~~~~~~~~
[INFO] [stderr] warning: secret_handshake@4.0.0: shs1-c/src/shs1.c:86:12: warning: argument 1 of type 'uint8_t *' {aka 'unsigned char *'} declared as a pointer [-Warray-parameter=]
[INFO] [stderr] warning: secret_handshake@4.0.0:    86 |   uint8_t *auth,
[INFO] [stderr] warning: secret_handshake@4.0.0:       |   ~~~~~~~~~^~~~
[INFO] [stderr] warning: secret_handshake@4.0.0: In file included from shs1-c/src/shs1.c:1:
[INFO] [stderr] warning: secret_handshake@4.0.0: shs1-c/src/shs1.h:80:11: note: previously declared as an array 'uint8_t[112]' {aka 'unsigned char[112]'}
[INFO] [stderr] warning: secret_handshake@4.0.0:    80 |   uint8_t auth[SHS1_CLIENT_AUTH_BYTES],
[INFO] [stderr] warning: secret_handshake@4.0.0:       |   ~~~~~~~~^~~~~~~~~~~~~~~~~~~~~~~~~~~~
[INFO] [stderr] warning: secret_handshake@4.0.0: shs1-c/src/shs1.c:152:18: warning: argument 1 of type 'const uint8_t *' {aka 'const unsigned char *'} declared as a pointer [-Warray-parameter=]
[INFO] [stderr] warning: secret_handshake@4.0.0:   152 |   const uint8_t *ack,
[INFO] [stderr] warning: secret_handshake@4.0.0:       |   ~~~~~~~~~~~~~~~^~~
[INFO] [stderr] warning: secret_handshake@4.0.0: In file included from shs1-c/src/shs1.c:1:
[INFO] [stderr] warning: secret_handshake@4.0.0: shs1-c/src/shs1.h:89:17: note: previously declared as an array 'const uint8_t[80]' {aka 'const unsigned char[80]'}
[INFO] [stderr] warning: secret_handshake@4.0.0:    89 |   const uint8_t ack[SHS1_SERVER_ACK_BYTES],
[INFO] [stderr] warning: secret_handshake@4.0.0:       |   ~~~~~~~~~~~~~~^~~~~~~~~~~~~~~~~~~~~~~~~~
[INFO] [stderr] warning: secret_handshake@4.0.0: shs1-c/src/shs1.c:257:18: warning: argument 2 of type 'const uint8_t *' {aka 'const unsigned char *'} declared as a pointer [-Warray-parameter=]
[INFO] [stderr] warning: secret_handshake@4.0.0:   257 |   const uint8_t *app,
[INFO] [stderr] warning: secret_handshake@4.0.0:       |   ~~~~~~~~~~~~~~~^~~
[INFO] [stderr] warning: secret_handshake@4.0.0: In file included from shs1-c/src/shs1.c:1:
[INFO] [stderr] warning: secret_handshake@4.0.0: shs1-c/src/shs1.h:109:17: note: previously declared as an array 'const uint8_t[32]' {aka 'const unsigned char[32]'}
[INFO] [stderr] warning: secret_handshake@4.0.0:   109 |   const uint8_t app[crypto_auth_KEYBYTES],
[INFO] [stderr] warning: secret_handshake@4.0.0:       |   ~~~~~~~~~~~~~~^~~~~~~~~~~~~~~~~~~~~~~~~
[INFO] [stderr] warning: secret_handshake@4.0.0: shs1-c/src/shs1.c:258:18: warning: argument 3 of type 'const uint8_t *' {aka 'const unsigned char *'} declared as a pointer [-Warray-parameter=]
[INFO] [stderr] warning: secret_handshake@4.0.0:   258 |   const uint8_t *pub,
[INFO] [stderr] warning: secret_handshake@4.0.0:       |   ~~~~~~~~~~~~~~~^~~
[INFO] [stderr] warning: secret_handshake@4.0.0: In file included from shs1-c/src/shs1.c:1:
[INFO] [stderr] warning: secret_handshake@4.0.0: shs1-c/src/shs1.h:110:17: note: previously declared as an array 'const uint8_t[32]' {aka 'const unsigned char[32]'}
[INFO] [stderr] warning: secret_handshake@4.0.0:   110 |   const uint8_t pub[crypto_sign_PUBLICKEYBYTES],
[INFO] [stderr] warning: secret_handshake@4.0.0:       |   ~~~~~~~~~~~~~~^~~~~~~~~~~~~~~~~~~~~~~~~~~~~~~
[INFO] [stderr] warning: secret_handshake@4.0.0: shs1-c/src/shs1.c:259:18: warning: argument 4 of type 'const uint8_t *' {aka 'const unsigned char *'} declared as a pointer [-Warray-parameter=]
[INFO] [stderr] warning: secret_handshake@4.0.0:   259 |   const uint8_t *sec,
[INFO] [stderr] warning: secret_handshake@4.0.0:       |   ~~~~~~~~~~~~~~~^~~
[INFO] [stderr] warning: secret_handshake@4.0.0: In file included from shs1-c/src/shs1.c:1:
[INFO] [stderr] warning: secret_handshake@4.0.0: shs1-c/src/shs1.h:111:17: note: previously declared as an array 'const uint8_t[64]' {aka 'const unsigned char[64]'}
[INFO] [stderr] warning: secret_handshake@4.0.0:   111 |   const uint8_t sec[crypto_sign_SECRETKEYBYTES],
[INFO] [stderr] warning: secret_handshake@4.0.0:       |   ~~~~~~~~~~~~~~^~~~~~~~~~~~~~~~~~~~~~~~~~~~~~~
[INFO] [stderr] warning: secret_handshake@4.0.0: shs1-c/src/shs1.c:260:18: warning: argument 5 of type 'const uint8_t *' {aka 'const unsigned char *'} declared as a pointer [-Warray-parameter=]
[INFO] [stderr] warning: secret_handshake@4.0.0:   260 |   const uint8_t *eph_pub,
[INFO] [stderr] warning: secret_handshake@4.0.0:       |   ~~~~~~~~~~~~~~~^~~~~~~
[INFO] [stderr] warning: secret_handshake@4.0.0: In file included from shs1-c/src/shs1.c:1:
[INFO] [stderr] warning: secret_handshake@4.0.0: shs1-c/src/shs1.h:112:17: note: previously declared as an array 'const uint8_t[32]' {aka 'const unsigned char[32]'}
[INFO] [stderr] warning: secret_handshake@4.0.0:   112 |   const uint8_t eph_pub[crypto_box_PUBLICKEYBYTES],
[INFO] [stderr] warning: secret_handshake@4.0.0:       |   ~~~~~~~~~~~~~~^~~~~~~~~~~~~~~~~~~~~~~~~~~~~~~~~~
[INFO] [stderr] warning: secret_handshake@4.0.0: shs1-c/src/shs1.c:261:18: warning: argument 6 of type 'const uint8_t *' {aka 'const unsigned char *'} declared as a pointer [-Warray-parameter=]
[INFO] [stderr] warning: secret_handshake@4.0.0:   261 |   const uint8_t *eph_sec
[INFO] [stderr] warning: secret_handshake@4.0.0:       |   ~~~~~~~~~~~~~~~^~~~~~~
[INFO] [stderr] warning: secret_handshake@4.0.0: In file included from shs1-c/src/shs1.c:1:
[INFO] [stderr] warning: secret_handshake@4.0.0: shs1-c/src/shs1.h:113:17: note: previously declared as an array 'const uint8_t[32]' {aka 'const unsigned char[32]'}
[INFO] [stderr] warning: secret_handshake@4.0.0:   113 |   const uint8_t eph_sec[crypto_box_SECRETKEYBYTES]
[INFO] [stderr] warning: secret_handshake@4.0.0:       |   ~~~~~~~~~~~~~~^~~~~~~~~~~~~~~~~~~~~~~~~~~~~~~~~~
[INFO] [stderr] warning: secret_handshake@4.0.0: shs1-c/src/shs1.c:274:18: warning: argument 1 of type 'const uint8_t *' {aka 'const unsigned char *'} declared as a pointer [-Warray-parameter=]
[INFO] [stderr] warning: secret_handshake@4.0.0:   274 |   const uint8_t *challenge,
[INFO] [stderr] warning: secret_handshake@4.0.0:       |   ~~~~~~~~~~~~~~~^~~~~~~~~
[INFO] [stderr] warning: secret_handshake@4.0.0: In file included from shs1-c/src/shs1.c:1:
[INFO] [stderr] warning: secret_handshake@4.0.0: shs1-c/src/shs1.h:120:17: note: previously declared as an array 'const uint8_t[64]' {aka 'const unsigned char[64]'}
[INFO] [stderr] warning: secret_handshake@4.0.0:   120 |   const uint8_t challenge[SHS1_CLIENT_CHALLENGE_BYTES],
[INFO] [stderr] warning: secret_handshake@4.0.0:       |   ~~~~~~~~~~~~~~^~~~~~~~~~~~~~~~~~~~~~~~~~~~~~~~~~~~~~
[INFO] [stderr] warning: secret_handshake@4.0.0: shs1-c/src/shs1.c:295:12: warning: argument 1 of type 'uint8_t *' {aka 'unsigned char *'} declared as a pointer [-Warray-parameter=]
[INFO] [stderr] warning: secret_handshake@4.0.0:   295 |   uint8_t *challenge,
[INFO] [stderr] warning: secret_handshake@4.0.0:       |   ~~~~~~~~~^~~~~~~~~
[INFO] [stderr] warning: secret_handshake@4.0.0: In file included from shs1-c/src/shs1.c:1:
[INFO] [stderr] warning: secret_handshake@4.0.0: shs1-c/src/shs1.h:129:11: note: previously declared as an array 'uint8_t[64]' {aka 'unsigned char[64]'}
[INFO] [stderr] warning: secret_handshake@4.0.0:   129 |   uint8_t challenge[SHS1_SERVER_CHALLENGE_BYTES],
[INFO] [stderr] warning: secret_handshake@4.0.0:       |   ~~~~~~~~^~~~~~~~~~~~~~~~~~~~~~~~~~~~~~~~~~~~~~
[INFO] [stderr] warning: secret_handshake@4.0.0: shs1-c/src/shs1.c:310:18: warning: argument 1 of type 'const uint8_t *' {aka 'const unsigned char *'} declared as a pointer [-Warray-parameter=]
[INFO] [stderr] warning: secret_handshake@4.0.0:   310 |   const uint8_t *auth,
[INFO] [stderr] warning: secret_handshake@4.0.0:       |   ~~~~~~~~~~~~~~~^~~~
[INFO] [stderr] warning: secret_handshake@4.0.0: In file included from shs1-c/src/shs1.c:1:
[INFO] [stderr] warning: secret_handshake@4.0.0: shs1-c/src/shs1.h:138:17: note: previously declared as an array 'const uint8_t[112]' {aka 'const unsigned char[112]'}
[INFO] [stderr] warning: secret_handshake@4.0.0:   138 |   const uint8_t auth[SHS1_CLIENT_AUTH_BYTES],
[INFO] [stderr] warning: secret_handshake@4.0.0:       |   ~~~~~~~~~~~~~~^~~~~~~~~~~~~~~~~~~~~~~~~~~~
[INFO] [stderr] warning: secret_handshake@4.0.0: shs1-c/src/shs1.c:383:12: warning: argument 1 of type 'uint8_t *' {aka 'unsigned char *'} declared as a pointer [-Warray-parameter=]
[INFO] [stderr] warning: secret_handshake@4.0.0:   383 |   uint8_t *ack,
[INFO] [stderr] warning: secret_handshake@4.0.0:       |   ~~~~~~~~~^~~
[INFO] [stderr] warning: secret_handshake@4.0.0: In file included from shs1-c/src/shs1.c:1:
[INFO] [stderr] warning: secret_handshake@4.0.0: shs1-c/src/shs1.h:147:11: note: previously declared as an array 'uint8_t[80]' {aka 'unsigned char[80]'}
[INFO] [stderr] warning: secret_handshake@4.0.0:   147 |   uint8_t ack[SHS1_SERVER_ACK_BYTES],
[INFO] [stderr] warning: secret_handshake@4.0.0:       |   ~~~~~~~~^~~~~~~~~~~~~~~~~~~~~~~~~~
[INFO] [stderr] 
[INFO] [stderr] error: could not compile `secret_handshake` (lib) due to 3 previous errors
[INFO] [stderr] warning: build failed, waiting for other jobs to finish...
[INFO] running `Command { std: "docker" "inspect" "ace1450c1316599b1d808396219de6899d5c26015c5ef8de34563762320c71ae", kill_on_drop: false }`
[INFO] running `Command { std: "docker" "rm" "-f" "ace1450c1316599b1d808396219de6899d5c26015c5ef8de34563762320c71ae", kill_on_drop: false }`
[INFO] [stdout] ace1450c1316599b1d808396219de6899d5c26015c5ef8de34563762320c71ae
