[INFO] fetching crate sqlx-conditional-queries 0.1.3...
[INFO] documenting sqlx-conditional-queries-0.1.3 against 1.75.0 for beta-1.76-rustdoc-1
[INFO] extracting crate sqlx-conditional-queries 0.1.3 into /workspace/builds/worker-7-tc1/source
[INFO] validating manifest of crates.io crate sqlx-conditional-queries 0.1.3 on toolchain 1.75.0
[INFO] running `Command { std: CARGO_HOME="/workspace/cargo-home" RUSTUP_HOME="/workspace/rustup-home" "/workspace/cargo-home/bin/cargo" "+1.75.0" "metadata" "--manifest-path" "Cargo.toml" "--no-deps", kill_on_drop: false }`
[INFO] started tweaking crates.io crate sqlx-conditional-queries 0.1.3
[INFO] finished tweaking crates.io crate sqlx-conditional-queries 0.1.3
[INFO] tweaked toml for crates.io crate sqlx-conditional-queries 0.1.3 written to /workspace/builds/worker-7-tc1/source/Cargo.toml
[INFO] running `Command { std: CARGO_HOME="/workspace/cargo-home" RUSTUP_HOME="/workspace/rustup-home" "/workspace/cargo-home/bin/cargo" "+1.75.0" "generate-lockfile" "--manifest-path" "Cargo.toml", kill_on_drop: false }`
[INFO] [stderr]     Blocking waiting for file lock on package cache
[INFO] [stderr]     Updating crates.io index
[INFO] running `Command { std: CARGO_HOME="/workspace/cargo-home" RUSTUP_HOME="/workspace/rustup-home" "/workspace/cargo-home/bin/cargo" "+1.75.0" "fetch" "--manifest-path" "Cargo.toml", kill_on_drop: false }`
[INFO] [stderr]     Blocking waiting for file lock on package cache
[INFO] [stderr]     Blocking waiting for file lock on package cache
[INFO] [stderr]  Downloading crates ...
[INFO] [stderr]   Downloaded sqlx-conditional-queries-core v0.1.3
[INFO] [stderr]   Downloaded sqlx-conditional-queries-macros v0.1.3
[INFO] running `Command { std: "docker" "create" "-v" "/var/lib/crater-agent-workspace/builds/worker-7-tc1/target:/opt/rustwide/target:rw,Z" "-v" "/var/lib/crater-agent-workspace/builds/worker-7-tc1/source:/opt/rustwide/workdir:ro,Z" "-v" "/var/lib/crater-agent-workspace/cargo-home:/opt/rustwide/cargo-home:ro,Z" "-v" "/var/lib/crater-agent-workspace/rustup-home:/opt/rustwide/rustup-home:ro,Z" "-e" "SOURCE_DIR=/opt/rustwide/workdir" "-e" "CARGO_TARGET_DIR=/opt/rustwide/target" "-e" "CARGO_HOME=/opt/rustwide/cargo-home" "-e" "RUSTUP_HOME=/opt/rustwide/rustup-home" "-w" "/opt/rustwide/workdir" "-m" "1610612736" "--user" "0:0" "--network" "none" "ghcr.io/rust-lang/crates-build-env/linux@sha256:2788e3201cd34a07e3172128adcd8b3090168a8e3bcc40d7c032b9dda1df7d1c" "/opt/rustwide/cargo-home/bin/cargo" "+1.75.0" "metadata" "--no-deps" "--format-version=1", kill_on_drop: false }`
[INFO] [stdout] 9cc3062e86afa5d2fb08b2b02b06314976afabfd030d57e21655a44c5ef2c81a
[INFO] running `Command { std: "docker" "start" "-a" "9cc3062e86afa5d2fb08b2b02b06314976afabfd030d57e21655a44c5ef2c81a", kill_on_drop: false }`
[INFO] running `Command { std: "docker" "inspect" "9cc3062e86afa5d2fb08b2b02b06314976afabfd030d57e21655a44c5ef2c81a", kill_on_drop: false }`
[INFO] running `Command { std: "docker" "rm" "-f" "9cc3062e86afa5d2fb08b2b02b06314976afabfd030d57e21655a44c5ef2c81a", kill_on_drop: false }`
[INFO] [stdout] 9cc3062e86afa5d2fb08b2b02b06314976afabfd030d57e21655a44c5ef2c81a
[INFO] running `Command { std: "docker" "create" "-v" "/var/lib/crater-agent-workspace/builds/worker-7-tc1/target:/opt/rustwide/target:rw,Z" "-v" "/var/lib/crater-agent-workspace/builds/worker-7-tc1/source:/opt/rustwide/workdir:ro,Z" "-v" "/var/lib/crater-agent-workspace/cargo-home:/opt/rustwide/cargo-home:ro,Z" "-v" "/var/lib/crater-agent-workspace/rustup-home:/opt/rustwide/rustup-home:ro,Z" "-e" "SOURCE_DIR=/opt/rustwide/workdir" "-e" "CARGO_TARGET_DIR=/opt/rustwide/target" "-e" "CARGO_INCREMENTAL=0" "-e" "RUST_BACKTRACE=full" "-e" "RUSTFLAGS=--cap-lints=warn" "-e" "RUSTDOCFLAGS=--cap-lints=warn" "-e" "CARGO_HOME=/opt/rustwide/cargo-home" "-e" "RUSTUP_HOME=/opt/rustwide/rustup-home" "-w" "/opt/rustwide/workdir" "-m" "1610612736" "--user" "0:0" "--network" "none" "ghcr.io/rust-lang/crates-build-env/linux@sha256:2788e3201cd34a07e3172128adcd8b3090168a8e3bcc40d7c032b9dda1df7d1c" "/opt/rustwide/cargo-home/bin/cargo" "+1.75.0" "doc" "--frozen" "--no-deps" "--document-private-items" "--message-format=json", kill_on_drop: false }`
[INFO] [stdout] 03779b8fcc6d876cd670dd7215cd964f80a4f59d16a4f3d63576254f9057d66f
[INFO] running `Command { std: "docker" "start" "-a" "03779b8fcc6d876cd670dd7215cd964f80a4f59d16a4f3d63576254f9057d66f", kill_on_drop: false }`
[INFO] [stderr]    Compiling proc-macro2 v1.0.76
[INFO] [stderr]    Compiling syn v1.0.109
[INFO] [stderr]    Compiling either v1.9.0
[INFO] [stderr]    Compiling thiserror v1.0.56
[INFO] [stderr]    Compiling itertools v0.10.5
[INFO] [stderr]    Compiling quote v1.0.35
[INFO] [stderr]    Compiling syn v2.0.48
[INFO] [stderr]    Compiling proc-macro-error-attr v1.0.4
[INFO] [stderr]    Compiling thiserror-impl v1.0.56
[INFO] [stderr]    Compiling proc-macro-error v1.0.4
[INFO] [stderr]    Compiling sqlx-conditional-queries-core v0.1.3
[INFO] [stdout] error[E0080]: evaluation of constant value failed
[INFO] [stdout]   --> /opt/rustwide/cargo-home/registry/src/index.crates.io-6f17d22bba15001f/sqlx-conditional-queries-core-0.1.3/src/lib.rs:19:5
[INFO] [stdout]    |
[INFO] [stdout] 19 |     panic!("No database feature was enabled")
[INFO] [stdout]    |     ^^^^^^^^^^^^^^^^^^^^^^^^^^^^^^^^^^^^^^^^^ the evaluated program panicked at 'No database feature was enabled', /opt/rustwide/cargo-home/registry/src/index.crates.io-6f17d22bba15001f/sqlx-conditional-queries-core-0.1.3/src/lib.rs:19:5
[INFO] [stdout]    |
[INFO] [stdout]    = note: this error originates in the macro `$crate::panic::panic_2021` which comes from the expansion of the macro `panic` (in Nightly builds, run with -Z macro-backtrace for more info)
[INFO] [stdout] 
[INFO] [stdout] 
[INFO] [stdout] note: erroneous constant encountered
[INFO] [stdout]   --> /opt/rustwide/cargo-home/registry/src/index.crates.io-6f17d22bba15001f/sqlx-conditional-queries-core-0.1.3/src/expand.rs:61:15
[INFO] [stdout]    |
[INFO] [stdout] 61 |         match DATABASE_TYPE {
[INFO] [stdout]    |               ^^^^^^^^^^^^^
[INFO] [stdout] 
[INFO] [stdout] 
[INFO] [stdout] error: aborting due to previous error
[INFO] [stdout] 
[INFO] [stdout] 
[INFO] [stdout] For more information about this error, try `rustc --explain E0080`.
[INFO] [stdout] 
[INFO] [stderr] error: could not compile `sqlx-conditional-queries-core` (lib) due to 2 previous errors
[INFO] [stderr] warning: build failed, waiting for other jobs to finish...
[INFO] running `Command { std: "docker" "inspect" "03779b8fcc6d876cd670dd7215cd964f80a4f59d16a4f3d63576254f9057d66f", kill_on_drop: false }`
[INFO] running `Command { std: "docker" "rm" "-f" "03779b8fcc6d876cd670dd7215cd964f80a4f59d16a4f3d63576254f9057d66f", kill_on_drop: false }`
[INFO] [stdout] 03779b8fcc6d876cd670dd7215cd964f80a4f59d16a4f3d63576254f9057d66f
[INFO] documenting sqlx-conditional-queries-0.1.3 against beta-2023-12-22 for beta-1.76-rustdoc-1
[INFO] extracting crate sqlx-conditional-queries 0.1.3 into /workspace/builds/worker-7-tc2/source
[INFO] validating manifest of crates.io crate sqlx-conditional-queries 0.1.3 on toolchain beta-2023-12-22
[INFO] running `Command { std: CARGO_HOME="/workspace/cargo-home" RUSTUP_HOME="/workspace/rustup-home" "/workspace/cargo-home/bin/cargo" "+beta-2023-12-22" "metadata" "--manifest-path" "Cargo.toml" "--no-deps", kill_on_drop: false }`
[INFO] started tweaking crates.io crate sqlx-conditional-queries 0.1.3
[INFO] finished tweaking crates.io crate sqlx-conditional-queries 0.1.3
[INFO] tweaked toml for crates.io crate sqlx-conditional-queries 0.1.3 written to /workspace/builds/worker-7-tc2/source/Cargo.toml
[INFO] running `Command { std: CARGO_HOME="/workspace/cargo-home" RUSTUP_HOME="/workspace/rustup-home" "/workspace/cargo-home/bin/cargo" "+beta-2023-12-22" "generate-lockfile" "--manifest-path" "Cargo.toml", kill_on_drop: false }`
[INFO] [stderr]     Updating crates.io index
[INFO] running `Command { std: CARGO_HOME="/workspace/cargo-home" RUSTUP_HOME="/workspace/rustup-home" "/workspace/cargo-home/bin/cargo" "+beta-2023-12-22" "fetch" "--manifest-path" "Cargo.toml", kill_on_drop: false }`
[INFO] running `Command { std: "docker" "create" "-v" "/var/lib/crater-agent-workspace/builds/worker-7-tc2/target:/opt/rustwide/target:rw,Z" "-v" "/var/lib/crater-agent-workspace/builds/worker-7-tc2/source:/opt/rustwide/workdir:ro,Z" "-v" "/var/lib/crater-agent-workspace/cargo-home:/opt/rustwide/cargo-home:ro,Z" "-v" "/var/lib/crater-agent-workspace/rustup-home:/opt/rustwide/rustup-home:ro,Z" "-e" "SOURCE_DIR=/opt/rustwide/workdir" "-e" "CARGO_TARGET_DIR=/opt/rustwide/target" "-e" "CARGO_HOME=/opt/rustwide/cargo-home" "-e" "RUSTUP_HOME=/opt/rustwide/rustup-home" "-w" "/opt/rustwide/workdir" "-m" "1610612736" "--user" "0:0" "--network" "none" "ghcr.io/rust-lang/crates-build-env/linux@sha256:2788e3201cd34a07e3172128adcd8b3090168a8e3bcc40d7c032b9dda1df7d1c" "/opt/rustwide/cargo-home/bin/cargo" "+beta-2023-12-22" "metadata" "--no-deps" "--format-version=1", kill_on_drop: false }`
[INFO] [stdout] 2b392c7f25a92dda3bf6b00758ce3f01425ee6a5ca2ccc2c1934b6afc56581ae
[INFO] running `Command { std: "docker" "start" "-a" "2b392c7f25a92dda3bf6b00758ce3f01425ee6a5ca2ccc2c1934b6afc56581ae", kill_on_drop: false }`
[INFO] running `Command { std: "docker" "inspect" "2b392c7f25a92dda3bf6b00758ce3f01425ee6a5ca2ccc2c1934b6afc56581ae", kill_on_drop: false }`
[INFO] running `Command { std: "docker" "rm" "-f" "2b392c7f25a92dda3bf6b00758ce3f01425ee6a5ca2ccc2c1934b6afc56581ae", kill_on_drop: false }`
[INFO] [stdout] 2b392c7f25a92dda3bf6b00758ce3f01425ee6a5ca2ccc2c1934b6afc56581ae
[INFO] running `Command { std: "docker" "create" "-v" "/var/lib/crater-agent-workspace/builds/worker-7-tc2/target:/opt/rustwide/target:rw,Z" "-v" "/var/lib/crater-agent-workspace/builds/worker-7-tc2/source:/opt/rustwide/workdir:ro,Z" "-v" "/var/lib/crater-agent-workspace/cargo-home:/opt/rustwide/cargo-home:ro,Z" "-v" "/var/lib/crater-agent-workspace/rustup-home:/opt/rustwide/rustup-home:ro,Z" "-e" "SOURCE_DIR=/opt/rustwide/workdir" "-e" "CARGO_TARGET_DIR=/opt/rustwide/target" "-e" "CARGO_INCREMENTAL=0" "-e" "RUST_BACKTRACE=full" "-e" "RUSTFLAGS=--cap-lints=warn" "-e" "RUSTDOCFLAGS=--cap-lints=warn" "-e" "CARGO_HOME=/opt/rustwide/cargo-home" "-e" "RUSTUP_HOME=/opt/rustwide/rustup-home" "-w" "/opt/rustwide/workdir" "-m" "1610612736" "--user" "0:0" "--network" "none" "ghcr.io/rust-lang/crates-build-env/linux@sha256:2788e3201cd34a07e3172128adcd8b3090168a8e3bcc40d7c032b9dda1df7d1c" "/opt/rustwide/cargo-home/bin/cargo" "+beta-2023-12-22" "doc" "--frozen" "--no-deps" "--document-private-items" "--message-format=json", kill_on_drop: false }`
[INFO] [stdout] 71227eda9cd8175c48fe86d0e75807ee40abfcffeb52ac2879f8d0a4316c4d96
[INFO] running `Command { std: "docker" "start" "-a" "71227eda9cd8175c48fe86d0e75807ee40abfcffeb52ac2879f8d0a4316c4d96", kill_on_drop: false }`
[INFO] [stderr]    Compiling proc-macro2 v1.0.76
[INFO] [stderr]    Compiling syn v1.0.109
[INFO] [stderr]    Compiling either v1.9.0
[INFO] [stderr]    Compiling thiserror v1.0.56
[INFO] [stderr]    Compiling itertools v0.10.5
[INFO] [stderr]    Compiling quote v1.0.35
[INFO] [stderr]    Compiling syn v2.0.48
[INFO] [stderr]    Compiling proc-macro-error-attr v1.0.4
[INFO] [stderr]    Compiling thiserror-impl v1.0.56
[INFO] [stderr]    Compiling proc-macro-error v1.0.4
[INFO] [stderr]    Compiling sqlx-conditional-queries-core v0.1.3
[INFO] [stdout] error[E0080]: evaluation of constant value failed
[INFO] [stdout]   --> /opt/rustwide/cargo-home/registry/src/index.crates.io-6f17d22bba15001f/sqlx-conditional-queries-core-0.1.3/src/lib.rs:19:5
[INFO] [stdout]    |
[INFO] [stdout] 19 |     panic!("No database feature was enabled")
[INFO] [stdout]    |     ^^^^^^^^^^^^^^^^^^^^^^^^^^^^^^^^^^^^^^^^^ the evaluated program panicked at 'No database feature was enabled', /opt/rustwide/cargo-home/registry/src/index.crates.io-6f17d22bba15001f/sqlx-conditional-queries-core-0.1.3/src/lib.rs:19:5
[INFO] [stdout]    |
[INFO] [stdout]    = note: this error originates in the macro `$crate::panic::panic_2021` which comes from the expansion of the macro `panic` (in Nightly builds, run with -Z macro-backtrace for more info)
[INFO] [stdout] 
[INFO] [stdout] 
[INFO] [stdout] note: erroneous constant encountered
[INFO] [stdout]   --> /opt/rustwide/cargo-home/registry/src/index.crates.io-6f17d22bba15001f/sqlx-conditional-queries-core-0.1.3/src/expand.rs:61:15
[INFO] [stdout]    |
[INFO] [stdout] 61 |         match DATABASE_TYPE {
[INFO] [stdout]    |               ^^^^^^^^^^^^^
[INFO] [stdout] 
[INFO] [stdout] 
[INFO] [stdout] error: aborting due to 1 previous error
[INFO] [stdout] 
[INFO] [stdout] 
[INFO] [stdout] For more information about this error, try `rustc --explain E0080`.
[INFO] [stdout] 
[INFO] [stderr] error: could not compile `sqlx-conditional-queries-core` (lib) due to 2 previous errors
[INFO] [stderr] warning: build failed, waiting for other jobs to finish...
[INFO] running `Command { std: "docker" "inspect" "71227eda9cd8175c48fe86d0e75807ee40abfcffeb52ac2879f8d0a4316c4d96", kill_on_drop: false }`
[INFO] running `Command { std: "docker" "rm" "-f" "71227eda9cd8175c48fe86d0e75807ee40abfcffeb52ac2879f8d0a4316c4d96", kill_on_drop: false }`
[INFO] [stdout] 71227eda9cd8175c48fe86d0e75807ee40abfcffeb52ac2879f8d0a4316c4d96
