[INFO] fetching crate spl-governance-addin-api 0.1.3...
[INFO] documenting spl-governance-addin-api-0.1.3 against 1.75.0 for beta-1.76-rustdoc-1
[INFO] extracting crate spl-governance-addin-api 0.1.3 into /workspace/builds/worker-1-tc1/source
[INFO] validating manifest of crates.io crate spl-governance-addin-api 0.1.3 on toolchain 1.75.0
[INFO] running `Command { std: CARGO_HOME="/workspace/cargo-home" RUSTUP_HOME="/workspace/rustup-home" "/workspace/cargo-home/bin/cargo" "+1.75.0" "metadata" "--manifest-path" "Cargo.toml" "--no-deps", kill_on_drop: false }`
[INFO] started tweaking crates.io crate spl-governance-addin-api 0.1.3
[INFO] finished tweaking crates.io crate spl-governance-addin-api 0.1.3
[INFO] tweaked toml for crates.io crate spl-governance-addin-api 0.1.3 written to /workspace/builds/worker-1-tc1/source/Cargo.toml
[INFO] running `Command { std: CARGO_HOME="/workspace/cargo-home" RUSTUP_HOME="/workspace/rustup-home" "/workspace/cargo-home/bin/cargo" "+1.75.0" "generate-lockfile" "--manifest-path" "Cargo.toml", kill_on_drop: false }`
[INFO] [stderr]     Updating crates.io index
[INFO] running `Command { std: CARGO_HOME="/workspace/cargo-home" RUSTUP_HOME="/workspace/rustup-home" "/workspace/cargo-home/bin/cargo" "+1.75.0" "fetch" "--manifest-path" "Cargo.toml", kill_on_drop: false }`
[INFO] [stderr]  Downloading crates ...
[INFO] [stderr]   Downloaded spl-governance-tools v0.1.3
[INFO] running `Command { std: "docker" "create" "-v" "/var/lib/crater-agent-workspace/builds/worker-1-tc1/target:/opt/rustwide/target:rw,Z" "-v" "/var/lib/crater-agent-workspace/builds/worker-1-tc1/source:/opt/rustwide/workdir:ro,Z" "-v" "/var/lib/crater-agent-workspace/cargo-home:/opt/rustwide/cargo-home:ro,Z" "-v" "/var/lib/crater-agent-workspace/rustup-home:/opt/rustwide/rustup-home:ro,Z" "-e" "SOURCE_DIR=/opt/rustwide/workdir" "-e" "CARGO_TARGET_DIR=/opt/rustwide/target" "-e" "CARGO_HOME=/opt/rustwide/cargo-home" "-e" "RUSTUP_HOME=/opt/rustwide/rustup-home" "-w" "/opt/rustwide/workdir" "-m" "1610612736" "--user" "0:0" "--network" "none" "ghcr.io/rust-lang/crates-build-env/linux@sha256:2788e3201cd34a07e3172128adcd8b3090168a8e3bcc40d7c032b9dda1df7d1c" "/opt/rustwide/cargo-home/bin/cargo" "+1.75.0" "metadata" "--no-deps" "--format-version=1", kill_on_drop: false }`
[INFO] [stdout] 4fb39f619a24d6f270844dee954a0740c15d82ea3b8b2e24191ee18bcc83932b
[INFO] running `Command { std: "docker" "start" "-a" "4fb39f619a24d6f270844dee954a0740c15d82ea3b8b2e24191ee18bcc83932b", kill_on_drop: false }`
[INFO] running `Command { std: "docker" "inspect" "4fb39f619a24d6f270844dee954a0740c15d82ea3b8b2e24191ee18bcc83932b", kill_on_drop: false }`
[INFO] running `Command { std: "docker" "rm" "-f" "4fb39f619a24d6f270844dee954a0740c15d82ea3b8b2e24191ee18bcc83932b", kill_on_drop: false }`
[INFO] [stdout] 4fb39f619a24d6f270844dee954a0740c15d82ea3b8b2e24191ee18bcc83932b
[INFO] running `Command { std: "docker" "create" "-v" "/var/lib/crater-agent-workspace/builds/worker-1-tc1/target:/opt/rustwide/target:rw,Z" "-v" "/var/lib/crater-agent-workspace/builds/worker-1-tc1/source:/opt/rustwide/workdir:ro,Z" "-v" "/var/lib/crater-agent-workspace/cargo-home:/opt/rustwide/cargo-home:ro,Z" "-v" "/var/lib/crater-agent-workspace/rustup-home:/opt/rustwide/rustup-home:ro,Z" "-e" "SOURCE_DIR=/opt/rustwide/workdir" "-e" "CARGO_TARGET_DIR=/opt/rustwide/target" "-e" "CARGO_INCREMENTAL=0" "-e" "RUST_BACKTRACE=full" "-e" "RUSTFLAGS=--cap-lints=warn" "-e" "RUSTDOCFLAGS=--cap-lints=warn" "-e" "CARGO_HOME=/opt/rustwide/cargo-home" "-e" "RUSTUP_HOME=/opt/rustwide/rustup-home" "-w" "/opt/rustwide/workdir" "-m" "1610612736" "--user" "0:0" "--network" "none" "ghcr.io/rust-lang/crates-build-env/linux@sha256:2788e3201cd34a07e3172128adcd8b3090168a8e3bcc40d7c032b9dda1df7d1c" "/opt/rustwide/cargo-home/bin/cargo" "+1.75.0" "doc" "--frozen" "--no-deps" "--document-private-items" "--message-format=json", kill_on_drop: false }`
[INFO] [stdout] 42e1d6b60924436aef280c1bbbc230fddf95039501048b368874ba79cd852e56
[INFO] running `Command { std: "docker" "start" "-a" "42e1d6b60924436aef280c1bbbc230fddf95039501048b368874ba79cd852e56", kill_on_drop: false }`
[INFO] [stderr]    Compiling proc-macro2 v1.0.76
[INFO] [stderr]    Compiling thiserror v1.0.56
[INFO] [stderr]    Compiling solana-frozen-abi-macro v1.17.14
[INFO] [stderr]    Compiling anyhow v1.0.79
[INFO] [stderr]    Compiling solana-frozen-abi v1.17.14
[INFO] [stderr]    Compiling solana-program v1.17.14
[INFO] [stderr]    Compiling quote v1.0.35
[INFO] [stderr]    Compiling syn v2.0.48
[INFO] [stderr]    Compiling syn v1.0.109
[INFO] [stderr]    Compiling wasm-bindgen-backend v0.2.89
[INFO] [stderr]    Compiling borsh-derive-internal v0.10.3
[INFO] [stderr]    Compiling borsh-schema-derive-internal v0.10.3
[INFO] [stderr]    Compiling borsh-derive-internal v0.9.3
[INFO] [stderr]    Compiling borsh-schema-derive-internal v0.9.3
[INFO] [stderr]    Compiling serde_derive v1.0.195
[INFO] [stderr]    Compiling zeroize_derive v1.4.2
[INFO] [stderr]    Compiling thiserror-impl v1.0.56
[INFO] [stderr]    Compiling bytemuck_derive v1.5.0
[INFO] [stderr]    Compiling solana-sdk-macro v1.17.14
[INFO] [stderr]    Compiling ark-serialize-derive v0.4.2
[INFO] [stderr]    Compiling derivative v2.2.0
[INFO] [stderr]    Compiling ark-ff-macros v0.4.2
[INFO] [stderr]    Compiling ark-ff-asm v0.4.2
[INFO] [stderr]    Compiling borsh-derive v0.9.3
[INFO] [stderr]    Compiling borsh-derive v0.10.3
[INFO] [stderr]    Compiling num_enum_derive v0.5.11
[INFO] [stderr]    Compiling num-derive v0.3.3
[INFO] [stderr]    Compiling wasm-bindgen-macro-support v0.2.89
[INFO] [stderr]     Checking borsh v0.10.3
[INFO] [stderr]     Checking borsh v0.9.3
[INFO] [stderr]     Checking zeroize v1.3.0
[INFO] [stderr]    Compiling wasm-bindgen-macro v0.2.89
[INFO] [stderr]     Checking bytemuck v1.14.0
[INFO] [stderr]     Checking num_enum v0.5.11
[INFO] [stderr]     Checking wasm-bindgen v0.2.89
[INFO] [stderr]     Checking serde v1.0.195
[INFO] [stderr]     Checking generic-array v0.14.7
[INFO] [stderr]     Checking serde_bytes v0.11.14
[INFO] [stderr]     Checking im v15.1.0
[INFO] [stderr]     Checking serde_json v1.0.111
[INFO] [stderr]     Checking bv v0.11.1
[INFO] [stderr]     Checking bitflags v2.4.1
[INFO] [stderr]     Checking bincode v1.3.3
[INFO] [stderr]     Checking crypto-common v0.1.6
[INFO] [stderr]     Checking block-buffer v0.10.4
[INFO] [stderr]     Checking digest v0.9.0
[INFO] [stderr]     Checking crypto-mac v0.8.0
[INFO] [stderr]     Checking block-buffer v0.9.0
[INFO] [stderr]     Checking pbkdf2 v0.4.0
[INFO] [stderr]     Checking hmac v0.8.1
[INFO] [stderr]     Checking libsecp256k1-core v0.2.2
[INFO] [stderr]     Checking curve25519-dalek v3.2.1
[INFO] [stderr]     Checking sha2 v0.9.9
[INFO] [stderr]     Checking digest v0.10.7
[INFO] [stderr]     Checking hmac-drbg v0.3.0
[INFO] [stderr]     Checking ark-serialize v0.4.2
[INFO] [stderr]     Checking sha2 v0.10.8
[INFO] [stderr]     Checking blake3 v1.5.0
[INFO] [stderr]     Checking sha3 v0.10.8
[INFO] [stderr]     Checking tiny-bip39 v0.8.2
[INFO] [stderr]     Checking ark-ff v0.4.2
[INFO] [stderr]     Checking libsecp256k1 v0.6.0
[INFO] [stderr]     Checking ark-poly v0.4.2
[INFO] [stderr]     Checking ark-ec v0.4.2
[INFO] [stderr]     Checking ark-bn254 v0.4.0
[INFO] [stderr]     Checking light-poseidon v0.2.0
[INFO] [stderr]     Checking spl-token v3.5.0
[INFO] [stderr]     Checking spl-governance-tools v0.1.3
[INFO] [stdout] error[E0277]: the trait bound `T: borsh::de::BorshDeserialize` is not satisfied
[INFO] [stdout]    --> /opt/rustwide/cargo-home/registry/src/index.crates.io-6f17d22bba15001f/spl-governance-tools-0.1.3/src/account.rs:222:22
[INFO] [stdout]     |
[INFO] [stdout] 222 |     let account: T = try_from_slice_unchecked(&account_info.data.borrow())?;
[INFO] [stdout]     |                      ^^^^^^^^^^^^^^^^^^^^^^^^ the trait `borsh::de::BorshDeserialize` is not implemented for `T`
[INFO] [stdout]     |
[INFO] [stdout] note: required by a bound in `solana_program::borsh::try_from_slice_unchecked`
[INFO] [stdout]    --> /opt/rustwide/cargo-home/registry/src/index.crates.io-6f17d22bba15001f/solana-program-1.17.14/src/borsh.rs:38:36
[INFO] [stdout]     |
[INFO] [stdout] 38  | pub fn try_from_slice_unchecked<T: BorshDeserialize>(data: &[u8]) -> Result<T, Error> {
[INFO] [stdout]     |                                    ^^^^^^^^^^^^^^^^ required by this bound in `try_from_slice_unchecked`
[INFO] [stdout] help: consider further restricting this bound
[INFO] [stdout]     |
[INFO] [stdout] 211 | pub fn get_account_data<T: BorshDeserialize + IsInitialized + borsh::de::BorshDeserialize>(
[INFO] [stdout]     |                                                             +++++++++++++++++++++++++++++
[INFO] [stdout] 
[INFO] [stdout] 
[INFO] [stdout] error[E0277]: the trait bound `T: borsh::de::BorshDeserialize` is not satisfied
[INFO] [stdout]    --> /opt/rustwide/cargo-home/registry/src/index.crates.io-6f17d22bba15001f/spl-governance-tools-0.1.3/src/account.rs:243:27
[INFO] [stdout]     |
[INFO] [stdout] 243 |     let account_type: T = try_from_slice_unchecked(&account_info.data.borrow())?;
[INFO] [stdout]     |                           ^^^^^^^^^^^^^^^^^^^^^^^^ the trait `borsh::de::BorshDeserialize` is not implemented for `T`
[INFO] [stdout]     |
[INFO] [stdout] note: required by a bound in `solana_program::borsh::try_from_slice_unchecked`
[INFO] [stdout]    --> /opt/rustwide/cargo-home/registry/src/index.crates.io-6f17d22bba15001f/solana-program-1.17.14/src/borsh.rs:38:36
[INFO] [stdout]     |
[INFO] [stdout] 38  | pub fn try_from_slice_unchecked<T: BorshDeserialize>(data: &[u8]) -> Result<T, Error> {
[INFO] [stdout]     |                                    ^^^^^^^^^^^^^^^^ required by this bound in `try_from_slice_unchecked`
[INFO] [stdout] help: consider further restricting this bound
[INFO] [stdout]     |
[INFO] [stdout] 231 | pub fn get_account_type<T: BorshDeserialize + borsh::de::BorshDeserialize>(
[INFO] [stdout]     |                                             +++++++++++++++++++++++++++++
[INFO] [stdout] 
[INFO] [stdout] 
[INFO] [stdout] error[E0277]: the trait bound `T: borsh::de::BorshDeserialize` is not satisfied
[INFO] [stdout]    --> /opt/rustwide/cargo-home/registry/src/index.crates.io-6f17d22bba15001f/spl-governance-tools-0.1.3/src/account.rs:272:27
[INFO] [stdout]     |
[INFO] [stdout] 272 |     let account_type: T = try_from_slice_unchecked(&account_info.data.borrow())?;
[INFO] [stdout]     |                           ^^^^^^^^^^^^^^^^^^^^^^^^ the trait `borsh::de::BorshDeserialize` is not implemented for `T`
[INFO] [stdout]     |
[INFO] [stdout] note: required by a bound in `solana_program::borsh::try_from_slice_unchecked`
[INFO] [stdout]    --> /opt/rustwide/cargo-home/registry/src/index.crates.io-6f17d22bba15001f/solana-program-1.17.14/src/borsh.rs:38:36
[INFO] [stdout]     |
[INFO] [stdout] 38  | pub fn try_from_slice_unchecked<T: BorshDeserialize>(data: &[u8]) -> Result<T, Error> {
[INFO] [stdout]     |                                    ^^^^^^^^^^^^^^^^ required by this bound in `try_from_slice_unchecked`
[INFO] [stdout] help: consider further restricting this bound
[INFO] [stdout]     |
[INFO] [stdout] 260 | pub fn assert_is_valid_account_of_types<T: BorshDeserialize + PartialEq + borsh::de::BorshDeserialize, F: Fn(&T) -> bool>(
[INFO] [stdout]     |                                                                         +++++++++++++++++++++++++++++
[INFO] [stdout] 
[INFO] [stdout] 
[INFO] [stdout] error: aborting due to 3 previous errors
[INFO] [stdout] 
[INFO] [stdout] 
[INFO] [stdout] For more information about this error, try `rustc --explain E0277`.
[INFO] [stdout] 
[INFO] [stderr] error: could not compile `spl-governance-tools` (lib) due to 4 previous errors
[INFO] running `Command { std: "docker" "inspect" "42e1d6b60924436aef280c1bbbc230fddf95039501048b368874ba79cd852e56", kill_on_drop: false }`
[INFO] running `Command { std: "docker" "rm" "-f" "42e1d6b60924436aef280c1bbbc230fddf95039501048b368874ba79cd852e56", kill_on_drop: false }`
[INFO] [stdout] 42e1d6b60924436aef280c1bbbc230fddf95039501048b368874ba79cd852e56
