[INFO] fetching crate somm_relayer 0.1.2...
[INFO] documenting somm_relayer-0.1.2 against 1.75.0 for beta-1.76-rustdoc-1
[INFO] extracting crate somm_relayer 0.1.2 into /workspace/builds/worker-3-tc1/source
[INFO] validating manifest of crates.io crate somm_relayer 0.1.2 on toolchain 1.75.0
[INFO] running `Command { std: CARGO_HOME="/workspace/cargo-home" RUSTUP_HOME="/workspace/rustup-home" "/workspace/cargo-home/bin/cargo" "+1.75.0" "metadata" "--manifest-path" "Cargo.toml" "--no-deps", kill_on_drop: false }`
[INFO] started tweaking crates.io crate somm_relayer 0.1.2
[INFO] finished tweaking crates.io crate somm_relayer 0.1.2
[INFO] tweaked toml for crates.io crate somm_relayer 0.1.2 written to /workspace/builds/worker-3-tc1/source/Cargo.toml
[INFO] crate crates.io crate somm_relayer 0.1.2 already has a lockfile, it will not be regenerated
[INFO] running `Command { std: CARGO_HOME="/workspace/cargo-home" RUSTUP_HOME="/workspace/rustup-home" "/workspace/cargo-home/bin/cargo" "+1.75.0" "fetch" "--manifest-path" "Cargo.toml", kill_on_drop: false }`
[INFO] [stderr]     Updating crates.io index
[INFO] [stderr]  Downloading crates ...
[INFO] [stderr]   Downloaded base64ct v1.0.1
[INFO] [stderr]   Downloaded password-hash v0.2.3
[INFO] [stderr]   Downloaded anomaly v0.2.0
[INFO] [stderr]   Downloaded cosmos-sdk-proto v0.6.3
[INFO] [stderr]   Downloaded prost-derive v0.7.0
[INFO] [stderr]   Downloaded tokio-openssl v0.6.2
[INFO] [stderr]   Downloaded prost-types v0.7.0
[INFO] [stderr]   Downloaded serde_derive v1.0.129
[INFO] [stderr]   Downloaded serde v1.0.129
[INFO] [stderr]   Downloaded rust_decimal v1.15.0
[INFO] [stderr]   Downloaded tower v0.4.8
[INFO] [stderr]   Downloaded tonic v0.4.3
[INFO] [stderr]   Downloaded secp256k1-sys v0.4.1
[INFO] [stderr]   Downloaded web30 v0.14.8
[INFO] [stderr]   Downloaded num-bigint v0.4.0
[INFO] [stderr]   Downloaded tokio v1.10.1
[INFO] [stderr]   Downloaded clarity v0.4.12
[INFO] [stderr]   Downloaded actix v0.11.1
[INFO] [stderr]   Downloaded somm_gravity_proto v0.1.2
[INFO] [stderr]   Downloaded num256 v0.3.1
[INFO] [stderr]   Downloaded tendermint-proto v0.19.0
[INFO] [stderr]   Downloaded cosmos-sdk-proto v0.5.0
[INFO] [stderr]   Downloaded somm_gravity_utils v0.1.0
[INFO] [stderr]   Downloaded prost v0.7.0
[INFO] [stderr]   Downloaded tendermint-proto v0.21.0
[INFO] [stderr]   Downloaded awc v3.0.0-beta.7
[INFO] [stderr]   Downloaded ripemd160 v0.9.1
[INFO] [stderr]   Downloaded serde-rlp v0.1.4
[INFO] [stderr]   Downloaded somm_ethereum_gravity v0.1.0
[INFO] [stderr]   Downloaded somm_cosmos_gravity v0.1.0
[INFO] [stderr]   Downloaded deep_space v2.4.3
[INFO] [stderr]   Downloaded actix-http v3.0.0-beta.9
[INFO] running `Command { std: "docker" "create" "-v" "/var/lib/crater-agent-workspace/builds/worker-3-tc1/target:/opt/rustwide/target:rw,Z" "-v" "/var/lib/crater-agent-workspace/builds/worker-3-tc1/source:/opt/rustwide/workdir:ro,Z" "-v" "/var/lib/crater-agent-workspace/cargo-home:/opt/rustwide/cargo-home:ro,Z" "-v" "/var/lib/crater-agent-workspace/rustup-home:/opt/rustwide/rustup-home:ro,Z" "-e" "SOURCE_DIR=/opt/rustwide/workdir" "-e" "CARGO_TARGET_DIR=/opt/rustwide/target" "-e" "CARGO_HOME=/opt/rustwide/cargo-home" "-e" "RUSTUP_HOME=/opt/rustwide/rustup-home" "-w" "/opt/rustwide/workdir" "-m" "1610612736" "--user" "0:0" "--network" "none" "ghcr.io/rust-lang/crates-build-env/linux@sha256:2788e3201cd34a07e3172128adcd8b3090168a8e3bcc40d7c032b9dda1df7d1c" "/opt/rustwide/cargo-home/bin/cargo" "+1.75.0" "metadata" "--no-deps" "--format-version=1", kill_on_drop: false }`
[INFO] [stdout] 14f5333495ba7f7d8dd19248655c4b79a470c90e771e5d156e2b092d39f37ce6
[INFO] running `Command { std: "docker" "start" "-a" "14f5333495ba7f7d8dd19248655c4b79a470c90e771e5d156e2b092d39f37ce6", kill_on_drop: false }`
[INFO] running `Command { std: "docker" "inspect" "14f5333495ba7f7d8dd19248655c4b79a470c90e771e5d156e2b092d39f37ce6", kill_on_drop: false }`
[INFO] running `Command { std: "docker" "rm" "-f" "14f5333495ba7f7d8dd19248655c4b79a470c90e771e5d156e2b092d39f37ce6", kill_on_drop: false }`
[INFO] [stdout] 14f5333495ba7f7d8dd19248655c4b79a470c90e771e5d156e2b092d39f37ce6
[INFO] running `Command { std: "docker" "create" "-v" "/var/lib/crater-agent-workspace/builds/worker-3-tc1/target:/opt/rustwide/target:rw,Z" "-v" "/var/lib/crater-agent-workspace/builds/worker-3-tc1/source:/opt/rustwide/workdir:ro,Z" "-v" "/var/lib/crater-agent-workspace/cargo-home:/opt/rustwide/cargo-home:ro,Z" "-v" "/var/lib/crater-agent-workspace/rustup-home:/opt/rustwide/rustup-home:ro,Z" "-e" "SOURCE_DIR=/opt/rustwide/workdir" "-e" "CARGO_TARGET_DIR=/opt/rustwide/target" "-e" "CARGO_INCREMENTAL=0" "-e" "RUST_BACKTRACE=full" "-e" "RUSTFLAGS=--cap-lints=warn" "-e" "RUSTDOCFLAGS=--cap-lints=warn" "-e" "CARGO_HOME=/opt/rustwide/cargo-home" "-e" "RUSTUP_HOME=/opt/rustwide/rustup-home" "-w" "/opt/rustwide/workdir" "-m" "1610612736" "--user" "0:0" "--network" "none" "ghcr.io/rust-lang/crates-build-env/linux@sha256:2788e3201cd34a07e3172128adcd8b3090168a8e3bcc40d7c032b9dda1df7d1c" "/opt/rustwide/cargo-home/bin/cargo" "+1.75.0" "doc" "--frozen" "--no-deps" "--document-private-items" "--message-format=json", kill_on_drop: false }`
[INFO] [stdout] db03a5b948a5fa9c416ac9cce7af10192210074884262b96869fb487a598ec3e
[INFO] running `Command { std: "docker" "start" "-a" "db03a5b948a5fa9c416ac9cce7af10192210074884262b96869fb487a598ec3e", kill_on_drop: false }`
[INFO] [stderr]    Compiling libc v0.2.101
[INFO] [stderr]    Compiling syn v1.0.75
[INFO] [stderr]     Checking bytes v1.1.0
[INFO] [stderr]    Compiling num-traits v0.2.14
[INFO] [stderr]    Compiling serde_derive v1.0.129
[INFO] [stderr]    Compiling serde v1.0.129
[INFO] [stderr]    Compiling num-integer v0.1.44
[INFO] [stderr]    Compiling proc-macro2 v1.0.28
[INFO] [stderr]     Checking instant v0.1.10
[INFO] [stderr]     Checking log v0.4.14
[INFO] [stderr]     Checking once_cell v1.8.0
[INFO] [stderr]    Compiling tokio v1.10.1
[INFO] [stderr]    Compiling futures-channel v0.3.16
[INFO] [stderr]    Compiling futures-util v0.3.16
[INFO] [stderr]    Compiling generic-array v0.14.4
[INFO] [stderr]     Checking itoa v0.4.8
[INFO] [stderr]     Checking tracing-core v0.1.19
[INFO] [stderr]    Compiling anyhow v1.0.43
[INFO] [stderr]    Compiling either v1.6.1
[INFO] [stderr]    Compiling httparse v1.5.1
[INFO] [stderr]    Compiling itertools v0.9.0
[INFO] [stderr]    Compiling standback v0.2.17
[INFO] [stderr]    Compiling num-iter v0.1.42
[INFO] [stderr]     Checking gimli v0.25.0
[INFO] [stderr]    Compiling quote v1.0.9
[INFO] [stderr]     Checking object v0.26.1
[INFO] [stderr]     Checking http v0.2.4
[INFO] [stderr]    Compiling num-bigint v0.4.0
[INFO] [stderr]     Checking rustc-demangle v0.1.21
[INFO] [stderr]     Checking digest v0.9.0
[INFO] [stderr]     Checking block-buffer v0.9.0
[INFO] [stderr]    Compiling num-rational v0.4.0
[INFO] [stderr]    Compiling num-bigint v0.2.6
[INFO] [stderr]     Checking zeroize v1.4.1
[INFO] [stderr]    Compiling jobserver v0.1.24
[INFO] [stderr]     Checking parking_lot_core v0.8.3
[INFO] [stderr]     Checking signal-hook-registry v1.4.0
[INFO] [stderr]     Checking mio v0.7.13
[INFO] [stderr]     Checking getrandom v0.2.3
[INFO] [stderr]     Checking time v0.1.43
[INFO] [stderr]    Compiling openssl v0.10.36
[INFO] [stderr]    Compiling cc v1.0.69
[INFO] [stderr]     Checking parking_lot v0.11.1
[INFO] [stderr]     Checking rand_core v0.6.3
[INFO] [stderr]    Compiling async-trait v0.1.51
[INFO] [stderr]     Checking subtle-encoding v0.5.1
[INFO] [stderr]     Checking socket2 v0.4.1
[INFO] [stderr]     Checking want v0.3.0
[INFO] [stderr]     Checking aho-corasick v0.7.18
[INFO] [stderr]     Checking rand_chacha v0.3.1
[INFO] [stderr]    Compiling num-complex v0.2.4
[INFO] [stderr]    Compiling num-rational v0.2.4
[INFO] [stderr]    Compiling crc32fast v1.2.1
[INFO] [stderr]    Compiling zstd-safe v3.1.0+zstd.1.4.9
[INFO] [stderr]     Checking tower-layer v0.3.1
[INFO] [stderr]     Checking matches v0.1.9
[INFO] [stderr]     Checking local-waker v0.1.1
[INFO] [stderr]    Compiling tokio-openssl v0.6.2
[INFO] [stderr]    Compiling const_fn v0.4.8
[INFO] [stderr]     Checking num-complex v0.4.0
[INFO] [stderr]    Compiling time v0.2.27
[INFO] [stderr]     Checking rand v0.8.4
[INFO] [stderr]    Compiling ahash v0.7.4
[INFO] [stderr]     Checking subtle v2.4.1
[INFO] [stderr]    Compiling paste v1.0.5
[INFO] [stderr]     Checking actix-utils v3.0.0
[INFO] [stderr]     Checking form_urlencoded v1.0.1
[INFO] [stderr]     Checking traitobject v0.1.0
[INFO] [stderr]     Checking regex v1.5.4
[INFO] [stderr]     Checking typeable v0.1.2
[INFO] [stderr]     Checking flate2 v1.0.20
[INFO] [stderr]     Checking crypto-mac v0.11.1
[INFO] [stderr]     Checking encoding_rs v0.8.28
[INFO] [stderr]     Checking error v0.1.9
[INFO] [stderr]     Checking sha-1 v0.9.7
[INFO] [stderr]     Checking bytestring v1.0.0
[INFO] [stderr]     Checking addr2line v0.16.0
[INFO] [stderr]     Checking base64ct v1.0.1
[INFO] [stderr]     Checking http-body v0.4.3
[INFO] [stderr]     Checking language-tags v0.3.2
[INFO] [stderr]    Compiling openssl-sys v0.9.66
[INFO] [stderr]    Compiling backtrace v0.3.61
[INFO] [stderr]    Compiling zstd-sys v1.5.0+zstd.1.4.9
[INFO] [stderr]    Compiling secp256k1-sys v0.4.1
[INFO] [stderr]     Checking password-hash v0.2.3
[INFO] [stderr]     Checking sha3 v0.9.1
[INFO] [stderr]     Checking hmac v0.11.0
[INFO] [stderr]     Checking actix-service v2.0.0
[INFO] [stderr]     Checking sha2 v0.9.5
[INFO] [stderr]     Checking arrayvec v0.5.2
[INFO] [stderr]     Checking num v0.2.1
[INFO] [stderr]     Checking unicode-bidi v0.3.6
[INFO] [stderr]     Checking ripemd160 v0.9.1
[INFO] [stderr]     Checking bech32 v0.8.1
[INFO] [stderr]     Checking atty v0.2.14
[INFO] [stderr]     Checking openssl-probe v0.1.4
[INFO] [stderr]     Checking pbkdf2 v0.8.0
[INFO] [stderr]     Checking idna v0.2.3
[INFO] [stderr]     Checking url v2.2.2
[INFO] [stderr]     Checking env_logger v0.8.4
[INFO] [stderr]     Checking anomaly v0.2.0
[INFO] [stderr]     Checking secp256k1 v0.20.3
[INFO] [stderr]    Compiling tokio-macros v1.3.0
[INFO] [stderr]    Compiling futures-macro v0.3.16
[INFO] [stderr]    Compiling tracing-attributes v0.1.15
[INFO] [stderr]    Compiling pin-project-internal v1.0.8
[INFO] [stderr]    Compiling num-derive v0.3.3
[INFO] [stderr]    Compiling prost-derive v0.7.0
[INFO] [stderr]    Compiling thiserror-impl v1.0.26
[INFO] [stderr]    Compiling async-stream-impl v0.3.2
[INFO] [stderr]    Compiling actix-macros v0.2.1
[INFO] [stderr]    Compiling time-macros-impl v0.1.2
[INFO] [stderr]     Checking async-stream v0.3.2
[INFO] [stderr]    Compiling derive_more v0.99.16
[INFO] [stderr]     Checking thiserror v1.0.26
[INFO] [stderr]     Checking time-macros v0.1.1
[INFO] [stderr]     Checking tracing v0.1.26
[INFO] [stderr]     Checking prost v0.7.0
[INFO] [stderr]     Checking pin-project v1.0.8
[INFO] [stderr]     Checking tracing-futures v0.2.5
[INFO] [stderr]     Checking prost-types v0.7.0
[INFO] [stderr]     Checking futures-executor v0.3.16
[INFO] [stderr]     Checking local-channel v0.1.2
[INFO] [stderr]     Checking futures v0.3.16
[INFO] [stderr]     Checking tokio-util v0.6.7
[INFO] [stderr]     Checking tokio-stream v0.1.7
[INFO] [stderr]     Checking actix-rt v2.2.0
[INFO] [stderr]     Checking h2 v0.3.4
[INFO] [stderr]     Checking tower v0.4.8
[INFO] [stderr]     Checking actix-codec v0.4.0
[INFO] [stderr]     Checking actix-tls v3.0.0-beta.5
[INFO] [stderr]     Checking serde_bytes v0.11.5
[INFO] [stderr]     Checking chrono v0.4.19
[INFO] [stderr]     Checking serde_json v1.0.66
[INFO] [stderr]     Checking serde_urlencoded v0.7.0
[INFO] [stderr]     Checking serde-rlp v0.1.4
[INFO] [stderr]     Checking rust_decimal v1.15.0
[INFO] [stderr]     Checking docopt v1.1.1
[INFO] [stdout] error[E0308]: mismatched types
[INFO] [stdout]   --> /opt/rustwide/cargo-home/registry/src/index.crates.io-6f17d22bba15001f/num-bigint-0.4.0/src/biguint/convert.rs:70:19
[INFO] [stdout]    |
[INFO] [stdout] 70 |         .div_ceil(&big_digit::BITS.into())
[INFO] [stdout]    |          -------- ^^^^^^^^^^^^^^^^^^^^^^^ expected `u64`, found `&_`
[INFO] [stdout]    |          |
[INFO] [stdout]    |          arguments to this method are incorrect
[INFO] [stdout]    |
[INFO] [stdout]    = note:   expected type `u64`
[INFO] [stdout]            found reference `&_`
[INFO] [stdout] note: method defined here
[INFO] [stdout]   --> /rustc/82e1608dfa6e0b5569232559e3d385fea5a93112/library/core/src/num/mod.rs:1169:5
[INFO] [stdout]    = note: this error originates in the macro `uint_impl` (in Nightly builds, run with -Z macro-backtrace for more info)
[INFO] [stdout] help: consider removing the borrow
[INFO] [stdout]    |
[INFO] [stdout] 70 -         .div_ceil(&big_digit::BITS.into())
[INFO] [stdout] 70 +         .div_ceil(big_digit::BITS.into())
[INFO] [stdout]    |
[INFO] [stdout] 
[INFO] [stdout] 
[INFO] [stdout] error[E0308]: mismatched types
[INFO] [stdout]    --> /opt/rustwide/cargo-home/registry/src/index.crates.io-6f17d22bba15001f/num-bigint-0.4.0/src/biguint/convert.rs:585:19
[INFO] [stdout]     |
[INFO] [stdout] 585 |         .div_ceil(&u64::from(bits))
[INFO] [stdout]     |          -------- ^^^^^^^^^^^^^^^^ expected `u64`, found `&u64`
[INFO] [stdout]     |          |
[INFO] [stdout]     |          arguments to this method are incorrect
[INFO] [stdout]     |
[INFO] [stdout] note: method defined here
[INFO] [stdout]    --> /rustc/82e1608dfa6e0b5569232559e3d385fea5a93112/library/core/src/num/mod.rs:1169:5
[INFO] [stdout]     = note: this error originates in the macro `uint_impl` (in Nightly builds, run with -Z macro-backtrace for more info)
[INFO] [stdout] help: consider removing the borrow
[INFO] [stdout]     |
[INFO] [stdout] 585 -         .div_ceil(&u64::from(bits))
[INFO] [stdout] 585 +         .div_ceil(u64::from(bits))
[INFO] [stdout]     |
[INFO] [stdout] 
[INFO] [stdout] 
[INFO] [stdout] error[E0308]: mismatched types
[INFO] [stdout]    --> /opt/rustwide/cargo-home/registry/src/index.crates.io-6f17d22bba15001f/num-bigint-0.4.0/src/biguint/convert.rs:613:19
[INFO] [stdout]     |
[INFO] [stdout] 613 |         .div_ceil(&u64::from(bits))
[INFO] [stdout]     |          -------- ^^^^^^^^^^^^^^^^ expected `u64`, found `&u64`
[INFO] [stdout]     |          |
[INFO] [stdout]     |          arguments to this method are incorrect
[INFO] [stdout]     |
[INFO] [stdout] note: method defined here
[INFO] [stdout]    --> /rustc/82e1608dfa6e0b5569232559e3d385fea5a93112/library/core/src/num/mod.rs:1169:5
[INFO] [stdout]     = note: this error originates in the macro `uint_impl` (in Nightly builds, run with -Z macro-backtrace for more info)
[INFO] [stdout] help: consider removing the borrow
[INFO] [stdout]     |
[INFO] [stdout] 613 -         .div_ceil(&u64::from(bits))
[INFO] [stdout] 613 +         .div_ceil(u64::from(bits))
[INFO] [stdout]     |
[INFO] [stdout] 
[INFO] [stdout] 
[INFO] [stdout] error[E0308]: mismatched types
[INFO] [stdout]   --> /opt/rustwide/cargo-home/registry/src/index.crates.io-6f17d22bba15001f/num-bigint-0.4.0/src/biguint/serde.rs:92:36
[INFO] [stdout]    |
[INFO] [stdout] 92 |         let len = u32_len.div_ceil(&2);
[INFO] [stdout]    |                           -------- ^^ expected `usize`, found `&{integer}`
[INFO] [stdout]    |                           |
[INFO] [stdout]    |                           arguments to this method are incorrect
[INFO] [stdout]    |
[INFO] [stdout] note: method defined here
[INFO] [stdout]   --> /rustc/82e1608dfa6e0b5569232559e3d385fea5a93112/library/core/src/num/mod.rs:1269:5
[INFO] [stdout]    = note: this error originates in the macro `uint_impl` (in Nightly builds, run with -Z macro-backtrace for more info)
[INFO] [stdout] help: consider removing the borrow
[INFO] [stdout]    |
[INFO] [stdout] 92 -         let len = u32_len.div_ceil(&2);
[INFO] [stdout] 92 +         let len = u32_len.div_ceil(2);
[INFO] [stdout]    |
[INFO] [stdout] 
[INFO] [stdout] 
[INFO] [stdout] error[E0308]: mismatched types
[INFO] [stdout]    --> /opt/rustwide/cargo-home/registry/src/index.crates.io-6f17d22bba15001f/num-bigint-0.4.0/src/biguint.rs:398:54
[INFO] [stdout]     |
[INFO] [stdout] 398 |                 let root_scale = extra_bits.div_ceil(&n64);
[INFO] [stdout]     |                                             -------- ^^^^ expected `u64`, found `&u64`
[INFO] [stdout]     |                                             |
[INFO] [stdout]     |                                             arguments to this method are incorrect
[INFO] [stdout]     |
[INFO] [stdout] note: method defined here
[INFO] [stdout]    --> /rustc/82e1608dfa6e0b5569232559e3d385fea5a93112/library/core/src/num/mod.rs:1169:5
[INFO] [stdout]     = note: this error originates in the macro `uint_impl` (in Nightly builds, run with -Z macro-backtrace for more info)
[INFO] [stdout] help: consider removing the borrow
[INFO] [stdout]     |
[INFO] [stdout] 398 -                 let root_scale = extra_bits.div_ceil(&n64);
[INFO] [stdout] 398 +                 let root_scale = extra_bits.div_ceil(n64);
[INFO] [stdout]     |
[INFO] [stdout] 
[INFO] [stdout] 
[INFO] [stdout] error: aborting due to 5 previous errors
[INFO] [stdout] 
[INFO] [stdout] 
[INFO] [stdout] For more information about this error, try `rustc --explain E0308`.
[INFO] [stdout] 
[INFO] [stderr] error: could not compile `num-bigint` (lib) due to 6 previous errors
[INFO] [stderr] warning: build failed, waiting for other jobs to finish...
[INFO] running `Command { std: "docker" "inspect" "db03a5b948a5fa9c416ac9cce7af10192210074884262b96869fb487a598ec3e", kill_on_drop: false }`
[INFO] running `Command { std: "docker" "rm" "-f" "db03a5b948a5fa9c416ac9cce7af10192210074884262b96869fb487a598ec3e", kill_on_drop: false }`
[INFO] [stdout] db03a5b948a5fa9c416ac9cce7af10192210074884262b96869fb487a598ec3e
