[INFO] fetching crate snarkvm-gadgets 0.8.0...
[INFO] documenting snarkvm-gadgets-0.8.0 against 1.75.0 for beta-1.76-rustdoc-1
[INFO] extracting crate snarkvm-gadgets 0.8.0 into /workspace/builds/worker-6-tc1/source
[INFO] validating manifest of crates.io crate snarkvm-gadgets 0.8.0 on toolchain 1.75.0
[INFO] running `Command { std: CARGO_HOME="/workspace/cargo-home" RUSTUP_HOME="/workspace/rustup-home" "/workspace/cargo-home/bin/cargo" "+1.75.0" "metadata" "--manifest-path" "Cargo.toml" "--no-deps", kill_on_drop: false }`
[INFO] started tweaking crates.io crate snarkvm-gadgets 0.8.0
[INFO] finished tweaking crates.io crate snarkvm-gadgets 0.8.0
[INFO] tweaked toml for crates.io crate snarkvm-gadgets 0.8.0 written to /workspace/builds/worker-6-tc1/source/Cargo.toml
[INFO] running `Command { std: CARGO_HOME="/workspace/cargo-home" RUSTUP_HOME="/workspace/rustup-home" "/workspace/cargo-home/bin/cargo" "+1.75.0" "generate-lockfile" "--manifest-path" "Cargo.toml", kill_on_drop: false }`
[INFO] [stderr]     Updating crates.io index
[INFO] running `Command { std: CARGO_HOME="/workspace/cargo-home" RUSTUP_HOME="/workspace/rustup-home" "/workspace/cargo-home/bin/cargo" "+1.75.0" "fetch" "--manifest-path" "Cargo.toml", kill_on_drop: false }`
[INFO] [stderr]  Downloading crates ...
[INFO] [stderr]   Downloaded snarkvm-fields v0.8.0
[INFO] [stderr]   Downloaded snarkvm-curves v0.8.0
[INFO] [stderr]   Downloaded snarkvm-utilities v0.8.0
[INFO] [stderr]   Downloaded snarkvm-algorithms v0.8.0
[INFO] [stderr]   Downloaded snarkvm-profiler v0.8.0
[INFO] [stderr]   Downloaded snarkvm-r1cs v0.8.0
[INFO] [stderr]   Downloaded snarkvm-derives v0.8.0
[INFO] running `Command { std: "docker" "create" "-v" "/var/lib/crater-agent-workspace/builds/worker-6-tc1/target:/opt/rustwide/target:rw,Z" "-v" "/var/lib/crater-agent-workspace/builds/worker-6-tc1/source:/opt/rustwide/workdir:ro,Z" "-v" "/var/lib/crater-agent-workspace/cargo-home:/opt/rustwide/cargo-home:ro,Z" "-v" "/var/lib/crater-agent-workspace/rustup-home:/opt/rustwide/rustup-home:ro,Z" "-e" "SOURCE_DIR=/opt/rustwide/workdir" "-e" "CARGO_TARGET_DIR=/opt/rustwide/target" "-e" "CARGO_HOME=/opt/rustwide/cargo-home" "-e" "RUSTUP_HOME=/opt/rustwide/rustup-home" "-w" "/opt/rustwide/workdir" "-m" "1610612736" "--user" "0:0" "--network" "none" "ghcr.io/rust-lang/crates-build-env/linux@sha256:2788e3201cd34a07e3172128adcd8b3090168a8e3bcc40d7c032b9dda1df7d1c" "/opt/rustwide/cargo-home/bin/cargo" "+1.75.0" "metadata" "--no-deps" "--format-version=1", kill_on_drop: false }`
[INFO] [stdout] 0f59b9457dc59ba871f056e0eb0e2ee7aede2b1779c4a4618d4b5f3ec9003757
[INFO] running `Command { std: "docker" "start" "-a" "0f59b9457dc59ba871f056e0eb0e2ee7aede2b1779c4a4618d4b5f3ec9003757", kill_on_drop: false }`
[INFO] running `Command { std: "docker" "inspect" "0f59b9457dc59ba871f056e0eb0e2ee7aede2b1779c4a4618d4b5f3ec9003757", kill_on_drop: false }`
[INFO] running `Command { std: "docker" "rm" "-f" "0f59b9457dc59ba871f056e0eb0e2ee7aede2b1779c4a4618d4b5f3ec9003757", kill_on_drop: false }`
[INFO] [stdout] 0f59b9457dc59ba871f056e0eb0e2ee7aede2b1779c4a4618d4b5f3ec9003757
[INFO] running `Command { std: "docker" "create" "-v" "/var/lib/crater-agent-workspace/builds/worker-6-tc1/target:/opt/rustwide/target:rw,Z" "-v" "/var/lib/crater-agent-workspace/builds/worker-6-tc1/source:/opt/rustwide/workdir:ro,Z" "-v" "/var/lib/crater-agent-workspace/cargo-home:/opt/rustwide/cargo-home:ro,Z" "-v" "/var/lib/crater-agent-workspace/rustup-home:/opt/rustwide/rustup-home:ro,Z" "-e" "SOURCE_DIR=/opt/rustwide/workdir" "-e" "CARGO_TARGET_DIR=/opt/rustwide/target" "-e" "CARGO_INCREMENTAL=0" "-e" "RUST_BACKTRACE=full" "-e" "RUSTFLAGS=--cap-lints=warn" "-e" "RUSTDOCFLAGS=--cap-lints=warn" "-e" "CARGO_HOME=/opt/rustwide/cargo-home" "-e" "RUSTUP_HOME=/opt/rustwide/rustup-home" "-w" "/opt/rustwide/workdir" "-m" "1610612736" "--user" "0:0" "--network" "none" "ghcr.io/rust-lang/crates-build-env/linux@sha256:2788e3201cd34a07e3172128adcd8b3090168a8e3bcc40d7c032b9dda1df7d1c" "/opt/rustwide/cargo-home/bin/cargo" "+1.75.0" "doc" "--frozen" "--no-deps" "--document-private-items" "--message-format=json", kill_on_drop: false }`
[INFO] [stdout] 6e083afffb0906e7d793e5b098820c0dafbeaf4acdb9eec25fc2897a81abc8ce
[INFO] running `Command { std: "docker" "start" "-a" "6e083afffb0906e7d793e5b098820c0dafbeaf4acdb9eec25fc2897a81abc8ce", kill_on_drop: false }`
[INFO] [stderr]    Compiling syn v1.0.109
[INFO] [stderr]    Compiling crossbeam-utils v0.8.18
[INFO] [stderr]    Compiling num-traits v0.2.17
[INFO] [stderr]    Compiling syn v2.0.48
[INFO] [stderr]    Compiling proc-macro-error v1.0.4
[INFO] [stderr]    Compiling rayon-core v1.12.0
[INFO] [stderr]    Compiling proc-macro-error-attr v1.0.4
[INFO] [stderr]     Checking either v1.9.0
[INFO] [stderr]    Compiling anyhow v1.0.79
[INFO] [stderr]    Compiling thiserror v1.0.56
[INFO] [stderr]     Checking aleo-std-timer v0.1.2
[INFO] [stderr]     Checking aleo-std-profiler v0.1.15
[INFO] [stderr]     Checking itertools v0.10.5
[INFO] [stderr]     Checking num_cpus v1.16.0
[INFO] [stderr]     Checking crypto-mac v0.8.0
[INFO] [stderr]     Checking digest v0.10.7
[INFO] [stderr]     Checking crossbeam-epoch v0.9.17
[INFO] [stderr]     Checking constant_time_eq v0.3.0
[INFO] [stderr]     Checking blake2s_simd v1.0.2
[INFO] [stderr]     Checking sha2 v0.10.8
[INFO] [stderr]     Checking blake2 v0.9.2
[INFO] [stderr]     Checking crossbeam-deque v0.8.4
[INFO] [stderr]     Checking crossbeam-channel v0.5.10
[INFO] [stderr]     Checking snarkvm-profiler v0.8.0
[INFO] [stderr]     Checking smallvec v1.11.2
[INFO] [stderr]     Checking rayon v1.8.0
[INFO] [stderr]     Checking num-integer v0.1.45
[INFO] [stderr]     Checking num-bigint v0.4.4
[INFO] [stderr]    Compiling serde_derive v1.0.195
[INFO] [stderr]    Compiling thiserror-impl v1.0.56
[INFO] [stderr]    Compiling aleo-std-time v0.1.2
[INFO] [stderr]    Compiling aleo-std-timed v0.1.2
[INFO] [stderr]    Compiling derivative v2.2.0
[INFO] [stderr]     Checking aleo-std v0.1.18
[INFO] [stderr]    Compiling serde v1.0.195
[INFO] [stderr]     Checking bincode v1.3.3
[INFO] [stderr]    Compiling toml v0.5.11
[INFO] [stderr]    Compiling proc-macro-crate v0.1.5
[INFO] [stderr]    Compiling snarkvm-derives v0.8.0
[INFO] [stderr]     Checking snarkvm-utilities v0.8.0
[INFO] [stdout] error[E0432]: unresolved import `aleo_std::Cpu`
[INFO] [stdout]   --> /opt/rustwide/cargo-home/registry/src/index.crates.io-6f17d22bba15001f/snarkvm-utilities-0.8.0/src/parallel.rs:74:9
[INFO] [stdout]    |
[INFO] [stdout] 74 |     use aleo_std::Cpu;
[INFO] [stdout]    |         ^^^^^^^^^^^^^ no `Cpu` in the root
[INFO] [stdout]    |
[INFO] [stdout] note: found an item that was configured out
[INFO] [stdout]   --> /opt/rustwide/cargo-home/registry/src/index.crates.io-6f17d22bba15001f/aleo-std-0.1.18/src/lib.rs:18:33
[INFO] [stdout]    |
[INFO] [stdout] 18 | pub use aleo_std_cpu::{get_cpu, Cpu};
[INFO] [stdout]    |                                 ^^^
[INFO] [stdout]    = note: the item is gated behind the `cpu` feature
[INFO] [stdout] 
[INFO] [stdout] 
[INFO] [stdout] error[E0425]: cannot find function `get_cpu` in crate `aleo_std`
[INFO] [stdout]   --> /opt/rustwide/cargo-home/registry/src/index.crates.io-6f17d22bba15001f/snarkvm-utilities-0.8.0/src/parallel.rs:76:21
[INFO] [stdout]    |
[INFO] [stdout] 76 |     match aleo_std::get_cpu() {
[INFO] [stdout]    |                     ^^^^^^^ not found in `aleo_std`
[INFO] [stdout]    |
[INFO] [stdout] note: found an item that was configured out
[INFO] [stdout]   --> /opt/rustwide/cargo-home/registry/src/index.crates.io-6f17d22bba15001f/aleo-std-0.1.18/src/lib.rs:18:24
[INFO] [stdout]    |
[INFO] [stdout] 18 | pub use aleo_std_cpu::{get_cpu, Cpu};
[INFO] [stdout]    |                        ^^^^^^^
[INFO] [stdout]    = note: the item is gated behind the `cpu` feature
[INFO] [stdout] 
[INFO] [stdout] 
[INFO] [stdout] error: aborting due to 2 previous errors
[INFO] [stdout] 
[INFO] [stdout] 
[INFO] [stdout] Some errors have detailed explanations: E0425, E0432.
[INFO] [stdout] 
[INFO] [stdout] For more information about an error, try `rustc --explain E0425`.
[INFO] [stdout] 
[INFO] [stderr] error: could not compile `snarkvm-utilities` (lib) due to 3 previous errors
[INFO] running `Command { std: "docker" "inspect" "6e083afffb0906e7d793e5b098820c0dafbeaf4acdb9eec25fc2897a81abc8ce", kill_on_drop: false }`
[INFO] running `Command { std: "docker" "rm" "-f" "6e083afffb0906e7d793e5b098820c0dafbeaf4acdb9eec25fc2897a81abc8ce", kill_on_drop: false }`
[INFO] [stdout] 6e083afffb0906e7d793e5b098820c0dafbeaf4acdb9eec25fc2897a81abc8ce
[INFO] documenting snarkvm-gadgets-0.8.0 against beta-2023-12-22 for beta-1.76-rustdoc-1
[INFO] extracting crate snarkvm-gadgets 0.8.0 into /workspace/builds/worker-6-tc2/source
[INFO] validating manifest of crates.io crate snarkvm-gadgets 0.8.0 on toolchain beta-2023-12-22
[INFO] running `Command { std: CARGO_HOME="/workspace/cargo-home" RUSTUP_HOME="/workspace/rustup-home" "/workspace/cargo-home/bin/cargo" "+beta-2023-12-22" "metadata" "--manifest-path" "Cargo.toml" "--no-deps", kill_on_drop: false }`
[INFO] started tweaking crates.io crate snarkvm-gadgets 0.8.0
[INFO] finished tweaking crates.io crate snarkvm-gadgets 0.8.0
[INFO] tweaked toml for crates.io crate snarkvm-gadgets 0.8.0 written to /workspace/builds/worker-6-tc2/source/Cargo.toml
[INFO] running `Command { std: CARGO_HOME="/workspace/cargo-home" RUSTUP_HOME="/workspace/rustup-home" "/workspace/cargo-home/bin/cargo" "+beta-2023-12-22" "generate-lockfile" "--manifest-path" "Cargo.toml", kill_on_drop: false }`
[INFO] [stderr]     Updating crates.io index
[INFO] running `Command { std: CARGO_HOME="/workspace/cargo-home" RUSTUP_HOME="/workspace/rustup-home" "/workspace/cargo-home/bin/cargo" "+beta-2023-12-22" "fetch" "--manifest-path" "Cargo.toml", kill_on_drop: false }`
[INFO] running `Command { std: "docker" "create" "-v" "/var/lib/crater-agent-workspace/builds/worker-6-tc2/target:/opt/rustwide/target:rw,Z" "-v" "/var/lib/crater-agent-workspace/builds/worker-6-tc2/source:/opt/rustwide/workdir:ro,Z" "-v" "/var/lib/crater-agent-workspace/cargo-home:/opt/rustwide/cargo-home:ro,Z" "-v" "/var/lib/crater-agent-workspace/rustup-home:/opt/rustwide/rustup-home:ro,Z" "-e" "SOURCE_DIR=/opt/rustwide/workdir" "-e" "CARGO_TARGET_DIR=/opt/rustwide/target" "-e" "CARGO_HOME=/opt/rustwide/cargo-home" "-e" "RUSTUP_HOME=/opt/rustwide/rustup-home" "-w" "/opt/rustwide/workdir" "-m" "1610612736" "--user" "0:0" "--network" "none" "ghcr.io/rust-lang/crates-build-env/linux@sha256:2788e3201cd34a07e3172128adcd8b3090168a8e3bcc40d7c032b9dda1df7d1c" "/opt/rustwide/cargo-home/bin/cargo" "+beta-2023-12-22" "metadata" "--no-deps" "--format-version=1", kill_on_drop: false }`
[INFO] [stdout] 1655cbb32dd83f8304cacb7cbed26938084e20b3a140fb42cde11063ae06e1f9
[INFO] running `Command { std: "docker" "start" "-a" "1655cbb32dd83f8304cacb7cbed26938084e20b3a140fb42cde11063ae06e1f9", kill_on_drop: false }`
[INFO] running `Command { std: "docker" "inspect" "1655cbb32dd83f8304cacb7cbed26938084e20b3a140fb42cde11063ae06e1f9", kill_on_drop: false }`
[INFO] running `Command { std: "docker" "rm" "-f" "1655cbb32dd83f8304cacb7cbed26938084e20b3a140fb42cde11063ae06e1f9", kill_on_drop: false }`
[INFO] [stdout] 1655cbb32dd83f8304cacb7cbed26938084e20b3a140fb42cde11063ae06e1f9
[INFO] running `Command { std: "docker" "create" "-v" "/var/lib/crater-agent-workspace/builds/worker-6-tc2/target:/opt/rustwide/target:rw,Z" "-v" "/var/lib/crater-agent-workspace/builds/worker-6-tc2/source:/opt/rustwide/workdir:ro,Z" "-v" "/var/lib/crater-agent-workspace/cargo-home:/opt/rustwide/cargo-home:ro,Z" "-v" "/var/lib/crater-agent-workspace/rustup-home:/opt/rustwide/rustup-home:ro,Z" "-e" "SOURCE_DIR=/opt/rustwide/workdir" "-e" "CARGO_TARGET_DIR=/opt/rustwide/target" "-e" "CARGO_INCREMENTAL=0" "-e" "RUST_BACKTRACE=full" "-e" "RUSTFLAGS=--cap-lints=warn" "-e" "RUSTDOCFLAGS=--cap-lints=warn" "-e" "CARGO_HOME=/opt/rustwide/cargo-home" "-e" "RUSTUP_HOME=/opt/rustwide/rustup-home" "-w" "/opt/rustwide/workdir" "-m" "1610612736" "--user" "0:0" "--network" "none" "ghcr.io/rust-lang/crates-build-env/linux@sha256:2788e3201cd34a07e3172128adcd8b3090168a8e3bcc40d7c032b9dda1df7d1c" "/opt/rustwide/cargo-home/bin/cargo" "+beta-2023-12-22" "doc" "--frozen" "--no-deps" "--document-private-items" "--message-format=json", kill_on_drop: false }`
[INFO] [stdout] 3d5c37d39bff3d07658679fd7de95cc64c0b8791a7f0e9d803a1a9be455e2c9b
[INFO] running `Command { std: "docker" "start" "-a" "3d5c37d39bff3d07658679fd7de95cc64c0b8791a7f0e9d803a1a9be455e2c9b", kill_on_drop: false }`
[INFO] [stderr]    Compiling crossbeam-utils v0.8.18
[INFO] [stderr]    Compiling syn v1.0.109
[INFO] [stderr]    Compiling num-traits v0.2.17
[INFO] [stderr]    Compiling syn v2.0.48
[INFO] [stderr]    Compiling proc-macro-error v1.0.4
[INFO] [stderr]    Compiling rayon-core v1.12.0
[INFO] [stderr]    Compiling proc-macro-error-attr v1.0.4
[INFO] [stderr]     Checking either v1.9.0
[INFO] [stderr]    Compiling anyhow v1.0.79
[INFO] [stderr]    Compiling thiserror v1.0.56
[INFO] [stderr]     Checking aleo-std-profiler v0.1.15
[INFO] [stderr]     Checking aleo-std-timer v0.1.2
[INFO] [stderr]     Checking itertools v0.10.5
[INFO] [stderr]     Checking num_cpus v1.16.0
[INFO] [stderr]     Checking crypto-mac v0.8.0
[INFO] [stderr]     Checking digest v0.10.7
[INFO] [stderr]     Checking constant_time_eq v0.3.0
[INFO] [stderr]     Checking blake2s_simd v1.0.2
[INFO] [stderr]     Checking sha2 v0.10.8
[INFO] [stderr]     Checking blake2 v0.9.2
[INFO] [stderr]     Checking crossbeam-epoch v0.9.17
[INFO] [stderr]     Checking crossbeam-channel v0.5.10
[INFO] [stderr]     Checking crossbeam-deque v0.8.4
[INFO] [stderr]     Checking snarkvm-profiler v0.8.0
[INFO] [stderr]     Checking smallvec v1.11.2
[INFO] [stderr]     Checking num-integer v0.1.45
[INFO] [stderr]     Checking rayon v1.8.0
[INFO] [stderr]     Checking num-bigint v0.4.4
[INFO] [stderr]    Compiling serde_derive v1.0.195
[INFO] [stderr]    Compiling thiserror-impl v1.0.56
[INFO] [stderr]    Compiling aleo-std-time v0.1.2
[INFO] [stderr]    Compiling aleo-std-timed v0.1.2
[INFO] [stderr]    Compiling derivative v2.2.0
[INFO] [stderr]     Checking aleo-std v0.1.18
[INFO] [stderr]    Compiling serde v1.0.195
[INFO] [stderr]     Checking bincode v1.3.3
[INFO] [stderr]    Compiling toml v0.5.11
[INFO] [stderr]    Compiling proc-macro-crate v0.1.5
[INFO] [stderr]    Compiling snarkvm-derives v0.8.0
[INFO] [stderr]     Checking snarkvm-utilities v0.8.0
[INFO] [stdout] error[E0432]: unresolved import `aleo_std::Cpu`
[INFO] [stdout]   --> /opt/rustwide/cargo-home/registry/src/index.crates.io-6f17d22bba15001f/snarkvm-utilities-0.8.0/src/parallel.rs:74:9
[INFO] [stdout]    |
[INFO] [stdout] 74 |     use aleo_std::Cpu;
[INFO] [stdout]    |         ^^^^^^^^^^^^^ no `Cpu` in the root
[INFO] [stdout]    |
[INFO] [stdout] note: found an item that was configured out
[INFO] [stdout]   --> /opt/rustwide/cargo-home/registry/src/index.crates.io-6f17d22bba15001f/aleo-std-0.1.18/src/lib.rs:18:33
[INFO] [stdout]    |
[INFO] [stdout] 18 | pub use aleo_std_cpu::{get_cpu, Cpu};
[INFO] [stdout]    |                                 ^^^
[INFO] [stdout]    = note: the item is gated behind the `cpu` feature
[INFO] [stdout] 
[INFO] [stdout] 
[INFO] [stdout] error[E0425]: cannot find function `get_cpu` in crate `aleo_std`
[INFO] [stdout]   --> /opt/rustwide/cargo-home/registry/src/index.crates.io-6f17d22bba15001f/snarkvm-utilities-0.8.0/src/parallel.rs:76:21
[INFO] [stdout]    |
[INFO] [stdout] 76 |     match aleo_std::get_cpu() {
[INFO] [stdout]    |                     ^^^^^^^ not found in `aleo_std`
[INFO] [stdout]    |
[INFO] [stdout] note: found an item that was configured out
[INFO] [stdout]   --> /opt/rustwide/cargo-home/registry/src/index.crates.io-6f17d22bba15001f/aleo-std-0.1.18/src/lib.rs:18:24
[INFO] [stdout]    |
[INFO] [stdout] 18 | pub use aleo_std_cpu::{get_cpu, Cpu};
[INFO] [stdout]    |                        ^^^^^^^
[INFO] [stdout]    = note: the item is gated behind the `cpu` feature
[INFO] [stdout] 
[INFO] [stdout] 
[INFO] [stdout] error: aborting due to 2 previous errors
[INFO] [stdout] 
[INFO] [stdout] 
[INFO] [stdout] Some errors have detailed explanations: E0425, E0432.
[INFO] [stdout] 
[INFO] [stdout] For more information about an error, try `rustc --explain E0425`.
[INFO] [stdout] 
[INFO] [stderr] error: could not compile `snarkvm-utilities` (lib) due to 3 previous errors
[INFO] running `Command { std: "docker" "inspect" "3d5c37d39bff3d07658679fd7de95cc64c0b8791a7f0e9d803a1a9be455e2c9b", kill_on_drop: false }`
[INFO] running `Command { std: "docker" "rm" "-f" "3d5c37d39bff3d07658679fd7de95cc64c0b8791a7f0e9d803a1a9be455e2c9b", kill_on_drop: false }`
[INFO] [stdout] 3d5c37d39bff3d07658679fd7de95cc64c0b8791a7f0e9d803a1a9be455e2c9b
