[INFO] fetching crate snail 0.4.0...
[INFO] documenting snail-0.4.0 against 1.75.0 for beta-1.76-rustdoc-1
[INFO] extracting crate snail 0.4.0 into /workspace/builds/worker-5-tc1/source
[INFO] validating manifest of crates.io crate snail 0.4.0 on toolchain 1.75.0
[INFO] running `Command { std: CARGO_HOME="/workspace/cargo-home" RUSTUP_HOME="/workspace/rustup-home" "/workspace/cargo-home/bin/cargo" "+1.75.0" "metadata" "--manifest-path" "Cargo.toml" "--no-deps", kill_on_drop: false }`
[INFO] started tweaking crates.io crate snail 0.4.0
[INFO] finished tweaking crates.io crate snail 0.4.0
[INFO] tweaked toml for crates.io crate snail 0.4.0 written to /workspace/builds/worker-5-tc1/source/Cargo.toml
[INFO] running `Command { std: CARGO_HOME="/workspace/cargo-home" RUSTUP_HOME="/workspace/rustup-home" "/workspace/cargo-home/bin/cargo" "+1.75.0" "generate-lockfile" "--manifest-path" "Cargo.toml", kill_on_drop: false }`
[INFO] [stderr]     Updating crates.io index
[INFO] running `Command { std: CARGO_HOME="/workspace/cargo-home" RUSTUP_HOME="/workspace/rustup-home" "/workspace/cargo-home/bin/cargo" "+1.75.0" "fetch" "--manifest-path" "Cargo.toml", kill_on_drop: false }`
[INFO] [stderr]  Downloading crates ...
[INFO] [stderr]   Downloaded metadeps v1.1.2
[INFO] [stderr]   Downloaded kuchiki v0.7.3
[INFO] [stderr]   Downloaded lua52-sys v0.1.2
[INFO] [stderr]   Downloaded widestring v0.2.2
[INFO] [stderr]   Downloaded zmq-sys v0.8.3
[INFO] [stderr]   Downloaded error-chain v0.8.1
[INFO] [stderr]   Downloaded nibble_vec v0.0.4
[INFO] [stderr]   Downloaded pseudo v0.1.0
[INFO] [stderr]   Downloaded trust-dns-proto v0.6.3
[INFO] [stderr]   Downloaded caps v0.2.0
[INFO] [stderr]   Downloaded radix_trie v0.1.6
[INFO] [stderr]   Downloaded hlua-badtouch v0.4.2
[INFO] [stderr]   Downloaded libsqlite3-sys v0.10.0
[INFO] [stderr]   Downloaded markup5ever v0.8.1
[INFO] [stderr]   Downloaded trust-dns-proto v0.5.0
[INFO] [stderr]   Downloaded seccomp-sys v0.1.3
[INFO] [stderr]   Downloaded users v0.7.0
[INFO] [stderr]   Downloaded ipconfig v0.1.9
[INFO] [stderr]   Downloaded reduce v0.1.5+deprecated
[INFO] [stderr]   Downloaded trust-dns-resolver v0.10.3
[INFO] [stderr]   Downloaded trust-dns-server v0.15.0
[INFO] [stderr]   Downloaded html5ever v0.23.0
[INFO] [stderr]   Downloaded rusqlite v0.15.0
[INFO] [stderr]   Downloaded dhcp4r v0.1.0
[INFO] [stderr]   Downloaded hyper-rustls v0.14.0
[INFO] [stderr]   Downloaded ct-logs v0.4.0
[INFO] [stderr]   Downloaded tokio-rustls v0.7.2
[INFO] [stderr]   Downloaded mrsc v0.3.1
[INFO] [stderr]   Downloaded syscallz v0.7.0
[INFO] [stderr]   Downloaded boxxy v0.7.0
[INFO] [stderr]   Downloaded pledge v0.3.1
[INFO] [stderr]   Downloaded tokio-rustls v0.8.1
[INFO] [stderr]   Downloaded zmq v0.8.3
[INFO] [stderr]   Downloaded trust-dns v0.15.1
[INFO] running `Command { std: "docker" "create" "-v" "/var/lib/crater-agent-workspace/builds/worker-5-tc1/target:/opt/rustwide/target:rw,Z" "-v" "/var/lib/crater-agent-workspace/builds/worker-5-tc1/source:/opt/rustwide/workdir:ro,Z" "-v" "/var/lib/crater-agent-workspace/cargo-home:/opt/rustwide/cargo-home:ro,Z" "-v" "/var/lib/crater-agent-workspace/rustup-home:/opt/rustwide/rustup-home:ro,Z" "-e" "SOURCE_DIR=/opt/rustwide/workdir" "-e" "CARGO_TARGET_DIR=/opt/rustwide/target" "-e" "CARGO_HOME=/opt/rustwide/cargo-home" "-e" "RUSTUP_HOME=/opt/rustwide/rustup-home" "-w" "/opt/rustwide/workdir" "-m" "1610612736" "--user" "0:0" "--network" "none" "ghcr.io/rust-lang/crates-build-env/linux@sha256:2788e3201cd34a07e3172128adcd8b3090168a8e3bcc40d7c032b9dda1df7d1c" "/opt/rustwide/cargo-home/bin/cargo" "+1.75.0" "metadata" "--no-deps" "--format-version=1", kill_on_drop: false }`
[INFO] [stdout] a5f5f1213296243cffad920e3fa10ef4a5d0673a7799e4891697b7b641d5fcd6
[INFO] running `Command { std: "docker" "start" "-a" "a5f5f1213296243cffad920e3fa10ef4a5d0673a7799e4891697b7b641d5fcd6", kill_on_drop: false }`
[INFO] running `Command { std: "docker" "inspect" "a5f5f1213296243cffad920e3fa10ef4a5d0673a7799e4891697b7b641d5fcd6", kill_on_drop: false }`
[INFO] running `Command { std: "docker" "rm" "-f" "a5f5f1213296243cffad920e3fa10ef4a5d0673a7799e4891697b7b641d5fcd6", kill_on_drop: false }`
[INFO] [stdout] a5f5f1213296243cffad920e3fa10ef4a5d0673a7799e4891697b7b641d5fcd6
[INFO] running `Command { std: "docker" "create" "-v" "/var/lib/crater-agent-workspace/builds/worker-5-tc1/target:/opt/rustwide/target:rw,Z" "-v" "/var/lib/crater-agent-workspace/builds/worker-5-tc1/source:/opt/rustwide/workdir:ro,Z" "-v" "/var/lib/crater-agent-workspace/cargo-home:/opt/rustwide/cargo-home:ro,Z" "-v" "/var/lib/crater-agent-workspace/rustup-home:/opt/rustwide/rustup-home:ro,Z" "-e" "SOURCE_DIR=/opt/rustwide/workdir" "-e" "CARGO_TARGET_DIR=/opt/rustwide/target" "-e" "CARGO_INCREMENTAL=0" "-e" "RUST_BACKTRACE=full" "-e" "RUSTFLAGS=--cap-lints=warn" "-e" "RUSTDOCFLAGS=--cap-lints=warn" "-e" "CARGO_HOME=/opt/rustwide/cargo-home" "-e" "RUSTUP_HOME=/opt/rustwide/rustup-home" "-w" "/opt/rustwide/workdir" "-m" "1610612736" "--user" "0:0" "--network" "none" "ghcr.io/rust-lang/crates-build-env/linux@sha256:2788e3201cd34a07e3172128adcd8b3090168a8e3bcc40d7c032b9dda1df7d1c" "/opt/rustwide/cargo-home/bin/cargo" "+1.75.0" "doc" "--frozen" "--no-deps" "--document-private-items" "--message-format=json", kill_on_drop: false }`
[INFO] [stdout] 8dd89c0d241b59ad3e08d46cd2e8398371d07e0fcfd8795a9ab228181803d333
[INFO] running `Command { std: "docker" "start" "-a" "8dd89c0d241b59ad3e08d46cd2e8398371d07e0fcfd8795a9ab228181803d333", kill_on_drop: false }`
[INFO] [stderr]     Checking futures v0.1.31
[INFO] [stderr]     Checking either v1.9.0
[INFO] [stderr]    Compiling semver-parser v0.7.0
[INFO] [stderr]    Compiling libc v0.2.151
[INFO] [stderr]    Compiling proc-macro2 v1.0.76
[INFO] [stderr]    Compiling crossbeam-utils v0.7.2
[INFO] [stderr]    Compiling rand_core v0.3.1
[INFO] [stderr]     Checking lock_api v0.3.4
[INFO] [stderr]    Compiling memoffset v0.5.6
[INFO] [stderr]     Checking mio v0.6.23
[INFO] [stderr]    Compiling crossbeam-epoch v0.8.2
[INFO] [stderr]     Checking untrusted v0.6.2
[INFO] [stderr]    Compiling error-chain v0.10.0
[INFO] [stderr]    Compiling toml v0.2.1
[INFO] [stderr]     Checking rand_core v0.4.2
[INFO] [stderr]     Checking base64 v0.9.3
[INFO] [stderr]    Compiling rand_hc v0.1.0
[INFO] [stderr]    Compiling rand_chacha v0.1.1
[INFO] [stderr]     Checking bytes v0.4.12
[INFO] [stderr]    Compiling semver v0.9.0
[INFO] [stderr]    Compiling rand_xorshift v0.1.1
[INFO] [stderr]    Compiling rand_isaac v0.1.1
[INFO] [stderr]     Checking url v1.7.2
[INFO] [stderr]    Compiling syn v0.15.44
[INFO] [stderr]    Compiling serde v1.0.195
[INFO] [stderr]    Compiling metadeps v1.1.2
[INFO] [stderr]     Checking rand v0.5.6
[INFO] [stderr]     Checking socket2 v0.3.19
[INFO] [stderr]    Compiling rustc_version v0.2.3
[INFO] [stderr]     Checking time v0.1.45
[INFO] [stderr]     Checking data-encoding v2.5.0
[INFO] [stderr]    Compiling rustix v0.38.28
[INFO] [stderr]     Checking http v0.1.21
[INFO] [stderr]     Checking atty v0.2.14
[INFO] [stderr]    Compiling quote v1.0.35
[INFO] [stderr]    Compiling parking_lot_core v0.6.3
[INFO] [stderr]    Compiling parking_lot v0.9.0
[INFO] [stderr]     Checking mio-uds v0.6.8
[INFO] [stderr]    Compiling syn v1.0.109
[INFO] [stderr]     Checking crossbeam-queue v0.2.3
[INFO] [stderr]    Compiling syn v2.0.48
[INFO] [stderr]    Compiling zmq-sys v0.8.3
[INFO] [stderr]     Checking linux-raw-sys v0.4.12
[INFO] [stderr]     Checking crossbeam-deque v0.7.4
[INFO] [stderr]     Checking lru-cache v0.1.2
[INFO] [stderr]    Compiling hyper v0.12.36
[INFO] [stderr]     Checking string v0.2.1
[INFO] [stderr]    Compiling libdbus-sys v0.2.5
[INFO] [stderr]     Checking match_cfg v0.1.0
[INFO] [stderr]     Checking endian-type v0.1.2
[INFO] [stderr]     Checking nibble_vec v0.0.4
[INFO] [stderr]    Compiling seccomp-sys v0.1.3
[INFO] [stderr]     Checking tokio-io v0.1.13
[INFO] [stderr]     Checking tokio-executor v0.1.10
[INFO] [stderr]     Checking tokio-sync v0.1.8
[INFO] [stderr]     Checking tokio-buf v0.1.1
[INFO] [stderr]     Checking chrono v0.4.31
[INFO] [stderr]     Checking radix_trie v0.1.6
[INFO] [stderr]     Checking tokio-timer v0.2.13
[INFO] [stderr]     Checking tokio-threadpool v0.1.18
[INFO] [stderr]     Checking tokio-current-thread v0.1.7
[INFO] [stderr]     Checking want v0.2.0
[INFO] [stderr]     Checking futures-cpupool v0.1.8
[INFO] [stderr]     Checking clap v2.34.0
[INFO] [stderr]     Checking hostname v0.3.1
[INFO] [stderr]     Checking tokio-codec v0.1.2
[INFO] [stderr]     Checking tokio-reactor v0.1.12
[INFO] [stderr]     Checking scoped-tls v0.1.2
[INFO] [stderr]    Compiling nix v0.11.1
[INFO] [stderr]    Compiling cc v1.0.83
[INFO] [stderr]    Compiling rand_os v0.1.3
[INFO] [stderr]     Checking env_logger v0.5.13
[INFO] [stderr]    Compiling rand v0.6.5
[INFO] [stderr]     Checking tokio-fs v0.1.7
[INFO] [stderr]     Checking tokio-udp v0.1.6
[INFO] [stderr]     Checking tokio-tcp v0.1.4
[INFO] [stderr]     Checking tokio-uds v0.2.7
[INFO] [stderr]    Compiling zmq v0.8.3
[INFO] [stderr]     Checking resolv-conf v0.6.3
[INFO] [stderr]     Checking tokio v0.1.22
[INFO] [stderr]     Checking errno v0.2.8
[INFO] [stderr]     Checking void v1.0.2
[INFO] [stderr]     Checking dtoa v0.4.8
[INFO] [stderr]     Checking error-chain v0.11.0
[INFO] [stderr]     Checking syscallz v0.7.0
[INFO] [stderr]     Checking http-body v0.1.0
[INFO] [stderr]     Checking h2 v0.1.26
[INFO] [stderr]     Checking caps v0.2.0
[INFO] [stderr]     Checking serde_urlencoded v0.5.5
[INFO] [stderr]     Checking dbus v0.6.5
[INFO] [stderr]     Checking tokio-core v0.1.18
[INFO] [stderr]     Checking dhcp4r v0.1.0
[INFO] [stderr]     Checking users v0.7.0
[INFO] [stderr]     Checking reduce v0.1.5+deprecated
[INFO] [stderr]     Checking mrsc v0.3.1
[INFO] [stderr]    Compiling phf_generator v0.7.24
[INFO] [stderr]    Compiling phf_codegen v0.7.24
[INFO] [stderr]    Compiling string_cache_codegen v0.4.4
[INFO] [stderr]    Compiling ring v0.13.5
[INFO] [stderr]    Compiling backtrace v0.3.69
[INFO] [stderr]    Compiling libsqlite3-sys v0.10.0
[INFO] [stderr]    Compiling lua52-sys v0.1.2
[INFO] [stderr]    Compiling selectors v0.21.0
[INFO] [stderr]    Compiling string_cache v0.7.5
[INFO] [stderr]     Checking is-terminal v0.4.10
[INFO] [stderr]     Checking tempfile v3.9.0
[INFO] [stderr]     Checking colored v1.9.4
[INFO] [stderr]    Compiling serde_json v1.0.111
[INFO] [stderr]    Compiling serde_derive v1.0.195
[INFO] [stderr]    Compiling synstructure v0.12.6
[INFO] [stderr]    Compiling html5ever v0.23.0
[INFO] [stderr]    Compiling structopt-derive v0.2.18
[INFO] [stderr]    Compiling failure_derive v0.1.8
[INFO] [stderr]    Compiling cssparser v0.25.9
[INFO] [stderr]    Compiling data-encoding-macro-internal v0.1.12
[INFO] [stderr]    Compiling cssparser-macros v0.3.6
[INFO] [stderr]     Checking structopt v0.2.18
[INFO] [stderr]     Checking hlua-badtouch v0.4.2
[INFO] [stderr]     Checking sct v0.4.0
[INFO] [stderr]     Checking webpki v0.18.1
[INFO] [stderr]     Checking data-encoding-macro v0.1.14
[INFO] [stderr]     Checking ct-logs v0.4.0
[INFO] [stderr]     Checking failure v0.1.8
[INFO] [stderr]     Checking rustls v0.13.1
[INFO] [stderr]     Checking rustls v0.14.0
[INFO] [stderr]     Checking webpki-roots v0.15.0
[INFO] [stderr]     Checking trust-dns-proto v0.6.3
[INFO] [stderr]     Checking trust-dns-proto v0.5.0
[INFO] [stderr]    Compiling markup5ever v0.8.1
[INFO] [stderr]     Checking tokio-rustls v0.7.2
[INFO] [stderr]     Checking trust-dns v0.15.1
[INFO] [stderr]     Checking trust-dns-resolver v0.10.3
[INFO] [stderr]     Checking tokio-rustls v0.8.1
[INFO] [stderr]     Checking hyper-rustls v0.14.0
[INFO] [stdout] error[E0463]: can't find crate for `trust_dns_https`
[INFO] [stdout]    --> /opt/rustwide/cargo-home/registry/src/index.crates.io-6f17d22bba15001f/trust-dns-resolver-0.10.3/src/lib.rs:191:1
[INFO] [stdout]     |
[INFO] [stdout] 191 | extern crate trust_dns_https;
[INFO] [stdout]     | ^^^^^^^^^^^^^^^^^^^^^^^^^^^^^ can't find crate
[INFO] [stdout] 
[INFO] [stdout] 
[INFO] [stdout] error[E0463]: can't find crate for `rustls`
[INFO] [stdout]  --> /opt/rustwide/cargo-home/registry/src/index.crates.io-6f17d22bba15001f/trust-dns-resolver-0.10.3/src/https.rs:1:1
[INFO] [stdout]   |
[INFO] [stdout] 1 | extern crate rustls;
[INFO] [stdout]   | ^^^^^^^^^^^^^^^^^^^^ can't find crate
[INFO] [stdout] 
[INFO] [stdout] 
[INFO] [stdout] error[E0463]: can't find crate for `webpki_roots`
[INFO] [stdout]  --> /opt/rustwide/cargo-home/registry/src/index.crates.io-6f17d22bba15001f/trust-dns-resolver-0.10.3/src/https.rs:2:1
[INFO] [stdout]   |
[INFO] [stdout] 2 | extern crate webpki_roots;
[INFO] [stdout]   | ^^^^^^^^^^^^^^^^^^^^^^^^^^ can't find crate
[INFO] [stdout] 
[INFO] [stdout] 
[INFO] [stdout] error: aborting due to 3 previous errors
[INFO] [stdout] 
[INFO] [stdout] 
[INFO] [stdout] For more information about this error, try `rustc --explain E0463`.
[INFO] [stdout] 
[INFO] [stderr] error: could not compile `trust-dns-resolver` (lib) due to 4 previous errors
[INFO] [stderr] warning: build failed, waiting for other jobs to finish...
[INFO] running `Command { std: "docker" "inspect" "8dd89c0d241b59ad3e08d46cd2e8398371d07e0fcfd8795a9ab228181803d333", kill_on_drop: false }`
[INFO] running `Command { std: "docker" "rm" "-f" "8dd89c0d241b59ad3e08d46cd2e8398371d07e0fcfd8795a9ab228181803d333", kill_on_drop: false }`
[INFO] [stdout] 8dd89c0d241b59ad3e08d46cd2e8398371d07e0fcfd8795a9ab228181803d333
[INFO] documenting snail-0.4.0 against beta-2023-12-22 for beta-1.76-rustdoc-1
[INFO] extracting crate snail 0.4.0 into /workspace/builds/worker-5-tc2/source
[INFO] validating manifest of crates.io crate snail 0.4.0 on toolchain beta-2023-12-22
[INFO] running `Command { std: CARGO_HOME="/workspace/cargo-home" RUSTUP_HOME="/workspace/rustup-home" "/workspace/cargo-home/bin/cargo" "+beta-2023-12-22" "metadata" "--manifest-path" "Cargo.toml" "--no-deps", kill_on_drop: false }`
[INFO] started tweaking crates.io crate snail 0.4.0
[INFO] finished tweaking crates.io crate snail 0.4.0
[INFO] tweaked toml for crates.io crate snail 0.4.0 written to /workspace/builds/worker-5-tc2/source/Cargo.toml
[INFO] running `Command { std: CARGO_HOME="/workspace/cargo-home" RUSTUP_HOME="/workspace/rustup-home" "/workspace/cargo-home/bin/cargo" "+beta-2023-12-22" "generate-lockfile" "--manifest-path" "Cargo.toml", kill_on_drop: false }`
[INFO] [stderr]     Updating crates.io index
[INFO] running `Command { std: CARGO_HOME="/workspace/cargo-home" RUSTUP_HOME="/workspace/rustup-home" "/workspace/cargo-home/bin/cargo" "+beta-2023-12-22" "fetch" "--manifest-path" "Cargo.toml", kill_on_drop: false }`
[INFO] running `Command { std: "docker" "create" "-v" "/var/lib/crater-agent-workspace/builds/worker-5-tc2/target:/opt/rustwide/target:rw,Z" "-v" "/var/lib/crater-agent-workspace/builds/worker-5-tc2/source:/opt/rustwide/workdir:ro,Z" "-v" "/var/lib/crater-agent-workspace/cargo-home:/opt/rustwide/cargo-home:ro,Z" "-v" "/var/lib/crater-agent-workspace/rustup-home:/opt/rustwide/rustup-home:ro,Z" "-e" "SOURCE_DIR=/opt/rustwide/workdir" "-e" "CARGO_TARGET_DIR=/opt/rustwide/target" "-e" "CARGO_HOME=/opt/rustwide/cargo-home" "-e" "RUSTUP_HOME=/opt/rustwide/rustup-home" "-w" "/opt/rustwide/workdir" "-m" "1610612736" "--user" "0:0" "--network" "none" "ghcr.io/rust-lang/crates-build-env/linux@sha256:2788e3201cd34a07e3172128adcd8b3090168a8e3bcc40d7c032b9dda1df7d1c" "/opt/rustwide/cargo-home/bin/cargo" "+beta-2023-12-22" "metadata" "--no-deps" "--format-version=1", kill_on_drop: false }`
[INFO] [stdout] 1fc900e5e51bfdb68a688dcb39d3b802b3f540b424d5e3bc8c0470ac73ce5d8f
[INFO] running `Command { std: "docker" "start" "-a" "1fc900e5e51bfdb68a688dcb39d3b802b3f540b424d5e3bc8c0470ac73ce5d8f", kill_on_drop: false }`
[INFO] running `Command { std: "docker" "inspect" "1fc900e5e51bfdb68a688dcb39d3b802b3f540b424d5e3bc8c0470ac73ce5d8f", kill_on_drop: false }`
[INFO] running `Command { std: "docker" "rm" "-f" "1fc900e5e51bfdb68a688dcb39d3b802b3f540b424d5e3bc8c0470ac73ce5d8f", kill_on_drop: false }`
[INFO] [stdout] 1fc900e5e51bfdb68a688dcb39d3b802b3f540b424d5e3bc8c0470ac73ce5d8f
[INFO] running `Command { std: "docker" "create" "-v" "/var/lib/crater-agent-workspace/builds/worker-5-tc2/target:/opt/rustwide/target:rw,Z" "-v" "/var/lib/crater-agent-workspace/builds/worker-5-tc2/source:/opt/rustwide/workdir:ro,Z" "-v" "/var/lib/crater-agent-workspace/cargo-home:/opt/rustwide/cargo-home:ro,Z" "-v" "/var/lib/crater-agent-workspace/rustup-home:/opt/rustwide/rustup-home:ro,Z" "-e" "SOURCE_DIR=/opt/rustwide/workdir" "-e" "CARGO_TARGET_DIR=/opt/rustwide/target" "-e" "CARGO_INCREMENTAL=0" "-e" "RUST_BACKTRACE=full" "-e" "RUSTFLAGS=--cap-lints=warn" "-e" "RUSTDOCFLAGS=--cap-lints=warn" "-e" "CARGO_HOME=/opt/rustwide/cargo-home" "-e" "RUSTUP_HOME=/opt/rustwide/rustup-home" "-w" "/opt/rustwide/workdir" "-m" "1610612736" "--user" "0:0" "--network" "none" "ghcr.io/rust-lang/crates-build-env/linux@sha256:2788e3201cd34a07e3172128adcd8b3090168a8e3bcc40d7c032b9dda1df7d1c" "/opt/rustwide/cargo-home/bin/cargo" "+beta-2023-12-22" "doc" "--frozen" "--no-deps" "--document-private-items" "--message-format=json", kill_on_drop: false }`
[INFO] [stdout] 59342ea2ee09e216327a8932f80a8bdba8f716a96334960f80297b974e0b205d
[INFO] running `Command { std: "docker" "start" "-a" "59342ea2ee09e216327a8932f80a8bdba8f716a96334960f80297b974e0b205d", kill_on_drop: false }`
[INFO] [stderr]     Checking futures v0.1.31
[INFO] [stderr]    Compiling semver-parser v0.7.0
[INFO] [stderr]     Checking either v1.9.0
[INFO] [stderr]    Compiling libc v0.2.151
[INFO] [stderr]    Compiling proc-macro2 v1.0.76
[INFO] [stderr]    Compiling crossbeam-utils v0.7.2
[INFO] [stderr]    Compiling rand_core v0.3.1
[INFO] [stderr]     Checking lock_api v0.3.4
[INFO] [stderr]    Compiling memoffset v0.5.6
[INFO] [stderr]     Checking mio v0.6.23
[INFO] [stderr]    Compiling crossbeam-epoch v0.8.2
[INFO] [stderr]     Checking untrusted v0.6.2
[INFO] [stderr]    Compiling error-chain v0.10.0
[INFO] [stderr]    Compiling toml v0.2.1
[INFO] [stderr]     Checking rand_core v0.4.2
[INFO] [stderr]     Checking base64 v0.9.3
[INFO] [stderr]    Compiling rand_isaac v0.1.1
[INFO] [stderr]    Compiling rand_xorshift v0.1.1
[INFO] [stderr]     Checking bytes v0.4.12
[INFO] [stderr]    Compiling semver v0.9.0
[INFO] [stderr]    Compiling rand_chacha v0.1.1
[INFO] [stderr]    Compiling rand_hc v0.1.0
[INFO] [stderr]     Checking url v1.7.2
[INFO] [stderr]    Compiling syn v0.15.44
[INFO] [stderr]    Compiling metadeps v1.1.2
[INFO] [stderr]    Compiling serde v1.0.195
[INFO] [stderr]     Checking rand v0.5.6
[INFO] [stderr]    Compiling rustc_version v0.2.3
[INFO] [stderr]     Checking socket2 v0.3.19
[INFO] [stderr]     Checking time v0.1.45
[INFO] [stderr]    Compiling rustix v0.38.28
[INFO] [stderr]     Checking data-encoding v2.5.0
[INFO] [stderr]     Checking http v0.1.21
[INFO] [stderr]    Compiling quote v1.0.35
[INFO] [stderr]    Compiling parking_lot_core v0.6.3
[INFO] [stderr]    Compiling parking_lot v0.9.0
[INFO] [stderr]     Checking mio-uds v0.6.8
[INFO] [stderr]    Compiling zmq-sys v0.8.3
[INFO] [stderr]     Checking atty v0.2.14
[INFO] [stderr]    Compiling syn v1.0.109
[INFO] [stderr]     Checking crossbeam-queue v0.2.3
[INFO] [stderr]    Compiling syn v2.0.48
[INFO] [stderr]     Checking linux-raw-sys v0.4.12
[INFO] [stderr]     Checking lru-cache v0.1.2
[INFO] [stderr]    Compiling hyper v0.12.36
[INFO] [stderr]     Checking string v0.2.1
[INFO] [stderr]     Checking crossbeam-deque v0.7.4
[INFO] [stderr]    Compiling libdbus-sys v0.2.5
[INFO] [stderr]    Compiling seccomp-sys v0.1.3
[INFO] [stderr]     Checking nibble_vec v0.0.4
[INFO] [stderr]     Checking endian-type v0.1.2
[INFO] [stderr]     Checking match_cfg v0.1.0
[INFO] [stderr]     Checking clap v2.34.0
[INFO] [stderr]     Checking tokio-executor v0.1.10
[INFO] [stderr]     Checking tokio-io v0.1.13
[INFO] [stderr]     Checking tokio-sync v0.1.8
[INFO] [stderr]     Checking tokio-buf v0.1.1
[INFO] [stderr]     Checking radix_trie v0.1.6
[INFO] [stderr]     Checking tokio-timer v0.2.13
[INFO] [stderr]     Checking tokio-threadpool v0.1.18
[INFO] [stderr]     Checking tokio-current-thread v0.1.7
[INFO] [stderr]     Checking hostname v0.3.1
[INFO] [stderr]     Checking futures-cpupool v0.1.8
[INFO] [stderr]     Checking want v0.2.0
[INFO] [stderr]     Checking tokio-codec v0.1.2
[INFO] [stderr]     Checking chrono v0.4.31
[INFO] [stderr]    Compiling cc v1.0.83
[INFO] [stderr]    Compiling rand_os v0.1.3
[INFO] [stderr]     Checking tokio-reactor v0.1.12
[INFO] [stderr]    Compiling nix v0.11.1
[INFO] [stderr]     Checking scoped-tls v0.1.2
[INFO] [stderr]    Compiling rand v0.6.5
[INFO] [stderr]     Checking tokio-fs v0.1.7
[INFO] [stderr]    Compiling zmq v0.8.3
[INFO] [stderr]     Checking env_logger v0.5.13
[INFO] [stderr]     Checking tokio-tcp v0.1.4
[INFO] [stderr]     Checking tokio-udp v0.1.6
[INFO] [stderr]     Checking tokio-uds v0.2.7
[INFO] [stderr]     Checking resolv-conf v0.6.3
[INFO] [stderr]     Checking errno v0.2.8
[INFO] [stderr]     Checking void v1.0.2
[INFO] [stderr]     Checking tokio v0.1.22
[INFO] [stderr]     Checking http-body v0.1.0
[INFO] [stderr]     Checking h2 v0.1.26
[INFO] [stderr]     Checking dtoa v0.4.8
[INFO] [stderr]     Checking error-chain v0.11.0
[INFO] [stderr]     Checking dbus v0.6.5
[INFO] [stderr]     Checking caps v0.2.0
[INFO] [stderr]     Checking serde_urlencoded v0.5.5
[INFO] [stderr]     Checking tokio-core v0.1.18
[INFO] [stderr]     Checking syscallz v0.7.0
[INFO] [stderr]     Checking dhcp4r v0.1.0
[INFO] [stderr]     Checking users v0.7.0
[INFO] [stderr]     Checking reduce v0.1.5+deprecated
[INFO] [stderr]     Checking mrsc v0.3.1
[INFO] [stderr]    Compiling phf_generator v0.7.24
[INFO] [stderr]    Compiling phf_codegen v0.7.24
[INFO] [stderr]    Compiling string_cache_codegen v0.4.4
[INFO] [stderr]    Compiling selectors v0.21.0
[INFO] [stderr]    Compiling ring v0.13.5
[INFO] [stderr]    Compiling backtrace v0.3.69
[INFO] [stderr]    Compiling libsqlite3-sys v0.10.0
[INFO] [stderr]    Compiling lua52-sys v0.1.2
[INFO] [stderr]    Compiling string_cache v0.7.5
[INFO] [stderr]     Checking is-terminal v0.4.10
[INFO] [stderr]     Checking tempfile v3.9.0
[INFO] [stderr]     Checking colored v1.9.4
[INFO] [stderr]    Compiling serde_json v1.0.111
[INFO] [stderr]    Compiling serde_derive v1.0.195
[INFO] [stderr]    Compiling html5ever v0.23.0
[INFO] [stderr]    Compiling structopt-derive v0.2.18
[INFO] [stderr]    Compiling synstructure v0.12.6
[INFO] [stderr]     Checking webpki v0.18.1
[INFO] [stderr]     Checking sct v0.4.0
[INFO] [stderr]     Checking structopt v0.2.18
[INFO] [stderr]     Checking hlua-badtouch v0.4.2
[INFO] [stderr]     Checking ct-logs v0.4.0
[INFO] [stderr]    Compiling failure_derive v0.1.8
[INFO] [stderr]    Compiling cssparser v0.25.9
[INFO] [stderr]    Compiling cssparser-macros v0.3.6
[INFO] [stderr]    Compiling data-encoding-macro-internal v0.1.12
[INFO] [stderr]     Checking rustls v0.13.1
[INFO] [stderr]     Checking rustls v0.14.0
[INFO] [stderr]     Checking webpki-roots v0.15.0
[INFO] [stderr]     Checking data-encoding-macro v0.1.14
[INFO] [stderr]     Checking failure v0.1.8
[INFO] [stderr]     Checking trust-dns-proto v0.6.3
[INFO] [stderr]     Checking trust-dns-proto v0.5.0
[INFO] [stderr]     Checking tokio-rustls v0.7.2
[INFO] [stderr]     Checking hyper-rustls v0.14.0
[INFO] [stderr]     Checking tokio-rustls v0.8.1
[INFO] [stderr]    Compiling markup5ever v0.8.1
[INFO] [stderr]     Checking trust-dns v0.15.1
[INFO] [stderr]     Checking trust-dns-resolver v0.10.3
[INFO] [stdout] error[E0463]: can't find crate for `trust_dns_https`
[INFO] [stdout]    --> /opt/rustwide/cargo-home/registry/src/index.crates.io-6f17d22bba15001f/trust-dns-resolver-0.10.3/src/lib.rs:191:1
[INFO] [stdout]     |
[INFO] [stdout] 191 | extern crate trust_dns_https;
[INFO] [stdout]     | ^^^^^^^^^^^^^^^^^^^^^^^^^^^^^ can't find crate
[INFO] [stdout] 
[INFO] [stdout] 
[INFO] [stdout] error[E0463]: can't find crate for `rustls`
[INFO] [stdout]  --> /opt/rustwide/cargo-home/registry/src/index.crates.io-6f17d22bba15001f/trust-dns-resolver-0.10.3/src/https.rs:1:1
[INFO] [stdout]   |
[INFO] [stdout] 1 | extern crate rustls;
[INFO] [stdout]   | ^^^^^^^^^^^^^^^^^^^^ can't find crate
[INFO] [stdout] 
[INFO] [stdout] 
[INFO] [stdout] error[E0463]: can't find crate for `webpki_roots`
[INFO] [stdout]  --> /opt/rustwide/cargo-home/registry/src/index.crates.io-6f17d22bba15001f/trust-dns-resolver-0.10.3/src/https.rs:2:1
[INFO] [stdout]   |
[INFO] [stdout] 2 | extern crate webpki_roots;
[INFO] [stdout]   | ^^^^^^^^^^^^^^^^^^^^^^^^^^ can't find crate
[INFO] [stdout] 
[INFO] [stdout] 
[INFO] [stdout] error: aborting due to 3 previous errors
[INFO] [stdout] 
[INFO] [stdout] 
[INFO] [stdout] For more information about this error, try `rustc --explain E0463`.
[INFO] [stdout] 
[INFO] [stderr] error: could not compile `trust-dns-resolver` (lib) due to 4 previous errors
[INFO] [stderr] warning: build failed, waiting for other jobs to finish...
[INFO] running `Command { std: "docker" "inspect" "59342ea2ee09e216327a8932f80a8bdba8f716a96334960f80297b974e0b205d", kill_on_drop: false }`
[INFO] running `Command { std: "docker" "rm" "-f" "59342ea2ee09e216327a8932f80a8bdba8f716a96334960f80297b974e0b205d", kill_on_drop: false }`
[INFO] [stdout] 59342ea2ee09e216327a8932f80a8bdba8f716a96334960f80297b974e0b205d
