[INFO] fetching crate sir 0.4.0...
[INFO] documenting sir-0.4.0 against 1.75.0 for beta-1.76-rustdoc-1
[INFO] extracting crate sir 0.4.0 into /workspace/builds/worker-3-tc1/source
[INFO] validating manifest of crates.io crate sir 0.4.0 on toolchain 1.75.0
[INFO] running `Command { std: CARGO_HOME="/workspace/cargo-home" RUSTUP_HOME="/workspace/rustup-home" "/workspace/cargo-home/bin/cargo" "+1.75.0" "metadata" "--manifest-path" "Cargo.toml" "--no-deps", kill_on_drop: false }`
[INFO] started tweaking crates.io crate sir 0.4.0
[INFO] removed 0 missing examples
[INFO] finished tweaking crates.io crate sir 0.4.0
[INFO] tweaked toml for crates.io crate sir 0.4.0 written to /workspace/builds/worker-3-tc1/source/Cargo.toml
[INFO] crate crates.io crate sir 0.4.0 already has a lockfile, it will not be regenerated
[INFO] running `Command { std: CARGO_HOME="/workspace/cargo-home" RUSTUP_HOME="/workspace/rustup-home" "/workspace/cargo-home/bin/cargo" "+1.75.0" "fetch" "--manifest-path" "Cargo.toml", kill_on_drop: false }`
[INFO] [stderr]     Updating crates.io index
[INFO] [stderr]  Downloading crates ...
[INFO] [stderr]   Downloaded tao-macros v0.1.1
[INFO] [stderr]   Downloaded sir-macro v0.3.0
[INFO] [stderr]   Downloaded version-compare v0.1.0
[INFO] [stderr]   Downloaded dioxus-hooks v0.4.0
[INFO] [stderr]   Downloaded cfg-expr v0.10.2
[INFO] [stderr]   Downloaded webbrowser v0.8.4
[INFO] [stderr]   Downloaded system-deps v6.0.2
[INFO] [stderr]   Downloaded dioxus v0.4.0
[INFO] [stderr]   Downloaded litrs v0.3.0
[INFO] [stderr]   Downloaded dioxus-rsx v0.4.0
[INFO] [stderr]   Downloaded dioxus-debug-cell v0.1.1
[INFO] [stderr]   Downloaded bytemuck v1.10.0
[INFO] [stderr]   Downloaded rfd v0.11.4
[INFO] [stderr]   Downloaded interprocess-docfix v1.2.2
[INFO] [stderr]   Downloaded rsass v0.27.0
[INFO] [stderr]   Downloaded tao v0.19.1
[INFO] [stderr]   Downloaded dioxus-desktop v0.4.0
[INFO] [stderr]   Downloaded wry v0.28.3
[INFO] [stderr]   Downloaded rustix v0.37.3
[INFO] [stderr]   Downloaded x11 v2.19.1
[INFO] [stderr]   Downloaded dioxus-core v0.4.1
[INFO] [stderr]   Downloaded dioxus-html v0.4.0
[INFO] [stderr]   Downloaded dioxus-core-macro v0.4.0
[INFO] [stderr]   Downloaded dioxus-interpreter-js v0.4.0
[INFO] [stderr]   Downloaded smallbox v0.8.1
[INFO] [stderr]   Downloaded dioxus-hot-reload v0.4.0
[INFO] running `Command { std: "docker" "create" "-v" "/var/lib/crater-agent-workspace/builds/worker-3-tc1/target:/opt/rustwide/target:rw,Z" "-v" "/var/lib/crater-agent-workspace/builds/worker-3-tc1/source:/opt/rustwide/workdir:ro,Z" "-v" "/var/lib/crater-agent-workspace/cargo-home:/opt/rustwide/cargo-home:ro,Z" "-v" "/var/lib/crater-agent-workspace/rustup-home:/opt/rustwide/rustup-home:ro,Z" "-e" "SOURCE_DIR=/opt/rustwide/workdir" "-e" "CARGO_TARGET_DIR=/opt/rustwide/target" "-e" "CARGO_HOME=/opt/rustwide/cargo-home" "-e" "RUSTUP_HOME=/opt/rustwide/rustup-home" "-w" "/opt/rustwide/workdir" "-m" "1610612736" "--user" "0:0" "--network" "none" "ghcr.io/rust-lang/crates-build-env/linux@sha256:2788e3201cd34a07e3172128adcd8b3090168a8e3bcc40d7c032b9dda1df7d1c" "/opt/rustwide/cargo-home/bin/cargo" "+1.75.0" "metadata" "--no-deps" "--format-version=1", kill_on_drop: false }`
[INFO] [stdout] 36dc6d15d9ba73d16ec2d3c9e5cffad25e59e80b6b2a2becb868b72291c00e20
[INFO] running `Command { std: "docker" "start" "-a" "36dc6d15d9ba73d16ec2d3c9e5cffad25e59e80b6b2a2becb868b72291c00e20", kill_on_drop: false }`
[INFO] running `Command { std: "docker" "inspect" "36dc6d15d9ba73d16ec2d3c9e5cffad25e59e80b6b2a2becb868b72291c00e20", kill_on_drop: false }`
[INFO] running `Command { std: "docker" "rm" "-f" "36dc6d15d9ba73d16ec2d3c9e5cffad25e59e80b6b2a2becb868b72291c00e20", kill_on_drop: false }`
[INFO] [stdout] 36dc6d15d9ba73d16ec2d3c9e5cffad25e59e80b6b2a2becb868b72291c00e20
[INFO] running `Command { std: "docker" "create" "-v" "/var/lib/crater-agent-workspace/builds/worker-3-tc1/target:/opt/rustwide/target:rw,Z" "-v" "/var/lib/crater-agent-workspace/builds/worker-3-tc1/source:/opt/rustwide/workdir:ro,Z" "-v" "/var/lib/crater-agent-workspace/cargo-home:/opt/rustwide/cargo-home:ro,Z" "-v" "/var/lib/crater-agent-workspace/rustup-home:/opt/rustwide/rustup-home:ro,Z" "-e" "SOURCE_DIR=/opt/rustwide/workdir" "-e" "CARGO_TARGET_DIR=/opt/rustwide/target" "-e" "CARGO_INCREMENTAL=0" "-e" "RUST_BACKTRACE=full" "-e" "RUSTFLAGS=--cap-lints=warn" "-e" "RUSTDOCFLAGS=--cap-lints=warn" "-e" "CARGO_HOME=/opt/rustwide/cargo-home" "-e" "RUSTUP_HOME=/opt/rustwide/rustup-home" "-w" "/opt/rustwide/workdir" "-m" "1610612736" "--user" "0:0" "--network" "none" "ghcr.io/rust-lang/crates-build-env/linux@sha256:2788e3201cd34a07e3172128adcd8b3090168a8e3bcc40d7c032b9dda1df7d1c" "/opt/rustwide/cargo-home/bin/cargo" "+1.75.0" "doc" "--frozen" "--no-deps" "--document-private-items" "--message-format=json", kill_on_drop: false }`
[INFO] [stdout] 8e1104d9cba4724a99b7fc2e0012199b32934d8560a862b4ea8cb771d2c06247
[INFO] running `Command { std: "docker" "start" "-a" "8e1104d9cba4724a99b7fc2e0012199b32934d8560a862b4ea8cb771d2c06247", kill_on_drop: false }`
[INFO] [stderr]    Compiling proc-macro2 v1.0.66
[INFO] [stderr]    Compiling num-traits v0.2.14
[INFO] [stderr]    Compiling libc v0.2.139
[INFO] [stderr]    Compiling num-integer v0.1.44
[INFO] [stderr]    Compiling syn v1.0.107
[INFO] [stderr]    Compiling num-bigint v0.4.3
[INFO] [stderr]    Compiling memchr v2.4.1
[INFO] [stderr]    Compiling num-rational v0.4.0
[INFO] [stderr]    Compiling once_cell v1.17.0
[INFO] [stderr]    Compiling pin-project-lite v0.2.9
[INFO] [stderr]    Compiling minimal-lexical v0.2.1
[INFO] [stderr]    Compiling tracing-core v0.1.30
[INFO] [stderr]    Compiling ppv-lite86 v0.2.16
[INFO] [stderr]    Compiling arc-swap v1.6.0
[INFO] [stderr]    Compiling fastrand v1.7.0
[INFO] [stderr]    Compiling nom v7.1.1
[INFO] [stderr]    Compiling quote v1.0.32
[INFO] [stderr]    Compiling litrs v0.3.0
[INFO] [stderr]    Compiling getrandom v0.2.6
[INFO] [stderr]    Compiling rand_core v0.6.3
[INFO] [stderr]    Compiling rand_chacha v0.3.1
[INFO] [stderr]    Compiling rand v0.8.5
[INFO] [stderr]    Compiling tracing-attributes v0.1.23
[INFO] [stderr]    Compiling tracing v0.1.37
[INFO] [stderr]    Compiling rsass v0.27.0
[INFO] [stderr]    Compiling sir-macro v0.3.0
[INFO] [stderr]  Documenting sir v0.4.0 (/opt/rustwide/workdir)
[INFO] [stderr]     Finished dev [unoptimized + debuginfo] target(s) in 8.11s
[INFO] [stderr]    Generated /opt/rustwide/target/doc/sir/index.html
[INFO] running `Command { std: "docker" "inspect" "8e1104d9cba4724a99b7fc2e0012199b32934d8560a862b4ea8cb771d2c06247", kill_on_drop: false }`
[INFO] running `Command { std: "docker" "rm" "-f" "8e1104d9cba4724a99b7fc2e0012199b32934d8560a862b4ea8cb771d2c06247", kill_on_drop: false }`
[INFO] [stdout] 8e1104d9cba4724a99b7fc2e0012199b32934d8560a862b4ea8cb771d2c06247
[INFO] running `Command { std: "docker" "create" "-v" "/var/lib/crater-agent-workspace/builds/worker-3-tc1/target:/opt/rustwide/target:rw,Z" "-v" "/var/lib/crater-agent-workspace/builds/worker-3-tc1/source:/opt/rustwide/workdir:ro,Z" "-v" "/var/lib/crater-agent-workspace/cargo-home:/opt/rustwide/cargo-home:ro,Z" "-v" "/var/lib/crater-agent-workspace/rustup-home:/opt/rustwide/rustup-home:ro,Z" "-e" "SOURCE_DIR=/opt/rustwide/workdir" "-e" "CARGO_TARGET_DIR=/opt/rustwide/target" "-e" "CARGO_INCREMENTAL=0" "-e" "RUST_BACKTRACE=full" "-e" "RUSTFLAGS=--cap-lints=warn" "-e" "RUSTDOCFLAGS=--cap-lints=warn" "-e" "DOCS_RS=1" "-e" "RUSTC_BOOTSTRAP=1" "-e" "CARGO_HOME=/opt/rustwide/cargo-home" "-e" "RUSTUP_HOME=/opt/rustwide/rustup-home" "-w" "/opt/rustwide/workdir" "-m" "1610612736" "--user" "0:0" "--network" "none" "ghcr.io/rust-lang/crates-build-env/linux@sha256:2788e3201cd34a07e3172128adcd8b3090168a8e3bcc40d7c032b9dda1df7d1c" "/opt/rustwide/cargo-home/bin/cargo" "+1.75.0" "rustdoc" "--lib" "-Zrustdoc-map" "--features" "dioxus" "-Z" "unstable-options" "--config" "build.rustdocflags=[\"-Z\", \"unstable-options\", \"--document-private-items\"]" "--frozen" "--message-format=json", kill_on_drop: false }`
[INFO] [stdout] 9cfaec532b7d733d27a8fdf4180edf1c8578422c0e963c8ce0e68125bafcf415
[INFO] running `Command { std: "docker" "start" "-a" "9cfaec532b7d733d27a8fdf4180edf1c8578422c0e963c8ce0e68125bafcf415", kill_on_drop: false }`
[INFO] [stderr]    Compiling proc-macro2 v1.0.66
[INFO] [stderr]    Compiling syn v1.0.107
[INFO] [stderr]    Compiling futures-core v0.3.25
[INFO] [stderr]    Compiling futures-task v0.3.25
[INFO] [stderr]    Compiling futures-util v0.3.25
[INFO] [stderr]    Compiling futures-channel v0.3.21
[INFO] [stderr]    Compiling serde v1.0.183
[INFO] [stderr]    Compiling bumpalo v3.9.1
[INFO] [stderr]    Compiling serde_derive v1.0.183
[INFO] [stderr]    Compiling wasm-bindgen-shared v0.2.79
[INFO] [stderr]    Compiling crossbeam-utils v0.8.16
[INFO] [stderr]    Compiling num-traits v0.2.14
[INFO] [stderr]    Compiling ident_case v1.0.1
[INFO] [stderr]    Compiling fnv v1.0.7
[INFO] [stderr]    Compiling semver v1.0.16
[INFO] [stderr]    Compiling wasm-bindgen v0.2.79
[INFO] [stderr]    Compiling quote v1.0.32
[INFO] [stderr]     Checking concurrent-queue v2.2.0
[INFO] [stderr]    Compiling syn v2.0.28
[INFO] [stderr]    Compiling lock_api v0.4.7
[INFO] [stderr]     Checking parking v2.0.0
[INFO] [stderr]     Checking fastrand v1.7.0
[INFO] [stderr]    Compiling thiserror v1.0.44
[INFO] [stderr]     Checking longest-increasing-subsequence v0.1.0
[INFO] [stderr]     Checking slab v0.4.5
[INFO] [stderr]     Checking smallbox v0.8.1
[INFO] [stderr]     Checking unicode-ident v1.0.6
[INFO] [stderr]     Checking futures-lite v1.12.0
[INFO] [stderr]    Compiling rustc_version v0.4.0
[INFO] [stderr]     Checking async-channel v1.9.0
[INFO] [stderr]    Compiling serde_json v1.0.104
[INFO] [stderr]    Compiling async-trait v0.1.73
[INFO] [stderr]    Compiling pin-utils v0.1.0
[INFO] [stderr]     Checking scopeguard v1.1.0
[INFO] [stderr]    Compiling interprocess-docfix v1.2.2
[INFO] [stderr]     Checking async-lock v2.6.0
[INFO] [stderr]     Checking ordered-float v2.10.0
[INFO] [stderr]     Checking atomic-waker v1.1.0
[INFO] [stderr]     Checking async-task v4.3.0
[INFO] [stderr]     Checking unicode-segmentation v1.10.0
[INFO] [stderr]     Checking blocking v1.3.0
[INFO] [stderr]     Checking spinning v0.1.0
[INFO] [stderr]     Checking intmap v0.7.1
[INFO] [stderr]     Checking to_method v1.1.0
[INFO] [stderr]     Checking dioxus-debug-cell v0.1.1
[INFO] [stderr]    Compiling litrs v0.3.0
[INFO] [stdout] error[E0599]: no method named `unwrap` found for struct `proc_macro2::Span` in the current scope
[INFO] [stdout]   --> /opt/rustwide/cargo-home/registry/src/index.crates.io-6f17d22bba15001f/litrs-0.3.0/src/err.rs:23:31
[INFO] [stdout]    |
[INFO] [stdout] 23 |             Span::Two(s) => s.unwrap(),
[INFO] [stdout]    |                               ^^^^^^ method not found in `Span`
[INFO] [stdout] 
[INFO] [stdout] 
[INFO] [stdout] error[E0308]: mismatched types
[INFO] [stdout]    --> /opt/rustwide/cargo-home/registry/src/index.crates.io-6f17d22bba15001f/litrs-0.3.0/src/err.rs:47:53
[INFO] [stdout]     |
[INFO] [stdout] 47  |             Span::One(s) => proc_macro2::Span::from(s),
[INFO] [stdout]     |                             ----------------------- ^ expected `proc_macro2::Span`, found `proc_macro::Span`
[INFO] [stdout]     |                             |
[INFO] [stdout]     |                             arguments to this function are incorrect
[INFO] [stdout]     |
[INFO] [stdout]     = note: `proc_macro::Span` and `proc_macro2::Span` have similar names, but are actually distinct types
[INFO] [stdout] note: `proc_macro::Span` is defined in crate `proc_macro`
[INFO] [stdout]    --> /rustc/82e1608dfa6e0b5569232559e3d385fea5a93112/library/proc_macro/src/lib.rs:429:1
[INFO] [stdout] note: `proc_macro2::Span` is defined in crate `proc_macro2`
[INFO] [stdout]    --> /opt/rustwide/cargo-home/registry/src/index.crates.io-6f17d22bba15001f/proc-macro2-1.0.66/src/lib.rs:373:1
[INFO] [stdout]     |
[INFO] [stdout] 373 | pub struct Span {
[INFO] [stdout]     | ^^^^^^^^^^^^^^^
[INFO] [stdout] note: associated function defined here
[INFO] [stdout]    --> /rustc/82e1608dfa6e0b5569232559e3d385fea5a93112/library/core/src/convert/mod.rs:584:8
[INFO] [stdout] 
[INFO] [stdout] 
[INFO] [stdout] error: aborting due to 2 previous errors
[INFO] [stdout] 
[INFO] [stdout] 
[INFO] [stdout] Some errors have detailed explanations: E0308, E0599.
[INFO] [stdout] 
[INFO] [stdout] For more information about an error, try `rustc --explain E0308`.
[INFO] [stdout] 
[INFO] [stderr] error: could not compile `litrs` (lib) due to 3 previous errors
[INFO] [stderr] warning: build failed, waiting for other jobs to finish...
[INFO] running `Command { std: "docker" "inspect" "9cfaec532b7d733d27a8fdf4180edf1c8578422c0e963c8ce0e68125bafcf415", kill_on_drop: false }`
[INFO] running `Command { std: "docker" "rm" "-f" "9cfaec532b7d733d27a8fdf4180edf1c8578422c0e963c8ce0e68125bafcf415", kill_on_drop: false }`
[INFO] [stdout] 9cfaec532b7d733d27a8fdf4180edf1c8578422c0e963c8ce0e68125bafcf415
[INFO] documenting sir-0.4.0 against beta-2023-12-22 for beta-1.76-rustdoc-1
[INFO] extracting crate sir 0.4.0 into /workspace/builds/worker-3-tc2/source
[INFO] validating manifest of crates.io crate sir 0.4.0 on toolchain beta-2023-12-22
[INFO] running `Command { std: CARGO_HOME="/workspace/cargo-home" RUSTUP_HOME="/workspace/rustup-home" "/workspace/cargo-home/bin/cargo" "+beta-2023-12-22" "metadata" "--manifest-path" "Cargo.toml" "--no-deps", kill_on_drop: false }`
[INFO] started tweaking crates.io crate sir 0.4.0
[INFO] removed 0 missing examples
[INFO] finished tweaking crates.io crate sir 0.4.0
[INFO] tweaked toml for crates.io crate sir 0.4.0 written to /workspace/builds/worker-3-tc2/source/Cargo.toml
[INFO] crate crates.io crate sir 0.4.0 already has a lockfile, it will not be regenerated
[INFO] running `Command { std: CARGO_HOME="/workspace/cargo-home" RUSTUP_HOME="/workspace/rustup-home" "/workspace/cargo-home/bin/cargo" "+beta-2023-12-22" "fetch" "--manifest-path" "Cargo.toml", kill_on_drop: false }`
[INFO] running `Command { std: "docker" "create" "-v" "/var/lib/crater-agent-workspace/builds/worker-3-tc2/target:/opt/rustwide/target:rw,Z" "-v" "/var/lib/crater-agent-workspace/builds/worker-3-tc2/source:/opt/rustwide/workdir:ro,Z" "-v" "/var/lib/crater-agent-workspace/cargo-home:/opt/rustwide/cargo-home:ro,Z" "-v" "/var/lib/crater-agent-workspace/rustup-home:/opt/rustwide/rustup-home:ro,Z" "-e" "SOURCE_DIR=/opt/rustwide/workdir" "-e" "CARGO_TARGET_DIR=/opt/rustwide/target" "-e" "CARGO_HOME=/opt/rustwide/cargo-home" "-e" "RUSTUP_HOME=/opt/rustwide/rustup-home" "-w" "/opt/rustwide/workdir" "-m" "1610612736" "--user" "0:0" "--network" "none" "ghcr.io/rust-lang/crates-build-env/linux@sha256:2788e3201cd34a07e3172128adcd8b3090168a8e3bcc40d7c032b9dda1df7d1c" "/opt/rustwide/cargo-home/bin/cargo" "+beta-2023-12-22" "metadata" "--no-deps" "--format-version=1", kill_on_drop: false }`
[INFO] [stdout] 79d525d0cb0dda0573f14be8ec1ace727428e9ca59d6bfc0249bd19649b1b501
[INFO] running `Command { std: "docker" "start" "-a" "79d525d0cb0dda0573f14be8ec1ace727428e9ca59d6bfc0249bd19649b1b501", kill_on_drop: false }`
[INFO] running `Command { std: "docker" "inspect" "79d525d0cb0dda0573f14be8ec1ace727428e9ca59d6bfc0249bd19649b1b501", kill_on_drop: false }`
[INFO] running `Command { std: "docker" "rm" "-f" "79d525d0cb0dda0573f14be8ec1ace727428e9ca59d6bfc0249bd19649b1b501", kill_on_drop: false }`
[INFO] [stdout] 79d525d0cb0dda0573f14be8ec1ace727428e9ca59d6bfc0249bd19649b1b501
[INFO] running `Command { std: "docker" "create" "-v" "/var/lib/crater-agent-workspace/builds/worker-3-tc2/target:/opt/rustwide/target:rw,Z" "-v" "/var/lib/crater-agent-workspace/builds/worker-3-tc2/source:/opt/rustwide/workdir:ro,Z" "-v" "/var/lib/crater-agent-workspace/cargo-home:/opt/rustwide/cargo-home:ro,Z" "-v" "/var/lib/crater-agent-workspace/rustup-home:/opt/rustwide/rustup-home:ro,Z" "-e" "SOURCE_DIR=/opt/rustwide/workdir" "-e" "CARGO_TARGET_DIR=/opt/rustwide/target" "-e" "CARGO_INCREMENTAL=0" "-e" "RUST_BACKTRACE=full" "-e" "RUSTFLAGS=--cap-lints=warn" "-e" "RUSTDOCFLAGS=--cap-lints=warn" "-e" "CARGO_HOME=/opt/rustwide/cargo-home" "-e" "RUSTUP_HOME=/opt/rustwide/rustup-home" "-w" "/opt/rustwide/workdir" "-m" "1610612736" "--user" "0:0" "--network" "none" "ghcr.io/rust-lang/crates-build-env/linux@sha256:2788e3201cd34a07e3172128adcd8b3090168a8e3bcc40d7c032b9dda1df7d1c" "/opt/rustwide/cargo-home/bin/cargo" "+beta-2023-12-22" "doc" "--frozen" "--no-deps" "--document-private-items" "--message-format=json", kill_on_drop: false }`
[INFO] [stdout] fcb47accd788531312f6c249217e92569c1c52371ed905a08641df15d1178722
[INFO] running `Command { std: "docker" "start" "-a" "fcb47accd788531312f6c249217e92569c1c52371ed905a08641df15d1178722", kill_on_drop: false }`
[INFO] [stderr]    Compiling proc-macro2 v1.0.66
[INFO] [stderr]    Compiling num-traits v0.2.14
[INFO] [stderr]    Compiling libc v0.2.139
[INFO] [stderr]    Compiling num-integer v0.1.44
[INFO] [stderr]    Compiling syn v1.0.107
[INFO] [stderr]    Compiling num-bigint v0.4.3
[INFO] [stderr]    Compiling memchr v2.4.1
[INFO] [stderr]    Compiling num-rational v0.4.0
[INFO] [stderr]    Compiling once_cell v1.17.0
[INFO] [stderr]    Compiling minimal-lexical v0.2.1
[INFO] [stderr]    Compiling pin-project-lite v0.2.9
[INFO] [stderr]    Compiling tracing-core v0.1.30
[INFO] [stderr]    Compiling ppv-lite86 v0.2.16
[INFO] [stderr]    Compiling arc-swap v1.6.0
[INFO] [stderr]    Compiling fastrand v1.7.0
[INFO] [stderr]    Compiling quote v1.0.32
[INFO] [stderr]    Compiling nom v7.1.1
[INFO] [stderr]    Compiling litrs v0.3.0
[INFO] [stderr]    Compiling getrandom v0.2.6
[INFO] [stderr]    Compiling rand_core v0.6.3
[INFO] [stderr]    Compiling rand_chacha v0.3.1
[INFO] [stderr]    Compiling rand v0.8.5
[INFO] [stderr]    Compiling tracing-attributes v0.1.23
[INFO] [stderr]    Compiling tracing v0.1.37
[INFO] [stderr]    Compiling rsass v0.27.0
[INFO] [stderr]    Compiling sir-macro v0.3.0
[INFO] [stderr]  Documenting sir v0.4.0 (/opt/rustwide/workdir)
[INFO] [stderr]     Finished dev [unoptimized + debuginfo] target(s) in 8.47s
[INFO] [stderr]    Generated /opt/rustwide/target/doc/sir/index.html
[INFO] running `Command { std: "docker" "inspect" "fcb47accd788531312f6c249217e92569c1c52371ed905a08641df15d1178722", kill_on_drop: false }`
[INFO] running `Command { std: "docker" "rm" "-f" "fcb47accd788531312f6c249217e92569c1c52371ed905a08641df15d1178722", kill_on_drop: false }`
[INFO] [stdout] fcb47accd788531312f6c249217e92569c1c52371ed905a08641df15d1178722
[INFO] running `Command { std: "docker" "create" "-v" "/var/lib/crater-agent-workspace/builds/worker-3-tc2/target:/opt/rustwide/target:rw,Z" "-v" "/var/lib/crater-agent-workspace/builds/worker-3-tc2/source:/opt/rustwide/workdir:ro,Z" "-v" "/var/lib/crater-agent-workspace/cargo-home:/opt/rustwide/cargo-home:ro,Z" "-v" "/var/lib/crater-agent-workspace/rustup-home:/opt/rustwide/rustup-home:ro,Z" "-e" "SOURCE_DIR=/opt/rustwide/workdir" "-e" "CARGO_TARGET_DIR=/opt/rustwide/target" "-e" "CARGO_INCREMENTAL=0" "-e" "RUST_BACKTRACE=full" "-e" "RUSTFLAGS=--cap-lints=warn" "-e" "RUSTDOCFLAGS=--cap-lints=warn" "-e" "DOCS_RS=1" "-e" "RUSTC_BOOTSTRAP=1" "-e" "CARGO_HOME=/opt/rustwide/cargo-home" "-e" "RUSTUP_HOME=/opt/rustwide/rustup-home" "-w" "/opt/rustwide/workdir" "-m" "1610612736" "--user" "0:0" "--network" "none" "ghcr.io/rust-lang/crates-build-env/linux@sha256:2788e3201cd34a07e3172128adcd8b3090168a8e3bcc40d7c032b9dda1df7d1c" "/opt/rustwide/cargo-home/bin/cargo" "+beta-2023-12-22" "rustdoc" "--lib" "-Zrustdoc-map" "--features" "dioxus" "-Z" "unstable-options" "--config" "build.rustdocflags=[\"-Z\", \"unstable-options\", \"--document-private-items\"]" "--frozen" "--message-format=json", kill_on_drop: false }`
[INFO] [stdout] b1f1ff73fb889606d018833670f34a53f78b50ea5a0c28e8655890b5b2a55bbe
[INFO] running `Command { std: "docker" "start" "-a" "b1f1ff73fb889606d018833670f34a53f78b50ea5a0c28e8655890b5b2a55bbe", kill_on_drop: false }`
[INFO] [stderr]    Compiling proc-macro2 v1.0.66
[INFO] [stderr]    Compiling syn v1.0.107
[INFO] [stderr]    Compiling futures-core v0.3.25
[INFO] [stderr]    Compiling futures-task v0.3.25
[INFO] [stderr]    Compiling bumpalo v3.9.1
[INFO] [stderr]    Compiling futures-channel v0.3.21
[INFO] [stderr]    Compiling futures-util v0.3.25
[INFO] [stderr]    Compiling serde v1.0.183
[INFO] [stderr]    Compiling wasm-bindgen-shared v0.2.79
[INFO] [stderr]    Compiling serde_derive v1.0.183
[INFO] [stderr]    Compiling crossbeam-utils v0.8.16
[INFO] [stderr]    Compiling num-traits v0.2.14
[INFO] [stderr]    Compiling semver v1.0.16
[INFO] [stderr]    Compiling ident_case v1.0.1
[INFO] [stderr]    Compiling fnv v1.0.7
[INFO] [stderr]    Compiling wasm-bindgen v0.2.79
[INFO] [stderr]     Checking concurrent-queue v2.2.0
[INFO] [stderr]    Compiling quote v1.0.32
[INFO] [stderr]    Compiling lock_api v0.4.7
[INFO] [stderr]    Compiling syn v2.0.28
[INFO] [stderr]    Compiling thiserror v1.0.44
[INFO] [stderr]     Checking parking v2.0.0
[INFO] [stderr]     Checking fastrand v1.7.0
[INFO] [stderr]     Checking slab v0.4.5
[INFO] [stderr]     Checking smallbox v0.8.1
[INFO] [stderr]     Checking unicode-ident v1.0.6
[INFO] [stderr]     Checking longest-increasing-subsequence v0.1.0
[INFO] [stderr]     Checking futures-lite v1.12.0
[INFO] [stderr]    Compiling rustc_version v0.4.0
[INFO] [stderr]     Checking async-channel v1.9.0
[INFO] [stderr]    Compiling serde_json v1.0.104
[INFO] [stderr]    Compiling pin-utils v0.1.0
[INFO] [stderr]    Compiling async-trait v0.1.73
[INFO] [stderr]     Checking scopeguard v1.1.0
[INFO] [stderr]    Compiling interprocess-docfix v1.2.2
[INFO] [stderr]     Checking async-lock v2.6.0
[INFO] [stderr]     Checking ordered-float v2.10.0
[INFO] [stderr]     Checking unicode-segmentation v1.10.0
[INFO] [stderr]     Checking atomic-waker v1.1.0
[INFO] [stderr]     Checking async-task v4.3.0
[INFO] [stderr]     Checking spinning v0.1.0
[INFO] [stderr]     Checking to_method v1.1.0
[INFO] [stderr]     Checking blocking v1.3.0
[INFO] [stderr]     Checking intmap v0.7.1
[INFO] [stderr]     Checking dioxus-debug-cell v0.1.1
[INFO] [stderr]    Compiling litrs v0.3.0
[INFO] [stdout] error[E0599]: no method named `unwrap` found for struct `proc_macro2::Span` in the current scope
[INFO] [stdout]   --> /opt/rustwide/cargo-home/registry/src/index.crates.io-6f17d22bba15001f/litrs-0.3.0/src/err.rs:23:31
[INFO] [stdout]    |
[INFO] [stdout] 23 |             Span::Two(s) => s.unwrap(),
[INFO] [stdout]    |                               ^^^^^^ method not found in `Span`
[INFO] [stdout] 
[INFO] [stdout] 
[INFO] [stdout] error[E0308]: mismatched types
[INFO] [stdout]    --> /opt/rustwide/cargo-home/registry/src/index.crates.io-6f17d22bba15001f/litrs-0.3.0/src/err.rs:47:53
[INFO] [stdout]     |
[INFO] [stdout] 47  |             Span::One(s) => proc_macro2::Span::from(s),
[INFO] [stdout]     |                             ----------------------- ^ expected `proc_macro2::Span`, found `proc_macro::Span`
[INFO] [stdout]     |                             |
[INFO] [stdout]     |                             arguments to this function are incorrect
[INFO] [stdout]     |
[INFO] [stdout]     = note: `proc_macro::Span` and `proc_macro2::Span` have similar names, but are actually distinct types
[INFO] [stdout] note: `proc_macro::Span` is defined in crate `proc_macro`
[INFO] [stdout]    --> /rustc/0e09125c6c3c2fd70d7de961bcf0e51575235fad/library/proc_macro/src/lib.rs:429:1
[INFO] [stdout] note: `proc_macro2::Span` is defined in crate `proc_macro2`
[INFO] [stdout]    --> /opt/rustwide/cargo-home/registry/src/index.crates.io-6f17d22bba15001f/proc-macro2-1.0.66/src/lib.rs:373:1
[INFO] [stdout]     |
[INFO] [stdout] 373 | pub struct Span {
[INFO] [stdout]     | ^^^^^^^^^^^^^^^
[INFO] [stdout] note: associated function defined here
[INFO] [stdout]    --> /rustc/0e09125c6c3c2fd70d7de961bcf0e51575235fad/library/core/src/convert/mod.rs:584:8
[INFO] [stdout] 
[INFO] [stdout] 
[INFO] [stdout] error: aborting due to 2 previous errors
[INFO] [stdout] 
[INFO] [stdout] 
[INFO] [stdout] Some errors have detailed explanations: E0308, E0599.
[INFO] [stdout] 
[INFO] [stdout] For more information about an error, try `rustc --explain E0308`.
[INFO] [stdout] 
[INFO] [stderr] error: could not compile `litrs` (lib) due to 3 previous errors
[INFO] [stderr] warning: build failed, waiting for other jobs to finish...
[INFO] running `Command { std: "docker" "inspect" "b1f1ff73fb889606d018833670f34a53f78b50ea5a0c28e8655890b5b2a55bbe", kill_on_drop: false }`
[INFO] running `Command { std: "docker" "rm" "-f" "b1f1ff73fb889606d018833670f34a53f78b50ea5a0c28e8655890b5b2a55bbe", kill_on_drop: false }`
[INFO] [stdout] b1f1ff73fb889606d018833670f34a53f78b50ea5a0c28e8655890b5b2a55bbe
