[INFO] fetching crate sim2h_server 0.0.52-alpha2...
[INFO] documenting sim2h_server-0.0.52-alpha2 against 1.75.0 for beta-1.76-rustdoc-1
[INFO] extracting crate sim2h_server 0.0.52-alpha2 into /workspace/builds/worker-7-tc1/source
[INFO] validating manifest of crates.io crate sim2h_server 0.0.52-alpha2 on toolchain 1.75.0
[INFO] running `Command { std: CARGO_HOME="/workspace/cargo-home" RUSTUP_HOME="/workspace/rustup-home" "/workspace/cargo-home/bin/cargo" "+1.75.0" "metadata" "--manifest-path" "Cargo.toml" "--no-deps", kill_on_drop: false }`
[INFO] started tweaking crates.io crate sim2h_server 0.0.52-alpha2
[INFO] finished tweaking crates.io crate sim2h_server 0.0.52-alpha2
[INFO] tweaked toml for crates.io crate sim2h_server 0.0.52-alpha2 written to /workspace/builds/worker-7-tc1/source/Cargo.toml
[INFO] crate crates.io crate sim2h_server 0.0.52-alpha2 already has a lockfile, it will not be regenerated
[INFO] running `Command { std: CARGO_HOME="/workspace/cargo-home" RUSTUP_HOME="/workspace/rustup-home" "/workspace/cargo-home/bin/cargo" "+1.75.0" "fetch" "--manifest-path" "Cargo.toml", kill_on_drop: false }`
[INFO] [stderr]     Blocking waiting for file lock on package cache
[INFO] [stderr]     Updating crates.io index
[INFO] [stderr]     Blocking waiting for file lock on package cache
[INFO] [stderr]  Downloading crates ...
[INFO] [stderr]   Downloaded uuid v0.4.0
[INFO] [stderr]   Downloaded detach v0.0.42
[INFO] [stderr]   Downloaded num-bigint v0.2.2
[INFO] [stderr]   Downloaded zeroize v0.9.2
[INFO] [stderr]   Downloaded opentelemetry-jaeger v0.1.0
[INFO] [stderr]   Downloaded tracing-core v0.1.10
[INFO] [stderr]   Downloaded generic-array v0.9.0
[INFO] [stderr]   Downloaded rusoto_logs v0.40.0
[INFO] [stderr]   Downloaded tracing v0.1.13
[INFO] [stderr]   Downloaded proc-macro-hack v0.4.2
[INFO] [stderr]   Downloaded miniz_oxide v0.4.2
[INFO] [stderr]   Downloaded holochain_persistence_api v0.0.18
[INFO] [stderr]   Downloaded sharded-slab v0.0.8
[INFO] [stderr]   Downloaded futures-io-preview v0.3.0-alpha.17
[INFO] [stderr]   Downloaded integer-encoding v1.1.5
[INFO] [stderr]   Downloaded reed-solomon v0.2.1
[INFO] [stderr]   Downloaded pin-project-internal v0.4.25
[INFO] [stderr]   Downloaded arrayref v0.3.5
[INFO] [stderr]   Downloaded opentelemetry v0.2.0
[INFO] [stderr]   Downloaded lib3h_protocol v0.0.42
[INFO] [stderr]   Downloaded hmac v0.5.0
[INFO] [stderr]   Downloaded pem v0.7.0
[INFO] [stderr]   Downloaded tokio v0.2.11
[INFO] [stderr]   Downloaded newrelic-sys v0.2.0
[INFO] [stderr]   Downloaded vte v0.3.3
[INFO] [stderr]   Downloaded holochain_json_api v0.0.23
[INFO] [stderr]   Downloaded lib3h_zombie_actor v0.0.42
[INFO] [stderr]   Downloaded parking_lot_core v0.2.14
[INFO] [stderr]   Downloaded futures-executor-preview v0.3.0-alpha.17
[INFO] [stderr]   Downloaded detach v0.0.19
[INFO] [stderr]   Downloaded tracing-futures v0.2.2
[INFO] [stderr]   Downloaded shrinkwraprs v0.2.1
[INFO] [stderr]   Downloaded streaming-stats v0.2.2
[INFO] [stderr]   Downloaded holochain_tracing_macros v0.0.24
[INFO] [stderr]   Downloaded ring v0.16.12
[INFO] [stderr]   Downloaded syn v0.15.31
[INFO] [stderr]   Downloaded lib3h v0.0.42
[INFO] [stderr]   Downloaded prometheus v0.7.0
[INFO] [stderr]   Downloaded wasmi v0.4.4
[INFO] [stderr]   Downloaded holochain_core_types v0.0.52-alpha2
[INFO] [stderr]   Downloaded im v14.0.0
[INFO] [stderr]   Downloaded holochain_common v0.0.52-alpha2
[INFO] [stderr]   Downloaded holochain_logging v0.0.7
[INFO] [stderr]   Downloaded num-derive v0.2.4
[INFO] [stderr]   Downloaded rusoto_credential v0.40.0
[INFO] [stderr]   Downloaded rusoto_sts v0.40.0
[INFO] [stderr]   Downloaded holochain_metrics v0.0.52-alpha2
[INFO] [stderr]   Downloaded rcgen v0.8.0
[INFO] [stderr]   Downloaded lib3h_mdns v0.0.42
[INFO] [stderr]   Downloaded capnp v0.10.0
[INFO] [stderr]   Downloaded lib3h_p2p_protocol v0.0.42
[INFO] [stderr]   Downloaded num-complex v0.2.1
[INFO] [stderr]   Downloaded lib3h_crypto_api v0.0.42
[INFO] [stderr]   Downloaded lib3h_sodium v0.0.42
[INFO] [stderr]   Downloaded nanoid v0.2.0
[INFO] [stderr]   Downloaded bzip2-sys v0.1.9+1.0.8
[INFO] [stderr]   Downloaded rust_sodium_holochain_fork v0.10.2
[INFO] [stderr]   Downloaded crypto-mac v0.5.2
[INFO] [stderr]   Downloaded toml v0.5.0
[INFO] [stderr]   Downloaded in_stream v0.0.52-alpha2
[INFO] [stderr]   Downloaded snowflake v1.3.0
[INFO] [stderr]   Downloaded sim2h v0.0.52-alpha2
[INFO] [stderr]   Downloaded colored v1.7.0
[INFO] [stderr]   Downloaded openssl v0.10.25
[INFO] [stderr]   Downloaded url v2.1.0
[INFO] [stderr]   Downloaded sha1 v0.5.0
[INFO] [stderr]   Downloaded holochain_json_derive v0.0.23
[INFO] [stderr]   Downloaded objekt v0.1.2
[INFO] [stderr]   Downloaded parking_lot v0.4.8
[INFO] [stderr]   Downloaded regex v1.1.2
[INFO] [stderr]   Downloaded rustracing_jaeger v0.2.1
[INFO] [stderr]   Downloaded mashup v0.1.12
[INFO] [stderr]   Downloaded hyper v0.12.35
[INFO] [stderr]   Downloaded rusoto_core v0.40.0
[INFO] [stderr]   Downloaded yasna v0.3.1
[INFO] [stderr]   Downloaded futures-channel-preview v0.3.0-alpha.17
[INFO] [stderr]   Downloaded rustracing v0.2.1
[INFO] [stderr]   Downloaded pin-project v0.4.25
[INFO] [stderr]   Downloaded flate2 v1.0.18
[INFO] [stderr]   Downloaded url2 v0.0.4
[INFO] [stderr]   Downloaded zeroize v0.10.1
[INFO] [stderr]   Downloaded futures-core-preview v0.3.0-alpha.17
[INFO] [stderr]   Downloaded quote v0.6.11
[INFO] [stderr]   Downloaded serde_json v1.0.47
[INFO] [stderr]   Downloaded smallvec v0.6.13
[INFO] [stderr]   Downloaded security-framework-sys v0.3.3
[INFO] [stderr]   Downloaded holochain_locksmith v0.0.52-alpha2
[INFO] [stderr]   Downloaded tokio-process v0.2.5
[INFO] [stderr]   Downloaded strip-ansi-escapes v0.1.0
[INFO] [stderr]   Downloaded multihash v0.8.0
[INFO] [stderr]   Downloaded backtrace v0.3.27
[INFO] [stderr]   Downloaded holochain_tracing v0.0.24
[INFO] [stderr]   Downloaded futures-preview v0.3.0-alpha.17
[INFO] [stderr]   Downloaded proc-macro-hack-impl v0.4.2
[INFO] [stderr]   Downloaded zeroize_derive v0.9.3
[INFO] [stderr]   Downloaded thrift_codec v0.1.1
[INFO] [stderr]   Downloaded futures-sink-preview v0.3.0-alpha.17
[INFO] [stderr]   Downloaded num-rational v0.2.1
[INFO] [stderr]   Downloaded tracing-subscriber v0.2.3
[INFO] [stderr]   Downloaded threadpool v1.7.1
[INFO] [stderr]   Downloaded chashmap v2.2.2
[INFO] [stderr]   Downloaded twox-hash v1.5.0
[INFO] [stderr]   Downloaded newrelic v0.2.2
[INFO] [stderr]   Downloaded futures-util-preview v0.3.0-alpha.17
[INFO] [stderr]   Downloaded rmp v0.8.7
[INFO] [stderr]   Downloaded hcid v0.0.6
[INFO] [stderr]   Downloaded mashup-impl v0.1.12
[INFO] [stderr]   Downloaded security-framework v0.3.4
[INFO] running `Command { std: "docker" "create" "-v" "/var/lib/crater-agent-workspace/builds/worker-7-tc1/target:/opt/rustwide/target:rw,Z" "-v" "/var/lib/crater-agent-workspace/builds/worker-7-tc1/source:/opt/rustwide/workdir:ro,Z" "-v" "/var/lib/crater-agent-workspace/cargo-home:/opt/rustwide/cargo-home:ro,Z" "-v" "/var/lib/crater-agent-workspace/rustup-home:/opt/rustwide/rustup-home:ro,Z" "-e" "SOURCE_DIR=/opt/rustwide/workdir" "-e" "CARGO_TARGET_DIR=/opt/rustwide/target" "-e" "CARGO_HOME=/opt/rustwide/cargo-home" "-e" "RUSTUP_HOME=/opt/rustwide/rustup-home" "-w" "/opt/rustwide/workdir" "-m" "1610612736" "--user" "0:0" "--network" "none" "ghcr.io/rust-lang/crates-build-env/linux@sha256:2788e3201cd34a07e3172128adcd8b3090168a8e3bcc40d7c032b9dda1df7d1c" "/opt/rustwide/cargo-home/bin/cargo" "+1.75.0" "metadata" "--no-deps" "--format-version=1", kill_on_drop: false }`
[INFO] [stdout] 6be760c886b2c7f413d8214819c037cffaceeea4d8b5b0e884ce1817da08644c
[INFO] running `Command { std: "docker" "start" "-a" "6be760c886b2c7f413d8214819c037cffaceeea4d8b5b0e884ce1817da08644c", kill_on_drop: false }`
[INFO] running `Command { std: "docker" "inspect" "6be760c886b2c7f413d8214819c037cffaceeea4d8b5b0e884ce1817da08644c", kill_on_drop: false }`
[INFO] running `Command { std: "docker" "rm" "-f" "6be760c886b2c7f413d8214819c037cffaceeea4d8b5b0e884ce1817da08644c", kill_on_drop: false }`
[INFO] [stdout] 6be760c886b2c7f413d8214819c037cffaceeea4d8b5b0e884ce1817da08644c
[INFO] running `Command { std: "docker" "create" "-v" "/var/lib/crater-agent-workspace/builds/worker-7-tc1/target:/opt/rustwide/target:rw,Z" "-v" "/var/lib/crater-agent-workspace/builds/worker-7-tc1/source:/opt/rustwide/workdir:ro,Z" "-v" "/var/lib/crater-agent-workspace/cargo-home:/opt/rustwide/cargo-home:ro,Z" "-v" "/var/lib/crater-agent-workspace/rustup-home:/opt/rustwide/rustup-home:ro,Z" "-e" "SOURCE_DIR=/opt/rustwide/workdir" "-e" "CARGO_TARGET_DIR=/opt/rustwide/target" "-e" "CARGO_INCREMENTAL=0" "-e" "RUST_BACKTRACE=full" "-e" "RUSTFLAGS=--cap-lints=warn" "-e" "RUSTDOCFLAGS=--cap-lints=warn" "-e" "CARGO_HOME=/opt/rustwide/cargo-home" "-e" "RUSTUP_HOME=/opt/rustwide/rustup-home" "-w" "/opt/rustwide/workdir" "-m" "1610612736" "--user" "0:0" "--network" "none" "ghcr.io/rust-lang/crates-build-env/linux@sha256:2788e3201cd34a07e3172128adcd8b3090168a8e3bcc40d7c032b9dda1df7d1c" "/opt/rustwide/cargo-home/bin/cargo" "+1.75.0" "doc" "--frozen" "--no-deps" "--document-private-items" "--message-format=json", kill_on_drop: false }`
[INFO] [stdout] b3fcec3c1b0d89e64491a9026d3faf287745f9ca0e182a84bb4d4c1d75265005
[INFO] running `Command { std: "docker" "start" "-a" "b3fcec3c1b0d89e64491a9026d3faf287745f9ca0e182a84bb4d4c1d75265005", kill_on_drop: false }`
[INFO] [stderr]    Compiling libc v0.2.66
[INFO] [stderr]    Compiling proc-macro2 v1.0.24
[INFO] [stderr]    Compiling syn v1.0.42
[INFO] [stderr]    Compiling serde v1.0.104
[INFO] [stderr]    Compiling autocfg v0.1.7
[INFO] [stderr]    Compiling log v0.4.8
[INFO] [stderr]     Checking byteorder v1.3.2
[INFO] [stderr]    Compiling cc v1.0.60
[INFO] [stderr]    Compiling num-traits v0.2.6
[INFO] [stderr]    Compiling memchr v2.3.3
[INFO] [stderr]    Compiling bitflags v1.2.1
[INFO] [stderr]    Compiling typenum v1.12.0
[INFO] [stderr]    Compiling num-integer v0.1.41
[INFO] [stderr]    Compiling cfg-if v0.1.10
[INFO] [stderr]    Compiling quote v1.0.3
[INFO] [stderr]     Checking smallvec v0.6.13
[INFO] [stderr]     Checking slab v0.4.2
[INFO] [stderr]    Compiling getrandom v0.1.15
[INFO] [stderr]     Checking num_cpus v1.11.1
[INFO] [stderr]     Checking iovec v0.1.4
[INFO] [stderr]    Compiling pkg-config v0.3.18
[INFO] [stderr]    Compiling indexmap v1.6.0
[INFO] [stderr]     Checking futures v0.1.29
[INFO] [stderr]     Checking either v1.6.1
[INFO] [stderr]    Compiling regex v1.1.2
[INFO] [stderr]    Compiling ryu v1.0.5
[INFO] [stderr]     Checking bytes v0.4.12
[INFO] [stderr]     Checking regex-syntax v0.6.18
[INFO] [stderr]     Checking itoa v0.4.6
[INFO] [stderr]    Compiling crossbeam-utils v0.7.2
[INFO] [stderr]     Checking rand_core v0.4.2
[INFO] [stderr]    Compiling openssl-sys v0.9.58
[INFO] [stderr]     Checking time v0.1.42
[INFO] [stderr]    Compiling proc-macro2 v0.4.30
[INFO] [stderr]     Checking aho-corasick v0.6.10
[INFO] [stderr]     Checking hashbrown v0.9.1
[INFO] [stderr]     Checking utf8-ranges v1.0.4
[INFO] [stderr]     Checking rand_core v0.3.1
[INFO] [stderr]     Checking net2 v0.2.33
[INFO] [stderr] The following warnings were emitted during compilation:
[INFO] [stderr] 
[INFO] [stderr] warning: openssl-sys@0.9.58: build/expando.c:4:24: error: pasting "RUST_VERSION_OPENSSL_" and "(" does not give a valid preprocessing token
[INFO] [stderr] warning: openssl-sys@0.9.58:     4 | #define VERSION2(n, v) RUST_VERSION_##n##_##v
[INFO] [stderr] warning: openssl-sys@0.9.58:       |                        ^~~~~~~~~~~~~
[INFO] [stderr] warning: openssl-sys@0.9.58: build/expando.c:5:23: note: in expansion of macro 'VERSION2'
[INFO] [stderr] warning: openssl-sys@0.9.58:     5 | #define VERSION(n, v) VERSION2(n, v)
[INFO] [stderr] warning: openssl-sys@0.9.58:       |                       ^~~~~~~~
[INFO] [stderr] warning: openssl-sys@0.9.58: build/expando.c:10:1: note: in expansion of macro 'VERSION'
[INFO] [stderr] warning: openssl-sys@0.9.58:    10 | VERSION(OPENSSL, OPENSSL_VERSION_NUMBER)
[INFO] [stderr] warning: openssl-sys@0.9.58:       | ^~~~~~~
[INFO] [stderr] 
[INFO] [stderr] error: failed to run custom build command for `openssl-sys v0.9.58`
[INFO] [stderr] note: To improve backtraces for build dependencies, set the CARGO_PROFILE_DEV_BUILD_OVERRIDE_DEBUG=true environment variable to enable debug information generation.
[INFO] [stderr] 
[INFO] [stderr] Caused by:
[INFO] [stderr]   process didn't exit successfully: `/opt/rustwide/target/debug/build/openssl-sys-c9d75722044ad318/build-script-main` (exit status: 101)
[INFO] [stderr]   --- stdout
[INFO] [stderr]   cargo:rustc-cfg=const_fn
[INFO] [stderr]   cargo:rerun-if-env-changed=X86_64_UNKNOWN_LINUX_GNU_OPENSSL_LIB_DIR
[INFO] [stderr]   X86_64_UNKNOWN_LINUX_GNU_OPENSSL_LIB_DIR unset
[INFO] [stderr]   cargo:rerun-if-env-changed=OPENSSL_LIB_DIR
[INFO] [stderr]   OPENSSL_LIB_DIR unset
[INFO] [stderr]   cargo:rerun-if-env-changed=X86_64_UNKNOWN_LINUX_GNU_OPENSSL_INCLUDE_DIR
[INFO] [stderr]   X86_64_UNKNOWN_LINUX_GNU_OPENSSL_INCLUDE_DIR unset
[INFO] [stderr]   cargo:rerun-if-env-changed=OPENSSL_INCLUDE_DIR
[INFO] [stderr]   OPENSSL_INCLUDE_DIR unset
[INFO] [stderr]   cargo:rerun-if-env-changed=X86_64_UNKNOWN_LINUX_GNU_OPENSSL_DIR
[INFO] [stderr]   X86_64_UNKNOWN_LINUX_GNU_OPENSSL_DIR unset
[INFO] [stderr]   cargo:rerun-if-env-changed=OPENSSL_DIR
[INFO] [stderr]   OPENSSL_DIR unset
[INFO] [stderr]   cargo:rerun-if-env-changed=OPENSSL_NO_PKG_CONFIG
[INFO] [stderr]   cargo:rerun-if-env-changed=PKG_CONFIG
[INFO] [stderr]   cargo:rerun-if-env-changed=OPENSSL_STATIC
[INFO] [stderr]   cargo:rerun-if-env-changed=OPENSSL_DYNAMIC
[INFO] [stderr]   cargo:rerun-if-env-changed=PKG_CONFIG_ALL_STATIC
[INFO] [stderr]   cargo:rerun-if-env-changed=PKG_CONFIG_ALL_DYNAMIC
[INFO] [stderr]   cargo:rerun-if-env-changed=PKG_CONFIG_PATH_x86_64-unknown-linux-gnu
[INFO] [stderr]   cargo:rerun-if-env-changed=PKG_CONFIG_PATH_x86_64_unknown_linux_gnu
[INFO] [stderr]   cargo:rerun-if-env-changed=HOST_PKG_CONFIG_PATH
[INFO] [stderr]   cargo:rerun-if-env-changed=PKG_CONFIG_PATH
[INFO] [stderr]   cargo:rerun-if-env-changed=PKG_CONFIG_LIBDIR_x86_64-unknown-linux-gnu
[INFO] [stderr]   cargo:rerun-if-env-changed=PKG_CONFIG_LIBDIR_x86_64_unknown_linux_gnu
[INFO] [stderr]   cargo:rerun-if-env-changed=HOST_PKG_CONFIG_LIBDIR
[INFO] [stderr]   cargo:rerun-if-env-changed=PKG_CONFIG_LIBDIR
[INFO] [stderr]   cargo:rerun-if-env-changed=PKG_CONFIG_SYSROOT_DIR_x86_64-unknown-linux-gnu
[INFO] [stderr]   cargo:rerun-if-env-changed=PKG_CONFIG_SYSROOT_DIR_x86_64_unknown_linux_gnu
[INFO] [stderr]   cargo:rerun-if-env-changed=HOST_PKG_CONFIG_SYSROOT_DIR
[INFO] [stderr]   cargo:rerun-if-env-changed=PKG_CONFIG_SYSROOT_DIR
[INFO] [stderr]   cargo:rerun-if-env-changed=OPENSSL_STATIC
[INFO] [stderr]   cargo:rerun-if-env-changed=OPENSSL_DYNAMIC
[INFO] [stderr]   cargo:rerun-if-env-changed=PKG_CONFIG_ALL_STATIC
[INFO] [stderr]   cargo:rerun-if-env-changed=PKG_CONFIG_ALL_DYNAMIC
[INFO] [stderr]   cargo:rustc-link-lib=ssl
[INFO] [stderr]   cargo:rustc-link-lib=crypto
[INFO] [stderr]   cargo:rerun-if-env-changed=PKG_CONFIG
[INFO] [stderr]   cargo:rerun-if-env-changed=OPENSSL_STATIC
[INFO] [stderr]   cargo:rerun-if-env-changed=OPENSSL_DYNAMIC
[INFO] [stderr]   cargo:rerun-if-env-changed=PKG_CONFIG_ALL_STATIC
[INFO] [stderr]   cargo:rerun-if-env-changed=PKG_CONFIG_ALL_DYNAMIC
[INFO] [stderr]   cargo:rerun-if-env-changed=PKG_CONFIG_PATH_x86_64-unknown-linux-gnu
[INFO] [stderr]   cargo:rerun-if-env-changed=PKG_CONFIG_PATH_x86_64_unknown_linux_gnu
[INFO] [stderr]   cargo:rerun-if-env-changed=HOST_PKG_CONFIG_PATH
[INFO] [stderr]   cargo:rerun-if-env-changed=PKG_CONFIG_PATH
[INFO] [stderr]   cargo:rerun-if-env-changed=PKG_CONFIG_LIBDIR_x86_64-unknown-linux-gnu
[INFO] [stderr]   cargo:rerun-if-env-changed=PKG_CONFIG_LIBDIR_x86_64_unknown_linux_gnu
[INFO] [stderr]   cargo:rerun-if-env-changed=HOST_PKG_CONFIG_LIBDIR
[INFO] [stderr]   cargo:rerun-if-env-changed=PKG_CONFIG_LIBDIR
[INFO] [stderr]   cargo:rerun-if-env-changed=PKG_CONFIG_SYSROOT_DIR_x86_64-unknown-linux-gnu
[INFO] [stderr]   cargo:rerun-if-env-changed=PKG_CONFIG_SYSROOT_DIR_x86_64_unknown_linux_gnu
[INFO] [stderr]   cargo:rerun-if-env-changed=HOST_PKG_CONFIG_SYSROOT_DIR
[INFO] [stderr]   cargo:rerun-if-env-changed=PKG_CONFIG_SYSROOT_DIR
[INFO] [stderr]   OPT_LEVEL = Some("0")
[INFO] [stderr]   TARGET = Some("x86_64-unknown-linux-gnu")
[INFO] [stderr]   HOST = Some("x86_64-unknown-linux-gnu")
[INFO] [stderr]   CC_x86_64-unknown-linux-gnu = None
[INFO] [stderr]   CC_x86_64_unknown_linux_gnu = None
[INFO] [stderr]   HOST_CC = None
[INFO] [stderr]   CC = None
[INFO] [stderr]   CFLAGS_x86_64-unknown-linux-gnu = None
[INFO] [stderr]   CFLAGS_x86_64_unknown_linux_gnu = None
[INFO] [stderr]   HOST_CFLAGS = None
[INFO] [stderr]   CFLAGS = None
[INFO] [stderr]   CRATE_CC_NO_DEFAULTS = None
[INFO] [stderr]   DEBUG = Some("true")
[INFO] [stderr]   CARGO_CFG_TARGET_FEATURE = Some("fxsr,sse,sse2")
[INFO] [stderr]   running: "cc" "-O0" "-ffunction-sections" "-fdata-sections" "-fPIC" "-g" "-fno-omit-frame-pointer" "-m64" "-I" "/usr/include" "-Wall" "-Wextra" "-E" "build/expando.c"
[INFO] [stderr]   cargo:warning=build/expando.c:4:24: error: pasting "RUST_VERSION_OPENSSL_" and "(" does not give a valid preprocessing token
[INFO] [stderr]   cargo:warning=    4 | #define VERSION2(n, v) RUST_VERSION_##n##_##v
[INFO] [stderr]   cargo:warning=      |                        ^~~~~~~~~~~~~
[INFO] [stderr]   cargo:warning=build/expando.c:5:23: note: in expansion of macro 'VERSION2'
[INFO] [stderr]   cargo:warning=    5 | #define VERSION(n, v) VERSION2(n, v)
[INFO] [stderr]   cargo:warning=      |                       ^~~~~~~~
[INFO] [stderr]   cargo:warning=build/expando.c:10:1: note: in expansion of macro 'VERSION'
[INFO] [stderr]   cargo:warning=   10 | VERSION(OPENSSL, OPENSSL_VERSION_NUMBER)
[INFO] [stderr]   cargo:warning=      | ^~~~~~~
[INFO] [stderr]   exit status: 1
[INFO] [stderr] 
[INFO] [stderr]   --- stderr
[INFO] [stderr]   thread 'main' panicked at /opt/rustwide/cargo-home/registry/src/index.crates.io-6f17d22bba15001f/openssl-sys-0.9.58/build/main.rs:140:13:
[INFO] [stderr] 
[INFO] [stderr]   Header expansion error:
[INFO] [stderr]   Error { kind: ToolExecError, message: "Command \"cc\" \"-O0\" \"-ffunction-sections\" \"-fdata-sections\" \"-fPIC\" \"-g\" \"-fno-omit-frame-pointer\" \"-m64\" \"-I\" \"/usr/include\" \"-Wall\" \"-Wextra\" \"-E\" \"build/expando.c\" with args \"cc\" did not execute successfully (status code exit status: 1)." }
[INFO] [stderr] 
[INFO] [stderr]   Failed to find OpenSSL development headers.
[INFO] [stderr] 
[INFO] [stderr]   You can try fixing this setting the `OPENSSL_DIR` environment variable
[INFO] [stderr]   pointing to your OpenSSL installation or installing OpenSSL headers package
[INFO] [stderr]   specific to your distribution:
[INFO] [stderr] 
[INFO] [stderr]       # On Ubuntu
[INFO] [stderr]       sudo apt-get install libssl-dev
[INFO] [stderr]       # On Arch Linux
[INFO] [stderr]       sudo pacman -S openssl
[INFO] [stderr]       # On Fedora
[INFO] [stderr]       sudo dnf install openssl-devel
[INFO] [stderr] 
[INFO] [stderr]   See rust-openssl README for more information:
[INFO] [stderr] 
[INFO] [stderr]       https://github.com/sfackler/rust-openssl#linux
[INFO] [stderr] 
[INFO] [stderr]   stack backtrace:
[INFO] [stderr]      0:     0x561ae22b306c - std::backtrace_rs::backtrace::libunwind::trace::ha637c64ce894333a
[INFO] [stderr]                                  at /rustc/82e1608dfa6e0b5569232559e3d385fea5a93112/library/std/src/../../backtrace/src/backtrace/libunwind.rs:104:5
[INFO] [stderr]      1:     0x561ae22b306c - std::backtrace_rs::backtrace::trace_unsynchronized::h47f62dea28e0c88d
[INFO] [stderr]                                  at /rustc/82e1608dfa6e0b5569232559e3d385fea5a93112/library/std/src/../../backtrace/src/backtrace/mod.rs:66:5
[INFO] [stderr]      2:     0x561ae22b306c - std::sys_common::backtrace::_print_fmt::h9eef0abe20ede486
[INFO] [stderr]                                  at /rustc/82e1608dfa6e0b5569232559e3d385fea5a93112/library/std/src/sys_common/backtrace.rs:67:5
[INFO] [stderr]      3:     0x561ae22b306c - <std::sys_common::backtrace::_print::DisplayBacktrace as core::fmt::Display>::fmt::hed7f999df88cc644
[INFO] [stderr]                                  at /rustc/82e1608dfa6e0b5569232559e3d385fea5a93112/library/std/src/sys_common/backtrace.rs:44:22
[INFO] [stderr]      4:     0x561ae22d91d0 - core::fmt::rt::Argument::fmt::h1539a9308b8d058d
[INFO] [stderr]                                  at /rustc/82e1608dfa6e0b5569232559e3d385fea5a93112/library/core/src/fmt/rt.rs:142:9
[INFO] [stderr]      5:     0x561ae22d91d0 - core::fmt::write::h3a39390d8560d9c9
[INFO] [stderr]                                  at /rustc/82e1608dfa6e0b5569232559e3d385fea5a93112/library/core/src/fmt/mod.rs:1120:17
[INFO] [stderr]      6:     0x561ae22b09af - std::io::Write::write_fmt::h5fc9997dfe05f882
[INFO] [stderr]                                  at /rustc/82e1608dfa6e0b5569232559e3d385fea5a93112/library/std/src/io/mod.rs:1762:15
[INFO] [stderr]      7:     0x561ae22b2e54 - std::sys_common::backtrace::_print::h894006fb5c6f3d45
[INFO] [stderr]                                  at /rustc/82e1608dfa6e0b5569232559e3d385fea5a93112/library/std/src/sys_common/backtrace.rs:47:5
[INFO] [stderr]      8:     0x561ae22b2e54 - std::sys_common::backtrace::print::h23a2d212c6fff936
[INFO] [stderr]                                  at /rustc/82e1608dfa6e0b5569232559e3d385fea5a93112/library/std/src/sys_common/backtrace.rs:34:9
[INFO] [stderr]      9:     0x561ae22b4667 - std::panicking::default_hook::{{closure}}::h8a1d2ee00185001a
[INFO] [stderr]     10:     0x561ae22b43cf - std::panicking::default_hook::h6038f2eba384e475
[INFO] [stderr]                                  at /rustc/82e1608dfa6e0b5569232559e3d385fea5a93112/library/std/src/panicking.rs:292:9
[INFO] [stderr]     11:     0x561ae22b4ae8 - std::panicking::rust_panic_with_hook::h2b5517d590cab22e
[INFO] [stderr]                                  at /rustc/82e1608dfa6e0b5569232559e3d385fea5a93112/library/std/src/panicking.rs:779:13
[INFO] [stderr]     12:     0x561ae22b49ce - std::panicking::begin_panic_handler::{{closure}}::h233112c06e0ef43e
[INFO] [stderr]                                  at /rustc/82e1608dfa6e0b5569232559e3d385fea5a93112/library/std/src/panicking.rs:657:13
[INFO] [stderr]     13:     0x561ae22b3536 - std::sys_common::backtrace::__rust_end_short_backtrace::h6e893f24d7ebbff8
[INFO] [stderr]                                  at /rustc/82e1608dfa6e0b5569232559e3d385fea5a93112/library/std/src/sys_common/backtrace.rs:170:18
[INFO] [stderr]     14:     0x561ae22b4732 - rust_begin_unwind
[INFO] [stderr]                                  at /rustc/82e1608dfa6e0b5569232559e3d385fea5a93112/library/std/src/panicking.rs:645:5
[INFO] [stderr]     15:     0x561ae221d685 - core::panicking::panic_fmt::hbf0e066aabfa482c
[INFO] [stderr]                                  at /rustc/82e1608dfa6e0b5569232559e3d385fea5a93112/library/core/src/panicking.rs:72:14
[INFO] [stderr]     16:     0x561ae222553a - build_script_main::validate_headers::hbc9b6ab14417494f
[INFO] [stderr]     17:     0x561ae2222152 - build_script_main::find_normal::try_pkg_config::he1b24a5f7890984d
[INFO] [stderr]     18:     0x561ae2221264 - build_script_main::find_normal::find_openssl_dir::h8d03c4483f6d0d68
[INFO] [stderr]     19:     0x561ae2221102 - build_script_main::find_normal::get_openssl::{{closure}}::h57db70f9269c034a
[INFO] [stderr]     20:     0x561ae221e8d9 - core::option::Option<T>::unwrap_or_else::h5c9d006f71e20ec6
[INFO] [stderr]     21:     0x561ae2220ebe - build_script_main::find_normal::get_openssl::hfd86c9144dfe3212
[INFO] [stderr]     22:     0x561ae2222e2d - build_script_main::find_openssl::haa26056d78e8c856
[INFO] [stderr]     23:     0x561ae2222f0d - build_script_main::main::h059c71f892aa5ad3
[INFO] [stderr]     24:     0x561ae2229233 - core::ops::function::FnOnce::call_once::hbc5bbb1f5cbfba22
[INFO] [stderr]     25:     0x561ae2228cd6 - std::sys_common::backtrace::__rust_begin_short_backtrace::he99ac1864db7b77d
[INFO] [stderr]     26:     0x561ae221e2c9 - std::rt::lang_start::{{closure}}::hfb87ec21ee6e2b00
[INFO] [stderr]     27:     0x561ae22acc87 - core::ops::function::impls::<impl core::ops::function::FnOnce<A> for &F>::call_once::hd95060ecd5e1ca24
[INFO] [stderr]                                  at /rustc/82e1608dfa6e0b5569232559e3d385fea5a93112/library/core/src/ops/function.rs:284:13
[INFO] [stderr]     28:     0x561ae22acc87 - std::panicking::try::do_call::h6e8cf51db32a6e4b
[INFO] [stderr]                                  at /rustc/82e1608dfa6e0b5569232559e3d385fea5a93112/library/std/src/panicking.rs:552:40
[INFO] [stderr]     29:     0x561ae22acc87 - std::panicking::try::h3a52eefe24fe3c29
[INFO] [stderr]                                  at /rustc/82e1608dfa6e0b5569232559e3d385fea5a93112/library/std/src/panicking.rs:516:19
[INFO] [stderr]     30:     0x561ae22acc87 - std::panic::catch_unwind::h24c28c23c02c3841
[INFO] [stderr]                                  at /rustc/82e1608dfa6e0b5569232559e3d385fea5a93112/library/std/src/panic.rs:142:14
[INFO] [stderr]     31:     0x561ae22acc87 - std::rt::lang_start_internal::{{closure}}::h705d3c9cbc06ef47
[INFO] [stderr]                                  at /rustc/82e1608dfa6e0b5569232559e3d385fea5a93112/library/std/src/rt.rs:148:48
[INFO] [stderr]     32:     0x561ae22acc87 - std::panicking::try::do_call::ha21f52ba13158470
[INFO] [stderr]                                  at /rustc/82e1608dfa6e0b5569232559e3d385fea5a93112/library/std/src/panicking.rs:552:40
[INFO] [stderr]     33:     0x561ae22acc87 - std::panicking::try::h5581346bf6aeb1f8
[INFO] [stderr]                                  at /rustc/82e1608dfa6e0b5569232559e3d385fea5a93112/library/std/src/panicking.rs:516:19
[INFO] [stderr]     34:     0x561ae22acc87 - std::panic::catch_unwind::h7919645a6b72e25b
[INFO] [stderr]                                  at /rustc/82e1608dfa6e0b5569232559e3d385fea5a93112/library/std/src/panic.rs:142:14
[INFO] [stderr]     35:     0x561ae22acc87 - std::rt::lang_start_internal::h12de51168669836e
[INFO] [stderr]                                  at /rustc/82e1608dfa6e0b5569232559e3d385fea5a93112/library/std/src/rt.rs:148:20
[INFO] [stderr]     36:     0x561ae221e2a7 - std::rt::lang_start::ha4f0361b1272d08d
[INFO] [stderr]     37:     0x561ae2226285 - main
[INFO] [stderr]     38:     0x7fbf37996d90 - <unknown>
[INFO] [stderr]     39:     0x7fbf37996e40 - __libc_start_main
[INFO] [stderr]     40:     0x561ae221de95 - _start
[INFO] [stderr]     41:                0x0 - <unknown>
[INFO] [stderr] warning: build failed, waiting for other jobs to finish...
[INFO] running `Command { std: "docker" "inspect" "b3fcec3c1b0d89e64491a9026d3faf287745f9ca0e182a84bb4d4c1d75265005", kill_on_drop: false }`
[INFO] running `Command { std: "docker" "rm" "-f" "b3fcec3c1b0d89e64491a9026d3faf287745f9ca0e182a84bb4d4c1d75265005", kill_on_drop: false }`
[INFO] [stdout] b3fcec3c1b0d89e64491a9026d3faf287745f9ca0e182a84bb4d4c1d75265005
[INFO] documenting sim2h_server-0.0.52-alpha2 against beta-2023-12-22 for beta-1.76-rustdoc-1
[INFO] extracting crate sim2h_server 0.0.52-alpha2 into /workspace/builds/worker-7-tc2/source
[INFO] validating manifest of crates.io crate sim2h_server 0.0.52-alpha2 on toolchain beta-2023-12-22
[INFO] running `Command { std: CARGO_HOME="/workspace/cargo-home" RUSTUP_HOME="/workspace/rustup-home" "/workspace/cargo-home/bin/cargo" "+beta-2023-12-22" "metadata" "--manifest-path" "Cargo.toml" "--no-deps", kill_on_drop: false }`
[INFO] started tweaking crates.io crate sim2h_server 0.0.52-alpha2
[INFO] finished tweaking crates.io crate sim2h_server 0.0.52-alpha2
[INFO] tweaked toml for crates.io crate sim2h_server 0.0.52-alpha2 written to /workspace/builds/worker-7-tc2/source/Cargo.toml
[INFO] crate crates.io crate sim2h_server 0.0.52-alpha2 already has a lockfile, it will not be regenerated
[INFO] running `Command { std: CARGO_HOME="/workspace/cargo-home" RUSTUP_HOME="/workspace/rustup-home" "/workspace/cargo-home/bin/cargo" "+beta-2023-12-22" "fetch" "--manifest-path" "Cargo.toml", kill_on_drop: false }`
[INFO] running `Command { std: "docker" "create" "-v" "/var/lib/crater-agent-workspace/builds/worker-7-tc2/target:/opt/rustwide/target:rw,Z" "-v" "/var/lib/crater-agent-workspace/builds/worker-7-tc2/source:/opt/rustwide/workdir:ro,Z" "-v" "/var/lib/crater-agent-workspace/cargo-home:/opt/rustwide/cargo-home:ro,Z" "-v" "/var/lib/crater-agent-workspace/rustup-home:/opt/rustwide/rustup-home:ro,Z" "-e" "SOURCE_DIR=/opt/rustwide/workdir" "-e" "CARGO_TARGET_DIR=/opt/rustwide/target" "-e" "CARGO_HOME=/opt/rustwide/cargo-home" "-e" "RUSTUP_HOME=/opt/rustwide/rustup-home" "-w" "/opt/rustwide/workdir" "-m" "1610612736" "--user" "0:0" "--network" "none" "ghcr.io/rust-lang/crates-build-env/linux@sha256:2788e3201cd34a07e3172128adcd8b3090168a8e3bcc40d7c032b9dda1df7d1c" "/opt/rustwide/cargo-home/bin/cargo" "+beta-2023-12-22" "metadata" "--no-deps" "--format-version=1", kill_on_drop: false }`
[INFO] [stdout] 077f0e97e279c33411774c49e0a0fbc89ed48337d324e8ffe7a29989f6df7649
[INFO] running `Command { std: "docker" "start" "-a" "077f0e97e279c33411774c49e0a0fbc89ed48337d324e8ffe7a29989f6df7649", kill_on_drop: false }`
[INFO] running `Command { std: "docker" "inspect" "077f0e97e279c33411774c49e0a0fbc89ed48337d324e8ffe7a29989f6df7649", kill_on_drop: false }`
[INFO] running `Command { std: "docker" "rm" "-f" "077f0e97e279c33411774c49e0a0fbc89ed48337d324e8ffe7a29989f6df7649", kill_on_drop: false }`
[INFO] [stdout] 077f0e97e279c33411774c49e0a0fbc89ed48337d324e8ffe7a29989f6df7649
[INFO] running `Command { std: "docker" "create" "-v" "/var/lib/crater-agent-workspace/builds/worker-7-tc2/target:/opt/rustwide/target:rw,Z" "-v" "/var/lib/crater-agent-workspace/builds/worker-7-tc2/source:/opt/rustwide/workdir:ro,Z" "-v" "/var/lib/crater-agent-workspace/cargo-home:/opt/rustwide/cargo-home:ro,Z" "-v" "/var/lib/crater-agent-workspace/rustup-home:/opt/rustwide/rustup-home:ro,Z" "-e" "SOURCE_DIR=/opt/rustwide/workdir" "-e" "CARGO_TARGET_DIR=/opt/rustwide/target" "-e" "CARGO_INCREMENTAL=0" "-e" "RUST_BACKTRACE=full" "-e" "RUSTFLAGS=--cap-lints=warn" "-e" "RUSTDOCFLAGS=--cap-lints=warn" "-e" "CARGO_HOME=/opt/rustwide/cargo-home" "-e" "RUSTUP_HOME=/opt/rustwide/rustup-home" "-w" "/opt/rustwide/workdir" "-m" "1610612736" "--user" "0:0" "--network" "none" "ghcr.io/rust-lang/crates-build-env/linux@sha256:2788e3201cd34a07e3172128adcd8b3090168a8e3bcc40d7c032b9dda1df7d1c" "/opt/rustwide/cargo-home/bin/cargo" "+beta-2023-12-22" "doc" "--frozen" "--no-deps" "--document-private-items" "--message-format=json", kill_on_drop: false }`
[INFO] [stdout] a8c0f5f6b19b865b16a3e08ea3650a19492d726aeaa747014a70f6f20329ffe8
[INFO] running `Command { std: "docker" "start" "-a" "a8c0f5f6b19b865b16a3e08ea3650a19492d726aeaa747014a70f6f20329ffe8", kill_on_drop: false }`
[INFO] [stderr]    Compiling libc v0.2.66
[INFO] [stderr]    Compiling proc-macro2 v1.0.24
[INFO] [stderr]    Compiling syn v1.0.42
[INFO] [stderr]    Compiling serde v1.0.104
[INFO] [stderr]    Compiling autocfg v0.1.7
[INFO] [stderr]    Compiling log v0.4.8
[INFO] [stderr]     Checking byteorder v1.3.2
[INFO] [stderr]    Compiling cc v1.0.60
[INFO] [stderr]    Compiling num-traits v0.2.6
[INFO] [stderr]    Compiling memchr v2.3.3
[INFO] [stderr]    Compiling typenum v1.12.0
[INFO] [stderr]    Compiling bitflags v1.2.1
[INFO] [stderr]    Compiling num-integer v0.1.41
[INFO] [stderr]    Compiling cfg-if v0.1.10
[INFO] [stderr]    Compiling quote v1.0.3
[INFO] [stderr]     Checking smallvec v0.6.13
[INFO] [stderr]     Checking slab v0.4.2
[INFO] [stderr]    Compiling getrandom v0.1.15
[INFO] [stderr]     Checking num_cpus v1.11.1
[INFO] [stderr]     Checking iovec v0.1.4
[INFO] [stderr]    Compiling pkg-config v0.3.18
[INFO] [stderr]    Compiling indexmap v1.6.0
[INFO] [stderr]     Checking either v1.6.1
[INFO] [stderr]     Checking futures v0.1.29
[INFO] [stderr]    Compiling regex v1.1.2
[INFO] [stderr]    Compiling ryu v1.0.5
[INFO] [stderr]     Checking bytes v0.4.12
[INFO] [stderr]     Checking regex-syntax v0.6.18
[INFO] [stderr]     Checking itoa v0.4.6
[INFO] [stderr]    Compiling crossbeam-utils v0.7.2
[INFO] [stderr]     Checking rand_core v0.4.2
[INFO] [stderr]    Compiling openssl-sys v0.9.58
[INFO] [stderr]     Checking time v0.1.42
[INFO] [stderr]    Compiling proc-macro2 v0.4.30
[INFO] [stderr]     Checking aho-corasick v0.6.10
[INFO] [stderr]     Checking hashbrown v0.9.1
[INFO] [stderr]     Checking utf8-ranges v1.0.4
[INFO] [stderr]     Checking rand_core v0.3.1
[INFO] [stderr]     Checking net2 v0.2.33
[INFO] [stderr]    Compiling parking_lot_core v0.6.2
[INFO] [stderr]     Checking rand_core v0.5.1
[INFO] [stderr]    Compiling backtrace-sys v0.1.37
[INFO] [stderr] The following warnings were emitted during compilation:
[INFO] [stderr] 
[INFO] [stderr] warning: openssl-sys@0.9.58: build/expando.c:4:24: error: pasting "RUST_VERSION_OPENSSL_" and "(" does not give a valid preprocessing token
[INFO] [stderr] warning: openssl-sys@0.9.58:     4 | #define VERSION2(n, v) RUST_VERSION_##n##_##v
[INFO] [stderr] warning: openssl-sys@0.9.58:       |                        ^~~~~~~~~~~~~
[INFO] [stderr] warning: openssl-sys@0.9.58: build/expando.c:5:23: note: in expansion of macro 'VERSION2'
[INFO] [stderr] warning: openssl-sys@0.9.58:     5 | #define VERSION(n, v) VERSION2(n, v)
[INFO] [stderr] warning: openssl-sys@0.9.58:       |                       ^~~~~~~~
[INFO] [stderr] warning: openssl-sys@0.9.58: build/expando.c:10:1: note: in expansion of macro 'VERSION'
[INFO] [stderr] warning: openssl-sys@0.9.58:    10 | VERSION(OPENSSL, OPENSSL_VERSION_NUMBER)
[INFO] [stderr] warning: openssl-sys@0.9.58:       | ^~~~~~~
[INFO] [stderr] 
[INFO] [stderr] error: failed to run custom build command for `openssl-sys v0.9.58`
[INFO] [stderr] note: To improve backtraces for build dependencies, set the CARGO_PROFILE_DEV_BUILD_OVERRIDE_DEBUG=true environment variable to enable debug information generation.
[INFO] [stderr] 
[INFO] [stderr] Caused by:
[INFO] [stderr]   process didn't exit successfully: `/opt/rustwide/target/debug/build/openssl-sys-d930316f9d41966d/build-script-main` (exit status: 101)
[INFO] [stderr]   --- stdout
[INFO] [stderr]   cargo:rustc-cfg=const_fn
[INFO] [stderr]   cargo:rerun-if-env-changed=X86_64_UNKNOWN_LINUX_GNU_OPENSSL_LIB_DIR
[INFO] [stderr]   X86_64_UNKNOWN_LINUX_GNU_OPENSSL_LIB_DIR unset
[INFO] [stderr]   cargo:rerun-if-env-changed=OPENSSL_LIB_DIR
[INFO] [stderr]   OPENSSL_LIB_DIR unset
[INFO] [stderr]   cargo:rerun-if-env-changed=X86_64_UNKNOWN_LINUX_GNU_OPENSSL_INCLUDE_DIR
[INFO] [stderr]   X86_64_UNKNOWN_LINUX_GNU_OPENSSL_INCLUDE_DIR unset
[INFO] [stderr]   cargo:rerun-if-env-changed=OPENSSL_INCLUDE_DIR
[INFO] [stderr]   OPENSSL_INCLUDE_DIR unset
[INFO] [stderr]   cargo:rerun-if-env-changed=X86_64_UNKNOWN_LINUX_GNU_OPENSSL_DIR
[INFO] [stderr]   X86_64_UNKNOWN_LINUX_GNU_OPENSSL_DIR unset
[INFO] [stderr]   cargo:rerun-if-env-changed=OPENSSL_DIR
[INFO] [stderr]   OPENSSL_DIR unset
[INFO] [stderr]   cargo:rerun-if-env-changed=OPENSSL_NO_PKG_CONFIG
[INFO] [stderr]   cargo:rerun-if-env-changed=PKG_CONFIG
[INFO] [stderr]   cargo:rerun-if-env-changed=OPENSSL_STATIC
[INFO] [stderr]   cargo:rerun-if-env-changed=OPENSSL_DYNAMIC
[INFO] [stderr]   cargo:rerun-if-env-changed=PKG_CONFIG_ALL_STATIC
[INFO] [stderr]   cargo:rerun-if-env-changed=PKG_CONFIG_ALL_DYNAMIC
[INFO] [stderr]   cargo:rerun-if-env-changed=PKG_CONFIG_PATH_x86_64-unknown-linux-gnu
[INFO] [stderr]   cargo:rerun-if-env-changed=PKG_CONFIG_PATH_x86_64_unknown_linux_gnu
[INFO] [stderr]   cargo:rerun-if-env-changed=HOST_PKG_CONFIG_PATH
[INFO] [stderr]   cargo:rerun-if-env-changed=PKG_CONFIG_PATH
[INFO] [stderr]   cargo:rerun-if-env-changed=PKG_CONFIG_LIBDIR_x86_64-unknown-linux-gnu
[INFO] [stderr]   cargo:rerun-if-env-changed=PKG_CONFIG_LIBDIR_x86_64_unknown_linux_gnu
[INFO] [stderr]   cargo:rerun-if-env-changed=HOST_PKG_CONFIG_LIBDIR
[INFO] [stderr]   cargo:rerun-if-env-changed=PKG_CONFIG_LIBDIR
[INFO] [stderr]   cargo:rerun-if-env-changed=PKG_CONFIG_SYSROOT_DIR_x86_64-unknown-linux-gnu
[INFO] [stderr]   cargo:rerun-if-env-changed=PKG_CONFIG_SYSROOT_DIR_x86_64_unknown_linux_gnu
[INFO] [stderr]   cargo:rerun-if-env-changed=HOST_PKG_CONFIG_SYSROOT_DIR
[INFO] [stderr]   cargo:rerun-if-env-changed=PKG_CONFIG_SYSROOT_DIR
[INFO] [stderr]   cargo:rerun-if-env-changed=OPENSSL_STATIC
[INFO] [stderr]   cargo:rerun-if-env-changed=OPENSSL_DYNAMIC
[INFO] [stderr]   cargo:rerun-if-env-changed=PKG_CONFIG_ALL_STATIC
[INFO] [stderr]   cargo:rerun-if-env-changed=PKG_CONFIG_ALL_DYNAMIC
[INFO] [stderr]   cargo:rustc-link-lib=ssl
[INFO] [stderr]   cargo:rustc-link-lib=crypto
[INFO] [stderr]   cargo:rerun-if-env-changed=PKG_CONFIG
[INFO] [stderr]   cargo:rerun-if-env-changed=OPENSSL_STATIC
[INFO] [stderr]   cargo:rerun-if-env-changed=OPENSSL_DYNAMIC
[INFO] [stderr]   cargo:rerun-if-env-changed=PKG_CONFIG_ALL_STATIC
[INFO] [stderr]   cargo:rerun-if-env-changed=PKG_CONFIG_ALL_DYNAMIC
[INFO] [stderr]   cargo:rerun-if-env-changed=PKG_CONFIG_PATH_x86_64-unknown-linux-gnu
[INFO] [stderr]   cargo:rerun-if-env-changed=PKG_CONFIG_PATH_x86_64_unknown_linux_gnu
[INFO] [stderr]   cargo:rerun-if-env-changed=HOST_PKG_CONFIG_PATH
[INFO] [stderr]   cargo:rerun-if-env-changed=PKG_CONFIG_PATH
[INFO] [stderr]   cargo:rerun-if-env-changed=PKG_CONFIG_LIBDIR_x86_64-unknown-linux-gnu
[INFO] [stderr]   cargo:rerun-if-env-changed=PKG_CONFIG_LIBDIR_x86_64_unknown_linux_gnu
[INFO] [stderr]   cargo:rerun-if-env-changed=HOST_PKG_CONFIG_LIBDIR
[INFO] [stderr]   cargo:rerun-if-env-changed=PKG_CONFIG_LIBDIR
[INFO] [stderr]   cargo:rerun-if-env-changed=PKG_CONFIG_SYSROOT_DIR_x86_64-unknown-linux-gnu
[INFO] [stderr]   cargo:rerun-if-env-changed=PKG_CONFIG_SYSROOT_DIR_x86_64_unknown_linux_gnu
[INFO] [stderr]   cargo:rerun-if-env-changed=HOST_PKG_CONFIG_SYSROOT_DIR
[INFO] [stderr]   cargo:rerun-if-env-changed=PKG_CONFIG_SYSROOT_DIR
[INFO] [stderr]   OPT_LEVEL = Some("0")
[INFO] [stderr]   TARGET = Some("x86_64-unknown-linux-gnu")
[INFO] [stderr]   HOST = Some("x86_64-unknown-linux-gnu")
[INFO] [stderr]   CC_x86_64-unknown-linux-gnu = None
[INFO] [stderr]   CC_x86_64_unknown_linux_gnu = None
[INFO] [stderr]   HOST_CC = None
[INFO] [stderr]   CC = None
[INFO] [stderr]   CFLAGS_x86_64-unknown-linux-gnu = None
[INFO] [stderr]   CFLAGS_x86_64_unknown_linux_gnu = None
[INFO] [stderr]   HOST_CFLAGS = None
[INFO] [stderr]   CFLAGS = None
[INFO] [stderr]   CRATE_CC_NO_DEFAULTS = None
[INFO] [stderr]   DEBUG = Some("true")
[INFO] [stderr]   CARGO_CFG_TARGET_FEATURE = Some("fxsr,sse,sse2")
[INFO] [stderr]   running: "cc" "-O0" "-ffunction-sections" "-fdata-sections" "-fPIC" "-g" "-fno-omit-frame-pointer" "-m64" "-I" "/usr/include" "-Wall" "-Wextra" "-E" "build/expando.c"
[INFO] [stderr]   cargo:warning=build/expando.c:4:24: error: pasting "RUST_VERSION_OPENSSL_" and "(" does not give a valid preprocessing token
[INFO] [stderr]   cargo:warning=    4 | #define VERSION2(n, v) RUST_VERSION_##n##_##v
[INFO] [stderr]   cargo:warning=      |                        ^~~~~~~~~~~~~
[INFO] [stderr]   cargo:warning=build/expando.c:5:23: note: in expansion of macro 'VERSION2'
[INFO] [stderr]   cargo:warning=    5 | #define VERSION(n, v) VERSION2(n, v)
[INFO] [stderr]   cargo:warning=      |                       ^~~~~~~~
[INFO] [stderr]   cargo:warning=build/expando.c:10:1: note: in expansion of macro 'VERSION'
[INFO] [stderr]   cargo:warning=   10 | VERSION(OPENSSL, OPENSSL_VERSION_NUMBER)
[INFO] [stderr]   cargo:warning=      | ^~~~~~~
[INFO] [stderr]   exit status: 1
[INFO] [stderr] 
[INFO] [stderr]   --- stderr
[INFO] [stderr]   thread 'main' panicked at /opt/rustwide/cargo-home/registry/src/index.crates.io-6f17d22bba15001f/openssl-sys-0.9.58/build/main.rs:140:13:
[INFO] [stderr] 
[INFO] [stderr]   Header expansion error:
[INFO] [stderr]   Error { kind: ToolExecError, message: "Command \"cc\" \"-O0\" \"-ffunction-sections\" \"-fdata-sections\" \"-fPIC\" \"-g\" \"-fno-omit-frame-pointer\" \"-m64\" \"-I\" \"/usr/include\" \"-Wall\" \"-Wextra\" \"-E\" \"build/expando.c\" with args \"cc\" did not execute successfully (status code exit status: 1)." }
[INFO] [stderr] 
[INFO] [stderr]   Failed to find OpenSSL development headers.
[INFO] [stderr] 
[INFO] [stderr]   You can try fixing this setting the `OPENSSL_DIR` environment variable
[INFO] [stderr]   pointing to your OpenSSL installation or installing OpenSSL headers package
[INFO] [stderr]   specific to your distribution:
[INFO] [stderr] 
[INFO] [stderr]       # On Ubuntu
[INFO] [stderr]       sudo apt-get install libssl-dev
[INFO] [stderr]       # On Arch Linux
[INFO] [stderr]       sudo pacman -S openssl
[INFO] [stderr]       # On Fedora
[INFO] [stderr]       sudo dnf install openssl-devel
[INFO] [stderr] 
[INFO] [stderr]   See rust-openssl README for more information:
[INFO] [stderr] 
[INFO] [stderr]       https://github.com/sfackler/rust-openssl#linux
[INFO] [stderr] 
[INFO] [stderr]   stack backtrace:
[INFO] [stderr]      0:     0x55e5ff3a16d6 - std::backtrace_rs::backtrace::libunwind::trace::h261606ad26a499c1
[INFO] [stderr]                                  at /rustc/0e09125c6c3c2fd70d7de961bcf0e51575235fad/library/std/src/../../backtrace/src/backtrace/libunwind.rs:104:5
[INFO] [stderr]      1:     0x55e5ff3a16d6 - std::backtrace_rs::backtrace::trace_unsynchronized::hd183f0625477fb28
[INFO] [stderr]                                  at /rustc/0e09125c6c3c2fd70d7de961bcf0e51575235fad/library/std/src/../../backtrace/src/backtrace/mod.rs:66:5
[INFO] [stderr]      2:     0x55e5ff3a16d6 - std::sys_common::backtrace::_print_fmt::hd7f8fef21b4eda67
[INFO] [stderr]                                  at /rustc/0e09125c6c3c2fd70d7de961bcf0e51575235fad/library/std/src/sys_common/backtrace.rs:68:5
[INFO] [stderr]      3:     0x55e5ff3a16d6 - <std::sys_common::backtrace::_print::DisplayBacktrace as core::fmt::Display>::fmt::h623d9b51f2f453f1
[INFO] [stderr]                                  at /rustc/0e09125c6c3c2fd70d7de961bcf0e51575235fad/library/std/src/sys_common/backtrace.rs:44:22
[INFO] [stderr]      4:     0x55e5ff3c6c20 - core::fmt::rt::Argument::fmt::h9f417ac76a86f368
[INFO] [stderr]                                  at /rustc/0e09125c6c3c2fd70d7de961bcf0e51575235fad/library/core/src/fmt/rt.rs:142:9
[INFO] [stderr]      5:     0x55e5ff3c6c20 - core::fmt::write::hc9b6faf4ac2aeff7
[INFO] [stderr]                                  at /rustc/0e09125c6c3c2fd70d7de961bcf0e51575235fad/library/core/src/fmt/mod.rs:1120:17
[INFO] [stderr]      6:     0x55e5ff39f13f - std::io::Write::write_fmt::hfead1eee52c2e65e
[INFO] [stderr]                                  at /rustc/0e09125c6c3c2fd70d7de961bcf0e51575235fad/library/std/src/io/mod.rs:1810:15
[INFO] [stderr]      7:     0x55e5ff3a14b4 - std::sys_common::backtrace::_print::hd5d66399c7df88a2
[INFO] [stderr]                                  at /rustc/0e09125c6c3c2fd70d7de961bcf0e51575235fad/library/std/src/sys_common/backtrace.rs:47:5
[INFO] [stderr]      8:     0x55e5ff3a14b4 - std::sys_common::backtrace::print::he81ed2da642d37e5
[INFO] [stderr]                                  at /rustc/0e09125c6c3c2fd70d7de961bcf0e51575235fad/library/std/src/sys_common/backtrace.rs:34:9
[INFO] [stderr]      9:     0x55e5ff3a2d97 - std::panicking::default_hook::{{closure}}::h85773f4fa117163d
[INFO] [stderr]     10:     0x55e5ff3a2af9 - std::panicking::default_hook::h6a1694a91d09b278
[INFO] [stderr]                                  at /rustc/0e09125c6c3c2fd70d7de961bcf0e51575235fad/library/std/src/panicking.rs:292:9
[INFO] [stderr]     11:     0x55e5ff3a3228 - std::panicking::rust_panic_with_hook::h0a7ad96e90f7145b
[INFO] [stderr]                                  at /rustc/0e09125c6c3c2fd70d7de961bcf0e51575235fad/library/std/src/panicking.rs:779:13
[INFO] [stderr]     12:     0x55e5ff3a3102 - std::panicking::begin_panic_handler::{{closure}}::h7919090525c6485e
[INFO] [stderr]                                  at /rustc/0e09125c6c3c2fd70d7de961bcf0e51575235fad/library/std/src/panicking.rs:657:13
[INFO] [stderr]     13:     0x55e5ff3a1bd6 - std::sys_common::backtrace::__rust_end_short_backtrace::hf3289479464f7dfe
[INFO] [stderr]                                  at /rustc/0e09125c6c3c2fd70d7de961bcf0e51575235fad/library/std/src/sys_common/backtrace.rs:171:18
[INFO] [stderr]     14:     0x55e5ff3a2e60 - rust_begin_unwind
[INFO] [stderr]                                  at /rustc/0e09125c6c3c2fd70d7de961bcf0e51575235fad/library/std/src/panicking.rs:645:5
[INFO] [stderr]     15:     0x55e5ff309685 - core::panicking::panic_fmt::hcc9f77c5c132af55
[INFO] [stderr]                                  at /rustc/0e09125c6c3c2fd70d7de961bcf0e51575235fad/library/core/src/panicking.rs:72:14
[INFO] [stderr]     16:     0x55e5ff31119a - build_script_main::validate_headers::h39bdb2e3e5bc2e40
[INFO] [stderr]     17:     0x55e5ff30dd98 - build_script_main::find_normal::try_pkg_config::haeea84c5e5ec73f6
[INFO] [stderr]     18:     0x55e5ff30ce94 - build_script_main::find_normal::find_openssl_dir::h0577e3b42e787276
[INFO] [stderr]     19:     0x55e5ff30cd32 - build_script_main::find_normal::get_openssl::{{closure}}::h68b65c10cc2e477b
[INFO] [stderr]     20:     0x55e5ff30a96f - core::option::Option<T>::unwrap_or_else::h954695205675bff8
[INFO] [stderr]     21:     0x55e5ff30cafa - build_script_main::find_normal::get_openssl::h0d02abf5300a3357
[INFO] [stderr]     22:     0x55e5ff30ea9d - build_script_main::find_openssl::ha4fc34afcbd87c74
[INFO] [stderr]     23:     0x55e5ff30eb7d - build_script_main::main::h15d99b8438ea02a5
[INFO] [stderr]     24:     0x55e5ff314d53 - core::ops::function::FnOnce::call_once::he3ff60255cb61ccd
[INFO] [stderr]     25:     0x55e5ff314856 - std::sys_common::backtrace::__rust_begin_short_backtrace::ha768441ba1e53613
[INFO] [stderr]     26:     0x55e5ff30a309 - std::rt::lang_start::{{closure}}::h8f47950e2e60eae2
[INFO] [stderr]     27:     0x55e5ff39b1c1 - core::ops::function::impls::<impl core::ops::function::FnOnce<A> for &F>::call_once::h4eb4c5e1620f29b0
[INFO] [stderr]                                  at /rustc/0e09125c6c3c2fd70d7de961bcf0e51575235fad/library/core/src/ops/function.rs:284:13
[INFO] [stderr]     28:     0x55e5ff39b1c1 - std::panicking::try::do_call::h73fd26535faffcdf
[INFO] [stderr]                                  at /rustc/0e09125c6c3c2fd70d7de961bcf0e51575235fad/library/std/src/panicking.rs:552:40
[INFO] [stderr]     29:     0x55e5ff39b1c1 - std::panicking::try::h77ff1d98f0fb9f39
[INFO] [stderr]                                  at /rustc/0e09125c6c3c2fd70d7de961bcf0e51575235fad/library/std/src/panicking.rs:516:19
[INFO] [stderr]     30:     0x55e5ff39b1c1 - std::panic::catch_unwind::hab3caf2448b95e37
[INFO] [stderr]                                  at /rustc/0e09125c6c3c2fd70d7de961bcf0e51575235fad/library/std/src/panic.rs:142:14
[INFO] [stderr]     31:     0x55e5ff39b1c1 - std::rt::lang_start_internal::{{closure}}::h8086711f9c783f78
[INFO] [stderr]                                  at /rustc/0e09125c6c3c2fd70d7de961bcf0e51575235fad/library/std/src/rt.rs:148:48
[INFO] [stderr]     32:     0x55e5ff39b1c1 - std::panicking::try::do_call::hf920d4dc291cd6ca
[INFO] [stderr]                                  at /rustc/0e09125c6c3c2fd70d7de961bcf0e51575235fad/library/std/src/panicking.rs:552:40
[INFO] [stderr]     33:     0x55e5ff39b1c1 - std::panicking::try::h2b806ccc0a85db74
[INFO] [stderr]                                  at /rustc/0e09125c6c3c2fd70d7de961bcf0e51575235fad/library/std/src/panicking.rs:516:19
[INFO] [stderr]     34:     0x55e5ff39b1c1 - std::panic::catch_unwind::h038489539c507df2
[INFO] [stderr]                                  at /rustc/0e09125c6c3c2fd70d7de961bcf0e51575235fad/library/std/src/panic.rs:142:14
[INFO] [stderr]     35:     0x55e5ff39b1c1 - std::rt::lang_start_internal::h28503b88912e8a5c
[INFO] [stderr]                                  at /rustc/0e09125c6c3c2fd70d7de961bcf0e51575235fad/library/std/src/rt.rs:148:20
[INFO] [stderr]     36:     0x55e5ff30a2e7 - std::rt::lang_start::h5a129bd6363a37c7
[INFO] [stderr]     37:     0x55e5ff311ee5 - main
[INFO] [stderr]     38:     0x7f44f6e57d90 - <unknown>
[INFO] [stderr]     39:     0x7f44f6e57e40 - __libc_start_main
[INFO] [stderr]     40:     0x55e5ff309ea5 - _start
[INFO] [stderr]     41:                0x0 - <unknown>
[INFO] [stderr] warning: build failed, waiting for other jobs to finish...
[INFO] running `Command { std: "docker" "inspect" "a8c0f5f6b19b865b16a3e08ea3650a19492d726aeaa747014a70f6f20329ffe8", kill_on_drop: false }`
[INFO] running `Command { std: "docker" "rm" "-f" "a8c0f5f6b19b865b16a3e08ea3650a19492d726aeaa747014a70f6f20329ffe8", kill_on_drop: false }`
[INFO] [stdout] a8c0f5f6b19b865b16a3e08ea3650a19492d726aeaa747014a70f6f20329ffe8
