[INFO] fetching crate signature_ps 0.35.0...
[INFO] documenting signature_ps-0.35.0 against 1.75.0 for beta-1.76-rustdoc-1
[INFO] extracting crate signature_ps 0.35.0 into /workspace/builds/worker-2-tc1/source
[INFO] validating manifest of crates.io crate signature_ps 0.35.0 on toolchain 1.75.0
[INFO] running `Command { std: CARGO_HOME="/workspace/cargo-home" RUSTUP_HOME="/workspace/rustup-home" "/workspace/cargo-home/bin/cargo" "+1.75.0" "metadata" "--manifest-path" "Cargo.toml" "--no-deps", kill_on_drop: false }`
[INFO] started tweaking crates.io crate signature_ps 0.35.0
[INFO] finished tweaking crates.io crate signature_ps 0.35.0
[INFO] tweaked toml for crates.io crate signature_ps 0.35.0 written to /workspace/builds/worker-2-tc1/source/Cargo.toml
[INFO] running `Command { std: CARGO_HOME="/workspace/cargo-home" RUSTUP_HOME="/workspace/rustup-home" "/workspace/cargo-home/bin/cargo" "+1.75.0" "generate-lockfile" "--manifest-path" "Cargo.toml", kill_on_drop: false }`
[INFO] [stderr]     Updating crates.io index
[INFO] running `Command { std: CARGO_HOME="/workspace/cargo-home" RUSTUP_HOME="/workspace/rustup-home" "/workspace/cargo-home/bin/cargo" "+1.75.0" "fetch" "--manifest-path" "Cargo.toml", kill_on_drop: false }`
[INFO] [stderr]  Downloading crates ...
[INFO] [stderr]   Downloaded pairing v0.20.0
[INFO] [stderr]   Downloaded hkdf v0.11.0
[INFO] [stderr]   Downloaded signature_bls v0.35.0
[INFO] [stderr]   Downloaded signature_core v0.37.0
[INFO] [stderr]   Downloaded vsss-rs v1.6.0
[INFO] [stderr]   Downloaded bls12_381_plus v0.5.5
[INFO] running `Command { std: "docker" "create" "-v" "/var/lib/crater-agent-workspace/builds/worker-2-tc1/target:/opt/rustwide/target:rw,Z" "-v" "/var/lib/crater-agent-workspace/builds/worker-2-tc1/source:/opt/rustwide/workdir:ro,Z" "-v" "/var/lib/crater-agent-workspace/cargo-home:/opt/rustwide/cargo-home:ro,Z" "-v" "/var/lib/crater-agent-workspace/rustup-home:/opt/rustwide/rustup-home:ro,Z" "-e" "SOURCE_DIR=/opt/rustwide/workdir" "-e" "CARGO_TARGET_DIR=/opt/rustwide/target" "-e" "CARGO_HOME=/opt/rustwide/cargo-home" "-e" "RUSTUP_HOME=/opt/rustwide/rustup-home" "-w" "/opt/rustwide/workdir" "-m" "1610612736" "--user" "0:0" "--network" "none" "ghcr.io/rust-lang/crates-build-env/linux@sha256:2788e3201cd34a07e3172128adcd8b3090168a8e3bcc40d7c032b9dda1df7d1c" "/opt/rustwide/cargo-home/bin/cargo" "+1.75.0" "metadata" "--no-deps" "--format-version=1", kill_on_drop: false }`
[INFO] [stdout] b59ee676dc11739ece425ba77958a2194392da1d5c916910e993beb77cca0ab7
[INFO] running `Command { std: "docker" "start" "-a" "b59ee676dc11739ece425ba77958a2194392da1d5c916910e993beb77cca0ab7", kill_on_drop: false }`
[INFO] running `Command { std: "docker" "inspect" "b59ee676dc11739ece425ba77958a2194392da1d5c916910e993beb77cca0ab7", kill_on_drop: false }`
[INFO] running `Command { std: "docker" "rm" "-f" "b59ee676dc11739ece425ba77958a2194392da1d5c916910e993beb77cca0ab7", kill_on_drop: false }`
[INFO] [stdout] b59ee676dc11739ece425ba77958a2194392da1d5c916910e993beb77cca0ab7
[INFO] running `Command { std: "docker" "create" "-v" "/var/lib/crater-agent-workspace/builds/worker-2-tc1/target:/opt/rustwide/target:rw,Z" "-v" "/var/lib/crater-agent-workspace/builds/worker-2-tc1/source:/opt/rustwide/workdir:ro,Z" "-v" "/var/lib/crater-agent-workspace/cargo-home:/opt/rustwide/cargo-home:ro,Z" "-v" "/var/lib/crater-agent-workspace/rustup-home:/opt/rustwide/rustup-home:ro,Z" "-e" "SOURCE_DIR=/opt/rustwide/workdir" "-e" "CARGO_TARGET_DIR=/opt/rustwide/target" "-e" "CARGO_INCREMENTAL=0" "-e" "RUST_BACKTRACE=full" "-e" "RUSTFLAGS=--cap-lints=warn" "-e" "RUSTDOCFLAGS=--cap-lints=warn" "-e" "CARGO_HOME=/opt/rustwide/cargo-home" "-e" "RUSTUP_HOME=/opt/rustwide/rustup-home" "-w" "/opt/rustwide/workdir" "-m" "1610612736" "--user" "0:0" "--network" "none" "ghcr.io/rust-lang/crates-build-env/linux@sha256:2788e3201cd34a07e3172128adcd8b3090168a8e3bcc40d7c032b9dda1df7d1c" "/opt/rustwide/cargo-home/bin/cargo" "+1.75.0" "doc" "--frozen" "--no-deps" "--document-private-items" "--message-format=json", kill_on_drop: false }`
[INFO] [stdout] a01c5031a02afe17f109415b89c39aec33e92328c5d6b4e60ee9c99fa0029be9
[INFO] running `Command { std: "docker" "start" "-a" "a01c5031a02afe17f109415b89c39aec33e92328c5d6b4e60ee9c99fa0029be9", kill_on_drop: false }`
[INFO] [stderr]     Checking rand_core v0.6.4
[INFO] [stderr]    Compiling radium v0.7.0
[INFO] [stderr]    Compiling semver v1.0.21
[INFO] [stderr]    Compiling serde v1.0.195
[INFO] [stderr]     Checking funty v2.0.0
[INFO] [stderr]     Checking byteorder v1.5.0
[INFO] [stderr]    Compiling proc-macro2 v1.0.76
[INFO] [stderr]     Checking wyz v0.5.1
[INFO] [stderr]    Compiling libc v0.2.151
[INFO] [stderr]    Compiling ahash v0.7.7
[INFO] [stderr]     Checking stable_deref_trait v1.2.0
[INFO] [stderr]     Checking ppv-lite86 v0.2.17
[INFO] [stderr]     Checking once_cell v1.19.0
[INFO] [stderr]     Checking crypto-mac v0.8.0
[INFO] [stderr]     Checking spin v0.9.8
[INFO] [stderr]     Checking crypto-mac v0.11.1
[INFO] [stderr]     Checking block-buffer v0.9.0
[INFO] [stderr]     Checking hmac v0.11.0
[INFO] [stderr]     Checking ff v0.10.1
[INFO] [stderr]     Checking blake2 v0.9.2
[INFO] [stderr]     Checking hmac v0.8.1
[INFO] [stderr]     Checking hkdf v0.11.0
[INFO] [stderr]     Checking sha2 v0.9.9
[INFO] [stderr]     Checking hash32 v0.2.1
[INFO] [stderr]     Checking group v0.10.0
[INFO] [stderr]     Checking hmac-drbg v0.3.0
[INFO] [stderr]     Checking pairing v0.20.0
[INFO] [stderr]     Checking rand_chacha v0.3.1
[INFO] [stderr]    Compiling quote v1.0.35
[INFO] [stderr]    Compiling rustc_version v0.4.0
[INFO] [stderr]     Checking bitvec v1.0.1
[INFO] [stderr]    Compiling syn v2.0.48
[INFO] [stderr]     Checking getrandom v0.2.11
[INFO] [stderr]    Compiling heapless v0.7.17
[INFO] [stderr]     Checking hashbrown v0.11.2
[INFO] [stderr]     Checking ff v0.12.1
[INFO] [stderr]     Checking group v0.12.1
[INFO] [stderr]     Checking pairing v0.22.0
[INFO] [stderr]    Compiling serde_derive v1.0.195
[INFO] [stderr]    Compiling zeroize_derive v1.4.2
[INFO] [stderr]     Checking zeroize v1.7.0
[INFO] [stderr]     Checking serde-big-array v0.4.1
[INFO] [stderr]     Checking bls12_381_plus v0.5.5
[INFO] [stderr]     Checking serde-big-array v0.3.3
[INFO] [stderr]     Checking vsss-rs v1.6.0
[INFO] [stderr]     Checking signature_core v0.37.0
[INFO] [stderr]     Checking signature_bls v0.35.0
[INFO] [stdout] error[E0599]: no function or associated item named `random` found for struct `Scalar` in the current scope
[INFO] [stdout]    --> /opt/rustwide/cargo-home/registry/src/index.crates.io-6f17d22bba15001f/signature_core-0.37.0/src/proof_committed_builder.rs:94:25
[INFO] [stdout]     |
[INFO] [stdout] 94  |         let r = Scalar::random(rng);
[INFO] [stdout]     |                         ^^^^^^ function or associated item not found in `Scalar`
[INFO] [stdout]     |
[INFO] [stdout] note: if you're trying to build a new `Scalar` consider using one of the following associated functions:
[INFO] [stdout]       Scalar::zero
[INFO] [stdout]       Scalar::one
[INFO] [stdout]       Scalar::from_bytes_wide
[INFO] [stdout]       Scalar::from_okm
[INFO] [stdout]       and 3 others
[INFO] [stdout]    --> /opt/rustwide/cargo-home/registry/src/index.crates.io-6f17d22bba15001f/bls12_381_plus-0.5.5/src/scalar.rs:237:5
[INFO] [stdout]     |
[INFO] [stdout] 237 |     pub const fn zero() -> Scalar {
[INFO] [stdout]     |     ^^^^^^^^^^^^^^^^^^^^^^^^^^^^^
[INFO] [stdout] ...
[INFO] [stdout] 244 |     pub const fn one() -> Scalar {
[INFO] [stdout]     |     ^^^^^^^^^^^^^^^^^^^^^^^^^^^^
[INFO] [stdout] ...
[INFO] [stdout] 301 |     pub fn from_bytes_wide(bytes: &[u8; 64]) -> Scalar {
[INFO] [stdout]     |     ^^^^^^^^^^^^^^^^^^^^^^^^^^^^^^^^^^^^^^^^^^^^^^^^^^
[INFO] [stdout] ...
[INFO] [stdout] 315 |     pub fn from_okm(bytes: &[u8; 48]) -> Scalar {
[INFO] [stdout]     |     ^^^^^^^^^^^^^^^^^^^^^^^^^^^^^^^^^^^^^^^^^^^
[INFO] [stdout]     = help: items from traits can only be used if the trait is in scope
[INFO] [stdout] help: the following trait is implemented but not in scope; perhaps add a `use` for it:
[INFO] [stdout]     |
[INFO] [stdout] 1   + use ff::Field;
[INFO] [stdout]     |
[INFO] [stdout] 
[INFO] [stdout] 
[INFO] [stdout] error[E0599]: no method named `to_affine` found for struct `G1Projective` in the current scope
[INFO] [stdout]    --> /opt/rustwide/cargo-home/registry/src/index.crates.io-6f17d22bba15001f/signature_bls-0.35.0/src/aggregate_signature.rs:110:57
[INFO] [stdout]     |
[INFO] [stdout] 110 |                         Signature::hash_msg(m.as_ref()).to_affine(),
[INFO] [stdout]     |                                                         ^^^^^^^^^ method not found in `G1Projective`
[INFO] [stdout]     |
[INFO] [stdout]    ::: /opt/rustwide/cargo-home/registry/src/index.crates.io-6f17d22bba15001f/group-0.12.1/src/lib.rs:113:8
[INFO] [stdout]     |
[INFO] [stdout] 113 |     fn to_affine(&self) -> Self::AffineRepr;
[INFO] [stdout]     |        --------- the method is available for `G1Projective` here
[INFO] [stdout]     |
[INFO] [stdout]     = help: items from traits can only be used if the trait is in scope
[INFO] [stdout] help: the following trait is implemented but not in scope; perhaps add a `use` for it:
[INFO] [stdout]     |
[INFO] [stdout] 1   + use group::Curve;
[INFO] [stdout]     |
[INFO] [stdout] 
[INFO] [stdout] 
[INFO] [stdout] error[E0599]: no method named `to_affine` found for struct `G2Projective` in the current scope
[INFO] [stdout]    --> /opt/rustwide/cargo-home/registry/src/index.crates.io-6f17d22bba15001f/signature_bls-0.35.0/src/aggregate_signature.rs:111:48
[INFO] [stdout]     |
[INFO] [stdout] 111 |                         G2Prepared::from(key.0.to_affine()),
[INFO] [stdout]     |                                                ^^^^^^^^^ method not found in `G2Projective`
[INFO] [stdout]     |
[INFO] [stdout]    ::: /opt/rustwide/cargo-home/registry/src/index.crates.io-6f17d22bba15001f/group-0.12.1/src/lib.rs:113:8
[INFO] [stdout]     |
[INFO] [stdout] 113 |     fn to_affine(&self) -> Self::AffineRepr;
[INFO] [stdout]     |        --------- the method is available for `G2Projective` here
[INFO] [stdout]     |
[INFO] [stdout]     = help: items from traits can only be used if the trait is in scope
[INFO] [stdout] help: the following trait is implemented but not in scope; perhaps add a `use` for it:
[INFO] [stdout]     |
[INFO] [stdout] 1   + use group::Curve;
[INFO] [stdout]     |
[INFO] [stdout] 
[INFO] [stdout] 
[INFO] [stdout] error[E0599]: no method named `to_affine` found for reference `&G1Projective` in the current scope
[INFO] [stdout]    --> /opt/rustwide/cargo-home/registry/src/index.crates.io-6f17d22bba15001f/signature_bls-0.35.0/src/aggregate_signature.rs:117:21
[INFO] [stdout]     |
[INFO] [stdout] 117 |                 sig.to_affine(),
[INFO] [stdout]     |                     ^^^^^^^^^ method not found in `&G1Projective`
[INFO] [stdout]     |
[INFO] [stdout]     = help: items from traits can only be used if the trait is in scope
[INFO] [stdout] help: the following trait is implemented but not in scope; perhaps add a `use` for it:
[INFO] [stdout]     |
[INFO] [stdout] 1   + use group::Curve;
[INFO] [stdout]     |
[INFO] [stdout] 
[INFO] [stdout] 
[INFO] [stdout] error[E0599]: no method named `is_identity` found for struct `Gt` in the current scope
[INFO] [stdout]    --> /opt/rustwide/cargo-home/registry/src/index.crates.io-6f17d22bba15001f/signature_bls-0.35.0/src/aggregate_signature.rs:127:18
[INFO] [stdout]     |
[INFO] [stdout] 125 | /             multi_miller_loop(t.as_slice())
[INFO] [stdout] 126 | |                 .final_exponentiation()
[INFO] [stdout] 127 | |                 .is_identity()
[INFO] [stdout]     | |                 -^^^^^^^^^^^ method not found in `Gt`
[INFO] [stdout]     | |_________________|
[INFO] [stdout]     | 
[INFO] [stdout]     |
[INFO] [stdout]    ::: /opt/rustwide/cargo-home/registry/src/index.crates.io-6f17d22bba15001f/group-0.12.1/src/lib.rs:88:8
[INFO] [stdout]     |
[INFO] [stdout] 88  |       fn is_identity(&self) -> Choice;
[INFO] [stdout]     |          ----------- the method is available for `Gt` here
[INFO] [stdout]     |
[INFO] [stdout]     = help: items from traits can only be used if the trait is in scope
[INFO] [stdout] help: the following trait is implemented but not in scope; perhaps add a `use` for it:
[INFO] [stdout]     |
[INFO] [stdout] 1   + use group::Group;
[INFO] [stdout]     |
[INFO] [stdout] 
[INFO] [stdout] 
[INFO] [stdout] error[E0599]: no method named `to_affine` found for struct `G1Projective` in the current scope
[INFO] [stdout]    --> /opt/rustwide/cargo-home/registry/src/index.crates.io-6f17d22bba15001f/signature_bls-0.35.0/src/aggregate_signature.rs:134:16
[INFO] [stdout]     |
[INFO] [stdout] 134 |         self.0.to_affine().to_compressed()
[INFO] [stdout]     |                ^^^^^^^^^ method not found in `G1Projective`
[INFO] [stdout]     |
[INFO] [stdout]    ::: /opt/rustwide/cargo-home/registry/src/index.crates.io-6f17d22bba15001f/group-0.12.1/src/lib.rs:113:8
[INFO] [stdout]     |
[INFO] [stdout] 113 |     fn to_affine(&self) -> Self::AffineRepr;
[INFO] [stdout]     |        --------- the method is available for `G1Projective` here
[INFO] [stdout]     |
[INFO] [stdout]     = help: items from traits can only be used if the trait is in scope
[INFO] [stdout] help: the following trait is implemented but not in scope; perhaps add a `use` for it:
[INFO] [stdout]     |
[INFO] [stdout] 1   + use group::Curve;
[INFO] [stdout]     |
[INFO] [stdout] 
[INFO] [stdout] 
[INFO] [stdout] error[E0599]: no function or associated item named `random` found for struct `Scalar` in the current scope
[INFO] [stdout]    --> /opt/rustwide/cargo-home/registry/src/index.crates.io-6f17d22bba15001f/signature_core-0.37.0/src/message.rs:23:22
[INFO] [stdout]     |
[INFO] [stdout] 23  |         Self(Scalar::random(rng))
[INFO] [stdout]     |                      ^^^^^^ function or associated item not found in `Scalar`
[INFO] [stdout]     |
[INFO] [stdout] note: if you're trying to build a new `Scalar` consider using one of the following associated functions:
[INFO] [stdout]       Scalar::zero
[INFO] [stdout]       Scalar::one
[INFO] [stdout]       Scalar::from_bytes_wide
[INFO] [stdout]       Scalar::from_okm
[INFO] [stdout]       and 3 others
[INFO] [stdout]    --> /opt/rustwide/cargo-home/registry/src/index.crates.io-6f17d22bba15001f/bls12_381_plus-0.5.5/src/scalar.rs:237:5
[INFO] [stdout]     |
[INFO] [stdout] 237 |     pub const fn zero() -> Scalar {
[INFO] [stdout]     |     ^^^^^^^^^^^^^^^^^^^^^^^^^^^^^
[INFO] [stdout] ...
[INFO] [stdout] 244 |     pub const fn one() -> Scalar {
[INFO] [stdout]     |     ^^^^^^^^^^^^^^^^^^^^^^^^^^^^
[INFO] [stdout] ...
[INFO] [stdout] 301 |     pub fn from_bytes_wide(bytes: &[u8; 64]) -> Scalar {
[INFO] [stdout]     |     ^^^^^^^^^^^^^^^^^^^^^^^^^^^^^^^^^^^^^^^^^^^^^^^^^^
[INFO] [stdout] ...
[INFO] [stdout] 315 |     pub fn from_okm(bytes: &[u8; 48]) -> Scalar {
[INFO] [stdout]     |     ^^^^^^^^^^^^^^^^^^^^^^^^^^^^^^^^^^^^^^^^^^^
[INFO] [stdout]     = help: items from traits can only be used if the trait is in scope
[INFO] [stdout] help: the following trait is implemented but not in scope; perhaps add a `use` for it:
[INFO] [stdout]     |
[INFO] [stdout] 1   + use ff::Field;
[INFO] [stdout]     |
[INFO] [stdout] 
[INFO] [stdout] 
[INFO] [stdout] error[E0599]: no function or associated item named `random` found for struct `Scalar` in the current scope
[INFO] [stdout]    --> /opt/rustwide/cargo-home/registry/src/index.crates.io-6f17d22bba15001f/signature_core-0.37.0/src/nonce.rs:23:22
[INFO] [stdout]     |
[INFO] [stdout] 23  |         Self(Scalar::random(rng))
[INFO] [stdout]     |                      ^^^^^^ function or associated item not found in `Scalar`
[INFO] [stdout]     |
[INFO] [stdout] note: if you're trying to build a new `Scalar` consider using one of the following associated functions:
[INFO] [stdout]       Scalar::zero
[INFO] [stdout]       Scalar::one
[INFO] [stdout]       Scalar::from_bytes_wide
[INFO] [stdout]       Scalar::from_okm
[INFO] [stdout]       and 3 others
[INFO] [stdout]    --> /opt/rustwide/cargo-home/registry/src/index.crates.io-6f17d22bba15001f/bls12_381_plus-0.5.5/src/scalar.rs:237:5
[INFO] [stdout]     |
[INFO] [stdout] 237 |     pub const fn zero() -> Scalar {
[INFO] [stdout]     |     ^^^^^^^^^^^^^^^^^^^^^^^^^^^^^
[INFO] [stdout] ...
[INFO] [stdout] 244 |     pub const fn one() -> Scalar {
[INFO] [stdout]     |     ^^^^^^^^^^^^^^^^^^^^^^^^^^^^
[INFO] [stdout] ...
[INFO] [stdout] 301 |     pub fn from_bytes_wide(bytes: &[u8; 64]) -> Scalar {
[INFO] [stdout]     |     ^^^^^^^^^^^^^^^^^^^^^^^^^^^^^^^^^^^^^^^^^^^^^^^^^^
[INFO] [stdout] ...
[INFO] [stdout] 315 |     pub fn from_okm(bytes: &[u8; 48]) -> Scalar {
[INFO] [stdout]     |     ^^^^^^^^^^^^^^^^^^^^^^^^^^^^^^^^^^^^^^^^^^^
[INFO] [stdout]     = help: items from traits can only be used if the trait is in scope
[INFO] [stdout] help: the following trait is implemented but not in scope; perhaps add a `use` for it:
[INFO] [stdout]     |
[INFO] [stdout] 1   + use ff::Field;
[INFO] [stdout]     |
[INFO] [stdout] 
[INFO] [stdout] 
[INFO] [stdout] error[E0599]: no method named `to_affine` found for struct `G1Projective` in the current scope
[INFO] [stdout]    --> /opt/rustwide/cargo-home/registry/src/index.crates.io-6f17d22bba15001f/signature_bls-0.35.0/src/aggregate_signature_vt.rs:110:31
[INFO] [stdout]     |
[INFO] [stdout] 110 |                         key.0.to_affine(),
[INFO] [stdout]     |                               ^^^^^^^^^ method not found in `G1Projective`
[INFO] [stdout]     |
[INFO] [stdout]    ::: /opt/rustwide/cargo-home/registry/src/index.crates.io-6f17d22bba15001f/group-0.12.1/src/lib.rs:113:8
[INFO] [stdout]     |
[INFO] [stdout] 113 |     fn to_affine(&self) -> Self::AffineRepr;
[INFO] [stdout]     |        --------- the method is available for `G1Projective` here
[INFO] [stdout]     |
[INFO] [stdout]     = help: items from traits can only be used if the trait is in scope
[INFO] [stdout] help: the following trait is implemented but not in scope; perhaps add a `use` for it:
[INFO] [stdout]     |
[INFO] [stdout] 1   + use group::Curve;
[INFO] [stdout]     |
[INFO] [stdout] 
[INFO] [stdout] 
[INFO] [stdout] error[E0599]: no method named `to_affine` found for struct `G2Projective` in the current scope
[INFO] [stdout]    --> /opt/rustwide/cargo-home/registry/src/index.crates.io-6f17d22bba15001f/signature_bls-0.35.0/src/aggregate_signature_vt.rs:111:76
[INFO] [stdout]     |
[INFO] [stdout] 111 |                         G2Prepared::from(SignatureVt::hash_msg(m.as_ref()).to_affine()),
[INFO] [stdout]     |                                                                            ^^^^^^^^^ method not found in `G2Projective`
[INFO] [stdout]     |
[INFO] [stdout]    ::: /opt/rustwide/cargo-home/registry/src/index.crates.io-6f17d22bba15001f/group-0.12.1/src/lib.rs:113:8
[INFO] [stdout]     |
[INFO] [stdout] 113 |     fn to_affine(&self) -> Self::AffineRepr;
[INFO] [stdout]     |        --------- the method is available for `G2Projective` here
[INFO] [stdout]     |
[INFO] [stdout]     = help: items from traits can only be used if the trait is in scope
[INFO] [stdout] help: the following trait is implemented but not in scope; perhaps add a `use` for it:
[INFO] [stdout]     |
[INFO] [stdout] 1   + use group::Curve;
[INFO] [stdout]     |
[INFO] [stdout] 
[INFO] [stdout] 
[INFO] [stdout] error[E0599]: no method named `to_affine` found for reference `&G2Projective` in the current scope
[INFO] [stdout]    --> /opt/rustwide/cargo-home/registry/src/index.crates.io-6f17d22bba15001f/signature_bls-0.35.0/src/aggregate_signature_vt.rs:118:38
[INFO] [stdout]     |
[INFO] [stdout] 118 |                 G2Prepared::from(sig.to_affine()),
[INFO] [stdout]     |                                      ^^^^^^^^^ method not found in `&G2Projective`
[INFO] [stdout]     |
[INFO] [stdout]     = help: items from traits can only be used if the trait is in scope
[INFO] [stdout] help: the following trait is implemented but not in scope; perhaps add a `use` for it:
[INFO] [stdout]     |
[INFO] [stdout] 1   + use group::Curve;
[INFO] [stdout]     |
[INFO] [stdout] 
[INFO] [stdout] 
[INFO] [stdout] error[E0599]: no method named `to_affine` found for struct `G1Projective` in the current scope
[INFO] [stdout]    --> /opt/rustwide/cargo-home/registry/src/index.crates.io-6f17d22bba15001f/signature_core-0.37.0/src/commitment.rs:17:16
[INFO] [stdout]     |
[INFO] [stdout] 17  |         self.0.to_affine().to_compressed()
[INFO] [stdout]     |                ^^^^^^^^^ method not found in `G1Projective`
[INFO] [stdout]     |
[INFO] [stdout]    ::: /opt/rustwide/cargo-home/registry/src/index.crates.io-6f17d22bba15001f/group-0.12.1/src/lib.rs:113:8
[INFO] [stdout]     |
[INFO] [stdout] 113 |     fn to_affine(&self) -> Self::AffineRepr;
[INFO] [stdout]     |        --------- the method is available for `G1Projective` here
[INFO] [stdout]     |
[INFO] [stdout]     = help: items from traits can only be used if the trait is in scope
[INFO] [stdout] help: the following trait is implemented but not in scope; perhaps add a `use` for it:
[INFO] [stdout]     |
[INFO] [stdout] 1   + use group::Curve;
[INFO] [stdout]     |
[INFO] [stdout] 
[INFO] [stdout] 
[INFO] [stdout] error[E0599]: no method named `is_identity` found for struct `Gt` in the current scope
[INFO] [stdout]    --> /opt/rustwide/cargo-home/registry/src/index.crates.io-6f17d22bba15001f/signature_bls-0.35.0/src/aggregate_signature_vt.rs:127:18
[INFO] [stdout]     |
[INFO] [stdout] 125 | /             multi_miller_loop(t.as_slice())
[INFO] [stdout] 126 | |                 .final_exponentiation()
[INFO] [stdout] 127 | |                 .is_identity()
[INFO] [stdout]     | |                 -^^^^^^^^^^^ method not found in `Gt`
[INFO] [stdout]     | |_________________|
[INFO] [stdout]     | 
[INFO] [stdout]     |
[INFO] [stdout]    ::: /opt/rustwide/cargo-home/registry/src/index.crates.io-6f17d22bba15001f/group-0.12.1/src/lib.rs:88:8
[INFO] [stdout]     |
[INFO] [stdout] 88  |       fn is_identity(&self) -> Choice;
[INFO] [stdout]     |          ----------- the method is available for `Gt` here
[INFO] [stdout]     |
[INFO] [stdout]     = help: items from traits can only be used if the trait is in scope
[INFO] [stdout] help: the following trait is implemented but not in scope; perhaps add a `use` for it:
[INFO] [stdout]     |
[INFO] [stdout] 1   + use group::Group;
[INFO] [stdout]     |
[INFO] [stdout] 
[INFO] [stdout] 
[INFO] [stdout] error[E0599]: no method named `to_affine` found for struct `G2Projective` in the current scope
[INFO] [stdout]    --> /opt/rustwide/cargo-home/registry/src/index.crates.io-6f17d22bba15001f/signature_bls-0.35.0/src/aggregate_signature_vt.rs:134:16
[INFO] [stdout]     |
[INFO] [stdout] 134 |         self.0.to_affine().to_compressed()
[INFO] [stdout]     |                ^^^^^^^^^ method not found in `G2Projective`
[INFO] [stdout]     |
[INFO] [stdout]    ::: /opt/rustwide/cargo-home/registry/src/index.crates.io-6f17d22bba15001f/group-0.12.1/src/lib.rs:113:8
[INFO] [stdout]     |
[INFO] [stdout] 113 |     fn to_affine(&self) -> Self::AffineRepr;
[INFO] [stdout]     |        --------- the method is available for `G2Projective` here
[INFO] [stdout]     |
[INFO] [stdout]     = help: items from traits can only be used if the trait is in scope
[INFO] [stdout] help: the following trait is implemented but not in scope; perhaps add a `use` for it:
[INFO] [stdout]     |
[INFO] [stdout] 1   + use group::Curve;
[INFO] [stdout]     |
[INFO] [stdout] 
[INFO] [stdout] 
[INFO] [stdout] error[E0599]: no method named `to_affine` found for struct `G2Projective` in the current scope
[INFO] [stdout]    --> /opt/rustwide/cargo-home/registry/src/index.crates.io-6f17d22bba15001f/signature_bls-0.35.0/src/multi_public_key.rs:72:16
[INFO] [stdout]     |
[INFO] [stdout] 72  |         self.0.to_affine().to_compressed()
[INFO] [stdout]     |                ^^^^^^^^^ method not found in `G2Projective`
[INFO] [stdout]     |
[INFO] [stdout]    ::: /opt/rustwide/cargo-home/registry/src/index.crates.io-6f17d22bba15001f/group-0.12.1/src/lib.rs:113:8
[INFO] [stdout]     |
[INFO] [stdout] 113 |     fn to_affine(&self) -> Self::AffineRepr;
[INFO] [stdout]     |        --------- the method is available for `G2Projective` here
[INFO] [stdout]     |
[INFO] [stdout]     = help: items from traits can only be used if the trait is in scope
[INFO] [stdout] help: the following trait is implemented but not in scope; perhaps add a `use` for it:
[INFO] [stdout]     |
[INFO] [stdout] 1   + use group::Curve;
[INFO] [stdout]     |
[INFO] [stdout] 
[INFO] [stdout] 
[INFO] [stdout] error[E0599]: no function or associated item named `random` found for struct `Scalar` in the current scope
[INFO] [stdout]    --> /opt/rustwide/cargo-home/registry/src/index.crates.io-6f17d22bba15001f/signature_core-0.37.0/src/signature_blinding.rs:23:22
[INFO] [stdout]     |
[INFO] [stdout] 23  |         Self(Scalar::random(rng))
[INFO] [stdout]     |                      ^^^^^^ function or associated item not found in `Scalar`
[INFO] [stdout]     |
[INFO] [stdout] note: if you're trying to build a new `Scalar` consider using one of the following associated functions:
[INFO] [stdout]       Scalar::zero
[INFO] [stdout]       Scalar::one
[INFO] [stdout]       Scalar::from_bytes_wide
[INFO] [stdout]       Scalar::from_okm
[INFO] [stdout]       and 3 others
[INFO] [stdout]    --> /opt/rustwide/cargo-home/registry/src/index.crates.io-6f17d22bba15001f/bls12_381_plus-0.5.5/src/scalar.rs:237:5
[INFO] [stdout]     |
[INFO] [stdout] 237 |     pub const fn zero() -> Scalar {
[INFO] [stdout]     |     ^^^^^^^^^^^^^^^^^^^^^^^^^^^^^
[INFO] [stdout] ...
[INFO] [stdout] 244 |     pub const fn one() -> Scalar {
[INFO] [stdout]     |     ^^^^^^^^^^^^^^^^^^^^^^^^^^^^
[INFO] [stdout] ...
[INFO] [stdout] 301 |     pub fn from_bytes_wide(bytes: &[u8; 64]) -> Scalar {
[INFO] [stdout]     |     ^^^^^^^^^^^^^^^^^^^^^^^^^^^^^^^^^^^^^^^^^^^^^^^^^^
[INFO] [stdout] ...
[INFO] [stdout] 315 |     pub fn from_okm(bytes: &[u8; 48]) -> Scalar {
[INFO] [stdout]     |     ^^^^^^^^^^^^^^^^^^^^^^^^^^^^^^^^^^^^^^^^^^^
[INFO] [stdout]     = help: items from traits can only be used if the trait is in scope
[INFO] [stdout] help: the following trait is implemented but not in scope; perhaps add a `use` for it:
[INFO] [stdout]     |
[INFO] [stdout] 1   + use ff::Field;
[INFO] [stdout]     |
[INFO] [stdout] 
[INFO] [stdout] 
[INFO] [stdout] error[E0599]: no method named `to_affine` found for struct `G1Projective` in the current scope
[INFO] [stdout]    --> /opt/rustwide/cargo-home/registry/src/index.crates.io-6f17d22bba15001f/signature_bls-0.35.0/src/multi_public_key_vt.rs:72:16
[INFO] [stdout]     |
[INFO] [stdout] 72  |         self.0.to_affine().to_compressed()
[INFO] [stdout]     |                ^^^^^^^^^ method not found in `G1Projective`
[INFO] [stdout]     |
[INFO] [stdout]    ::: /opt/rustwide/cargo-home/registry/src/index.crates.io-6f17d22bba15001f/group-0.12.1/src/lib.rs:113:8
[INFO] [stdout]     |
[INFO] [stdout] 113 |     fn to_affine(&self) -> Self::AffineRepr;
[INFO] [stdout]     |        --------- the method is available for `G1Projective` here
[INFO] [stdout]     |
[INFO] [stdout]     = help: items from traits can only be used if the trait is in scope
[INFO] [stdout] help: the following trait is implemented but not in scope; perhaps add a `use` for it:
[INFO] [stdout]     |
[INFO] [stdout] 1   + use group::Curve;
[INFO] [stdout]     |
[INFO] [stdout] 
[INFO] [stdout] 
[INFO] [stdout] error[E0599]: no method named `to_affine` found for struct `G1Projective` in the current scope
[INFO] [stdout]    --> /opt/rustwide/cargo-home/registry/src/index.crates.io-6f17d22bba15001f/signature_bls-0.35.0/src/multi_signature.rs:77:16
[INFO] [stdout]     |
[INFO] [stdout] 77  |         self.0.to_affine().to_compressed()
[INFO] [stdout]     |                ^^^^^^^^^ method not found in `G1Projective`
[INFO] [stdout]     |
[INFO] [stdout]    ::: /opt/rustwide/cargo-home/registry/src/index.crates.io-6f17d22bba15001f/group-0.12.1/src/lib.rs:113:8
[INFO] [stdout]     |
[INFO] [stdout] 113 |     fn to_affine(&self) -> Self::AffineRepr;
[INFO] [stdout]     |        --------- the method is available for `G1Projective` here
[INFO] [stdout]     |
[INFO] [stdout]     = help: items from traits can only be used if the trait is in scope
[INFO] [stdout] help: the following trait is implemented but not in scope; perhaps add a `use` for it:
[INFO] [stdout]     |
[INFO] [stdout] 1   + use group::Curve;
[INFO] [stdout]     |
[INFO] [stdout] 
[INFO] [stdout] 
[INFO] [stdout] error: aborting due to 5 previous errors
[INFO] [stdout] 
[INFO] [stdout] 
[INFO] [stdout] For more information about this error, try `rustc --explain E0599`.
[INFO] [stdout] 
[INFO] [stdout] error[E0599]: no method named `to_affine` found for struct `G2Projective` in the current scope
[INFO] [stdout]    --> /opt/rustwide/cargo-home/registry/src/index.crates.io-6f17d22bba15001f/signature_bls-0.35.0/src/multi_signature_vt.rs:77:16
[INFO] [stdout]     |
[INFO] [stdout] 77  |         self.0.to_affine().to_compressed()
[INFO] [stdout]     |                ^^^^^^^^^ method not found in `G2Projective`
[INFO] [stdout]     |
[INFO] [stdout]    ::: /opt/rustwide/cargo-home/registry/src/index.crates.io-6f17d22bba15001f/group-0.12.1/src/lib.rs:113:8
[INFO] [stdout]     |
[INFO] [stdout] 113 |     fn to_affine(&self) -> Self::AffineRepr;
[INFO] [stdout]     |        --------- the method is available for `G2Projective` here
[INFO] [stdout]     |
[INFO] [stdout]     = help: items from traits can only be used if the trait is in scope
[INFO] [stdout] help: the following trait is implemented but not in scope; perhaps add a `use` for it:
[INFO] [stdout]     |
[INFO] [stdout] 1   + use group::Curve;
[INFO] [stdout]     |
[INFO] [stdout] 
[INFO] [stdout] 
[INFO] [stdout] error[E0599]: no method named `to_affine` found for struct `G1Projective` in the current scope
[INFO] [stdout]    --> /opt/rustwide/cargo-home/registry/src/index.crates.io-6f17d22bba15001f/signature_bls-0.35.0/src/partial_signature.rs:70:47
[INFO] [stdout]     |
[INFO] [stdout] 70  |             bytes[1..].copy_from_slice(&point.to_affine().to_compressed());
[INFO] [stdout]     |                                               ^^^^^^^^^ method not found in `G1Projective`
[INFO] [stdout]     |
[INFO] [stdout]    ::: /opt/rustwide/cargo-home/registry/src/index.crates.io-6f17d22bba15001f/group-0.12.1/src/lib.rs:113:8
[INFO] [stdout]     |
[INFO] [stdout] 113 |     fn to_affine(&self) -> Self::AffineRepr;
[INFO] [stdout]     |        --------- the method is available for `G1Projective` here
[INFO] [stdout]     |
[INFO] [stdout]     = help: items from traits can only be used if the trait is in scope
[INFO] [stdout] help: the following trait is implemented but not in scope; perhaps add a `use` for it:
[INFO] [stdout]     |
[INFO] [stdout] 1   + use group::Curve;
[INFO] [stdout]     |
[INFO] [stdout] 
[INFO] [stdout] 
[INFO] [stderr] error: could not compile `signature_core` (lib) due to 6 previous errors
[INFO] [stderr] warning: build failed, waiting for other jobs to finish...
[INFO] [stdout] error[E0599]: no method named `to_affine` found for struct `G2Projective` in the current scope
[INFO] [stdout]    --> /opt/rustwide/cargo-home/registry/src/index.crates.io-6f17d22bba15001f/signature_bls-0.35.0/src/partial_signature_vt.rs:70:47
[INFO] [stdout]     |
[INFO] [stdout] 70  |             bytes[1..].copy_from_slice(&point.to_affine().to_compressed());
[INFO] [stdout]     |                                               ^^^^^^^^^ method not found in `G2Projective`
[INFO] [stdout]     |
[INFO] [stdout]    ::: /opt/rustwide/cargo-home/registry/src/index.crates.io-6f17d22bba15001f/group-0.12.1/src/lib.rs:113:8
[INFO] [stdout]     |
[INFO] [stdout] 113 |     fn to_affine(&self) -> Self::AffineRepr;
[INFO] [stdout]     |        --------- the method is available for `G2Projective` here
[INFO] [stdout]     |
[INFO] [stdout]     = help: items from traits can only be used if the trait is in scope
[INFO] [stdout] help: the following trait is implemented but not in scope; perhaps add a `use` for it:
[INFO] [stdout]     |
[INFO] [stdout] 1   + use group::Curve;
[INFO] [stdout]     |
[INFO] [stdout] 
[INFO] [stdout] 
[INFO] [stdout] error[E0599]: no method named `is_zero` found for struct `Scalar` in the current scope
[INFO] [stdout]   --> /opt/rustwide/cargo-home/registry/src/index.crates.io-6f17d22bba15001f/signature_bls-0.35.0/src/proof_of_possession.rs:57:17
[INFO] [stdout]    |
[INFO] [stdout] 57 |         if sk.0.is_zero() {
[INFO] [stdout]    |                 ^^^^^^^ method not found in `Scalar`
[INFO] [stdout]    |
[INFO] [stdout]    = help: items from traits can only be used if the trait is in scope
[INFO] [stdout] help: the following trait is implemented but not in scope; perhaps add a `use` for it:
[INFO] [stdout]    |
[INFO] [stdout] 1  + use ff::Field;
[INFO] [stdout]    |
[INFO] [stdout] 
[INFO] [stdout] 
[INFO] [stdout] error[E0599]: no method named `to_affine` found for struct `G1Projective` in the current scope
[INFO] [stdout]    --> /opt/rustwide/cargo-home/registry/src/index.crates.io-6f17d22bba15001f/signature_bls-0.35.0/src/proof_of_possession.rs:74:17
[INFO] [stdout]     |
[INFO] [stdout] 74  |             (&a.to_affine(), &G2Prepared::from(pk.0.to_affine())),
[INFO] [stdout]     |                 ^^^^^^^^^ method not found in `G1Projective`
[INFO] [stdout]     |
[INFO] [stdout]    ::: /opt/rustwide/cargo-home/registry/src/index.crates.io-6f17d22bba15001f/group-0.12.1/src/lib.rs:113:8
[INFO] [stdout]     |
[INFO] [stdout] 113 |     fn to_affine(&self) -> Self::AffineRepr;
[INFO] [stdout]     |        --------- the method is available for `G1Projective` here
[INFO] [stdout]     |
[INFO] [stdout]     = help: items from traits can only be used if the trait is in scope
[INFO] [stdout] help: the following trait is implemented but not in scope; perhaps add a `use` for it:
[INFO] [stdout]     |
[INFO] [stdout] 1   + use group::Curve;
[INFO] [stdout]     |
[INFO] [stdout] 
[INFO] [stdout] 
[INFO] [stdout] error[E0599]: no method named `to_affine` found for struct `G2Projective` in the current scope
[INFO] [stdout]    --> /opt/rustwide/cargo-home/registry/src/index.crates.io-6f17d22bba15001f/signature_bls-0.35.0/src/proof_of_possession.rs:74:53
[INFO] [stdout]     |
[INFO] [stdout] 74  |             (&a.to_affine(), &G2Prepared::from(pk.0.to_affine())),
[INFO] [stdout]     |                                                     ^^^^^^^^^ method not found in `G2Projective`
[INFO] [stdout]     |
[INFO] [stdout]    ::: /opt/rustwide/cargo-home/registry/src/index.crates.io-6f17d22bba15001f/group-0.12.1/src/lib.rs:113:8
[INFO] [stdout]     |
[INFO] [stdout] 113 |     fn to_affine(&self) -> Self::AffineRepr;
[INFO] [stdout]     |        --------- the method is available for `G2Projective` here
[INFO] [stdout]     |
[INFO] [stdout]     = help: items from traits can only be used if the trait is in scope
[INFO] [stdout] help: the following trait is implemented but not in scope; perhaps add a `use` for it:
[INFO] [stdout]     |
[INFO] [stdout] 1   + use group::Curve;
[INFO] [stdout]     |
[INFO] [stdout] 
[INFO] [stdout] 
[INFO] [stdout] error[E0599]: no method named `to_affine` found for struct `G1Projective` in the current scope
[INFO] [stdout]    --> /opt/rustwide/cargo-home/registry/src/index.crates.io-6f17d22bba15001f/signature_bls-0.35.0/src/proof_of_possession.rs:75:22
[INFO] [stdout]     |
[INFO] [stdout] 75  |             (&self.0.to_affine(), &G2Prepared::from(g2)),
[INFO] [stdout]     |                      ^^^^^^^^^ method not found in `G1Projective`
[INFO] [stdout]     |
[INFO] [stdout]    ::: /opt/rustwide/cargo-home/registry/src/index.crates.io-6f17d22bba15001f/group-0.12.1/src/lib.rs:113:8
[INFO] [stdout]     |
[INFO] [stdout] 113 |     fn to_affine(&self) -> Self::AffineRepr;
[INFO] [stdout]     |        --------- the method is available for `G1Projective` here
[INFO] [stdout]     |
[INFO] [stdout]     = help: items from traits can only be used if the trait is in scope
[INFO] [stdout] help: the following trait is implemented but not in scope; perhaps add a `use` for it:
[INFO] [stdout]     |
[INFO] [stdout] 1   + use group::Curve;
[INFO] [stdout]     |
[INFO] [stdout] 
[INFO] [stdout] 
[INFO] [stdout] error[E0599]: no method named `is_identity` found for struct `Gt` in the current scope
[INFO] [stdout]   --> /opt/rustwide/cargo-home/registry/src/index.crates.io-6f17d22bba15001f/signature_bls-0.35.0/src/proof_of_possession.rs:78:10
[INFO] [stdout]    |
[INFO] [stdout] 73 | /         multi_miller_loop(&[
[INFO] [stdout] 74 | |             (&a.to_affine(), &G2Prepared::from(pk.0.to_affine())),
[INFO] [stdout] 75 | |             (&self.0.to_affine(), &G2Prepared::from(g2)),
[INFO] [stdout] 76 | |         ])
[INFO] [stdout] 77 | |         .final_exponentiation()
[INFO] [stdout] 78 | |         .is_identity()
[INFO] [stdout]    | |         -^^^^^^^^^^^ method not found in `Gt`
[INFO] [stdout]    | |_________|
[INFO] [stdout]    | 
[INFO] [stdout]    |
[INFO] [stdout]   ::: /opt/rustwide/cargo-home/registry/src/index.crates.io-6f17d22bba15001f/group-0.12.1/src/lib.rs:88:8
[INFO] [stdout]    |
[INFO] [stdout] 88 |       fn is_identity(&self) -> Choice;
[INFO] [stdout]    |          ----------- the method is available for `Gt` here
[INFO] [stdout]    |
[INFO] [stdout]    = help: items from traits can only be used if the trait is in scope
[INFO] [stdout] help: the following trait is implemented but not in scope; perhaps add a `use` for it:
[INFO] [stdout]    |
[INFO] [stdout] 1  + use group::Group;
[INFO] [stdout]    |
[INFO] [stdout] 
[INFO] [stdout] 
[INFO] [stdout] error[E0599]: no method named `to_affine` found for struct `G1Projective` in the current scope
[INFO] [stdout]    --> /opt/rustwide/cargo-home/registry/src/index.crates.io-6f17d22bba15001f/signature_bls-0.35.0/src/proof_of_possession.rs:83:16
[INFO] [stdout]     |
[INFO] [stdout] 83  |         self.0.to_affine().to_compressed()
[INFO] [stdout]     |                ^^^^^^^^^ method not found in `G1Projective`
[INFO] [stdout]     |
[INFO] [stdout]    ::: /opt/rustwide/cargo-home/registry/src/index.crates.io-6f17d22bba15001f/group-0.12.1/src/lib.rs:113:8
[INFO] [stdout]     |
[INFO] [stdout] 113 |     fn to_affine(&self) -> Self::AffineRepr;
[INFO] [stdout]     |        --------- the method is available for `G1Projective` here
[INFO] [stdout]     |
[INFO] [stdout]     = help: items from traits can only be used if the trait is in scope
[INFO] [stdout] help: the following trait is implemented but not in scope; perhaps add a `use` for it:
[INFO] [stdout]     |
[INFO] [stdout] 1   + use group::Curve;
[INFO] [stdout]     |
[INFO] [stdout] 
[INFO] [stdout] 
[INFO] [stdout] error[E0599]: no method named `is_zero` found for struct `Scalar` in the current scope
[INFO] [stdout]   --> /opt/rustwide/cargo-home/registry/src/index.crates.io-6f17d22bba15001f/signature_bls-0.35.0/src/proof_of_possession_vt.rs:57:17
[INFO] [stdout]    |
[INFO] [stdout] 57 |         if sk.0.is_zero() {
[INFO] [stdout]    |                 ^^^^^^^ method not found in `Scalar`
[INFO] [stdout]    |
[INFO] [stdout]    = help: items from traits can only be used if the trait is in scope
[INFO] [stdout] help: the following trait is implemented but not in scope; perhaps add a `use` for it:
[INFO] [stdout]    |
[INFO] [stdout] 1  + use ff::Field;
[INFO] [stdout]    |
[INFO] [stdout] 
[INFO] [stdout] 
[INFO] [stdout] error[E0599]: no method named `to_affine` found for struct `G1Projective` in the current scope
[INFO] [stdout]    --> /opt/rustwide/cargo-home/registry/src/index.crates.io-6f17d22bba15001f/signature_bls-0.35.0/src/proof_of_possession_vt.rs:74:20
[INFO] [stdout]     |
[INFO] [stdout] 74  |             (&pk.0.to_affine(), &G2Prepared::from(a.to_affine())),
[INFO] [stdout]     |                    ^^^^^^^^^ method not found in `G1Projective`
[INFO] [stdout]     |
[INFO] [stdout]    ::: /opt/rustwide/cargo-home/registry/src/index.crates.io-6f17d22bba15001f/group-0.12.1/src/lib.rs:113:8
[INFO] [stdout]     |
[INFO] [stdout] 113 |     fn to_affine(&self) -> Self::AffineRepr;
[INFO] [stdout]     |        --------- the method is available for `G1Projective` here
[INFO] [stdout]     |
[INFO] [stdout]     = help: items from traits can only be used if the trait is in scope
[INFO] [stdout] help: the following trait is implemented but not in scope; perhaps add a `use` for it:
[INFO] [stdout]     |
[INFO] [stdout] 1   + use group::Curve;
[INFO] [stdout]     |
[INFO] [stdout] 
[INFO] [stdout] 
[INFO] [stdout] error[E0599]: no method named `to_affine` found for struct `G2Projective` in the current scope
[INFO] [stdout]    --> /opt/rustwide/cargo-home/registry/src/index.crates.io-6f17d22bba15001f/signature_bls-0.35.0/src/proof_of_possession_vt.rs:74:53
[INFO] [stdout]     |
[INFO] [stdout] 74  |             (&pk.0.to_affine(), &G2Prepared::from(a.to_affine())),
[INFO] [stdout]     |                                                     ^^^^^^^^^ method not found in `G2Projective`
[INFO] [stdout]     |
[INFO] [stdout]    ::: /opt/rustwide/cargo-home/registry/src/index.crates.io-6f17d22bba15001f/group-0.12.1/src/lib.rs:113:8
[INFO] [stdout]     |
[INFO] [stdout] 113 |     fn to_affine(&self) -> Self::AffineRepr;
[INFO] [stdout]     |        --------- the method is available for `G2Projective` here
[INFO] [stdout]     |
[INFO] [stdout]     = help: items from traits can only be used if the trait is in scope
[INFO] [stdout] help: the following trait is implemented but not in scope; perhaps add a `use` for it:
[INFO] [stdout]     |
[INFO] [stdout] 1   + use group::Curve;
[INFO] [stdout]     |
[INFO] [stdout] 
[INFO] [stdout] 
[INFO] [stdout] error[E0599]: no method named `to_affine` found for struct `G2Projective` in the current scope
[INFO] [stdout]    --> /opt/rustwide/cargo-home/registry/src/index.crates.io-6f17d22bba15001f/signature_bls-0.35.0/src/proof_of_possession_vt.rs:75:44
[INFO] [stdout]     |
[INFO] [stdout] 75  |             (&g1, &G2Prepared::from(self.0.to_affine())),
[INFO] [stdout]     |                                            ^^^^^^^^^ method not found in `G2Projective`
[INFO] [stdout]     |
[INFO] [stdout]    ::: /opt/rustwide/cargo-home/registry/src/index.crates.io-6f17d22bba15001f/group-0.12.1/src/lib.rs:113:8
[INFO] [stdout]     |
[INFO] [stdout] 113 |     fn to_affine(&self) -> Self::AffineRepr;
[INFO] [stdout]     |        --------- the method is available for `G2Projective` here
[INFO] [stdout]     |
[INFO] [stdout]     = help: items from traits can only be used if the trait is in scope
[INFO] [stdout] help: the following trait is implemented but not in scope; perhaps add a `use` for it:
[INFO] [stdout]     |
[INFO] [stdout] 1   + use group::Curve;
[INFO] [stdout]     |
[INFO] [stdout] 
[INFO] [stdout] 
[INFO] [stdout] error[E0599]: no method named `is_identity` found for struct `Gt` in the current scope
[INFO] [stdout]   --> /opt/rustwide/cargo-home/registry/src/index.crates.io-6f17d22bba15001f/signature_bls-0.35.0/src/proof_of_possession_vt.rs:78:10
[INFO] [stdout]    |
[INFO] [stdout] 73 | /         multi_miller_loop(&[
[INFO] [stdout] 74 | |             (&pk.0.to_affine(), &G2Prepared::from(a.to_affine())),
[INFO] [stdout] 75 | |             (&g1, &G2Prepared::from(self.0.to_affine())),
[INFO] [stdout] 76 | |         ])
[INFO] [stdout] 77 | |         .final_exponentiation()
[INFO] [stdout] 78 | |         .is_identity()
[INFO] [stdout]    | |         -^^^^^^^^^^^ method not found in `Gt`
[INFO] [stdout]    | |_________|
[INFO] [stdout]    | 
[INFO] [stdout]    |
[INFO] [stdout]   ::: /opt/rustwide/cargo-home/registry/src/index.crates.io-6f17d22bba15001f/group-0.12.1/src/lib.rs:88:8
[INFO] [stdout]    |
[INFO] [stdout] 88 |       fn is_identity(&self) -> Choice;
[INFO] [stdout]    |          ----------- the method is available for `Gt` here
[INFO] [stdout]    |
[INFO] [stdout]    = help: items from traits can only be used if the trait is in scope
[INFO] [stdout] help: the following trait is implemented but not in scope; perhaps add a `use` for it:
[INFO] [stdout]    |
[INFO] [stdout] 1  + use group::Group;
[INFO] [stdout]    |
[INFO] [stdout] 
[INFO] [stdout] 
[INFO] [stdout] error[E0599]: no method named `to_affine` found for struct `G2Projective` in the current scope
[INFO] [stdout]    --> /opt/rustwide/cargo-home/registry/src/index.crates.io-6f17d22bba15001f/signature_bls-0.35.0/src/proof_of_possession_vt.rs:83:16
[INFO] [stdout]     |
[INFO] [stdout] 83  |         self.0.to_affine().to_compressed()
[INFO] [stdout]     |                ^^^^^^^^^ method not found in `G2Projective`
[INFO] [stdout]     |
[INFO] [stdout]    ::: /opt/rustwide/cargo-home/registry/src/index.crates.io-6f17d22bba15001f/group-0.12.1/src/lib.rs:113:8
[INFO] [stdout]     |
[INFO] [stdout] 113 |     fn to_affine(&self) -> Self::AffineRepr;
[INFO] [stdout]     |        --------- the method is available for `G2Projective` here
[INFO] [stdout]     |
[INFO] [stdout]     = help: items from traits can only be used if the trait is in scope
[INFO] [stdout] help: the following trait is implemented but not in scope; perhaps add a `use` for it:
[INFO] [stdout]     |
[INFO] [stdout] 1   + use group::Curve;
[INFO] [stdout]     |
[INFO] [stdout] 
[INFO] [stdout] 
[INFO] [stdout] error[E0599]: no method named `to_affine` found for struct `G2Projective` in the current scope
[INFO] [stdout]    --> /opt/rustwide/cargo-home/registry/src/index.crates.io-6f17d22bba15001f/signature_bls-0.35.0/src/public_key.rs:80:16
[INFO] [stdout]     |
[INFO] [stdout] 80  |         self.0.to_affine().to_compressed()
[INFO] [stdout]     |                ^^^^^^^^^ method not found in `G2Projective`
[INFO] [stdout]     |
[INFO] [stdout]    ::: /opt/rustwide/cargo-home/registry/src/index.crates.io-6f17d22bba15001f/group-0.12.1/src/lib.rs:113:8
[INFO] [stdout]     |
[INFO] [stdout] 113 |     fn to_affine(&self) -> Self::AffineRepr;
[INFO] [stdout]     |        --------- the method is available for `G2Projective` here
[INFO] [stdout]     |
[INFO] [stdout]     = help: items from traits can only be used if the trait is in scope
[INFO] [stdout] help: the following trait is implemented but not in scope; perhaps add a `use` for it:
[INFO] [stdout]     |
[INFO] [stdout] 1   + use group::Curve;
[INFO] [stdout]     |
[INFO] [stdout] 
[INFO] [stdout] 
[INFO] [stdout] error[E0599]: no method named `to_affine` found for struct `G1Projective` in the current scope
[INFO] [stdout]    --> /opt/rustwide/cargo-home/registry/src/index.crates.io-6f17d22bba15001f/signature_bls-0.35.0/src/public_key_vt.rs:80:16
[INFO] [stdout]     |
[INFO] [stdout] 80  |         self.0.to_affine().to_compressed()
[INFO] [stdout]     |                ^^^^^^^^^ method not found in `G1Projective`
[INFO] [stdout]     |
[INFO] [stdout]    ::: /opt/rustwide/cargo-home/registry/src/index.crates.io-6f17d22bba15001f/group-0.12.1/src/lib.rs:113:8
[INFO] [stdout]     |
[INFO] [stdout] 113 |     fn to_affine(&self) -> Self::AffineRepr;
[INFO] [stdout]     |        --------- the method is available for `G1Projective` here
[INFO] [stdout]     |
[INFO] [stdout]     = help: items from traits can only be used if the trait is in scope
[INFO] [stdout] help: the following trait is implemented but not in scope; perhaps add a `use` for it:
[INFO] [stdout]     |
[INFO] [stdout] 1   + use group::Curve;
[INFO] [stdout]     |
[INFO] [stdout] 
[INFO] [stdout] 
[INFO] [stdout] error[E0599]: no method named `is_zero` found for struct `Scalar` in the current scope
[INFO] [stdout]   --> /opt/rustwide/cargo-home/registry/src/index.crates.io-6f17d22bba15001f/signature_bls-0.35.0/src/signature.rs:59:17
[INFO] [stdout]    |
[INFO] [stdout] 59 |         if sk.0.is_zero() {
[INFO] [stdout]    |                 ^^^^^^^ method not found in `Scalar`
[INFO] [stdout]    |
[INFO] [stdout]    = help: items from traits can only be used if the trait is in scope
[INFO] [stdout] help: the following trait is implemented but not in scope; perhaps add a `use` for it:
[INFO] [stdout]    |
[INFO] [stdout] 1  + use ff::Field;
[INFO] [stdout]    |
[INFO] [stdout] 
[INFO] [stdout] 
[INFO] [stdout] error[E0599]: no method named `to_affine` found for struct `G1Projective` in the current scope
[INFO] [stdout]    --> /opt/rustwide/cargo-home/registry/src/index.crates.io-6f17d22bba15001f/signature_bls-0.35.0/src/signature.rs:89:17
[INFO] [stdout]     |
[INFO] [stdout] 89  |             (&a.to_affine(), &G2Prepared::from(pk.0.to_affine())),
[INFO] [stdout]     |                 ^^^^^^^^^ method not found in `G1Projective`
[INFO] [stdout]     |
[INFO] [stdout]    ::: /opt/rustwide/cargo-home/registry/src/index.crates.io-6f17d22bba15001f/group-0.12.1/src/lib.rs:113:8
[INFO] [stdout]     |
[INFO] [stdout] 113 |     fn to_affine(&self) -> Self::AffineRepr;
[INFO] [stdout]     |        --------- the method is available for `G1Projective` here
[INFO] [stdout]     |
[INFO] [stdout]     = help: items from traits can only be used if the trait is in scope
[INFO] [stdout] help: the following trait is implemented but not in scope; perhaps add a `use` for it:
[INFO] [stdout]     |
[INFO] [stdout] 1   + use group::Curve;
[INFO] [stdout]     |
[INFO] [stdout] 
[INFO] [stdout] 
[INFO] [stdout] error[E0599]: no method named `to_affine` found for struct `G2Projective` in the current scope
[INFO] [stdout]    --> /opt/rustwide/cargo-home/registry/src/index.crates.io-6f17d22bba15001f/signature_bls-0.35.0/src/signature.rs:89:53
[INFO] [stdout]     |
[INFO] [stdout] 89  |             (&a.to_affine(), &G2Prepared::from(pk.0.to_affine())),
[INFO] [stdout]     |                                                     ^^^^^^^^^ method not found in `G2Projective`
[INFO] [stdout]     |
[INFO] [stdout]    ::: /opt/rustwide/cargo-home/registry/src/index.crates.io-6f17d22bba15001f/group-0.12.1/src/lib.rs:113:8
[INFO] [stdout]     |
[INFO] [stdout] 113 |     fn to_affine(&self) -> Self::AffineRepr;
[INFO] [stdout]     |        --------- the method is available for `G2Projective` here
[INFO] [stdout]     |
[INFO] [stdout]     = help: items from traits can only be used if the trait is in scope
[INFO] [stdout] help: the following trait is implemented but not in scope; perhaps add a `use` for it:
[INFO] [stdout]     |
[INFO] [stdout] 1   + use group::Curve;
[INFO] [stdout]     |
[INFO] [stdout] 
[INFO] [stdout] 
[INFO] [stdout] error[E0599]: no method named `to_affine` found for struct `G1Projective` in the current scope
[INFO] [stdout]    --> /opt/rustwide/cargo-home/registry/src/index.crates.io-6f17d22bba15001f/signature_bls-0.35.0/src/signature.rs:90:22
[INFO] [stdout]     |
[INFO] [stdout] 90  |             (&self.0.to_affine(), &G2Prepared::from(g2)),
[INFO] [stdout]     |                      ^^^^^^^^^ method not found in `G1Projective`
[INFO] [stdout]     |
[INFO] [stdout]    ::: /opt/rustwide/cargo-home/registry/src/index.crates.io-6f17d22bba15001f/group-0.12.1/src/lib.rs:113:8
[INFO] [stdout]     |
[INFO] [stdout] 113 |     fn to_affine(&self) -> Self::AffineRepr;
[INFO] [stdout]     |        --------- the method is available for `G1Projective` here
[INFO] [stdout]     |
[INFO] [stdout]     = help: items from traits can only be used if the trait is in scope
[INFO] [stdout] help: the following trait is implemented but not in scope; perhaps add a `use` for it:
[INFO] [stdout]     |
[INFO] [stdout] 1   + use group::Curve;
[INFO] [stdout]     |
[INFO] [stdout] 
[INFO] [stdout] 
[INFO] [stdout] error[E0599]: no method named `is_identity` found for struct `Gt` in the current scope
[INFO] [stdout]   --> /opt/rustwide/cargo-home/registry/src/index.crates.io-6f17d22bba15001f/signature_bls-0.35.0/src/signature.rs:93:10
[INFO] [stdout]    |
[INFO] [stdout] 88 | /         multi_miller_loop(&[
[INFO] [stdout] 89 | |             (&a.to_affine(), &G2Prepared::from(pk.0.to_affine())),
[INFO] [stdout] 90 | |             (&self.0.to_affine(), &G2Prepared::from(g2)),
[INFO] [stdout] 91 | |         ])
[INFO] [stdout] 92 | |         .final_exponentiation()
[INFO] [stdout] 93 | |         .is_identity()
[INFO] [stdout]    | |         -^^^^^^^^^^^ method not found in `Gt`
[INFO] [stdout]    | |_________|
[INFO] [stdout]    | 
[INFO] [stdout]    |
[INFO] [stdout]   ::: /opt/rustwide/cargo-home/registry/src/index.crates.io-6f17d22bba15001f/group-0.12.1/src/lib.rs:88:8
[INFO] [stdout]    |
[INFO] [stdout] 88 |       fn is_identity(&self) -> Choice;
[INFO] [stdout]    |          ----------- the method is available for `Gt` here
[INFO] [stdout]    |
[INFO] [stdout]    = help: items from traits can only be used if the trait is in scope
[INFO] [stdout] help: the following trait is implemented but not in scope; perhaps add a `use` for it:
[INFO] [stdout]    |
[INFO] [stdout] 1  + use group::Group;
[INFO] [stdout]    |
[INFO] [stdout] 
[INFO] [stdout] 
[INFO] [stdout] error[E0599]: no method named `to_affine` found for struct `G1Projective` in the current scope
[INFO] [stdout]    --> /opt/rustwide/cargo-home/registry/src/index.crates.io-6f17d22bba15001f/signature_bls-0.35.0/src/signature.rs:98:16
[INFO] [stdout]     |
[INFO] [stdout] 98  |         self.0.to_affine().to_compressed()
[INFO] [stdout]     |                ^^^^^^^^^ method not found in `G1Projective`
[INFO] [stdout]     |
[INFO] [stdout]    ::: /opt/rustwide/cargo-home/registry/src/index.crates.io-6f17d22bba15001f/group-0.12.1/src/lib.rs:113:8
[INFO] [stdout]     |
[INFO] [stdout] 113 |     fn to_affine(&self) -> Self::AffineRepr;
[INFO] [stdout]     |        --------- the method is available for `G1Projective` here
[INFO] [stdout]     |
[INFO] [stdout]     = help: items from traits can only be used if the trait is in scope
[INFO] [stdout] help: the following trait is implemented but not in scope; perhaps add a `use` for it:
[INFO] [stdout]     |
[INFO] [stdout] 1   + use group::Curve;
[INFO] [stdout]     |
[INFO] [stdout] 
[INFO] [stdout] 
[INFO] [stdout] error[E0599]: no method named `is_zero` found for struct `Scalar` in the current scope
[INFO] [stdout]   --> /opt/rustwide/cargo-home/registry/src/index.crates.io-6f17d22bba15001f/signature_bls-0.35.0/src/signature_vt.rs:59:17
[INFO] [stdout]    |
[INFO] [stdout] 59 |         if sk.0.is_zero() {
[INFO] [stdout]    |                 ^^^^^^^ method not found in `Scalar`
[INFO] [stdout]    |
[INFO] [stdout]    = help: items from traits can only be used if the trait is in scope
[INFO] [stdout] help: the following trait is implemented but not in scope; perhaps add a `use` for it:
[INFO] [stdout]    |
[INFO] [stdout] 1  + use ff::Field;
[INFO] [stdout]    |
[INFO] [stdout] 
[INFO] [stdout] 
[INFO] [stdout] error[E0599]: no method named `to_affine` found for struct `G1Projective` in the current scope
[INFO] [stdout]    --> /opt/rustwide/cargo-home/registry/src/index.crates.io-6f17d22bba15001f/signature_bls-0.35.0/src/signature_vt.rs:79:20
[INFO] [stdout]     |
[INFO] [stdout] 79  |             (&pk.0.to_affine(), &G2Prepared::from(a.to_affine())),
[INFO] [stdout]     |                    ^^^^^^^^^ method not found in `G1Projective`
[INFO] [stdout]     |
[INFO] [stdout]    ::: /opt/rustwide/cargo-home/registry/src/index.crates.io-6f17d22bba15001f/group-0.12.1/src/lib.rs:113:8
[INFO] [stdout]     |
[INFO] [stdout] 113 |     fn to_affine(&self) -> Self::AffineRepr;
[INFO] [stdout]     |        --------- the method is available for `G1Projective` here
[INFO] [stdout]     |
[INFO] [stdout]     = help: items from traits can only be used if the trait is in scope
[INFO] [stdout] help: the following trait is implemented but not in scope; perhaps add a `use` for it:
[INFO] [stdout]     |
[INFO] [stdout] 1   + use group::Curve;
[INFO] [stdout]     |
[INFO] [stdout] 
[INFO] [stdout] 
[INFO] [stdout] error[E0599]: no method named `to_affine` found for struct `G2Projective` in the current scope
[INFO] [stdout]    --> /opt/rustwide/cargo-home/registry/src/index.crates.io-6f17d22bba15001f/signature_bls-0.35.0/src/signature_vt.rs:79:53
[INFO] [stdout]     |
[INFO] [stdout] 79  |             (&pk.0.to_affine(), &G2Prepared::from(a.to_affine())),
[INFO] [stdout]     |                                                     ^^^^^^^^^ method not found in `G2Projective`
[INFO] [stdout]     |
[INFO] [stdout]    ::: /opt/rustwide/cargo-home/registry/src/index.crates.io-6f17d22bba15001f/group-0.12.1/src/lib.rs:113:8
[INFO] [stdout]     |
[INFO] [stdout] 113 |     fn to_affine(&self) -> Self::AffineRepr;
[INFO] [stdout]     |        --------- the method is available for `G2Projective` here
[INFO] [stdout]     |
[INFO] [stdout]     = help: items from traits can only be used if the trait is in scope
[INFO] [stdout] help: the following trait is implemented but not in scope; perhaps add a `use` for it:
[INFO] [stdout]     |
[INFO] [stdout] 1   + use group::Curve;
[INFO] [stdout]     |
[INFO] [stdout] 
[INFO] [stdout] 
[INFO] [stdout] error[E0599]: no method named `to_affine` found for struct `G2Projective` in the current scope
[INFO] [stdout]    --> /opt/rustwide/cargo-home/registry/src/index.crates.io-6f17d22bba15001f/signature_bls-0.35.0/src/signature_vt.rs:80:44
[INFO] [stdout]     |
[INFO] [stdout] 80  |             (&g1, &G2Prepared::from(self.0.to_affine())),
[INFO] [stdout]     |                                            ^^^^^^^^^ method not found in `G2Projective`
[INFO] [stdout]     |
[INFO] [stdout]    ::: /opt/rustwide/cargo-home/registry/src/index.crates.io-6f17d22bba15001f/group-0.12.1/src/lib.rs:113:8
[INFO] [stdout]     |
[INFO] [stdout] 113 |     fn to_affine(&self) -> Self::AffineRepr;
[INFO] [stdout]     |        --------- the method is available for `G2Projective` here
[INFO] [stdout]     |
[INFO] [stdout]     = help: items from traits can only be used if the trait is in scope
[INFO] [stdout] help: the following trait is implemented but not in scope; perhaps add a `use` for it:
[INFO] [stdout]     |
[INFO] [stdout] 1   + use group::Curve;
[INFO] [stdout]     |
[INFO] [stdout] 
[INFO] [stdout] 
[INFO] [stdout] error[E0599]: no method named `is_identity` found for struct `Gt` in the current scope
[INFO] [stdout]   --> /opt/rustwide/cargo-home/registry/src/index.crates.io-6f17d22bba15001f/signature_bls-0.35.0/src/signature_vt.rs:83:10
[INFO] [stdout]    |
[INFO] [stdout] 78 | /         multi_miller_loop(&[
[INFO] [stdout] 79 | |             (&pk.0.to_affine(), &G2Prepared::from(a.to_affine())),
[INFO] [stdout] 80 | |             (&g1, &G2Prepared::from(self.0.to_affine())),
[INFO] [stdout] 81 | |         ])
[INFO] [stdout] 82 | |         .final_exponentiation()
[INFO] [stdout] 83 | |         .is_identity()
[INFO] [stdout]    | |         -^^^^^^^^^^^ method not found in `Gt`
[INFO] [stdout]    | |_________|
[INFO] [stdout]    | 
[INFO] [stdout]    |
[INFO] [stdout]   ::: /opt/rustwide/cargo-home/registry/src/index.crates.io-6f17d22bba15001f/group-0.12.1/src/lib.rs:88:8
[INFO] [stdout]    |
[INFO] [stdout] 88 |       fn is_identity(&self) -> Choice;
[INFO] [stdout]    |          ----------- the method is available for `Gt` here
[INFO] [stdout]    |
[INFO] [stdout]    = help: items from traits can only be used if the trait is in scope
[INFO] [stdout] help: the following trait is implemented but not in scope; perhaps add a `use` for it:
[INFO] [stdout]    |
[INFO] [stdout] 1  + use group::Group;
[INFO] [stdout]    |
[INFO] [stdout] 
[INFO] [stdout] 
[INFO] [stdout] error[E0599]: no method named `to_affine` found for struct `G2Projective` in the current scope
[INFO] [stdout]    --> /opt/rustwide/cargo-home/registry/src/index.crates.io-6f17d22bba15001f/signature_bls-0.35.0/src/signature_vt.rs:88:16
[INFO] [stdout]     |
[INFO] [stdout] 88  |         self.0.to_affine().to_compressed()
[INFO] [stdout]     |                ^^^^^^^^^ method not found in `G2Projective`
[INFO] [stdout]     |
[INFO] [stdout]    ::: /opt/rustwide/cargo-home/registry/src/index.crates.io-6f17d22bba15001f/group-0.12.1/src/lib.rs:113:8
[INFO] [stdout]     |
[INFO] [stdout] 113 |     fn to_affine(&self) -> Self::AffineRepr;
[INFO] [stdout]     |        --------- the method is available for `G2Projective` here
[INFO] [stdout]     |
[INFO] [stdout]     = help: items from traits can only be used if the trait is in scope
[INFO] [stdout] help: the following trait is implemented but not in scope; perhaps add a `use` for it:
[INFO] [stdout]     |
[INFO] [stdout] 1   + use group::Curve;
[INFO] [stdout]     |
[INFO] [stdout] 
[INFO] [stdout] 
[INFO] [stdout] error: aborting due to 42 previous errors
[INFO] [stdout] 
[INFO] [stdout] 
[INFO] [stdout] For more information about this error, try `rustc --explain E0599`.
[INFO] [stdout] 
[INFO] [stderr] error: could not compile `signature_bls` (lib) due to 43 previous errors
[INFO] running `Command { std: "docker" "inspect" "a01c5031a02afe17f109415b89c39aec33e92328c5d6b4e60ee9c99fa0029be9", kill_on_drop: false }`
[INFO] running `Command { std: "docker" "rm" "-f" "a01c5031a02afe17f109415b89c39aec33e92328c5d6b4e60ee9c99fa0029be9", kill_on_drop: false }`
[INFO] [stdout] a01c5031a02afe17f109415b89c39aec33e92328c5d6b4e60ee9c99fa0029be9
