[INFO] fetching crate shuttle-salvo 0.34.1...
[INFO] documenting shuttle-salvo-0.34.1 against 1.75.0 for beta-1.76-rustdoc-1
[INFO] extracting crate shuttle-salvo 0.34.1 into /workspace/builds/worker-1-tc1/source
[INFO] validating manifest of crates.io crate shuttle-salvo 0.34.1 on toolchain 1.75.0
[INFO] running `Command { std: CARGO_HOME="/workspace/cargo-home" RUSTUP_HOME="/workspace/rustup-home" "/workspace/cargo-home/bin/cargo" "+1.75.0" "metadata" "--manifest-path" "Cargo.toml" "--no-deps", kill_on_drop: false }`
[INFO] started tweaking crates.io crate shuttle-salvo 0.34.1
[INFO] finished tweaking crates.io crate shuttle-salvo 0.34.1
[INFO] tweaked toml for crates.io crate shuttle-salvo 0.34.1 written to /workspace/builds/worker-1-tc1/source/Cargo.toml
[INFO] running `Command { std: CARGO_HOME="/workspace/cargo-home" RUSTUP_HOME="/workspace/rustup-home" "/workspace/cargo-home/bin/cargo" "+1.75.0" "generate-lockfile" "--manifest-path" "Cargo.toml", kill_on_drop: false }`
[INFO] [stderr]     Updating crates.io index
[INFO] running `Command { std: CARGO_HOME="/workspace/cargo-home" RUSTUP_HOME="/workspace/rustup-home" "/workspace/cargo-home/bin/cargo" "+1.75.0" "fetch" "--manifest-path" "Cargo.toml", kill_on_drop: false }`
[INFO] [stderr]  Downloading crates ...
[INFO] [stderr]   Downloaded cruet v0.13.3
[INFO] [stderr]   Downloaded textnonce v1.0.0
[INFO] [stderr]   Downloaded opentelemetry_sdk v0.21.2
[INFO] [stderr]   Downloaded shuttle-proto v0.34.1
[INFO] [stderr]   Downloaded web-time v0.2.4
[INFO] [stderr]   Downloaded opentelemetry-otlp v0.14.0
[INFO] [stderr]   Downloaded opentelemetry-proto v0.4.0
[INFO] [stderr]   Downloaded rustrict v0.7.12
[INFO] [stderr]   Downloaded hyper v1.0.0-rc.3
[INFO] [stderr]   Downloaded tracing-opentelemetry v0.22.0
[INFO] [stderr]   Downloaded shuttle-service v0.34.1
[INFO] [stderr]   Downloaded shuttle-runtime v0.34.1
[INFO] [stderr]   Downloaded shuttle-codegen v0.34.1
[INFO] [stderr]   Downloaded salvo-utils v0.0.2
[INFO] [stderr]   Downloaded salvo_macros v0.41.1
[INFO] [stderr]   Downloaded salvo v0.41.1
[INFO] [stderr]   Downloaded salvo_core v0.41.1
[INFO] running `Command { std: "docker" "create" "-v" "/var/lib/crater-agent-workspace/builds/worker-1-tc1/target:/opt/rustwide/target:rw,Z" "-v" "/var/lib/crater-agent-workspace/builds/worker-1-tc1/source:/opt/rustwide/workdir:ro,Z" "-v" "/var/lib/crater-agent-workspace/cargo-home:/opt/rustwide/cargo-home:ro,Z" "-v" "/var/lib/crater-agent-workspace/rustup-home:/opt/rustwide/rustup-home:ro,Z" "-e" "SOURCE_DIR=/opt/rustwide/workdir" "-e" "CARGO_TARGET_DIR=/opt/rustwide/target" "-e" "CARGO_HOME=/opt/rustwide/cargo-home" "-e" "RUSTUP_HOME=/opt/rustwide/rustup-home" "-w" "/opt/rustwide/workdir" "-m" "1610612736" "--user" "0:0" "--network" "none" "ghcr.io/rust-lang/crates-build-env/linux@sha256:2788e3201cd34a07e3172128adcd8b3090168a8e3bcc40d7c032b9dda1df7d1c" "/opt/rustwide/cargo-home/bin/cargo" "+1.75.0" "metadata" "--no-deps" "--format-version=1", kill_on_drop: false }`
[INFO] [stdout] 4deb6598617f90c3da2374032650268b5099f10d3dc6154605ea6fce56b2aab3
[INFO] running `Command { std: "docker" "start" "-a" "4deb6598617f90c3da2374032650268b5099f10d3dc6154605ea6fce56b2aab3", kill_on_drop: false }`
[INFO] running `Command { std: "docker" "inspect" "4deb6598617f90c3da2374032650268b5099f10d3dc6154605ea6fce56b2aab3", kill_on_drop: false }`
[INFO] running `Command { std: "docker" "rm" "-f" "4deb6598617f90c3da2374032650268b5099f10d3dc6154605ea6fce56b2aab3", kill_on_drop: false }`
[INFO] [stdout] 4deb6598617f90c3da2374032650268b5099f10d3dc6154605ea6fce56b2aab3
[INFO] running `Command { std: "docker" "create" "-v" "/var/lib/crater-agent-workspace/builds/worker-1-tc1/target:/opt/rustwide/target:rw,Z" "-v" "/var/lib/crater-agent-workspace/builds/worker-1-tc1/source:/opt/rustwide/workdir:ro,Z" "-v" "/var/lib/crater-agent-workspace/cargo-home:/opt/rustwide/cargo-home:ro,Z" "-v" "/var/lib/crater-agent-workspace/rustup-home:/opt/rustwide/rustup-home:ro,Z" "-e" "SOURCE_DIR=/opt/rustwide/workdir" "-e" "CARGO_TARGET_DIR=/opt/rustwide/target" "-e" "CARGO_INCREMENTAL=0" "-e" "RUST_BACKTRACE=full" "-e" "RUSTFLAGS=--cap-lints=warn" "-e" "RUSTDOCFLAGS=--cap-lints=warn" "-e" "CARGO_HOME=/opt/rustwide/cargo-home" "-e" "RUSTUP_HOME=/opt/rustwide/rustup-home" "-w" "/opt/rustwide/workdir" "-m" "1610612736" "--user" "0:0" "--network" "none" "ghcr.io/rust-lang/crates-build-env/linux@sha256:2788e3201cd34a07e3172128adcd8b3090168a8e3bcc40d7c032b9dda1df7d1c" "/opt/rustwide/cargo-home/bin/cargo" "+1.75.0" "doc" "--frozen" "--no-deps" "--document-private-items" "--message-format=json", kill_on_drop: false }`
[INFO] [stdout] 244c8e091504e6b6b82c3e712d752f88759238be63cd7a9c6d77f4599cb16638
[INFO] running `Command { std: "docker" "start" "-a" "244c8e091504e6b6b82c3e712d752f88759238be63cd7a9c6d77f4599cb16638", kill_on_drop: false }`
[INFO] [stderr]    Compiling proc-macro2 v1.0.76
[INFO] [stderr]     Checking signal-hook-registry v1.4.1
[INFO] [stderr]     Checking parking_lot_core v0.9.9
[INFO] [stderr]     Checking mio v0.8.10
[INFO] [stderr]     Checking num_cpus v1.16.0
[INFO] [stderr]     Checking socket2 v0.5.5
[INFO] [stderr]    Compiling jobserver v0.1.27
[INFO] [stderr]    Compiling num-traits v0.2.17
[INFO] [stderr]     Checking crypto-common v0.1.6
[INFO] [stderr]    Compiling indexmap v1.9.3
[INFO] [stderr]    Compiling syn v1.0.109
[INFO] [stderr]     Checking rand v0.8.5
[INFO] [stderr]    Compiling either v1.9.0
[INFO] [stderr]    Compiling anyhow v1.0.79
[INFO] [stderr]    Compiling axum-core v0.3.4
[INFO] [stderr]    Compiling crossbeam-utils v0.8.18
[INFO] [stderr]    Compiling axum v0.6.20
[INFO] [stderr]    Compiling signal-hook v0.3.17
[INFO] [stderr]     Checking digest v0.10.7
[INFO] [stderr]    Compiling itertools v0.10.5
[INFO] [stderr]     Checking parking_lot v0.12.1
[INFO] [stderr]    Compiling cc v1.0.83
[INFO] [stderr]    Compiling num-integer v0.1.45
[INFO] [stderr]     Checking matchit v0.7.3
[INFO] [stderr]    Compiling itertools v0.11.0
[INFO] [stderr]    Compiling num-bigint v0.4.4
[INFO] [stderr]    Compiling heck v0.4.1
[INFO] [stderr]     Checking glob v0.3.1
[INFO] [stderr]     Checking sha1 v0.10.6
[INFO] [stderr]    Compiling doc-comment v0.3.3
[INFO] [stderr]    Compiling quote v1.0.35
[INFO] [stderr]     Checking cipher v0.4.4
[INFO] [stderr]    Compiling syn v2.0.48
[INFO] [stderr]     Checking signal-hook-mio v0.2.3
[INFO] [stderr]     Checking headers v0.3.9
[INFO] [stderr]     Checking matchers v0.1.0
[INFO] [stderr]     Checking getrandom v0.1.16
[INFO] [stderr]     Checking universal-hash v0.5.1
[INFO] [stderr]    Compiling semver v1.0.21
[INFO] [stderr]     Checking crossterm v0.26.1
[INFO] [stderr]     Checking polyval v0.6.1
[INFO] [stderr]     Checking tracing-log v0.2.0
[INFO] [stderr]     Checking http-range-header v0.3.1
[INFO] [stderr]    Compiling zstd-safe v6.0.6
[INFO] [stderr]     Checking rand_core v0.5.1
[INFO] [stderr]     Checking finl_unicode v1.2.0
[INFO] [stderr]     Checking strum v0.24.1
[INFO] [stderr]     Checking strsim v0.10.0
[INFO] [stderr]     Checking linked-hash-map v0.5.6
[INFO] [stderr]     Checking crossbeam-channel v0.5.10
[INFO] [stderr]    Compiling toml_datetime v0.6.5
[INFO] [stderr]     Checking unicode-width v0.1.11
[INFO] [stderr]     Checking rand_chacha v0.2.2
[INFO] [stderr]     Checking ghash v0.5.0
[INFO] [stderr]    Compiling mime_guess v2.0.4
[INFO] [stderr]    Compiling toml_edit v0.19.15
[INFO] [stderr]     Checking aes v0.8.3
[INFO] [stderr]     Checking ttl_cache v0.5.1
[INFO] [stderr]     Checking ctr v0.9.2
[INFO] [stderr]     Checking crossterm v0.27.0
[INFO] [stderr]     Checking rustrict v0.7.12
[INFO] [stderr]     Checking aead v0.5.2
[INFO] [stderr]    Compiling cookie v0.17.0
[INFO] [stderr]     Checking rand v0.7.3
[INFO] [stderr]    Compiling cruet v0.13.3
[INFO] [stderr]    Compiling proc-macro-error-attr v1.0.4
[INFO] [stderr]     Checking hmac v0.12.1
[INFO] [stderr]     Checking ordered-float v4.2.0
[INFO] [stderr]     Checking aes-gcm v0.10.3
[INFO] [stderr]     Checking sha2 v0.10.8
[INFO] [stderr]     Checking socket2 v0.4.10
[INFO] [stderr]     Checking base64 v0.12.3
[INFO] [stderr]     Checking strfmt v0.2.4
[INFO] [stderr]    Compiling ring v0.17.7
[INFO] [stderr]    Compiling zstd-sys v2.0.9+zstd.1.5.5
[INFO] [stderr]     Checking textnonce v1.0.0
[INFO] [stderr]    Compiling proc-macro-crate v1.3.1
[INFO] [stderr]    Compiling proc-macro-error v1.0.4
[INFO] [stderr]    Compiling prost-derive v0.11.9
[INFO] [stderr]    Compiling strum_macros v0.24.3
[INFO] [stderr]    Compiling futures-macro v0.3.30
[INFO] [stderr]    Compiling tokio-macros v2.2.0
[INFO] [stderr]    Compiling tracing-attributes v0.1.27
[INFO] [stderr]    Compiling serde_derive v1.0.195
[INFO] [stderr]    Compiling thiserror-impl v1.0.56
[INFO] [stderr]    Compiling async-trait v0.1.77
[INFO] [stderr]    Compiling pin-project-internal v1.1.3
[INFO] [stderr]    Compiling prost-derive v0.12.3
[INFO] [stderr]    Compiling async-stream-impl v0.3.5
[INFO] [stderr]    Compiling strum_macros v0.25.3
[INFO] [stderr]    Compiling enumflags2_derive v0.7.8
[INFO] [stderr]    Compiling salvo_macros v0.41.1
[INFO] [stderr]     Checking comfy-table v6.2.0
[INFO] [stderr]    Compiling shuttle-codegen v0.34.1
[INFO] [stderr]     Checking prost v0.11.9
[INFO] [stderr]     Checking enumflags2 v0.7.8
[INFO] [stderr]     Checking async-stream v0.3.5
[INFO] [stderr]     Checking tokio v1.35.1
[INFO] [stderr]     Checking futures-util v0.3.30
[INFO] [stderr]     Checking thiserror v1.0.56
[INFO] [stderr]     Checking pin-project v1.1.3
[INFO] [stderr]     Checking opentelemetry v0.21.0
[INFO] [stderr]     Checking tracing v0.1.40
[INFO] [stderr]     Checking simple_asn1 v0.6.2
[INFO] [stderr]     Checking zstd v0.12.4
[INFO] [stderr]     Checking strum v0.25.0
[INFO] [stderr]     Checking tracing-subscriber v0.3.18
[INFO] [stderr]     Checking prost v0.12.3
[INFO] [stderr]     Checking opentelemetry-semantic-conventions v0.13.0
[INFO] [stderr]     Checking opentelemetry-http v0.10.0
[INFO] [stderr]     Checking prost-types v0.12.3
[INFO] [stderr]     Checking serde v1.0.195
[INFO] [stderr]     Checking futures-executor v0.3.30
[INFO] [stderr]     Checking tower-http v0.4.4
[INFO] [stderr]     Checking multer v2.1.0
[INFO] [stderr]     Checking http-body-util v0.1.0-rc.3
[INFO] [stderr]     Checking tokio-util v0.7.10
[INFO] [stderr]     Checking tokio-stream v0.1.14
[INFO] [stderr]     Checking tokio-io-timeout v1.2.0
[INFO] [stderr]     Checking opentelemetry_sdk v0.21.2
[INFO] [stderr]     Checking serde_json v1.0.111
[INFO] [stderr]     Checking serde_path_to_error v0.1.15
[INFO] [stderr]     Checking url v2.5.0
[INFO] [stderr]     Checking chrono v0.4.31
[INFO] [stderr]     Checking uuid v1.6.1
[INFO] [stderr]     Checking serde_urlencoded v0.7.1
[INFO] [stderr]     Checking multimap v0.9.1
[INFO] [stderr]     Checking h2 v0.3.22
[INFO] [stderr]     Checking tower v0.4.13
[INFO] [stderr]     Checking tracing-opentelemetry v0.22.0
[INFO] [stderr]     Checking jsonwebtoken v9.2.0
[INFO] [stderr]     Checking hyper v0.14.28
[INFO] [stderr]     Checking hyper v1.0.0-rc.3
[INFO] [stderr]     Checking salvo-utils v0.0.2
[INFO] [stdout] error[E0599]: no method named `bind_device` found for struct `Socket` in the current scope
[INFO] [stdout]    --> /opt/rustwide/cargo-home/registry/src/index.crates.io-6f17d22bba15001f/salvo-utils-0.0.2/src/client/connect/http.rs:701:14
[INFO] [stdout]     |
[INFO] [stdout] 700 | /         socket
[INFO] [stdout] 701 | |             .bind_device(Some(interface.as_bytes()))
[INFO] [stdout]     | |             -^^^^^^^^^^^ method not found in `Socket`
[INFO] [stdout]     | |_____________|
[INFO] [stdout]     | 
[INFO] [stdout] 
[INFO] [stdout] 
[INFO] [stdout] error[E0599]: no method named `with_interval` found for struct `TcpKeepalive` in the current scope
[INFO] [stdout]    --> /opt/rustwide/cargo-home/registry/src/index.crates.io-6f17d22bba15001f/salvo-utils-0.0.2/src/client/connect/http.rs:113:12
[INFO] [stdout]     |
[INFO] [stdout] 113 |         ka.with_interval(interval)
[INFO] [stdout]     |            ^^^^^^^^^^^^^ method not found in `TcpKeepalive`
[INFO] [stdout] 
[INFO] [stdout] 
[INFO] [stdout] error[E0599]: no method named `with_retries` found for struct `TcpKeepalive` in the current scope
[INFO] [stdout]    --> /opt/rustwide/cargo-home/registry/src/index.crates.io-6f17d22bba15001f/salvo-utils-0.0.2/src/client/connect/http.rs:129:12
[INFO] [stdout]     |
[INFO] [stdout] 129 |         ka.with_retries(retries)
[INFO] [stdout]     |            ^^^^^^^^^^^^ help: there is a method with a similar name: `with_time`
[INFO] [stdout] 
[INFO] [stdout] 
[INFO] [stdout] error: aborting due to 3 previous errors
[INFO] [stdout] 
[INFO] [stdout] 
[INFO] [stdout] For more information about this error, try `rustc --explain E0599`.
[INFO] [stdout] 
[INFO] [stderr] error: could not compile `salvo-utils` (lib) due to 4 previous errors
[INFO] [stderr] warning: build failed, waiting for other jobs to finish...
[INFO] running `Command { std: "docker" "inspect" "244c8e091504e6b6b82c3e712d752f88759238be63cd7a9c6d77f4599cb16638", kill_on_drop: false }`
[INFO] running `Command { std: "docker" "rm" "-f" "244c8e091504e6b6b82c3e712d752f88759238be63cd7a9c6d77f4599cb16638", kill_on_drop: false }`
[INFO] [stdout] 244c8e091504e6b6b82c3e712d752f88759238be63cd7a9c6d77f4599cb16638
